I20260709 13:11:22.096652  3120 consensus_queue.cc:260] T 591020b91fa746d1a39a65fa56323dd4 P d4607b9bdfaa46e8af79d9705f28ab52 [NON_LEADER]: Queue going to NON_LEADER mode. State: All replicated index: 0, Majority replicated index: 0, Committed index: 0, Last appended: 0.0, Last appended by leader: 0, Current term: 0, Majority size: -1, State: 0, Mode: NON_LEADER, active raft config: opid_index: -1 OBSOLETE_local: false peers { permanent_uuid: "ed5c07b7c45646b88e6c067f0ed4f017" member_type: VOTER last_known_addr { host: "127.2.186.129" port: 34867 } } peers { permanent_uuid: "d4607b9bdfaa46e8af79d9705f28ab52" member_type: VOTER last_known_addr { host: "127.2.186.130" port: 32989 } } peers { permanent_uuid: "2adc0caece6240e39a19ca7310283dfa" member_type: VOTER last_known_addr { host: "127.2.186.131" port: 35939 } }
I20260709 13:11:22.096135  3152 raft_consensus.cc:515] T d8b04dbe29b9468f9c75d9b2fe116ff6 P ed5c07b7c45646b88e6c067f0ed4f017 [term 1 FOLLOWER]: Starting leader election with config: opid_index: -1 OBSOLETE_local: false peers { permanent_uuid: "ed5c07b7c45646b88e6c067f0ed4f017" member_type: VOTER last_known_addr { host: "127.2.186.129" port: 34867 } } peers { permanent_uuid: "d4607b9bdfaa46e8af79d9705f28ab52" member_type: VOTER last_known_addr { host: "127.2.186.130" port: 32989 } } peers { permanent_uuid: "2adc0caece6240e39a19ca7310283dfa" member_type: VOTER last_known_addr { host: "127.2.186.131" port: 35939 } }
I20260709 13:11:22.099828  3152 leader_election.cc:290] T d8b04dbe29b9468f9c75d9b2fe116ff6 P ed5c07b7c45646b88e6c067f0ed4f017 [CANDIDATE]: Term 1 election: Requested vote from peers d4607b9bdfaa46e8af79d9705f28ab52 (127.2.186.130:32989), 2adc0caece6240e39a19ca7310283dfa (127.2.186.131:35939)
I20260709 13:11:22.096741  3004 tablet_service.cc:1917] Received RequestConsensusVote() RPC: tablet_id: "d8b04dbe29b9468f9c75d9b2fe116ff6" candidate_uuid: "ed5c07b7c45646b88e6c067f0ed4f017" candidate_term: 1 candidate_status { last_received { term: 0 index: 0 } } ignore_live_leader: false dest_uuid: "d4607b9bdfaa46e8af79d9705f28ab52" is_pre_election: true
W20260709 13:11:22.100492  3044 leader_election.cc:343] T f6367cf6893b48d6bac902595c9fbf56 P 2adc0caece6240e39a19ca7310283dfa [CANDIDATE]: Term 1 election: Tablet error from VoteRequest() call to peer ed5c07b7c45646b88e6c067f0ed4f017 (127.2.186.129:34867): Illegal state: must be running to vote when last-logged opid is not known
I20260709 13:11:22.101861  3003 raft_consensus.cc:2468] T f6367cf6893b48d6bac902595c9fbf56 P d4607b9bdfaa46e8af79d9705f28ab52 [term 1 FOLLOWER]: Leader election vote request: Granting yes vote for candidate 2adc0caece6240e39a19ca7310283dfa in term 1.
I20260709 13:11:22.101073  3120 ts_tablet_manager.cc:1434] T 591020b91fa746d1a39a65fa56323dd4 P d4607b9bdfaa46e8af79d9705f28ab52: Time spent starting tablet: real 0.009s	user 0.006s	sys 0.000s
I20260709 13:11:22.102138  3004 raft_consensus.cc:2468] T d8b04dbe29b9468f9c75d9b2fe116ff6 P d4607b9bdfaa46e8af79d9705f28ab52 [term 0 FOLLOWER]: Leader pre-election vote request: Granting yes vote for candidate ed5c07b7c45646b88e6c067f0ed4f017 in term 0.
I20260709 13:11:22.102988  3044 leader_election.cc:304] T f6367cf6893b48d6bac902595c9fbf56 P 2adc0caece6240e39a19ca7310283dfa [CANDIDATE]: Term 1 election: Election decided. Result: candidate won. Election summary: received 3 responses out of 3 voters: 2 yes votes; 1 no votes. yes voters: 2adc0caece6240e39a19ca7310283dfa, d4607b9bdfaa46e8af79d9705f28ab52; no voters: ed5c07b7c45646b88e6c067f0ed4f017
I20260709 13:11:22.103719  3129 raft_consensus.cc:2804] T f6367cf6893b48d6bac902595c9fbf56 P 2adc0caece6240e39a19ca7310283dfa [term 1 FOLLOWER]: Leader election won for term 1
I20260709 13:11:22.104609  3078 tablet_service.cc:1917] Received RequestConsensusVote() RPC: tablet_id: "d8b04dbe29b9468f9c75d9b2fe116ff6" candidate_uuid: "ed5c07b7c45646b88e6c067f0ed4f017" candidate_term: 1 candidate_status { last_received { term: 0 index: 0 } } ignore_live_leader: false dest_uuid: "2adc0caece6240e39a19ca7310283dfa"
I20260709 13:11:22.105132  3078 raft_consensus.cc:3060] T d8b04dbe29b9468f9c75d9b2fe116ff6 P 2adc0caece6240e39a19ca7310283dfa [term 0 FOLLOWER]: Advancing to term 1
I20260709 13:11:22.106853  3129 raft_consensus.cc:697] T f6367cf6893b48d6bac902595c9fbf56 P 2adc0caece6240e39a19ca7310283dfa [term 1 LEADER]: Becoming Leader. State: Replica: 2adc0caece6240e39a19ca7310283dfa, State: Running, Role: LEADER
I20260709 13:11:22.107776  3003 tablet_service.cc:1917] Received RequestConsensusVote() RPC: tablet_id: "d8b04dbe29b9468f9c75d9b2fe116ff6" candidate_uuid: "ed5c07b7c45646b88e6c067f0ed4f017" candidate_term: 1 candidate_status { last_received { term: 0 index: 0 } } ignore_live_leader: false dest_uuid: "d4607b9bdfaa46e8af79d9705f28ab52"
I20260709 13:11:22.107590  3129 consensus_queue.cc:237] T f6367cf6893b48d6bac902595c9fbf56 P 2adc0caece6240e39a19ca7310283dfa [LEADER]: Queue going to LEADER mode. State: All replicated index: 0, Majority replicated index: 0, Committed index: 0, Last appended: 0.0, Last appended by leader: 0, Current term: 1, Majority size: 2, State: 0, Mode: LEADER, active raft config: opid_index: -1 OBSOLETE_local: false peers { permanent_uuid: "ed5c07b7c45646b88e6c067f0ed4f017" member_type: VOTER last_known_addr { host: "127.2.186.129" port: 34867 } } peers { permanent_uuid: "d4607b9bdfaa46e8af79d9705f28ab52" member_type: VOTER last_known_addr { host: "127.2.186.130" port: 32989 } } peers { permanent_uuid: "2adc0caece6240e39a19ca7310283dfa" member_type: VOTER last_known_addr { host: "127.2.186.131" port: 35939 } }
I20260709 13:11:22.108397  3003 raft_consensus.cc:3060] T d8b04dbe29b9468f9c75d9b2fe116ff6 P d4607b9bdfaa46e8af79d9705f28ab52 [term 0 FOLLOWER]: Advancing to term 1
I20260709 13:11:22.114251  3123 tablet_bootstrap.cc:492] T c1592209789d4f0cac5a95a02d1256a8 P 2adc0caece6240e39a19ca7310283dfa: No bootstrap required, opened a new log
I20260709 13:11:22.114728  3123 ts_tablet_manager.cc:1403] T c1592209789d4f0cac5a95a02d1256a8 P 2adc0caece6240e39a19ca7310283dfa: Time spent bootstrapping tablet: real 0.099s	user 0.005s	sys 0.011s
I20260709 13:11:22.114931  3003 raft_consensus.cc:2468] T d8b04dbe29b9468f9c75d9b2fe116ff6 P d4607b9bdfaa46e8af79d9705f28ab52 [term 1 FOLLOWER]: Leader election vote request: Granting yes vote for candidate ed5c07b7c45646b88e6c067f0ed4f017 in term 1.
I20260709 13:11:22.116353  2895 leader_election.cc:304] T d8b04dbe29b9468f9c75d9b2fe116ff6 P ed5c07b7c45646b88e6c067f0ed4f017 [CANDIDATE]: Term 1 election: Election decided. Result: candidate won. Election summary: received 2 responses out of 3 voters: 2 yes votes; 0 no votes. yes voters: d4607b9bdfaa46e8af79d9705f28ab52, ed5c07b7c45646b88e6c067f0ed4f017; no voters: 
I20260709 13:11:22.117461  3152 raft_consensus.cc:2804] T d8b04dbe29b9468f9c75d9b2fe116ff6 P ed5c07b7c45646b88e6c067f0ed4f017 [term 1 FOLLOWER]: Leader election won for term 1
I20260709 13:11:22.118227  3152 raft_consensus.cc:697] T d8b04dbe29b9468f9c75d9b2fe116ff6 P ed5c07b7c45646b88e6c067f0ed4f017 [term 1 LEADER]: Becoming Leader. State: Replica: ed5c07b7c45646b88e6c067f0ed4f017, State: Running, Role: LEADER
I20260709 13:11:22.119640  3122 tablet_bootstrap.cc:492] T c1592209789d4f0cac5a95a02d1256a8 P ed5c07b7c45646b88e6c067f0ed4f017: No bootstrap required, opened a new log
I20260709 13:11:22.119180  3152 consensus_queue.cc:237] T d8b04dbe29b9468f9c75d9b2fe116ff6 P ed5c07b7c45646b88e6c067f0ed4f017 [LEADER]: Queue going to LEADER mode. State: All replicated index: 0, Majority replicated index: 0, Committed index: 0, Last appended: 0.0, Last appended by leader: 0, Current term: 1, Majority size: 2, State: 0, Mode: LEADER, active raft config: opid_index: -1 OBSOLETE_local: false peers { permanent_uuid: "ed5c07b7c45646b88e6c067f0ed4f017" member_type: VOTER last_known_addr { host: "127.2.186.129" port: 34867 } } peers { permanent_uuid: "d4607b9bdfaa46e8af79d9705f28ab52" member_type: VOTER last_known_addr { host: "127.2.186.130" port: 32989 } } peers { permanent_uuid: "2adc0caece6240e39a19ca7310283dfa" member_type: VOTER last_known_addr { host: "127.2.186.131" port: 35939 } }
I20260709 13:11:22.120110  3122 ts_tablet_manager.cc:1403] T c1592209789d4f0cac5a95a02d1256a8 P ed5c07b7c45646b88e6c067f0ed4f017: Time spent bootstrapping tablet: real 0.100s	user 0.010s	sys 0.007s
I20260709 13:11:22.120652  3078 raft_consensus.cc:2468] T d8b04dbe29b9468f9c75d9b2fe116ff6 P 2adc0caece6240e39a19ca7310283dfa [term 1 FOLLOWER]: Leader election vote request: Granting yes vote for candidate ed5c07b7c45646b88e6c067f0ed4f017 in term 1.
I20260709 13:11:22.122929  3122 raft_consensus.cc:359] T c1592209789d4f0cac5a95a02d1256a8 P ed5c07b7c45646b88e6c067f0ed4f017 [term 0 FOLLOWER]: Replica starting. Triggering 0 pending ops. Active config: opid_index: -1 OBSOLETE_local: false peers { permanent_uuid: "ed5c07b7c45646b88e6c067f0ed4f017" member_type: VOTER last_known_addr { host: "127.2.186.129" port: 34867 } } peers { permanent_uuid: "d4607b9bdfaa46e8af79d9705f28ab52" member_type: VOTER last_known_addr { host: "127.2.186.130" port: 32989 } } peers { permanent_uuid: "2adc0caece6240e39a19ca7310283dfa" member_type: VOTER last_known_addr { host: "127.2.186.131" port: 35939 } }
I20260709 13:11:22.123621  3122 raft_consensus.cc:385] T c1592209789d4f0cac5a95a02d1256a8 P ed5c07b7c45646b88e6c067f0ed4f017 [term 0 FOLLOWER]: Consensus starting up: Expiring failure detector timer to make a prompt election more likely
I20260709 13:11:22.123907  3122 raft_consensus.cc:740] T c1592209789d4f0cac5a95a02d1256a8 P ed5c07b7c45646b88e6c067f0ed4f017 [term 0 FOLLOWER]: Becoming Follower/Learner. State: Replica: ed5c07b7c45646b88e6c067f0ed4f017, State: Initialized, Role: FOLLOWER
I20260709 13:11:22.124588  3122 consensus_queue.cc:260] T c1592209789d4f0cac5a95a02d1256a8 P ed5c07b7c45646b88e6c067f0ed4f017 [NON_LEADER]: Queue going to NON_LEADER mode. State: All replicated index: 0, Majority replicated index: 0, Committed index: 0, Last appended: 0.0, Last appended by leader: 0, Current term: 0, Majority size: -1, State: 0, Mode: NON_LEADER, active raft config: opid_index: -1 OBSOLETE_local: false peers { permanent_uuid: "ed5c07b7c45646b88e6c067f0ed4f017" member_type: VOTER last_known_addr { host: "127.2.186.129" port: 34867 } } peers { permanent_uuid: "d4607b9bdfaa46e8af79d9705f28ab52" member_type: VOTER last_known_addr { host: "127.2.186.130" port: 32989 } } peers { permanent_uuid: "2adc0caece6240e39a19ca7310283dfa" member_type: VOTER last_known_addr { host: "127.2.186.131" port: 35939 } }
I20260709 13:11:22.117552  3123 raft_consensus.cc:359] T c1592209789d4f0cac5a95a02d1256a8 P 2adc0caece6240e39a19ca7310283dfa [term 0 FOLLOWER]: Replica starting. Triggering 0 pending ops. Active config: opid_index: -1 OBSOLETE_local: false peers { permanent_uuid: "ed5c07b7c45646b88e6c067f0ed4f017" member_type: VOTER last_known_addr { host: "127.2.186.129" port: 34867 } } peers { permanent_uuid: "d4607b9bdfaa46e8af79d9705f28ab52" member_type: VOTER last_known_addr { host: "127.2.186.130" port: 32989 } } peers { permanent_uuid: "2adc0caece6240e39a19ca7310283dfa" member_type: VOTER last_known_addr { host: "127.2.186.131" port: 35939 } }
I20260709 13:11:22.126003  3123 raft_consensus.cc:385] T c1592209789d4f0cac5a95a02d1256a8 P 2adc0caece6240e39a19ca7310283dfa [term 0 FOLLOWER]: Consensus starting up: Expiring failure detector timer to make a prompt election more likely
I20260709 13:11:22.126291  3123 raft_consensus.cc:740] T c1592209789d4f0cac5a95a02d1256a8 P 2adc0caece6240e39a19ca7310283dfa [term 0 FOLLOWER]: Becoming Follower/Learner. State: Replica: 2adc0caece6240e39a19ca7310283dfa, State: Initialized, Role: FOLLOWER
I20260709 13:11:22.126974  3123 consensus_queue.cc:260] T c1592209789d4f0cac5a95a02d1256a8 P 2adc0caece6240e39a19ca7310283dfa [NON_LEADER]: Queue going to NON_LEADER mode. State: All replicated index: 0, Majority replicated index: 0, Committed index: 0, Last appended: 0.0, Last appended by leader: 0, Current term: 0, Majority size: -1, State: 0, Mode: NON_LEADER, active raft config: opid_index: -1 OBSOLETE_local: false peers { permanent_uuid: "ed5c07b7c45646b88e6c067f0ed4f017" member_type: VOTER last_known_addr { host: "127.2.186.129" port: 34867 } } peers { permanent_uuid: "d4607b9bdfaa46e8af79d9705f28ab52" member_type: VOTER last_known_addr { host: "127.2.186.130" port: 32989 } } peers { permanent_uuid: "2adc0caece6240e39a19ca7310283dfa" member_type: VOTER last_known_addr { host: "127.2.186.131" port: 35939 } }
I20260709 13:11:22.129338  3123 ts_tablet_manager.cc:1434] T c1592209789d4f0cac5a95a02d1256a8 P 2adc0caece6240e39a19ca7310283dfa: Time spent starting tablet: real 0.014s	user 0.004s	sys 0.001s
I20260709 13:11:22.131840  3122 ts_tablet_manager.cc:1434] T c1592209789d4f0cac5a95a02d1256a8 P ed5c07b7c45646b88e6c067f0ed4f017: Time spent starting tablet: real 0.011s	user 0.004s	sys 0.003s
I20260709 13:11:22.132761  3122 tablet_bootstrap.cc:492] T 0a49b3b0b5bf41f3af3db29aa213b3db P ed5c07b7c45646b88e6c067f0ed4f017: Bootstrap starting.
I20260709 13:11:22.133458  3123 tablet_bootstrap.cc:492] T 8f04b8a7d4cd4130ac5bceb225ec027a P 2adc0caece6240e39a19ca7310283dfa: Bootstrap starting.
I20260709 13:11:22.138824  3122 tablet_bootstrap.cc:654] T 0a49b3b0b5bf41f3af3db29aa213b3db P ed5c07b7c45646b88e6c067f0ed4f017: Neither blocks nor log segments found. Creating new log.
I20260709 13:11:22.139514  3123 tablet_bootstrap.cc:654] T 8f04b8a7d4cd4130ac5bceb225ec027a P 2adc0caece6240e39a19ca7310283dfa: Neither blocks nor log segments found. Creating new log.
I20260709 13:11:22.138260  2826 catalog_manager.cc:5697] T f6367cf6893b48d6bac902595c9fbf56 P 2adc0caece6240e39a19ca7310283dfa reported cstate change: term changed from 0 to 1, leader changed from <none> to 2adc0caece6240e39a19ca7310283dfa (127.2.186.131). New cstate: current_term: 1 leader_uuid: "2adc0caece6240e39a19ca7310283dfa" committed_config { opid_index: -1 OBSOLETE_local: false peers { permanent_uuid: "ed5c07b7c45646b88e6c067f0ed4f017" member_type: VOTER last_known_addr { host: "127.2.186.129" port: 34867 } health_report { overall_health: UNKNOWN } } peers { permanent_uuid: "d4607b9bdfaa46e8af79d9705f28ab52" member_type: VOTER last_known_addr { host: "127.2.186.130" port: 32989 } health_report { overall_health: UNKNOWN } } peers { permanent_uuid: "2adc0caece6240e39a19ca7310283dfa" member_type: VOTER last_known_addr { host: "127.2.186.131" port: 35939 } health_report { overall_health: HEALTHY } } }
I20260709 13:11:22.148659  2824 catalog_manager.cc:5697] T d8b04dbe29b9468f9c75d9b2fe116ff6 P ed5c07b7c45646b88e6c067f0ed4f017 reported cstate change: term changed from 0 to 1, leader changed from <none> to ed5c07b7c45646b88e6c067f0ed4f017 (127.2.186.129). New cstate: current_term: 1 leader_uuid: "ed5c07b7c45646b88e6c067f0ed4f017" committed_config { opid_index: -1 OBSOLETE_local: false peers { permanent_uuid: "ed5c07b7c45646b88e6c067f0ed4f017" member_type: VOTER last_known_addr { host: "127.2.186.129" port: 34867 } health_report { overall_health: HEALTHY } } peers { permanent_uuid: "d4607b9bdfaa46e8af79d9705f28ab52" member_type: VOTER last_known_addr { host: "127.2.186.130" port: 32989 } health_report { overall_health: UNKNOWN } } peers { permanent_uuid: "2adc0caece6240e39a19ca7310283dfa" member_type: VOTER last_known_addr { host: "127.2.186.131" port: 35939 } health_report { overall_health: UNKNOWN } } }
I20260709 13:11:22.153786  3123 tablet_bootstrap.cc:492] T 8f04b8a7d4cd4130ac5bceb225ec027a P 2adc0caece6240e39a19ca7310283dfa: No bootstrap required, opened a new log
I20260709 13:11:22.154219  3123 ts_tablet_manager.cc:1403] T 8f04b8a7d4cd4130ac5bceb225ec027a P 2adc0caece6240e39a19ca7310283dfa: Time spent bootstrapping tablet: real 0.021s	user 0.004s	sys 0.012s
I20260709 13:11:22.156764  3123 raft_consensus.cc:359] T 8f04b8a7d4cd4130ac5bceb225ec027a P 2adc0caece6240e39a19ca7310283dfa [term 0 FOLLOWER]: Replica starting. Triggering 0 pending ops. Active config: opid_index: -1 OBSOLETE_local: false peers { permanent_uuid: "ed5c07b7c45646b88e6c067f0ed4f017" member_type: VOTER last_known_addr { host: "127.2.186.129" port: 34867 } } peers { permanent_uuid: "d4607b9bdfaa46e8af79d9705f28ab52" member_type: VOTER last_known_addr { host: "127.2.186.130" port: 32989 } } peers { permanent_uuid: "2adc0caece6240e39a19ca7310283dfa" member_type: VOTER last_known_addr { host: "127.2.186.131" port: 35939 } }
I20260709 13:11:22.157383  3123 raft_consensus.cc:385] T 8f04b8a7d4cd4130ac5bceb225ec027a P 2adc0caece6240e39a19ca7310283dfa [term 0 FOLLOWER]: Consensus starting up: Expiring failure detector timer to make a prompt election more likely
I20260709 13:11:22.157411  3129 raft_consensus.cc:493] T 0ee6e1e38159435d98e21290019fbded P 2adc0caece6240e39a19ca7310283dfa [term 0 FOLLOWER]: Starting pre-election (no leader contacted us within the election timeout)
I20260709 13:11:22.157716  3123 raft_consensus.cc:740] T 8f04b8a7d4cd4130ac5bceb225ec027a P 2adc0caece6240e39a19ca7310283dfa [term 0 FOLLOWER]: Becoming Follower/Learner. State: Replica: 2adc0caece6240e39a19ca7310283dfa, State: Initialized, Role: FOLLOWER
I20260709 13:11:22.157951  3129 raft_consensus.cc:515] T 0ee6e1e38159435d98e21290019fbded P 2adc0caece6240e39a19ca7310283dfa [term 0 FOLLOWER]: Starting pre-election with config: opid_index: -1 OBSOLETE_local: false peers { permanent_uuid: "ed5c07b7c45646b88e6c067f0ed4f017" member_type: VOTER last_known_addr { host: "127.2.186.129" port: 34867 } } peers { permanent_uuid: "d4607b9bdfaa46e8af79d9705f28ab52" member_type: VOTER last_known_addr { host: "127.2.186.130" port: 32989 } } peers { permanent_uuid: "2adc0caece6240e39a19ca7310283dfa" member_type: VOTER last_known_addr { host: "127.2.186.131" port: 35939 } }
I20260709 13:11:22.159778  3129 leader_election.cc:290] T 0ee6e1e38159435d98e21290019fbded P 2adc0caece6240e39a19ca7310283dfa [CANDIDATE]: Term 1 pre-election: Requested pre-vote from peers ed5c07b7c45646b88e6c067f0ed4f017 (127.2.186.129:34867), d4607b9bdfaa46e8af79d9705f28ab52 (127.2.186.130:32989)
I20260709 13:11:22.160429  2928 tablet_service.cc:1917] Received RequestConsensusVote() RPC: tablet_id: "0ee6e1e38159435d98e21290019fbded" candidate_uuid: "2adc0caece6240e39a19ca7310283dfa" candidate_term: 1 candidate_status { last_received { term: 0 index: 0 } } ignore_live_leader: false dest_uuid: "ed5c07b7c45646b88e6c067f0ed4f017" is_pre_election: true
I20260709 13:11:22.160796  3003 tablet_service.cc:1917] Received RequestConsensusVote() RPC: tablet_id: "0ee6e1e38159435d98e21290019fbded" candidate_uuid: "2adc0caece6240e39a19ca7310283dfa" candidate_term: 1 candidate_status { last_received { term: 0 index: 0 } } ignore_live_leader: false dest_uuid: "d4607b9bdfaa46e8af79d9705f28ab52" is_pre_election: true
I20260709 13:11:22.161002  2928 raft_consensus.cc:2468] T 0ee6e1e38159435d98e21290019fbded P ed5c07b7c45646b88e6c067f0ed4f017 [term 0 FOLLOWER]: Leader pre-election vote request: Granting yes vote for candidate 2adc0caece6240e39a19ca7310283dfa in term 0.
I20260709 13:11:22.161388  3003 raft_consensus.cc:2468] T 0ee6e1e38159435d98e21290019fbded P d4607b9bdfaa46e8af79d9705f28ab52 [term 0 FOLLOWER]: Leader pre-election vote request: Granting yes vote for candidate 2adc0caece6240e39a19ca7310283dfa in term 0.
I20260709 13:11:22.162254  3044 leader_election.cc:304] T 0ee6e1e38159435d98e21290019fbded P 2adc0caece6240e39a19ca7310283dfa [CANDIDATE]: Term 1 pre-election: Election decided. Result: candidate won. Election summary: received 2 responses out of 3 voters: 2 yes votes; 0 no votes. yes voters: 2adc0caece6240e39a19ca7310283dfa, ed5c07b7c45646b88e6c067f0ed4f017; no voters: 
I20260709 13:11:22.163004  3129 raft_consensus.cc:2804] T 0ee6e1e38159435d98e21290019fbded P 2adc0caece6240e39a19ca7310283dfa [term 0 FOLLOWER]: Leader pre-election won for term 1
I20260709 13:11:22.163448  3129 raft_consensus.cc:493] T 0ee6e1e38159435d98e21290019fbded P 2adc0caece6240e39a19ca7310283dfa [term 0 FOLLOWER]: Starting leader election (no leader contacted us within the election timeout)
I20260709 13:11:22.163060  3123 consensus_queue.cc:260] T 8f04b8a7d4cd4130ac5bceb225ec027a P 2adc0caece6240e39a19ca7310283dfa [NON_LEADER]: Queue going to NON_LEADER mode. State: All replicated index: 0, Majority replicated index: 0, Committed index: 0, Last appended: 0.0, Last appended by leader: 0, Current term: 0, Majority size: -1, State: 0, Mode: NON_LEADER, active raft config: opid_index: -1 OBSOLETE_local: false peers { permanent_uuid: "ed5c07b7c45646b88e6c067f0ed4f017" member_type: VOTER last_known_addr { host: "127.2.186.129" port: 34867 } } peers { permanent_uuid: "d4607b9bdfaa46e8af79d9705f28ab52" member_type: VOTER last_known_addr { host: "127.2.186.130" port: 32989 } } peers { permanent_uuid: "2adc0caece6240e39a19ca7310283dfa" member_type: VOTER last_known_addr { host: "127.2.186.131" port: 35939 } }
I20260709 13:11:22.163798  3129 raft_consensus.cc:3060] T 0ee6e1e38159435d98e21290019fbded P 2adc0caece6240e39a19ca7310283dfa [term 0 FOLLOWER]: Advancing to term 1
I20260709 13:11:22.165352  3123 ts_tablet_manager.cc:1434] T 8f04b8a7d4cd4130ac5bceb225ec027a P 2adc0caece6240e39a19ca7310283dfa: Time spent starting tablet: real 0.011s	user 0.002s	sys 0.003s
I20260709 13:11:22.166203  3123 tablet_bootstrap.cc:492] T 0a49b3b0b5bf41f3af3db29aa213b3db P 2adc0caece6240e39a19ca7310283dfa: Bootstrap starting.
I20260709 13:11:22.167984  3122 tablet_bootstrap.cc:492] T 0a49b3b0b5bf41f3af3db29aa213b3db P ed5c07b7c45646b88e6c067f0ed4f017: No bootstrap required, opened a new log
I20260709 13:11:22.168447  3122 ts_tablet_manager.cc:1403] T 0a49b3b0b5bf41f3af3db29aa213b3db P ed5c07b7c45646b88e6c067f0ed4f017: Time spent bootstrapping tablet: real 0.036s	user 0.010s	sys 0.007s
I20260709 13:11:22.169816  3129 raft_consensus.cc:515] T 0ee6e1e38159435d98e21290019fbded P 2adc0caece6240e39a19ca7310283dfa [term 1 FOLLOWER]: Starting leader election with config: opid_index: -1 OBSOLETE_local: false peers { permanent_uuid: "ed5c07b7c45646b88e6c067f0ed4f017" member_type: VOTER last_known_addr { host: "127.2.186.129" port: 34867 } } peers { permanent_uuid: "d4607b9bdfaa46e8af79d9705f28ab52" member_type: VOTER last_known_addr { host: "127.2.186.130" port: 32989 } } peers { permanent_uuid: "2adc0caece6240e39a19ca7310283dfa" member_type: VOTER last_known_addr { host: "127.2.186.131" port: 35939 } }
I20260709 13:11:22.171830  3129 leader_election.cc:290] T 0ee6e1e38159435d98e21290019fbded P 2adc0caece6240e39a19ca7310283dfa [CANDIDATE]: Term 1 election: Requested vote from peers ed5c07b7c45646b88e6c067f0ed4f017 (127.2.186.129:34867), d4607b9bdfaa46e8af79d9705f28ab52 (127.2.186.130:32989)
I20260709 13:11:22.172466  2928 tablet_service.cc:1917] Received RequestConsensusVote() RPC: tablet_id: "0ee6e1e38159435d98e21290019fbded" candidate_uuid: "2adc0caece6240e39a19ca7310283dfa" candidate_term: 1 candidate_status { last_received { term: 0 index: 0 } } ignore_live_leader: false dest_uuid: "ed5c07b7c45646b88e6c067f0ed4f017"
I20260709 13:11:22.172981  2928 raft_consensus.cc:3060] T 0ee6e1e38159435d98e21290019fbded P ed5c07b7c45646b88e6c067f0ed4f017 [term 0 FOLLOWER]: Advancing to term 1
I20260709 13:11:22.172904  3003 tablet_service.cc:1917] Received RequestConsensusVote() RPC: tablet_id: "0ee6e1e38159435d98e21290019fbded" candidate_uuid: "2adc0caece6240e39a19ca7310283dfa" candidate_term: 1 candidate_status { last_received { term: 0 index: 0 } } ignore_live_leader: false dest_uuid: "d4607b9bdfaa46e8af79d9705f28ab52"
I20260709 13:11:22.174991  3003 raft_consensus.cc:3060] T 0ee6e1e38159435d98e21290019fbded P d4607b9bdfaa46e8af79d9705f28ab52 [term 0 FOLLOWER]: Advancing to term 1
I20260709 13:11:22.179414  2928 raft_consensus.cc:2468] T 0ee6e1e38159435d98e21290019fbded P ed5c07b7c45646b88e6c067f0ed4f017 [term 1 FOLLOWER]: Leader election vote request: Granting yes vote for candidate 2adc0caece6240e39a19ca7310283dfa in term 1.
I20260709 13:11:22.180560  3044 leader_election.cc:304] T 0ee6e1e38159435d98e21290019fbded P 2adc0caece6240e39a19ca7310283dfa [CANDIDATE]: Term 1 election: Election decided. Result: candidate won. Election summary: received 2 responses out of 3 voters: 2 yes votes; 0 no votes. yes voters: 2adc0caece6240e39a19ca7310283dfa, ed5c07b7c45646b88e6c067f0ed4f017; no voters: 
I20260709 13:11:22.180836  3003 raft_consensus.cc:2468] T 0ee6e1e38159435d98e21290019fbded P d4607b9bdfaa46e8af79d9705f28ab52 [term 1 FOLLOWER]: Leader election vote request: Granting yes vote for candidate 2adc0caece6240e39a19ca7310283dfa in term 1.
I20260709 13:11:22.171316  3122 raft_consensus.cc:359] T 0a49b3b0b5bf41f3af3db29aa213b3db P ed5c07b7c45646b88e6c067f0ed4f017 [term 0 FOLLOWER]: Replica starting. Triggering 0 pending ops. Active config: opid_index: -1 OBSOLETE_local: false peers { permanent_uuid: "ed5c07b7c45646b88e6c067f0ed4f017" member_type: VOTER last_known_addr { host: "127.2.186.129" port: 34867 } } peers { permanent_uuid: "d4607b9bdfaa46e8af79d9705f28ab52" member_type: VOTER last_known_addr { host: "127.2.186.130" port: 32989 } } peers { permanent_uuid: "2adc0caece6240e39a19ca7310283dfa" member_type: VOTER last_known_addr { host: "127.2.186.131" port: 35939 } }
I20260709 13:11:22.181424  3129 raft_consensus.cc:2804] T 0ee6e1e38159435d98e21290019fbded P 2adc0caece6240e39a19ca7310283dfa [term 1 FOLLOWER]: Leader election won for term 1
I20260709 13:11:22.171648  3123 tablet_bootstrap.cc:654] T 0a49b3b0b5bf41f3af3db29aa213b3db P 2adc0caece6240e39a19ca7310283dfa: Neither blocks nor log segments found. Creating new log.
I20260709 13:11:22.181936  3129 raft_consensus.cc:697] T 0ee6e1e38159435d98e21290019fbded P 2adc0caece6240e39a19ca7310283dfa [term 1 LEADER]: Becoming Leader. State: Replica: 2adc0caece6240e39a19ca7310283dfa, State: Running, Role: LEADER
I20260709 13:11:22.182283  3122 raft_consensus.cc:385] T 0a49b3b0b5bf41f3af3db29aa213b3db P ed5c07b7c45646b88e6c067f0ed4f017 [term 0 FOLLOWER]: Consensus starting up: Expiring failure detector timer to make a prompt election more likely
I20260709 13:11:22.182566  3122 raft_consensus.cc:740] T 0a49b3b0b5bf41f3af3db29aa213b3db P ed5c07b7c45646b88e6c067f0ed4f017 [term 0 FOLLOWER]: Becoming Follower/Learner. State: Replica: ed5c07b7c45646b88e6c067f0ed4f017, State: Initialized, Role: FOLLOWER
I20260709 13:11:22.183002  3129 consensus_queue.cc:237] T 0ee6e1e38159435d98e21290019fbded P 2adc0caece6240e39a19ca7310283dfa [LEADER]: Queue going to LEADER mode. State: All replicated index: 0, Majority replicated index: 0, Committed index: 0, Last appended: 0.0, Last appended by leader: 0, Current term: 1, Majority size: 2, State: 0, Mode: LEADER, active raft config: opid_index: -1 OBSOLETE_local: false peers { permanent_uuid: "ed5c07b7c45646b88e6c067f0ed4f017" member_type: VOTER last_known_addr { host: "127.2.186.129" port: 34867 } } peers { permanent_uuid: "d4607b9bdfaa46e8af79d9705f28ab52" member_type: VOTER last_known_addr { host: "127.2.186.130" port: 32989 } } peers { permanent_uuid: "2adc0caece6240e39a19ca7310283dfa" member_type: VOTER last_known_addr { host: "127.2.186.131" port: 35939 } }
I20260709 13:11:22.183266  3122 consensus_queue.cc:260] T 0a49b3b0b5bf41f3af3db29aa213b3db P ed5c07b7c45646b88e6c067f0ed4f017 [NON_LEADER]: Queue going to NON_LEADER mode. State: All replicated index: 0, Majority replicated index: 0, Committed index: 0, Last appended: 0.0, Last appended by leader: 0, Current term: 0, Majority size: -1, State: 0, Mode: NON_LEADER, active raft config: opid_index: -1 OBSOLETE_local: false peers { permanent_uuid: "ed5c07b7c45646b88e6c067f0ed4f017" member_type: VOTER last_known_addr { host: "127.2.186.129" port: 34867 } } peers { permanent_uuid: "d4607b9bdfaa46e8af79d9705f28ab52" member_type: VOTER last_known_addr { host: "127.2.186.130" port: 32989 } } peers { permanent_uuid: "2adc0caece6240e39a19ca7310283dfa" member_type: VOTER last_known_addr { host: "127.2.186.131" port: 35939 } }
I20260709 13:11:22.193327  3122 ts_tablet_manager.cc:1434] T 0a49b3b0b5bf41f3af3db29aa213b3db P ed5c07b7c45646b88e6c067f0ed4f017: Time spent starting tablet: real 0.025s	user 0.005s	sys 0.000s
I20260709 13:11:22.200973  3122 tablet_bootstrap.cc:492] T f6367cf6893b48d6bac902595c9fbf56 P ed5c07b7c45646b88e6c067f0ed4f017: Bootstrap starting.
I20260709 13:11:22.207417  3122 tablet_bootstrap.cc:654] T f6367cf6893b48d6bac902595c9fbf56 P ed5c07b7c45646b88e6c067f0ed4f017: Neither blocks nor log segments found. Creating new log.
I20260709 13:11:22.214735  3123 tablet_bootstrap.cc:492] T 0a49b3b0b5bf41f3af3db29aa213b3db P 2adc0caece6240e39a19ca7310283dfa: No bootstrap required, opened a new log
I20260709 13:11:22.214852  3122 tablet_bootstrap.cc:492] T f6367cf6893b48d6bac902595c9fbf56 P ed5c07b7c45646b88e6c067f0ed4f017: No bootstrap required, opened a new log
I20260709 13:11:22.215243  3123 ts_tablet_manager.cc:1403] T 0a49b3b0b5bf41f3af3db29aa213b3db P 2adc0caece6240e39a19ca7310283dfa: Time spent bootstrapping tablet: real 0.049s	user 0.020s	sys 0.014s
I20260709 13:11:22.215303  3122 ts_tablet_manager.cc:1403] T f6367cf6893b48d6bac902595c9fbf56 P ed5c07b7c45646b88e6c067f0ed4f017: Time spent bootstrapping tablet: real 0.015s	user 0.010s	sys 0.000s
I20260709 13:11:22.216909  2824 catalog_manager.cc:5697] T 0ee6e1e38159435d98e21290019fbded P 2adc0caece6240e39a19ca7310283dfa reported cstate change: term changed from 0 to 1, leader changed from <none> to 2adc0caece6240e39a19ca7310283dfa (127.2.186.131). New cstate: current_term: 1 leader_uuid: "2adc0caece6240e39a19ca7310283dfa" committed_config { opid_index: -1 OBSOLETE_local: false peers { permanent_uuid: "ed5c07b7c45646b88e6c067f0ed4f017" member_type: VOTER last_known_addr { host: "127.2.186.129" port: 34867 } health_report { overall_health: UNKNOWN } } peers { permanent_uuid: "d4607b9bdfaa46e8af79d9705f28ab52" member_type: VOTER last_known_addr { host: "127.2.186.130" port: 32989 } health_report { overall_health: UNKNOWN } } peers { permanent_uuid: "2adc0caece6240e39a19ca7310283dfa" member_type: VOTER last_known_addr { host: "127.2.186.131" port: 35939 } health_report { overall_health: HEALTHY } } }
I20260709 13:11:22.217978  3123 raft_consensus.cc:359] T 0a49b3b0b5bf41f3af3db29aa213b3db P 2adc0caece6240e39a19ca7310283dfa [term 0 FOLLOWER]: Replica starting. Triggering 0 pending ops. Active config: opid_index: -1 OBSOLETE_local: false peers { permanent_uuid: "ed5c07b7c45646b88e6c067f0ed4f017" member_type: VOTER last_known_addr { host: "127.2.186.129" port: 34867 } } peers { permanent_uuid: "d4607b9bdfaa46e8af79d9705f28ab52" member_type: VOTER last_known_addr { host: "127.2.186.130" port: 32989 } } peers { permanent_uuid: "2adc0caece6240e39a19ca7310283dfa" member_type: VOTER last_known_addr { host: "127.2.186.131" port: 35939 } }
I20260709 13:11:22.218242  3122 raft_consensus.cc:359] T f6367cf6893b48d6bac902595c9fbf56 P ed5c07b7c45646b88e6c067f0ed4f017 [term 0 FOLLOWER]: Replica starting. Triggering 0 pending ops. Active config: opid_index: -1 OBSOLETE_local: false peers { permanent_uuid: "ed5c07b7c45646b88e6c067f0ed4f017" member_type: VOTER last_known_addr { host: "127.2.186.129" port: 34867 } } peers { permanent_uuid: "d4607b9bdfaa46e8af79d9705f28ab52" member_type: VOTER last_known_addr { host: "127.2.186.130" port: 32989 } } peers { permanent_uuid: "2adc0caece6240e39a19ca7310283dfa" member_type: VOTER last_known_addr { host: "127.2.186.131" port: 35939 } }
I20260709 13:11:22.218614  3123 raft_consensus.cc:385] T 0a49b3b0b5bf41f3af3db29aa213b3db P 2adc0caece6240e39a19ca7310283dfa [term 0 FOLLOWER]: Consensus starting up: Expiring failure detector timer to make a prompt election more likely
I20260709 13:11:22.218905  3122 raft_consensus.cc:385] T f6367cf6893b48d6bac902595c9fbf56 P ed5c07b7c45646b88e6c067f0ed4f017 [term 0 FOLLOWER]: Consensus starting up: Expiring failure detector timer to make a prompt election more likely
I20260709 13:11:22.218930  3123 raft_consensus.cc:740] T 0a49b3b0b5bf41f3af3db29aa213b3db P 2adc0caece6240e39a19ca7310283dfa [term 0 FOLLOWER]: Becoming Follower/Learner. State: Replica: 2adc0caece6240e39a19ca7310283dfa, State: Initialized, Role: FOLLOWER
I20260709 13:11:22.219395  3122 raft_consensus.cc:740] T f6367cf6893b48d6bac902595c9fbf56 P ed5c07b7c45646b88e6c067f0ed4f017 [term 0 FOLLOWER]: Becoming Follower/Learner. State: Replica: ed5c07b7c45646b88e6c067f0ed4f017, State: Initialized, Role: FOLLOWER
I20260709 13:11:22.219823  3123 consensus_queue.cc:260] T 0a49b3b0b5bf41f3af3db29aa213b3db P 2adc0caece6240e39a19ca7310283dfa [NON_LEADER]: Queue going to NON_LEADER mode. State: All replicated index: 0, Majority replicated index: 0, Committed index: 0, Last appended: 0.0, Last appended by leader: 0, Current term: 0, Majority size: -1, State: 0, Mode: NON_LEADER, active raft config: opid_index: -1 OBSOLETE_local: false peers { permanent_uuid: "ed5c07b7c45646b88e6c067f0ed4f017" member_type: VOTER last_known_addr { host: "127.2.186.129" port: 34867 } } peers { permanent_uuid: "d4607b9bdfaa46e8af79d9705f28ab52" member_type: VOTER last_known_addr { host: "127.2.186.130" port: 32989 } } peers { permanent_uuid: "2adc0caece6240e39a19ca7310283dfa" member_type: VOTER last_known_addr { host: "127.2.186.131" port: 35939 } }
I20260709 13:11:22.220171  3122 consensus_queue.cc:260] T f6367cf6893b48d6bac902595c9fbf56 P ed5c07b7c45646b88e6c067f0ed4f017 [NON_LEADER]: Queue going to NON_LEADER mode. State: All replicated index: 0, Majority replicated index: 0, Committed index: 0, Last appended: 0.0, Last appended by leader: 0, Current term: 0, Majority size: -1, State: 0, Mode: NON_LEADER, active raft config: opid_index: -1 OBSOLETE_local: false peers { permanent_uuid: "ed5c07b7c45646b88e6c067f0ed4f017" member_type: VOTER last_known_addr { host: "127.2.186.129" port: 34867 } } peers { permanent_uuid: "d4607b9bdfaa46e8af79d9705f28ab52" member_type: VOTER last_known_addr { host: "127.2.186.130" port: 32989 } } peers { permanent_uuid: "2adc0caece6240e39a19ca7310283dfa" member_type: VOTER last_known_addr { host: "127.2.186.131" port: 35939 } }
I20260709 13:11:22.222241  3123 ts_tablet_manager.cc:1434] T 0a49b3b0b5bf41f3af3db29aa213b3db P 2adc0caece6240e39a19ca7310283dfa: Time spent starting tablet: real 0.007s	user 0.006s	sys 0.000s
I20260709 13:11:22.224561  3122 ts_tablet_manager.cc:1434] T f6367cf6893b48d6bac902595c9fbf56 P ed5c07b7c45646b88e6c067f0ed4f017: Time spent starting tablet: real 0.009s	user 0.006s	sys 0.000s
I20260709 13:11:22.294008  3129 raft_consensus.cc:493] T 591020b91fa746d1a39a65fa56323dd4 P 2adc0caece6240e39a19ca7310283dfa [term 0 FOLLOWER]: Starting pre-election (no leader contacted us within the election timeout)
I20260709 13:11:22.294622  3129 raft_consensus.cc:515] T 591020b91fa746d1a39a65fa56323dd4 P 2adc0caece6240e39a19ca7310283dfa [term 0 FOLLOWER]: Starting pre-election with config: opid_index: -1 OBSOLETE_local: false peers { permanent_uuid: "ed5c07b7c45646b88e6c067f0ed4f017" member_type: VOTER last_known_addr { host: "127.2.186.129" port: 34867 } } peers { permanent_uuid: "d4607b9bdfaa46e8af79d9705f28ab52" member_type: VOTER last_known_addr { host: "127.2.186.130" port: 32989 } } peers { permanent_uuid: "2adc0caece6240e39a19ca7310283dfa" member_type: VOTER last_known_addr { host: "127.2.186.131" port: 35939 } }
I20260709 13:11:22.297055  3129 leader_election.cc:290] T 591020b91fa746d1a39a65fa56323dd4 P 2adc0caece6240e39a19ca7310283dfa [CANDIDATE]: Term 1 pre-election: Requested pre-vote from peers ed5c07b7c45646b88e6c067f0ed4f017 (127.2.186.129:34867), d4607b9bdfaa46e8af79d9705f28ab52 (127.2.186.130:32989)
I20260709 13:11:22.297821  2928 tablet_service.cc:1917] Received RequestConsensusVote() RPC: tablet_id: "591020b91fa746d1a39a65fa56323dd4" candidate_uuid: "2adc0caece6240e39a19ca7310283dfa" candidate_term: 1 candidate_status { last_received { term: 0 index: 0 } } ignore_live_leader: false dest_uuid: "ed5c07b7c45646b88e6c067f0ed4f017" is_pre_election: true
I20260709 13:11:22.298080  3003 tablet_service.cc:1917] Received RequestConsensusVote() RPC: tablet_id: "591020b91fa746d1a39a65fa56323dd4" candidate_uuid: "2adc0caece6240e39a19ca7310283dfa" candidate_term: 1 candidate_status { last_received { term: 0 index: 0 } } ignore_live_leader: false dest_uuid: "d4607b9bdfaa46e8af79d9705f28ab52" is_pre_election: true
I20260709 13:11:22.298331  2928 raft_consensus.cc:2468] T 591020b91fa746d1a39a65fa56323dd4 P ed5c07b7c45646b88e6c067f0ed4f017 [term 0 FOLLOWER]: Leader pre-election vote request: Granting yes vote for candidate 2adc0caece6240e39a19ca7310283dfa in term 0.
I20260709 13:11:22.298709  3003 raft_consensus.cc:2468] T 591020b91fa746d1a39a65fa56323dd4 P d4607b9bdfaa46e8af79d9705f28ab52 [term 0 FOLLOWER]: Leader pre-election vote request: Granting yes vote for candidate 2adc0caece6240e39a19ca7310283dfa in term 0.
I20260709 13:11:22.299261  3044 leader_election.cc:304] T 591020b91fa746d1a39a65fa56323dd4 P 2adc0caece6240e39a19ca7310283dfa [CANDIDATE]: Term 1 pre-election: Election decided. Result: candidate won. Election summary: received 2 responses out of 3 voters: 2 yes votes; 0 no votes. yes voters: 2adc0caece6240e39a19ca7310283dfa, ed5c07b7c45646b88e6c067f0ed4f017; no voters: 
I20260709 13:11:22.299986  3129 raft_consensus.cc:2804] T 591020b91fa746d1a39a65fa56323dd4 P 2adc0caece6240e39a19ca7310283dfa [term 0 FOLLOWER]: Leader pre-election won for term 1
I20260709 13:11:22.300329  3129 raft_consensus.cc:493] T 591020b91fa746d1a39a65fa56323dd4 P 2adc0caece6240e39a19ca7310283dfa [term 0 FOLLOWER]: Starting leader election (no leader contacted us within the election timeout)
I20260709 13:11:22.300645  3129 raft_consensus.cc:3060] T 591020b91fa746d1a39a65fa56323dd4 P 2adc0caece6240e39a19ca7310283dfa [term 0 FOLLOWER]: Advancing to term 1
I20260709 13:11:22.306847  3129 raft_consensus.cc:515] T 591020b91fa746d1a39a65fa56323dd4 P 2adc0caece6240e39a19ca7310283dfa [term 1 FOLLOWER]: Starting leader election with config: opid_index: -1 OBSOLETE_local: false peers { permanent_uuid: "ed5c07b7c45646b88e6c067f0ed4f017" member_type: VOTER last_known_addr { host: "127.2.186.129" port: 34867 } } peers { permanent_uuid: "d4607b9bdfaa46e8af79d9705f28ab52" member_type: VOTER last_known_addr { host: "127.2.186.130" port: 32989 } } peers { permanent_uuid: "2adc0caece6240e39a19ca7310283dfa" member_type: VOTER last_known_addr { host: "127.2.186.131" port: 35939 } }
I20260709 13:11:22.308779  3129 leader_election.cc:290] T 591020b91fa746d1a39a65fa56323dd4 P 2adc0caece6240e39a19ca7310283dfa [CANDIDATE]: Term 1 election: Requested vote from peers ed5c07b7c45646b88e6c067f0ed4f017 (127.2.186.129:34867), d4607b9bdfaa46e8af79d9705f28ab52 (127.2.186.130:32989)
I20260709 13:11:22.309430  2928 tablet_service.cc:1917] Received RequestConsensusVote() RPC: tablet_id: "591020b91fa746d1a39a65fa56323dd4" candidate_uuid: "2adc0caece6240e39a19ca7310283dfa" candidate_term: 1 candidate_status { last_received { term: 0 index: 0 } } ignore_live_leader: false dest_uuid: "ed5c07b7c45646b88e6c067f0ed4f017"
I20260709 13:11:22.309882  2928 raft_consensus.cc:3060] T 591020b91fa746d1a39a65fa56323dd4 P ed5c07b7c45646b88e6c067f0ed4f017 [term 0 FOLLOWER]: Advancing to term 1
I20260709 13:11:22.309734  3003 tablet_service.cc:1917] Received RequestConsensusVote() RPC: tablet_id: "591020b91fa746d1a39a65fa56323dd4" candidate_uuid: "2adc0caece6240e39a19ca7310283dfa" candidate_term: 1 candidate_status { last_received { term: 0 index: 0 } } ignore_live_leader: false dest_uuid: "d4607b9bdfaa46e8af79d9705f28ab52"
I20260709 13:11:22.310353  3003 raft_consensus.cc:3060] T 591020b91fa746d1a39a65fa56323dd4 P d4607b9bdfaa46e8af79d9705f28ab52 [term 0 FOLLOWER]: Advancing to term 1
I20260709 13:11:22.313686  3129 raft_consensus.cc:493] T d008f9aa322c483dbe1506621b98ae62 P 2adc0caece6240e39a19ca7310283dfa [term 0 FOLLOWER]: Starting pre-election (no leader contacted us within the election timeout)
I20260709 13:11:22.314038  2928 raft_consensus.cc:2468] T 591020b91fa746d1a39a65fa56323dd4 P ed5c07b7c45646b88e6c067f0ed4f017 [term 1 FOLLOWER]: Leader election vote request: Granting yes vote for candidate 2adc0caece6240e39a19ca7310283dfa in term 1.
I20260709 13:11:22.314162  3129 raft_consensus.cc:515] T d008f9aa322c483dbe1506621b98ae62 P 2adc0caece6240e39a19ca7310283dfa [term 0 FOLLOWER]: Starting pre-election with config: opid_index: -1 OBSOLETE_local: false peers { permanent_uuid: "ed5c07b7c45646b88e6c067f0ed4f017" member_type: VOTER last_known_addr { host: "127.2.186.129" port: 34867 } } peers { permanent_uuid: "d4607b9bdfaa46e8af79d9705f28ab52" member_type: VOTER last_known_addr { host: "127.2.186.130" port: 32989 } } peers { permanent_uuid: "2adc0caece6240e39a19ca7310283dfa" member_type: VOTER last_known_addr { host: "127.2.186.131" port: 35939 } }
I20260709 13:11:22.315152  3044 leader_election.cc:304] T 591020b91fa746d1a39a65fa56323dd4 P 2adc0caece6240e39a19ca7310283dfa [CANDIDATE]: Term 1 election: Election decided. Result: candidate won. Election summary: received 2 responses out of 3 voters: 2 yes votes; 0 no votes. yes voters: 2adc0caece6240e39a19ca7310283dfa, ed5c07b7c45646b88e6c067f0ed4f017; no voters: 
I20260709 13:11:22.316062  3164 raft_consensus.cc:2804] T 591020b91fa746d1a39a65fa56323dd4 P 2adc0caece6240e39a19ca7310283dfa [term 1 FOLLOWER]: Leader election won for term 1
I20260709 13:11:22.316246  3129 leader_election.cc:290] T d008f9aa322c483dbe1506621b98ae62 P 2adc0caece6240e39a19ca7310283dfa [CANDIDATE]: Term 1 pre-election: Requested pre-vote from peers ed5c07b7c45646b88e6c067f0ed4f017 (127.2.186.129:34867), d4607b9bdfaa46e8af79d9705f28ab52 (127.2.186.130:32989)
I20260709 13:11:22.317556  3164 raft_consensus.cc:697] T 591020b91fa746d1a39a65fa56323dd4 P 2adc0caece6240e39a19ca7310283dfa [term 1 LEADER]: Becoming Leader. State: Replica: 2adc0caece6240e39a19ca7310283dfa, State: Running, Role: LEADER
I20260709 13:11:22.316321  3003 raft_consensus.cc:2468] T 591020b91fa746d1a39a65fa56323dd4 P d4607b9bdfaa46e8af79d9705f28ab52 [term 1 FOLLOWER]: Leader election vote request: Granting yes vote for candidate 2adc0caece6240e39a19ca7310283dfa in term 1.
I20260709 13:11:22.318414  3004 tablet_service.cc:1917] Received RequestConsensusVote() RPC: tablet_id: "d008f9aa322c483dbe1506621b98ae62" candidate_uuid: "2adc0caece6240e39a19ca7310283dfa" candidate_term: 1 candidate_status { last_received { term: 0 index: 0 } } ignore_live_leader: false dest_uuid: "d4607b9bdfaa46e8af79d9705f28ab52" is_pre_election: true
I20260709 13:11:22.318374  3164 consensus_queue.cc:237] T 591020b91fa746d1a39a65fa56323dd4 P 2adc0caece6240e39a19ca7310283dfa [LEADER]: Queue going to LEADER mode. State: All replicated index: 0, Majority replicated index: 0, Committed index: 0, Last appended: 0.0, Last appended by leader: 0, Current term: 1, Majority size: 2, State: 0, Mode: LEADER, active raft config: opid_index: -1 OBSOLETE_local: false peers { permanent_uuid: "ed5c07b7c45646b88e6c067f0ed4f017" member_type: VOTER last_known_addr { host: "127.2.186.129" port: 34867 } } peers { permanent_uuid: "d4607b9bdfaa46e8af79d9705f28ab52" member_type: VOTER last_known_addr { host: "127.2.186.130" port: 32989 } } peers { permanent_uuid: "2adc0caece6240e39a19ca7310283dfa" member_type: VOTER last_known_addr { host: "127.2.186.131" port: 35939 } }
I20260709 13:11:22.319288  3004 raft_consensus.cc:2393] T d008f9aa322c483dbe1506621b98ae62 P d4607b9bdfaa46e8af79d9705f28ab52 [term 1 FOLLOWER]: Leader pre-election vote request: Denying vote to candidate 2adc0caece6240e39a19ca7310283dfa in current term 1: Already voted for candidate d4607b9bdfaa46e8af79d9705f28ab52 in this term.
I20260709 13:11:22.319312  2928 tablet_service.cc:1917] Received RequestConsensusVote() RPC: tablet_id: "d008f9aa322c483dbe1506621b98ae62" candidate_uuid: "2adc0caece6240e39a19ca7310283dfa" candidate_term: 1 candidate_status { last_received { term: 0 index: 0 } } ignore_live_leader: false dest_uuid: "ed5c07b7c45646b88e6c067f0ed4f017" is_pre_election: true
I20260709 13:11:22.320230  2928 raft_consensus.cc:2393] T d008f9aa322c483dbe1506621b98ae62 P ed5c07b7c45646b88e6c067f0ed4f017 [term 1 FOLLOWER]: Leader pre-election vote request: Denying vote to candidate 2adc0caece6240e39a19ca7310283dfa in current term 1: Already voted for candidate ed5c07b7c45646b88e6c067f0ed4f017 in this term.
I20260709 13:11:22.321180  3044 leader_election.cc:304] T d008f9aa322c483dbe1506621b98ae62 P 2adc0caece6240e39a19ca7310283dfa [CANDIDATE]: Term 1 pre-election: Election decided. Result: candidate lost. Election summary: received 3 responses out of 3 voters: 1 yes votes; 2 no votes. yes voters: 2adc0caece6240e39a19ca7310283dfa; no voters: d4607b9bdfaa46e8af79d9705f28ab52, ed5c07b7c45646b88e6c067f0ed4f017
I20260709 13:11:22.322325  3172 raft_consensus.cc:3060] T d008f9aa322c483dbe1506621b98ae62 P 2adc0caece6240e39a19ca7310283dfa [term 0 FOLLOWER]: Advancing to term 1
I20260709 13:11:22.328317  3172 raft_consensus.cc:2749] T d008f9aa322c483dbe1506621b98ae62 P 2adc0caece6240e39a19ca7310283dfa [term 1 FOLLOWER]: Leader pre-election lost for term 1. Reason: could not achieve majority
I20260709 13:11:22.327728  2824 catalog_manager.cc:5697] T 591020b91fa746d1a39a65fa56323dd4 P 2adc0caece6240e39a19ca7310283dfa reported cstate change: term changed from 0 to 1, leader changed from <none> to 2adc0caece6240e39a19ca7310283dfa (127.2.186.131). New cstate: current_term: 1 leader_uuid: "2adc0caece6240e39a19ca7310283dfa" committed_config { opid_index: -1 OBSOLETE_local: false peers { permanent_uuid: "ed5c07b7c45646b88e6c067f0ed4f017" member_type: VOTER last_known_addr { host: "127.2.186.129" port: 34867 } health_report { overall_health: UNKNOWN } } peers { permanent_uuid: "d4607b9bdfaa46e8af79d9705f28ab52" member_type: VOTER last_known_addr { host: "127.2.186.130" port: 32989 } health_report { overall_health: UNKNOWN } } peers { permanent_uuid: "2adc0caece6240e39a19ca7310283dfa" member_type: VOTER last_known_addr { host: "127.2.186.131" port: 35939 } health_report { overall_health: HEALTHY } } }
I20260709 13:11:22.329917  3124 consensus_queue.cc:1048] T a3c8e53795c94331a78330ab9a295ee6 P d4607b9bdfaa46e8af79d9705f28ab52 [LEADER]: Connected to new peer: Peer: permanent_uuid: "ed5c07b7c45646b88e6c067f0ed4f017" member_type: VOTER last_known_addr { host: "127.2.186.129" port: 34867 }, Status: LMP_MISMATCH, Last received: 0.0, Next index: 1, Last known committed idx: 0, Time since last communication: 0.000s
I20260709 13:11:22.343415  3124 consensus_queue.cc:1048] T a3c8e53795c94331a78330ab9a295ee6 P d4607b9bdfaa46e8af79d9705f28ab52 [LEADER]: Connected to new peer: Peer: permanent_uuid: "2adc0caece6240e39a19ca7310283dfa" member_type: VOTER last_known_addr { host: "127.2.186.131" port: 35939 }, Status: LMP_MISMATCH, Last received: 0.0, Next index: 1, Last known committed idx: 0, Time since last communication: 0.000s
I20260709 13:11:22.363581  3152 raft_consensus.cc:493] T f6367cf6893b48d6bac902595c9fbf56 P ed5c07b7c45646b88e6c067f0ed4f017 [term 0 FOLLOWER]: Starting pre-election (no leader contacted us within the election timeout)
I20260709 13:11:22.364037  3152 raft_consensus.cc:515] T f6367cf6893b48d6bac902595c9fbf56 P ed5c07b7c45646b88e6c067f0ed4f017 [term 0 FOLLOWER]: Starting pre-election with config: opid_index: -1 OBSOLETE_local: false peers { permanent_uuid: "ed5c07b7c45646b88e6c067f0ed4f017" member_type: VOTER last_known_addr { host: "127.2.186.129" port: 34867 } } peers { permanent_uuid: "d4607b9bdfaa46e8af79d9705f28ab52" member_type: VOTER last_known_addr { host: "127.2.186.130" port: 32989 } } peers { permanent_uuid: "2adc0caece6240e39a19ca7310283dfa" member_type: VOTER last_known_addr { host: "127.2.186.131" port: 35939 } }
I20260709 13:11:22.365593  3152 leader_election.cc:290] T f6367cf6893b48d6bac902595c9fbf56 P ed5c07b7c45646b88e6c067f0ed4f017 [CANDIDATE]: Term 1 pre-election: Requested pre-vote from peers d4607b9bdfaa46e8af79d9705f28ab52 (127.2.186.130:32989), 2adc0caece6240e39a19ca7310283dfa (127.2.186.131:35939)
I20260709 13:11:22.366321  3004 tablet_service.cc:1917] Received RequestConsensusVote() RPC: tablet_id: "f6367cf6893b48d6bac902595c9fbf56" candidate_uuid: "ed5c07b7c45646b88e6c067f0ed4f017" candidate_term: 1 candidate_status { last_received { term: 0 index: 0 } } ignore_live_leader: false dest_uuid: "d4607b9bdfaa46e8af79d9705f28ab52" is_pre_election: true
I20260709 13:11:22.366586  3078 tablet_service.cc:1917] Received RequestConsensusVote() RPC: tablet_id: "f6367cf6893b48d6bac902595c9fbf56" candidate_uuid: "ed5c07b7c45646b88e6c067f0ed4f017" candidate_term: 1 candidate_status { last_received { term: 0 index: 0 } } ignore_live_leader: false dest_uuid: "2adc0caece6240e39a19ca7310283dfa" is_pre_election: true
I20260709 13:11:22.366914  3004 raft_consensus.cc:2393] T f6367cf6893b48d6bac902595c9fbf56 P d4607b9bdfaa46e8af79d9705f28ab52 [term 1 FOLLOWER]: Leader pre-election vote request: Denying vote to candidate ed5c07b7c45646b88e6c067f0ed4f017 in current term 1: Already voted for candidate 2adc0caece6240e39a19ca7310283dfa in this term.
I20260709 13:11:22.367959  2895 leader_election.cc:304] T f6367cf6893b48d6bac902595c9fbf56 P ed5c07b7c45646b88e6c067f0ed4f017 [CANDIDATE]: Term 1 pre-election: Election decided. Result: candidate lost. Election summary: received 3 responses out of 3 voters: 1 yes votes; 2 no votes. yes voters: ed5c07b7c45646b88e6c067f0ed4f017; no voters: 2adc0caece6240e39a19ca7310283dfa, d4607b9bdfaa46e8af79d9705f28ab52
I20260709 13:11:22.368531  3152 raft_consensus.cc:3060] T f6367cf6893b48d6bac902595c9fbf56 P ed5c07b7c45646b88e6c067f0ed4f017 [term 0 FOLLOWER]: Advancing to term 1
I20260709 13:11:22.372735  3152 raft_consensus.cc:2749] T f6367cf6893b48d6bac902595c9fbf56 P ed5c07b7c45646b88e6c067f0ed4f017 [term 1 FOLLOWER]: Leader pre-election lost for term 1. Reason: could not achieve majority
I20260709 13:11:22.446538  3152 raft_consensus.cc:493] T 0a49b3b0b5bf41f3af3db29aa213b3db P ed5c07b7c45646b88e6c067f0ed4f017 [term 0 FOLLOWER]: Starting pre-election (no leader contacted us within the election timeout)
