I20260709 13:11:30.341872  5242 tablet_service.cc:1917] Received RequestConsensusVote() RPC: tablet_id: "05ac5d39238c44cd9b1e10676a256113" candidate_uuid: "11ca588c780140c09b59296aa8e0a62d" candidate_term: 1 candidate_status { last_received { term: 0 index: 0 } } ignore_live_leader: false dest_uuid: "17b41c0a760c42dd96d3d64a4f195e4f" is_pre_election: true
I20260709 13:11:30.341897  5384 leader_election.cc:290] T 7158da5b98924b82986812797e253a9f P 11ca588c780140c09b59296aa8e0a62d [CANDIDATE]: Term 1 election: Requested vote from peers 17b41c0a760c42dd96d3d64a4f195e4f (127.4.107.66:33561), 87f08819c8084676867d86bcf16cda1c (127.4.107.67:38001)
I20260709 13:11:30.343036  5242 raft_consensus.cc:2393] T 05ac5d39238c44cd9b1e10676a256113 P 17b41c0a760c42dd96d3d64a4f195e4f [term 1 FOLLOWER]: Leader pre-election vote request: Denying vote to candidate 11ca588c780140c09b59296aa8e0a62d in current term 1: Already voted for candidate 17b41c0a760c42dd96d3d64a4f195e4f in this term.
I20260709 13:11:30.343602  5315 tablet_service.cc:1917] Received RequestConsensusVote() RPC: tablet_id: "05ac5d39238c44cd9b1e10676a256113" candidate_uuid: "17b41c0a760c42dd96d3d64a4f195e4f" candidate_term: 1 candidate_status { last_received { term: 0 index: 0 } } ignore_live_leader: false dest_uuid: "87f08819c8084676867d86bcf16cda1c"
I20260709 13:11:30.344203  5315 raft_consensus.cc:3060] T 05ac5d39238c44cd9b1e10676a256113 P 87f08819c8084676867d86bcf16cda1c [term 0 FOLLOWER]: Advancing to term 1
I20260709 13:11:30.345322  5378 raft_consensus.cc:493] T ed244a1e586c403cbb86a64b1ba17305 P 87f08819c8084676867d86bcf16cda1c [term 0 FOLLOWER]: Starting pre-election (no leader contacted us within the election timeout)
I20260709 13:11:30.345852  5378 raft_consensus.cc:515] T ed244a1e586c403cbb86a64b1ba17305 P 87f08819c8084676867d86bcf16cda1c [term 0 FOLLOWER]: Starting pre-election with config: opid_index: -1 OBSOLETE_local: false peers { permanent_uuid: "11ca588c780140c09b59296aa8e0a62d" member_type: VOTER last_known_addr { host: "127.4.107.65" port: 44289 } } peers { permanent_uuid: "17b41c0a760c42dd96d3d64a4f195e4f" member_type: VOTER last_known_addr { host: "127.4.107.66" port: 33561 } } peers { permanent_uuid: "87f08819c8084676867d86bcf16cda1c" member_type: VOTER last_known_addr { host: "127.4.107.67" port: 38001 } }
I20260709 13:11:30.348868  5365 leader_election.cc:290] T 05ac5d39238c44cd9b1e10676a256113 P 11ca588c780140c09b59296aa8e0a62d [CANDIDATE]: Term 1 pre-election: Requested pre-vote from peers 17b41c0a760c42dd96d3d64a4f195e4f (127.4.107.66:33561), 87f08819c8084676867d86bcf16cda1c (127.4.107.67:38001)
I20260709 13:11:30.350888  5378 leader_election.cc:290] T ed244a1e586c403cbb86a64b1ba17305 P 87f08819c8084676867d86bcf16cda1c [CANDIDATE]: Term 1 pre-election: Requested pre-vote from peers 11ca588c780140c09b59296aa8e0a62d (127.4.107.65:44289), 17b41c0a760c42dd96d3d64a4f195e4f (127.4.107.66:33561)
I20260709 13:11:30.351511  5390 raft_consensus.cc:493] T 92fb7a07c27c4bd3b47a8ce53f08e5b1 P 17b41c0a760c42dd96d3d64a4f195e4f [term 0 FOLLOWER]: Starting pre-election (no leader contacted us within the election timeout)
I20260709 13:11:30.352043  5390 raft_consensus.cc:515] T 92fb7a07c27c4bd3b47a8ce53f08e5b1 P 17b41c0a760c42dd96d3d64a4f195e4f [term 0 FOLLOWER]: Starting pre-election with config: opid_index: -1 OBSOLETE_local: false peers { permanent_uuid: "11ca588c780140c09b59296aa8e0a62d" member_type: VOTER last_known_addr { host: "127.4.107.65" port: 44289 } } peers { permanent_uuid: "17b41c0a760c42dd96d3d64a4f195e4f" member_type: VOTER last_known_addr { host: "127.4.107.66" port: 33561 } } peers { permanent_uuid: "87f08819c8084676867d86bcf16cda1c" member_type: VOTER last_known_addr { host: "127.4.107.67" port: 38001 } }
I20260709 13:11:30.354182  5390 leader_election.cc:290] T 92fb7a07c27c4bd3b47a8ce53f08e5b1 P 17b41c0a760c42dd96d3d64a4f195e4f [CANDIDATE]: Term 1 pre-election: Requested pre-vote from peers 11ca588c780140c09b59296aa8e0a62d (127.4.107.65:44289), 87f08819c8084676867d86bcf16cda1c (127.4.107.67:38001)
I20260709 13:11:30.354454  5167 raft_consensus.cc:2468] T 05ac5d39238c44cd9b1e10676a256113 P 11ca588c780140c09b59296aa8e0a62d [term 1 FOLLOWER]: Leader election vote request: Granting yes vote for candidate 17b41c0a760c42dd96d3d64a4f195e4f in term 1.
I20260709 13:11:30.356633  5316 tablet_service.cc:1917] Received RequestConsensusVote() RPC: tablet_id: "92fb7a07c27c4bd3b47a8ce53f08e5b1" candidate_uuid: "17b41c0a760c42dd96d3d64a4f195e4f" candidate_term: 1 candidate_status { last_received { term: 0 index: 0 } } ignore_live_leader: false dest_uuid: "87f08819c8084676867d86bcf16cda1c" is_pre_election: true
I20260709 13:11:30.362279  5358 ts_tablet_manager.cc:1434] T 47ec7561eeec47ec811d3543737e6459 P 17b41c0a760c42dd96d3d64a4f195e4f: Time spent starting tablet: real 0.132s	user 0.046s	sys 0.082s
I20260709 13:11:30.363008  5208 leader_election.cc:304] T 05ac5d39238c44cd9b1e10676a256113 P 17b41c0a760c42dd96d3d64a4f195e4f [CANDIDATE]: Term 1 election: Election decided. Result: candidate won. Election summary: received 2 responses out of 3 voters: 2 yes votes; 0 no votes. yes voters: 11ca588c780140c09b59296aa8e0a62d, 17b41c0a760c42dd96d3d64a4f195e4f; no voters: 
I20260709 13:11:30.363085  5242 tablet_service.cc:1917] Received RequestConsensusVote() RPC: tablet_id: "7158da5b98924b82986812797e253a9f" candidate_uuid: "11ca588c780140c09b59296aa8e0a62d" candidate_term: 1 candidate_status { last_received { term: 0 index: 0 } } ignore_live_leader: false dest_uuid: "17b41c0a760c42dd96d3d64a4f195e4f"
I20260709 13:11:30.363409  5358 tablet_bootstrap.cc:492] T ed244a1e586c403cbb86a64b1ba17305 P 17b41c0a760c42dd96d3d64a4f195e4f: Bootstrap starting.
I20260709 13:11:30.363955  5392 raft_consensus.cc:493] T 47ec7561eeec47ec811d3543737e6459 P 17b41c0a760c42dd96d3d64a4f195e4f [term 0 FOLLOWER]: Starting pre-election (no leader contacted us within the election timeout)
W20260709 13:11:30.364518  5133 leader_election.cc:343] T 7158da5b98924b82986812797e253a9f P 11ca588c780140c09b59296aa8e0a62d [CANDIDATE]: Term 1 election: Tablet error from VoteRequest() call to peer 17b41c0a760c42dd96d3d64a4f195e4f (127.4.107.66:33561): Illegal state: must be running to vote when last-logged opid is not known
I20260709 13:11:30.364454  5242 tablet_service.cc:1917] Received RequestConsensusVote() RPC: tablet_id: "ed244a1e586c403cbb86a64b1ba17305" candidate_uuid: "87f08819c8084676867d86bcf16cda1c" candidate_term: 1 candidate_status { last_received { term: 0 index: 0 } } ignore_live_leader: false dest_uuid: "17b41c0a760c42dd96d3d64a4f195e4f" is_pre_election: true
I20260709 13:11:30.365474  5393 raft_consensus.cc:2804] T 05ac5d39238c44cd9b1e10676a256113 P 17b41c0a760c42dd96d3d64a4f195e4f [term 1 FOLLOWER]: Leader election won for term 1
W20260709 13:11:30.365744  5206 leader_election.cc:343] T 92fb7a07c27c4bd3b47a8ce53f08e5b1 P 17b41c0a760c42dd96d3d64a4f195e4f [CANDIDATE]: Term 1 pre-election: Tablet error from VoteRequest() call to peer 87f08819c8084676867d86bcf16cda1c (127.4.107.67:38001): Illegal state: must be running to vote when last-logged opid is not known
I20260709 13:11:30.366158  5393 raft_consensus.cc:697] T 05ac5d39238c44cd9b1e10676a256113 P 17b41c0a760c42dd96d3d64a4f195e4f [term 1 LEADER]: Becoming Leader. State: Replica: 17b41c0a760c42dd96d3d64a4f195e4f, State: Running, Role: LEADER
I20260709 13:11:30.367000  5356 ts_tablet_manager.cc:1434] T 938f90cff61b48fab4bd872215517652 P 87f08819c8084676867d86bcf16cda1c: Time spent starting tablet: real 0.068s	user 0.005s	sys 0.012s
I20260709 13:11:30.367053  5393 consensus_queue.cc:237] T 05ac5d39238c44cd9b1e10676a256113 P 17b41c0a760c42dd96d3d64a4f195e4f [LEADER]: Queue going to LEADER mode. State: All replicated index: 0, Majority replicated index: 0, Committed index: 0, Last appended: 0.0, Last appended by leader: 0, Current term: 1, Majority size: 2, State: 0, Mode: LEADER, active raft config: opid_index: -1 OBSOLETE_local: false peers { permanent_uuid: "11ca588c780140c09b59296aa8e0a62d" member_type: VOTER last_known_addr { host: "127.4.107.65" port: 44289 } } peers { permanent_uuid: "17b41c0a760c42dd96d3d64a4f195e4f" member_type: VOTER last_known_addr { host: "127.4.107.66" port: 33561 } } peers { permanent_uuid: "87f08819c8084676867d86bcf16cda1c" member_type: VOTER last_known_addr { host: "127.4.107.67" port: 38001 } }
I20260709 13:11:30.368564  5356 tablet_bootstrap.cc:492] T 92fb7a07c27c4bd3b47a8ce53f08e5b1 P 87f08819c8084676867d86bcf16cda1c: Bootstrap starting.
I20260709 13:11:30.373019  5166 raft_consensus.cc:2468] T 938f90cff61b48fab4bd872215517652 P 11ca588c780140c09b59296aa8e0a62d [term 1 FOLLOWER]: Leader election vote request: Granting yes vote for candidate 17b41c0a760c42dd96d3d64a4f195e4f in term 1.
I20260709 13:11:30.364444  5392 raft_consensus.cc:515] T 47ec7561eeec47ec811d3543737e6459 P 17b41c0a760c42dd96d3d64a4f195e4f [term 0 FOLLOWER]: Starting pre-election with config: opid_index: -1 OBSOLETE_local: false peers { permanent_uuid: "11ca588c780140c09b59296aa8e0a62d" member_type: VOTER last_known_addr { host: "127.4.107.65" port: 44289 } } peers { permanent_uuid: "17b41c0a760c42dd96d3d64a4f195e4f" member_type: VOTER last_known_addr { host: "127.4.107.66" port: 33561 } } peers { permanent_uuid: "87f08819c8084676867d86bcf16cda1c" member_type: VOTER last_known_addr { host: "127.4.107.67" port: 38001 } }
I20260709 13:11:30.380252  5167 tablet_service.cc:1917] Received RequestConsensusVote() RPC: tablet_id: "92fb7a07c27c4bd3b47a8ce53f08e5b1" candidate_uuid: "17b41c0a760c42dd96d3d64a4f195e4f" candidate_term: 1 candidate_status { last_received { term: 0 index: 0 } } ignore_live_leader: false dest_uuid: "11ca588c780140c09b59296aa8e0a62d" is_pre_election: true
I20260709 13:11:30.380956  5167 raft_consensus.cc:2468] T 92fb7a07c27c4bd3b47a8ce53f08e5b1 P 11ca588c780140c09b59296aa8e0a62d [term 0 FOLLOWER]: Leader pre-election vote request: Granting yes vote for candidate 17b41c0a760c42dd96d3d64a4f195e4f in term 0.
I20260709 13:11:30.381493  5316 tablet_service.cc:1917] Received RequestConsensusVote() RPC: tablet_id: "7158da5b98924b82986812797e253a9f" candidate_uuid: "11ca588c780140c09b59296aa8e0a62d" candidate_term: 1 candidate_status { last_received { term: 0 index: 0 } } ignore_live_leader: false dest_uuid: "87f08819c8084676867d86bcf16cda1c"
I20260709 13:11:30.381644  5392 leader_election.cc:290] T 47ec7561eeec47ec811d3543737e6459 P 17b41c0a760c42dd96d3d64a4f195e4f [CANDIDATE]: Term 1 pre-election: Requested pre-vote from peers 11ca588c780140c09b59296aa8e0a62d (127.4.107.65:44289), 87f08819c8084676867d86bcf16cda1c (127.4.107.67:38001)
I20260709 13:11:30.382112  5316 raft_consensus.cc:3060] T 7158da5b98924b82986812797e253a9f P 87f08819c8084676867d86bcf16cda1c [term 0 FOLLOWER]: Advancing to term 1
I20260709 13:11:30.382373  5314 tablet_service.cc:1917] Received RequestConsensusVote() RPC: tablet_id: "05ac5d39238c44cd9b1e10676a256113" candidate_uuid: "11ca588c780140c09b59296aa8e0a62d" candidate_term: 1 candidate_status { last_received { term: 0 index: 0 } } ignore_live_leader: false dest_uuid: "87f08819c8084676867d86bcf16cda1c" is_pre_election: true
I20260709 13:11:30.384177  5314 tablet_service.cc:1917] Received RequestConsensusVote() RPC: tablet_id: "47ec7561eeec47ec811d3543737e6459" candidate_uuid: "17b41c0a760c42dd96d3d64a4f195e4f" candidate_term: 1 candidate_status { last_received { term: 0 index: 0 } } ignore_live_leader: false dest_uuid: "87f08819c8084676867d86bcf16cda1c" is_pre_election: true
I20260709 13:11:30.384349  5315 raft_consensus.cc:2468] T 05ac5d39238c44cd9b1e10676a256113 P 87f08819c8084676867d86bcf16cda1c [term 1 FOLLOWER]: Leader election vote request: Granting yes vote for candidate 17b41c0a760c42dd96d3d64a4f195e4f in term 1.
I20260709 13:11:30.384649  5167 tablet_service.cc:1917] Received RequestConsensusVote() RPC: tablet_id: "ed244a1e586c403cbb86a64b1ba17305" candidate_uuid: "87f08819c8084676867d86bcf16cda1c" candidate_term: 1 candidate_status { last_received { term: 0 index: 0 } } ignore_live_leader: false dest_uuid: "11ca588c780140c09b59296aa8e0a62d" is_pre_election: true
I20260709 13:11:30.384793  5314 raft_consensus.cc:2468] T 47ec7561eeec47ec811d3543737e6459 P 87f08819c8084676867d86bcf16cda1c [term 0 FOLLOWER]: Leader pre-election vote request: Granting yes vote for candidate 17b41c0a760c42dd96d3d64a4f195e4f in term 0.
W20260709 13:11:30.379819  5282 leader_election.cc:343] T ed244a1e586c403cbb86a64b1ba17305 P 87f08819c8084676867d86bcf16cda1c [CANDIDATE]: Term 1 pre-election: Tablet error from VoteRequest() call to peer 17b41c0a760c42dd96d3d64a4f195e4f (127.4.107.66:33561): Illegal state: must be running to vote when last-logged opid is not known
I20260709 13:11:30.387326  5206 leader_election.cc:304] T 47ec7561eeec47ec811d3543737e6459 P 17b41c0a760c42dd96d3d64a4f195e4f [CANDIDATE]: Term 1 pre-election: Election decided. Result: candidate won. Election summary: received 2 responses out of 3 voters: 2 yes votes; 0 no votes. yes voters: 17b41c0a760c42dd96d3d64a4f195e4f, 87f08819c8084676867d86bcf16cda1c; no voters: 
I20260709 13:11:30.387614  5356 tablet_bootstrap.cc:654] T 92fb7a07c27c4bd3b47a8ce53f08e5b1 P 87f08819c8084676867d86bcf16cda1c: Neither blocks nor log segments found. Creating new log.
I20260709 13:11:30.388293  5392 raft_consensus.cc:2804] T 47ec7561eeec47ec811d3543737e6459 P 17b41c0a760c42dd96d3d64a4f195e4f [term 0 FOLLOWER]: Leader pre-election won for term 1
I20260709 13:11:30.388706  5392 raft_consensus.cc:493] T 47ec7561eeec47ec811d3543737e6459 P 17b41c0a760c42dd96d3d64a4f195e4f [term 0 FOLLOWER]: Starting leader election (no leader contacted us within the election timeout)
I20260709 13:11:30.389179  5392 raft_consensus.cc:3060] T 47ec7561eeec47ec811d3543737e6459 P 17b41c0a760c42dd96d3d64a4f195e4f [term 0 FOLLOWER]: Advancing to term 1
I20260709 13:11:30.385308  5167 raft_consensus.cc:2468] T ed244a1e586c403cbb86a64b1ba17305 P 11ca588c780140c09b59296aa8e0a62d [term 0 FOLLOWER]: Leader pre-election vote request: Granting yes vote for candidate 87f08819c8084676867d86bcf16cda1c in term 0.
I20260709 13:11:30.389226  5131 leader_election.cc:304] T 05ac5d39238c44cd9b1e10676a256113 P 11ca588c780140c09b59296aa8e0a62d [CANDIDATE]: Term 1 pre-election: Election decided. Result: candidate lost. Election summary: received 3 responses out of 3 voters: 1 yes votes; 2 no votes. yes voters: 11ca588c780140c09b59296aa8e0a62d; no voters: 17b41c0a760c42dd96d3d64a4f195e4f, 87f08819c8084676867d86bcf16cda1c
I20260709 13:11:30.393004  5316 raft_consensus.cc:2468] T 7158da5b98924b82986812797e253a9f P 87f08819c8084676867d86bcf16cda1c [term 1 FOLLOWER]: Leader election vote request: Granting yes vote for candidate 11ca588c780140c09b59296aa8e0a62d in term 1.
I20260709 13:11:30.391283  5208 leader_election.cc:304] T 938f90cff61b48fab4bd872215517652 P 17b41c0a760c42dd96d3d64a4f195e4f [CANDIDATE]: Term 1 election: Election decided. Result: candidate won. Election summary: received 3 responses out of 3 voters: 2 yes votes; 1 no votes. yes voters: 11ca588c780140c09b59296aa8e0a62d, 17b41c0a760c42dd96d3d64a4f195e4f; no voters: 87f08819c8084676867d86bcf16cda1c
I20260709 13:11:30.395342  5390 raft_consensus.cc:2804] T 938f90cff61b48fab4bd872215517652 P 17b41c0a760c42dd96d3d64a4f195e4f [term 1 FOLLOWER]: Leader election won for term 1
I20260709 13:11:30.395402  5378 raft_consensus.cc:493] T 660050fb56b847d394e2e4c83b9babee P 87f08819c8084676867d86bcf16cda1c [term 0 FOLLOWER]: Starting pre-election (no leader contacted us within the election timeout)
I20260709 13:11:30.395951  5390 raft_consensus.cc:697] T 938f90cff61b48fab4bd872215517652 P 17b41c0a760c42dd96d3d64a4f195e4f [term 1 LEADER]: Becoming Leader. State: Replica: 17b41c0a760c42dd96d3d64a4f195e4f, State: Running, Role: LEADER
I20260709 13:11:30.396054  5131 leader_election.cc:304] T 7158da5b98924b82986812797e253a9f P 11ca588c780140c09b59296aa8e0a62d [CANDIDATE]: Term 1 election: Election decided. Result: candidate won. Election summary: received 3 responses out of 3 voters: 2 yes votes; 1 no votes. yes voters: 11ca588c780140c09b59296aa8e0a62d, 87f08819c8084676867d86bcf16cda1c; no voters: 17b41c0a760c42dd96d3d64a4f195e4f
I20260709 13:11:30.396857  5390 consensus_queue.cc:237] T 938f90cff61b48fab4bd872215517652 P 17b41c0a760c42dd96d3d64a4f195e4f [LEADER]: Queue going to LEADER mode. State: All replicated index: 0, Majority replicated index: 0, Committed index: 0, Last appended: 0.0, Last appended by leader: 0, Current term: 1, Majority size: 2, State: 0, Mode: LEADER, active raft config: opid_index: -1 OBSOLETE_local: false peers { permanent_uuid: "11ca588c780140c09b59296aa8e0a62d" member_type: VOTER last_known_addr { host: "127.4.107.65" port: 44289 } } peers { permanent_uuid: "87f08819c8084676867d86bcf16cda1c" member_type: VOTER last_known_addr { host: "127.4.107.67" port: 38001 } } peers { permanent_uuid: "17b41c0a760c42dd96d3d64a4f195e4f" member_type: VOTER last_known_addr { host: "127.4.107.66" port: 33561 } }
I20260709 13:11:30.397912  5365 raft_consensus.cc:2749] T 05ac5d39238c44cd9b1e10676a256113 P 11ca588c780140c09b59296aa8e0a62d [term 1 FOLLOWER]: Leader pre-election lost for term 1. Reason: could not achieve majority
I20260709 13:11:30.398553  5365 raft_consensus.cc:2804] T 7158da5b98924b82986812797e253a9f P 11ca588c780140c09b59296aa8e0a62d [term 1 FOLLOWER]: Leader election won for term 1
I20260709 13:11:30.398469  5208 leader_election.cc:304] T 92fb7a07c27c4bd3b47a8ce53f08e5b1 P 17b41c0a760c42dd96d3d64a4f195e4f [CANDIDATE]: Term 1 pre-election: Election decided. Result: candidate won. Election summary: received 3 responses out of 3 voters: 2 yes votes; 1 no votes. yes voters: 11ca588c780140c09b59296aa8e0a62d, 17b41c0a760c42dd96d3d64a4f195e4f; no voters: 87f08819c8084676867d86bcf16cda1c
I20260709 13:11:30.399087  5365 raft_consensus.cc:697] T 7158da5b98924b82986812797e253a9f P 11ca588c780140c09b59296aa8e0a62d [term 1 LEADER]: Becoming Leader. State: Replica: 11ca588c780140c09b59296aa8e0a62d, State: Running, Role: LEADER
I20260709 13:11:30.399363  5167 tablet_service.cc:1917] Received RequestConsensusVote() RPC: tablet_id: "47ec7561eeec47ec811d3543737e6459" candidate_uuid: "17b41c0a760c42dd96d3d64a4f195e4f" candidate_term: 1 candidate_status { last_received { term: 0 index: 0 } } ignore_live_leader: false dest_uuid: "11ca588c780140c09b59296aa8e0a62d" is_pre_election: true
I20260709 13:11:30.400010  5167 raft_consensus.cc:2468] T 47ec7561eeec47ec811d3543737e6459 P 11ca588c780140c09b59296aa8e0a62d [term 0 FOLLOWER]: Leader pre-election vote request: Granting yes vote for candidate 17b41c0a760c42dd96d3d64a4f195e4f in term 0.
I20260709 13:11:30.399932  5365 consensus_queue.cc:237] T 7158da5b98924b82986812797e253a9f P 11ca588c780140c09b59296aa8e0a62d [LEADER]: Queue going to LEADER mode. State: All replicated index: 0, Majority replicated index: 0, Committed index: 0, Last appended: 0.0, Last appended by leader: 0, Current term: 1, Majority size: 2, State: 0, Mode: LEADER, active raft config: opid_index: -1 OBSOLETE_local: false peers { permanent_uuid: "11ca588c780140c09b59296aa8e0a62d" member_type: VOTER last_known_addr { host: "127.4.107.65" port: 44289 } } peers { permanent_uuid: "17b41c0a760c42dd96d3d64a4f195e4f" member_type: VOTER last_known_addr { host: "127.4.107.66" port: 33561 } } peers { permanent_uuid: "87f08819c8084676867d86bcf16cda1c" member_type: VOTER last_known_addr { host: "127.4.107.67" port: 38001 } }
I20260709 13:11:30.400697  5282 leader_election.cc:304] T ed244a1e586c403cbb86a64b1ba17305 P 87f08819c8084676867d86bcf16cda1c [CANDIDATE]: Term 1 pre-election: Election decided. Result: candidate won. Election summary: received 3 responses out of 3 voters: 2 yes votes; 1 no votes. yes voters: 11ca588c780140c09b59296aa8e0a62d, 87f08819c8084676867d86bcf16cda1c; no voters: 17b41c0a760c42dd96d3d64a4f195e4f
I20260709 13:11:30.401765  5362 raft_consensus.cc:2804] T ed244a1e586c403cbb86a64b1ba17305 P 87f08819c8084676867d86bcf16cda1c [term 0 FOLLOWER]: Leader pre-election won for term 1
I20260709 13:11:30.402134  5362 raft_consensus.cc:493] T ed244a1e586c403cbb86a64b1ba17305 P 87f08819c8084676867d86bcf16cda1c [term 0 FOLLOWER]: Starting leader election (no leader contacted us within the election timeout)
I20260709 13:11:30.395974  5378 raft_consensus.cc:515] T 660050fb56b847d394e2e4c83b9babee P 87f08819c8084676867d86bcf16cda1c [term 0 FOLLOWER]: Starting pre-election with config: opid_index: -1 OBSOLETE_local: false peers { permanent_uuid: "11ca588c780140c09b59296aa8e0a62d" member_type: VOTER last_known_addr { host: "127.4.107.65" port: 44289 } } peers { permanent_uuid: "17b41c0a760c42dd96d3d64a4f195e4f" member_type: VOTER last_known_addr { host: "127.4.107.66" port: 33561 } } peers { permanent_uuid: "87f08819c8084676867d86bcf16cda1c" member_type: VOTER last_known_addr { host: "127.4.107.67" port: 38001 } }
I20260709 13:11:30.404978  5357 tablet_bootstrap.cc:492] T 660050fb56b847d394e2e4c83b9babee P 11ca588c780140c09b59296aa8e0a62d: No bootstrap required, opened a new log
I20260709 13:11:30.405371  5357 ts_tablet_manager.cc:1403] T 660050fb56b847d394e2e4c83b9babee P 11ca588c780140c09b59296aa8e0a62d: Time spent bootstrapping tablet: real 0.077s	user 0.009s	sys 0.008s
I20260709 13:11:30.402918  5362 raft_consensus.cc:3060] T ed244a1e586c403cbb86a64b1ba17305 P 87f08819c8084676867d86bcf16cda1c [term 0 FOLLOWER]: Advancing to term 1
I20260709 13:11:30.402668  5363 raft_consensus.cc:2804] T 92fb7a07c27c4bd3b47a8ce53f08e5b1 P 17b41c0a760c42dd96d3d64a4f195e4f [term 0 FOLLOWER]: Leader pre-election won for term 1
I20260709 13:11:30.412235  5378 leader_election.cc:290] T 660050fb56b847d394e2e4c83b9babee P 87f08819c8084676867d86bcf16cda1c [CANDIDATE]: Term 1 pre-election: Requested pre-vote from peers 11ca588c780140c09b59296aa8e0a62d (127.4.107.65:44289), 17b41c0a760c42dd96d3d64a4f195e4f (127.4.107.66:33561)
I20260709 13:11:30.413501  5242 tablet_service.cc:1917] Received RequestConsensusVote() RPC: tablet_id: "660050fb56b847d394e2e4c83b9babee" candidate_uuid: "87f08819c8084676867d86bcf16cda1c" candidate_term: 1 candidate_status { last_received { term: 0 index: 0 } } ignore_live_leader: false dest_uuid: "17b41c0a760c42dd96d3d64a4f195e4f" is_pre_election: true
W20260709 13:11:30.415128  5282 leader_election.cc:343] T 660050fb56b847d394e2e4c83b9babee P 87f08819c8084676867d86bcf16cda1c [CANDIDATE]: Term 1 pre-election: Tablet error from VoteRequest() call to peer 17b41c0a760c42dd96d3d64a4f195e4f (127.4.107.66:33561): Illegal state: must be running to vote when last-logged opid is not known
I20260709 13:11:30.409544  5363 raft_consensus.cc:493] T 92fb7a07c27c4bd3b47a8ce53f08e5b1 P 17b41c0a760c42dd96d3d64a4f195e4f [term 0 FOLLOWER]: Starting leader election (no leader contacted us within the election timeout)
I20260709 13:11:30.416356  5363 raft_consensus.cc:3060] T 92fb7a07c27c4bd3b47a8ce53f08e5b1 P 17b41c0a760c42dd96d3d64a4f195e4f [term 0 FOLLOWER]: Advancing to term 1
I20260709 13:11:30.416227  5357 raft_consensus.cc:359] T 660050fb56b847d394e2e4c83b9babee P 11ca588c780140c09b59296aa8e0a62d [term 0 FOLLOWER]: Replica starting. Triggering 0 pending ops. Active config: opid_index: -1 OBSOLETE_local: false peers { permanent_uuid: "11ca588c780140c09b59296aa8e0a62d" member_type: VOTER last_known_addr { host: "127.4.107.65" port: 44289 } } peers { permanent_uuid: "17b41c0a760c42dd96d3d64a4f195e4f" member_type: VOTER last_known_addr { host: "127.4.107.66" port: 33561 } } peers { permanent_uuid: "87f08819c8084676867d86bcf16cda1c" member_type: VOTER last_known_addr { host: "127.4.107.67" port: 38001 } }
I20260709 13:11:30.417353  5357 raft_consensus.cc:385] T 660050fb56b847d394e2e4c83b9babee P 11ca588c780140c09b59296aa8e0a62d [term 0 FOLLOWER]: Consensus starting up: Expiring failure detector timer to make a prompt election more likely
I20260709 13:11:30.417778  5357 raft_consensus.cc:740] T 660050fb56b847d394e2e4c83b9babee P 11ca588c780140c09b59296aa8e0a62d [term 0 FOLLOWER]: Becoming Follower/Learner. State: Replica: 11ca588c780140c09b59296aa8e0a62d, State: Initialized, Role: FOLLOWER
I20260709 13:11:30.413501  5167 tablet_service.cc:1917] Received RequestConsensusVote() RPC: tablet_id: "660050fb56b847d394e2e4c83b9babee" candidate_uuid: "87f08819c8084676867d86bcf16cda1c" candidate_term: 1 candidate_status { last_received { term: 0 index: 0 } } ignore_live_leader: false dest_uuid: "11ca588c780140c09b59296aa8e0a62d" is_pre_election: true
I20260709 13:11:30.419785  5357 consensus_queue.cc:260] T 660050fb56b847d394e2e4c83b9babee P 11ca588c780140c09b59296aa8e0a62d [NON_LEADER]: Queue going to NON_LEADER mode. State: All replicated index: 0, Majority replicated index: 0, Committed index: 0, Last appended: 0.0, Last appended by leader: 0, Current term: 0, Majority size: -1, State: 0, Mode: NON_LEADER, active raft config: opid_index: -1 OBSOLETE_local: false peers { permanent_uuid: "11ca588c780140c09b59296aa8e0a62d" member_type: VOTER last_known_addr { host: "127.4.107.65" port: 44289 } } peers { permanent_uuid: "17b41c0a760c42dd96d3d64a4f195e4f" member_type: VOTER last_known_addr { host: "127.4.107.66" port: 33561 } } peers { permanent_uuid: "87f08819c8084676867d86bcf16cda1c" member_type: VOTER last_known_addr { host: "127.4.107.67" port: 38001 } }
I20260709 13:11:30.421073  5167 raft_consensus.cc:2468] T 660050fb56b847d394e2e4c83b9babee P 11ca588c780140c09b59296aa8e0a62d [term 0 FOLLOWER]: Leader pre-election vote request: Granting yes vote for candidate 87f08819c8084676867d86bcf16cda1c in term 0.
I20260709 13:11:30.424335  5282 leader_election.cc:304] T 660050fb56b847d394e2e4c83b9babee P 87f08819c8084676867d86bcf16cda1c [CANDIDATE]: Term 1 pre-election: Election decided. Result: candidate won. Election summary: received 3 responses out of 3 voters: 2 yes votes; 1 no votes. yes voters: 11ca588c780140c09b59296aa8e0a62d, 87f08819c8084676867d86bcf16cda1c; no voters: 17b41c0a760c42dd96d3d64a4f195e4f
I20260709 13:11:30.425933  5378 raft_consensus.cc:2804] T 660050fb56b847d394e2e4c83b9babee P 87f08819c8084676867d86bcf16cda1c [term 0 FOLLOWER]: Leader pre-election won for term 1
I20260709 13:11:30.426334  5378 raft_consensus.cc:493] T 660050fb56b847d394e2e4c83b9babee P 87f08819c8084676867d86bcf16cda1c [term 0 FOLLOWER]: Starting leader election (no leader contacted us within the election timeout)
I20260709 13:11:30.426728  5378 raft_consensus.cc:3060] T 660050fb56b847d394e2e4c83b9babee P 87f08819c8084676867d86bcf16cda1c [term 0 FOLLOWER]: Advancing to term 1
I20260709 13:11:30.431780  5357 ts_tablet_manager.cc:1434] T 660050fb56b847d394e2e4c83b9babee P 11ca588c780140c09b59296aa8e0a62d: Time spent starting tablet: real 0.026s	user 0.008s	sys 0.000s
I20260709 13:11:30.450574  5363 raft_consensus.cc:515] T 92fb7a07c27c4bd3b47a8ce53f08e5b1 P 17b41c0a760c42dd96d3d64a4f195e4f [term 1 FOLLOWER]: Starting leader election with config: opid_index: -1 OBSOLETE_local: false peers { permanent_uuid: "11ca588c780140c09b59296aa8e0a62d" member_type: VOTER last_known_addr { host: "127.4.107.65" port: 44289 } } peers { permanent_uuid: "17b41c0a760c42dd96d3d64a4f195e4f" member_type: VOTER last_known_addr { host: "127.4.107.66" port: 33561 } } peers { permanent_uuid: "87f08819c8084676867d86bcf16cda1c" member_type: VOTER last_known_addr { host: "127.4.107.67" port: 38001 } }
I20260709 13:11:30.441337  5392 raft_consensus.cc:515] T 47ec7561eeec47ec811d3543737e6459 P 17b41c0a760c42dd96d3d64a4f195e4f [term 1 FOLLOWER]: Starting leader election with config: opid_index: -1 OBSOLETE_local: false peers { permanent_uuid: "11ca588c780140c09b59296aa8e0a62d" member_type: VOTER last_known_addr { host: "127.4.107.65" port: 44289 } } peers { permanent_uuid: "17b41c0a760c42dd96d3d64a4f195e4f" member_type: VOTER last_known_addr { host: "127.4.107.66" port: 33561 } } peers { permanent_uuid: "87f08819c8084676867d86bcf16cda1c" member_type: VOTER last_known_addr { host: "127.4.107.67" port: 38001 } }
I20260709 13:11:30.462925  5358 tablet_bootstrap.cc:654] T ed244a1e586c403cbb86a64b1ba17305 P 17b41c0a760c42dd96d3d64a4f195e4f: Neither blocks nor log segments found. Creating new log.
I20260709 13:11:30.467975  5362 raft_consensus.cc:515] T ed244a1e586c403cbb86a64b1ba17305 P 87f08819c8084676867d86bcf16cda1c [term 1 FOLLOWER]: Starting leader election with config: opid_index: -1 OBSOLETE_local: false peers { permanent_uuid: "11ca588c780140c09b59296aa8e0a62d" member_type: VOTER last_known_addr { host: "127.4.107.65" port: 44289 } } peers { permanent_uuid: "17b41c0a760c42dd96d3d64a4f195e4f" member_type: VOTER last_known_addr { host: "127.4.107.66" port: 33561 } } peers { permanent_uuid: "87f08819c8084676867d86bcf16cda1c" member_type: VOTER last_known_addr { host: "127.4.107.67" port: 38001 } }
I20260709 13:11:30.468801  5398 raft_consensus.cc:493] T cdd1dcb92b1f4a6a9c647043d9e97746 P 11ca588c780140c09b59296aa8e0a62d [term 0 FOLLOWER]: Starting pre-election (no leader contacted us within the election timeout)
I20260709 13:11:30.456414  5378 raft_consensus.cc:515] T 660050fb56b847d394e2e4c83b9babee P 87f08819c8084676867d86bcf16cda1c [term 1 FOLLOWER]: Starting leader election with config: opid_index: -1 OBSOLETE_local: false peers { permanent_uuid: "11ca588c780140c09b59296aa8e0a62d" member_type: VOTER last_known_addr { host: "127.4.107.65" port: 44289 } } peers { permanent_uuid: "17b41c0a760c42dd96d3d64a4f195e4f" member_type: VOTER last_known_addr { host: "127.4.107.66" port: 33561 } } peers { permanent_uuid: "87f08819c8084676867d86bcf16cda1c" member_type: VOTER last_known_addr { host: "127.4.107.67" port: 38001 } }
I20260709 13:11:30.473052  5398 raft_consensus.cc:515] T cdd1dcb92b1f4a6a9c647043d9e97746 P 11ca588c780140c09b59296aa8e0a62d [term 0 FOLLOWER]: Starting pre-election with config: opid_index: -1 OBSOLETE_local: false peers { permanent_uuid: "11ca588c780140c09b59296aa8e0a62d" member_type: VOTER last_known_addr { host: "127.4.107.65" port: 44289 } } peers { permanent_uuid: "17b41c0a760c42dd96d3d64a4f195e4f" member_type: VOTER last_known_addr { host: "127.4.107.66" port: 33561 } } peers { permanent_uuid: "87f08819c8084676867d86bcf16cda1c" member_type: VOTER last_known_addr { host: "127.4.107.67" port: 38001 } }
I20260709 13:11:30.475818  5167 tablet_service.cc:1917] Received RequestConsensusVote() RPC: tablet_id: "47ec7561eeec47ec811d3543737e6459" candidate_uuid: "17b41c0a760c42dd96d3d64a4f195e4f" candidate_term: 1 candidate_status { last_received { term: 0 index: 0 } } ignore_live_leader: false dest_uuid: "11ca588c780140c09b59296aa8e0a62d"
I20260709 13:11:30.476378  5398 leader_election.cc:290] T cdd1dcb92b1f4a6a9c647043d9e97746 P 11ca588c780140c09b59296aa8e0a62d [CANDIDATE]: Term 1 pre-election: Requested pre-vote from peers 17b41c0a760c42dd96d3d64a4f195e4f (127.4.107.66:33561), 87f08819c8084676867d86bcf16cda1c (127.4.107.67:38001)
I20260709 13:11:30.476585  5167 raft_consensus.cc:3060] T 47ec7561eeec47ec811d3543737e6459 P 11ca588c780140c09b59296aa8e0a62d [term 0 FOLLOWER]: Advancing to term 1
I20260709 13:11:30.478487  5316 tablet_service.cc:1917] Received RequestConsensusVote() RPC: tablet_id: "cdd1dcb92b1f4a6a9c647043d9e97746" candidate_uuid: "11ca588c780140c09b59296aa8e0a62d" candidate_term: 1 candidate_status { last_received { term: 0 index: 0 } } ignore_live_leader: false dest_uuid: "87f08819c8084676867d86bcf16cda1c" is_pre_election: true
I20260709 13:11:30.479318  5166 tablet_service.cc:1917] Received RequestConsensusVote() RPC: tablet_id: "660050fb56b847d394e2e4c83b9babee" candidate_uuid: "87f08819c8084676867d86bcf16cda1c" candidate_term: 1 candidate_status { last_received { term: 0 index: 0 } } ignore_live_leader: false dest_uuid: "11ca588c780140c09b59296aa8e0a62d"
I20260709 13:11:30.480029  5166 raft_consensus.cc:3060] T 660050fb56b847d394e2e4c83b9babee P 11ca588c780140c09b59296aa8e0a62d [term 0 FOLLOWER]: Advancing to term 1
W20260709 13:11:30.480324  5131 leader_election.cc:343] T cdd1dcb92b1f4a6a9c647043d9e97746 P 11ca588c780140c09b59296aa8e0a62d [CANDIDATE]: Term 1 pre-election: Tablet error from VoteRequest() call to peer 87f08819c8084676867d86bcf16cda1c (127.4.107.67:38001): Illegal state: must be running to vote when last-logged opid is not known
I20260709 13:11:30.477784  5378 leader_election.cc:290] T 660050fb56b847d394e2e4c83b9babee P 87f08819c8084676867d86bcf16cda1c [CANDIDATE]: Term 1 election: Requested vote from peers 11ca588c780140c09b59296aa8e0a62d (127.4.107.65:44289), 17b41c0a760c42dd96d3d64a4f195e4f (127.4.107.66:33561)
I20260709 13:11:30.480716  5242 tablet_service.cc:1917] Received RequestConsensusVote() RPC: tablet_id: "cdd1dcb92b1f4a6a9c647043d9e97746" candidate_uuid: "11ca588c780140c09b59296aa8e0a62d" candidate_term: 1 candidate_status { last_received { term: 0 index: 0 } } ignore_live_leader: false dest_uuid: "17b41c0a760c42dd96d3d64a4f195e4f" is_pre_election: true
I20260709 13:11:30.484342  5241 tablet_service.cc:1917] Received RequestConsensusVote() RPC: tablet_id: "660050fb56b847d394e2e4c83b9babee" candidate_uuid: "87f08819c8084676867d86bcf16cda1c" candidate_term: 1 candidate_status { last_received { term: 0 index: 0 } } ignore_live_leader: false dest_uuid: "17b41c0a760c42dd96d3d64a4f195e4f"
W20260709 13:11:30.488785  5282 leader_election.cc:343] T 660050fb56b847d394e2e4c83b9babee P 87f08819c8084676867d86bcf16cda1c [CANDIDATE]: Term 1 election: Tablet error from VoteRequest() call to peer 17b41c0a760c42dd96d3d64a4f195e4f (127.4.107.66:33561): Illegal state: must be running to vote when last-logged opid is not known
I20260709 13:11:30.490271  5316 tablet_service.cc:1917] Received RequestConsensusVote() RPC: tablet_id: "47ec7561eeec47ec811d3543737e6459" candidate_uuid: "17b41c0a760c42dd96d3d64a4f195e4f" candidate_term: 1 candidate_status { last_received { term: 0 index: 0 } } ignore_live_leader: false dest_uuid: "87f08819c8084676867d86bcf16cda1c"
W20260709 13:11:30.490463  5133 leader_election.cc:343] T cdd1dcb92b1f4a6a9c647043d9e97746 P 11ca588c780140c09b59296aa8e0a62d [CANDIDATE]: Term 1 pre-election: Tablet error from VoteRequest() call to peer 17b41c0a760c42dd96d3d64a4f195e4f (127.4.107.66:33561): Illegal state: must be running to vote when last-logged opid is not known
I20260709 13:11:30.490994  5316 raft_consensus.cc:3060] T 47ec7561eeec47ec811d3543737e6459 P 87f08819c8084676867d86bcf16cda1c [term 0 FOLLOWER]: Advancing to term 1
I20260709 13:11:30.491127  5133 leader_election.cc:304] T cdd1dcb92b1f4a6a9c647043d9e97746 P 11ca588c780140c09b59296aa8e0a62d [CANDIDATE]: Term 1 pre-election: Election decided. Result: candidate lost. Election summary: received 3 responses out of 3 voters: 1 yes votes; 2 no votes. yes voters: 11ca588c780140c09b59296aa8e0a62d; no voters: 17b41c0a760c42dd96d3d64a4f195e4f, 87f08819c8084676867d86bcf16cda1c
I20260709 13:11:30.492185  5365 raft_consensus.cc:2749] T cdd1dcb92b1f4a6a9c647043d9e97746 P 11ca588c780140c09b59296aa8e0a62d [term 0 FOLLOWER]: Leader pre-election lost for term 1. Reason: could not achieve majority
I20260709 13:11:30.499303  5316 raft_consensus.cc:2468] T 47ec7561eeec47ec811d3543737e6459 P 87f08819c8084676867d86bcf16cda1c [term 1 FOLLOWER]: Leader election vote request: Granting yes vote for candidate 17b41c0a760c42dd96d3d64a4f195e4f in term 1.
I20260709 13:11:30.500305  5167 raft_consensus.cc:2468] T 47ec7561eeec47ec811d3543737e6459 P 11ca588c780140c09b59296aa8e0a62d [term 1 FOLLOWER]: Leader election vote request: Granting yes vote for candidate 17b41c0a760c42dd96d3d64a4f195e4f in term 1.
I20260709 13:11:30.500909  5206 leader_election.cc:304] T 47ec7561eeec47ec811d3543737e6459 P 17b41c0a760c42dd96d3d64a4f195e4f [CANDIDATE]: Term 1 election: Election decided. Result: candidate won. Election summary: received 2 responses out of 3 voters: 2 yes votes; 0 no votes. yes voters: 17b41c0a760c42dd96d3d64a4f195e4f, 87f08819c8084676867d86bcf16cda1c; no voters: 
I20260709 13:11:30.502041  5362 leader_election.cc:290] T ed244a1e586c403cbb86a64b1ba17305 P 87f08819c8084676867d86bcf16cda1c [CANDIDATE]: Term 1 election: Requested vote from peers 11ca588c780140c09b59296aa8e0a62d (127.4.107.65:44289), 17b41c0a760c42dd96d3d64a4f195e4f (127.4.107.66:33561)
I20260709 13:11:30.503187  5363 leader_election.cc:290] T 92fb7a07c27c4bd3b47a8ce53f08e5b1 P 17b41c0a760c42dd96d3d64a4f195e4f [CANDIDATE]: Term 1 election: Requested vote from peers 11ca588c780140c09b59296aa8e0a62d (127.4.107.65:44289), 87f08819c8084676867d86bcf16cda1c (127.4.107.67:38001)
I20260709 13:11:30.503886  5363 raft_consensus.cc:2804] T 47ec7561eeec47ec811d3543737e6459 P 17b41c0a760c42dd96d3d64a4f195e4f [term 1 FOLLOWER]: Leader election won for term 1
I20260709 13:11:30.504140  5242 tablet_service.cc:1917] Received RequestConsensusVote() RPC: tablet_id: "ed244a1e586c403cbb86a64b1ba17305" candidate_uuid: "87f08819c8084676867d86bcf16cda1c" candidate_term: 1 candidate_status { last_received { term: 0 index: 0 } } ignore_live_leader: false dest_uuid: "17b41c0a760c42dd96d3d64a4f195e4f"
I20260709 13:11:30.504159  5165 tablet_service.cc:1917] Received RequestConsensusVote() RPC: tablet_id: "92fb7a07c27c4bd3b47a8ce53f08e5b1" candidate_uuid: "17b41c0a760c42dd96d3d64a4f195e4f" candidate_term: 1 candidate_status { last_received { term: 0 index: 0 } } ignore_live_leader: false dest_uuid: "11ca588c780140c09b59296aa8e0a62d"
I20260709 13:11:30.504830  5392 leader_election.cc:290] T 47ec7561eeec47ec811d3543737e6459 P 17b41c0a760c42dd96d3d64a4f195e4f [CANDIDATE]: Term 1 election: Requested vote from peers 11ca588c780140c09b59296aa8e0a62d (127.4.107.65:44289), 87f08819c8084676867d86bcf16cda1c (127.4.107.67:38001)
I20260709 13:11:30.504967  5165 raft_consensus.cc:3060] T 92fb7a07c27c4bd3b47a8ce53f08e5b1 P 11ca588c780140c09b59296aa8e0a62d [term 0 FOLLOWER]: Advancing to term 1
I20260709 13:11:30.505446  5167 tablet_service.cc:1917] Received RequestConsensusVote() RPC: tablet_id: "ed244a1e586c403cbb86a64b1ba17305" candidate_uuid: "87f08819c8084676867d86bcf16cda1c" candidate_term: 1 candidate_status { last_received { term: 0 index: 0 } } ignore_live_leader: false dest_uuid: "11ca588c780140c09b59296aa8e0a62d"
W20260709 13:11:30.505926  5282 leader_election.cc:343] T ed244a1e586c403cbb86a64b1ba17305 P 87f08819c8084676867d86bcf16cda1c [CANDIDATE]: Term 1 election: Tablet error from VoteRequest() call to peer 17b41c0a760c42dd96d3d64a4f195e4f (127.4.107.66:33561): Illegal state: must be running to vote when last-logged opid is not known
I20260709 13:11:30.506248  5167 raft_consensus.cc:3060] T ed244a1e586c403cbb86a64b1ba17305 P 11ca588c780140c09b59296aa8e0a62d [term 0 FOLLOWER]: Advancing to term 1
I20260709 13:11:30.503221  5166 raft_consensus.cc:2468] T 660050fb56b847d394e2e4c83b9babee P 11ca588c780140c09b59296aa8e0a62d [term 1 FOLLOWER]: Leader election vote request: Granting yes vote for candidate 87f08819c8084676867d86bcf16cda1c in term 1.
I20260709 13:11:30.508167  5282 leader_election.cc:304] T 660050fb56b847d394e2e4c83b9babee P 87f08819c8084676867d86bcf16cda1c [CANDIDATE]: Term 1 election: Election decided. Result: candidate won. Election summary: received 3 responses out of 3 voters: 2 yes votes; 1 no votes. yes voters: 11ca588c780140c09b59296aa8e0a62d, 87f08819c8084676867d86bcf16cda1c; no voters: 17b41c0a760c42dd96d3d64a4f195e4f
I20260709 13:11:30.509771  5356 tablet_bootstrap.cc:492] T 92fb7a07c27c4bd3b47a8ce53f08e5b1 P 87f08819c8084676867d86bcf16cda1c: No bootstrap required, opened a new log
I20260709 13:11:30.504985  5314 tablet_service.cc:1917] Received RequestConsensusVote() RPC: tablet_id: "92fb7a07c27c4bd3b47a8ce53f08e5b1" candidate_uuid: "17b41c0a760c42dd96d3d64a4f195e4f" candidate_term: 1 candidate_status { last_received { term: 0 index: 0 } } ignore_live_leader: false dest_uuid: "87f08819c8084676867d86bcf16cda1c"
I20260709 13:11:30.510178  5362 raft_consensus.cc:2804] T 660050fb56b847d394e2e4c83b9babee P 87f08819c8084676867d86bcf16cda1c [term 1 FOLLOWER]: Leader election won for term 1
I20260709 13:11:30.510381  5356 ts_tablet_manager.cc:1403] T 92fb7a07c27c4bd3b47a8ce53f08e5b1 P 87f08819c8084676867d86bcf16cda1c: Time spent bootstrapping tablet: real 0.142s	user 0.011s	sys 0.010s
I20260709 13:11:30.510731  5362 raft_consensus.cc:697] T 660050fb56b847d394e2e4c83b9babee P 87f08819c8084676867d86bcf16cda1c [term 1 LEADER]: Becoming Leader. State: Replica: 87f08819c8084676867d86bcf16cda1c, State: Running, Role: LEADER
W20260709 13:11:30.511175  5206 leader_election.cc:343] T 92fb7a07c27c4bd3b47a8ce53f08e5b1 P 17b41c0a760c42dd96d3d64a4f195e4f [CANDIDATE]: Term 1 election: Tablet error from VoteRequest() call to peer 87f08819c8084676867d86bcf16cda1c (127.4.107.67:38001): Illegal state: must be running to vote when last-logged opid is not known
I20260709 13:11:30.511566  5362 consensus_queue.cc:237] T 660050fb56b847d394e2e4c83b9babee P 87f08819c8084676867d86bcf16cda1c [LEADER]: Queue going to LEADER mode. State: All replicated index: 0, Majority replicated index: 0, Committed index: 0, Last appended: 0.0, Last appended by leader: 0, Current term: 1, Majority size: 2, State: 0, Mode: LEADER, active raft config: opid_index: -1 OBSOLETE_local: false peers { permanent_uuid: "11ca588c780140c09b59296aa8e0a62d" member_type: VOTER last_known_addr { host: "127.4.107.65" port: 44289 } } peers { permanent_uuid: "17b41c0a760c42dd96d3d64a4f195e4f" member_type: VOTER last_known_addr { host: "127.4.107.66" port: 33561 } } peers { permanent_uuid: "87f08819c8084676867d86bcf16cda1c" member_type: VOTER last_known_addr { host: "127.4.107.67" port: 38001 } }
I20260709 13:11:30.512986  5356 raft_consensus.cc:359] T 92fb7a07c27c4bd3b47a8ce53f08e5b1 P 87f08819c8084676867d86bcf16cda1c [term 0 FOLLOWER]: Replica starting. Triggering 0 pending ops. Active config: opid_index: -1 OBSOLETE_local: false peers { permanent_uuid: "11ca588c780140c09b59296aa8e0a62d" member_type: VOTER last_known_addr { host: "127.4.107.65" port: 44289 } } peers { permanent_uuid: "17b41c0a760c42dd96d3d64a4f195e4f" member_type: VOTER last_known_addr { host: "127.4.107.66" port: 33561 } } peers { permanent_uuid: "87f08819c8084676867d86bcf16cda1c" member_type: VOTER last_known_addr { host: "127.4.107.67" port: 38001 } }
I20260709 13:11:30.513710  5356 raft_consensus.cc:385] T 92fb7a07c27c4bd3b47a8ce53f08e5b1 P 87f08819c8084676867d86bcf16cda1c [term 0 FOLLOWER]: Consensus starting up: Expiring failure detector timer to make a prompt election more likely
I20260709 13:11:30.504407  5363 raft_consensus.cc:697] T 47ec7561eeec47ec811d3543737e6459 P 17b41c0a760c42dd96d3d64a4f195e4f [term 1 LEADER]: Becoming Leader. State: Replica: 17b41c0a760c42dd96d3d64a4f195e4f, State: Running, Role: LEADER
I20260709 13:11:30.514016  5356 raft_consensus.cc:740] T 92fb7a07c27c4bd3b47a8ce53f08e5b1 P 87f08819c8084676867d86bcf16cda1c [term 0 FOLLOWER]: Becoming Follower/Learner. State: Replica: 87f08819c8084676867d86bcf16cda1c, State: Initialized, Role: FOLLOWER
I20260709 13:11:30.514643  5363 consensus_queue.cc:237] T 47ec7561eeec47ec811d3543737e6459 P 17b41c0a760c42dd96d3d64a4f195e4f [LEADER]: Queue going to LEADER mode. State: All replicated index: 0, Majority replicated index: 0, Committed index: 0, Last appended: 0.0, Last appended by leader: 0, Current term: 1, Majority size: 2, State: 0, Mode: LEADER, active raft config: opid_index: -1 OBSOLETE_local: false peers { permanent_uuid: "11ca588c780140c09b59296aa8e0a62d" member_type: VOTER last_known_addr { host: "127.4.107.65" port: 44289 } } peers { permanent_uuid: "17b41c0a760c42dd96d3d64a4f195e4f" member_type: VOTER last_known_addr { host: "127.4.107.66" port: 33561 } } peers { permanent_uuid: "87f08819c8084676867d86bcf16cda1c" member_type: VOTER last_known_addr { host: "127.4.107.67" port: 38001 } }
I20260709 13:11:30.514813  5356 consensus_queue.cc:260] T 92fb7a07c27c4bd3b47a8ce53f08e5b1 P 87f08819c8084676867d86bcf16cda1c [NON_LEADER]: Queue going to NON_LEADER mode. State: All replicated index: 0, Majority replicated index: 0, Committed index: 0, Last appended: 0.0, Last appended by leader: 0, Current term: 0, Majority size: -1, State: 0, Mode: NON_LEADER, active raft config: opid_index: -1 OBSOLETE_local: false peers { permanent_uuid: "11ca588c780140c09b59296aa8e0a62d" member_type: VOTER last_known_addr { host: "127.4.107.65" port: 44289 } } peers { permanent_uuid: "17b41c0a760c42dd96d3d64a4f195e4f" member_type: VOTER last_known_addr { host: "127.4.107.66" port: 33561 } } peers { permanent_uuid: "87f08819c8084676867d86bcf16cda1c" member_type: VOTER last_known_addr { host: "127.4.107.67" port: 38001 } }
I20260709 13:11:30.514035  5165 raft_consensus.cc:2468] T 92fb7a07c27c4bd3b47a8ce53f08e5b1 P 11ca588c780140c09b59296aa8e0a62d [term 1 FOLLOWER]: Leader election vote request: Granting yes vote for candidate 17b41c0a760c42dd96d3d64a4f195e4f in term 1.
I20260709 13:11:30.517028  5356 ts_tablet_manager.cc:1434] T 92fb7a07c27c4bd3b47a8ce53f08e5b1 P 87f08819c8084676867d86bcf16cda1c: Time spent starting tablet: real 0.006s	user 0.005s	sys 0.000s
I20260709 13:11:30.517925  5167 raft_consensus.cc:2468] T ed244a1e586c403cbb86a64b1ba17305 P 11ca588c780140c09b59296aa8e0a62d [term 1 FOLLOWER]: Leader election vote request: Granting yes vote for candidate 87f08819c8084676867d86bcf16cda1c in term 1.
I20260709 13:11:30.518393  5356 tablet_bootstrap.cc:492] T 2952fb657e9a4356858362c5e515916d P 87f08819c8084676867d86bcf16cda1c: Bootstrap starting.
I20260709 13:11:30.518998  5358 tablet_bootstrap.cc:492] T ed244a1e586c403cbb86a64b1ba17305 P 17b41c0a760c42dd96d3d64a4f195e4f: No bootstrap required, opened a new log
I20260709 13:11:30.519070  5282 leader_election.cc:304] T ed244a1e586c403cbb86a64b1ba17305 P 87f08819c8084676867d86bcf16cda1c [CANDIDATE]: Term 1 election: Election decided. Result: candidate won. Election summary: received 3 responses out of 3 voters: 2 yes votes; 1 no votes. yes voters: 11ca588c780140c09b59296aa8e0a62d, 87f08819c8084676867d86bcf16cda1c; no voters: 17b41c0a760c42dd96d3d64a4f195e4f
I20260709 13:11:30.519538  5358 ts_tablet_manager.cc:1403] T ed244a1e586c403cbb86a64b1ba17305 P 17b41c0a760c42dd96d3d64a4f195e4f: Time spent bootstrapping tablet: real 0.156s	user 0.011s	sys 0.002s
I20260709 13:11:30.519923  5378 raft_consensus.cc:2804] T ed244a1e586c403cbb86a64b1ba17305 P 87f08819c8084676867d86bcf16cda1c [term 1 FOLLOWER]: Leader election won for term 1
I20260709 13:11:30.519665  5062 catalog_manager.cc:5697] T 7158da5b98924b82986812797e253a9f P 11ca588c780140c09b59296aa8e0a62d reported cstate change: term changed from 0 to 1, leader changed from <none> to 11ca588c780140c09b59296aa8e0a62d (127.4.107.65). New cstate: current_term: 1 leader_uuid: "11ca588c780140c09b59296aa8e0a62d" committed_config { opid_index: -1 OBSOLETE_local: false peers { permanent_uuid: "11ca588c780140c09b59296aa8e0a62d" member_type: VOTER last_known_addr { host: "127.4.107.65" port: 44289 } health_report { overall_health: HEALTHY } } peers { permanent_uuid: "17b41c0a760c42dd96d3d64a4f195e4f" member_type: VOTER last_known_addr { host: "127.4.107.66" port: 33561 } health_report { overall_health: UNKNOWN } } peers { permanent_uuid: "87f08819c8084676867d86bcf16cda1c" member_type: VOTER last_known_addr { host: "127.4.107.67" port: 38001 } health_report { overall_health: UNKNOWN } } }
I20260709 13:11:30.521719  5392 raft_consensus.cc:493] T 2952fb657e9a4356858362c5e515916d P 17b41c0a760c42dd96d3d64a4f195e4f [term 0 FOLLOWER]: Starting pre-election (no leader contacted us within the election timeout)
I20260709 13:11:30.522195  5392 raft_consensus.cc:515] T 2952fb657e9a4356858362c5e515916d P 17b41c0a760c42dd96d3d64a4f195e4f [term 0 FOLLOWER]: Starting pre-election with config: opid_index: -1 OBSOLETE_local: false peers { permanent_uuid: "11ca588c780140c09b59296aa8e0a62d" member_type: VOTER last_known_addr { host: "127.4.107.65" port: 44289 } } peers { permanent_uuid: "17b41c0a760c42dd96d3d64a4f195e4f" member_type: VOTER last_known_addr { host: "127.4.107.66" port: 33561 } } peers { permanent_uuid: "87f08819c8084676867d86bcf16cda1c" member_type: VOTER last_known_addr { host: "127.4.107.67" port: 38001 } }
I20260709 13:11:30.524236  5392 leader_election.cc:290] T 2952fb657e9a4356858362c5e515916d P 17b41c0a760c42dd96d3d64a4f195e4f [CANDIDATE]: Term 1 pre-election: Requested pre-vote from peers 11ca588c780140c09b59296aa8e0a62d (127.4.107.65:44289), 87f08819c8084676867d86bcf16cda1c (127.4.107.67:38001)
I20260709 13:11:30.525723  5356 tablet_bootstrap.cc:654] T 2952fb657e9a4356858362c5e515916d P 87f08819c8084676867d86bcf16cda1c: Neither blocks nor log segments found. Creating new log.
I20260709 13:11:30.525678  5208 leader_election.cc:304] T 92fb7a07c27c4bd3b47a8ce53f08e5b1 P 17b41c0a760c42dd96d3d64a4f195e4f [CANDIDATE]: Term 1 election: Election decided. Result: candidate won. Election summary: received 3 responses out of 3 voters: 2 yes votes; 1 no votes. yes voters: 11ca588c780140c09b59296aa8e0a62d, 17b41c0a760c42dd96d3d64a4f195e4f; no voters: 87f08819c8084676867d86bcf16cda1c
I20260709 13:11:30.526793  5314 tablet_service.cc:1917] Received RequestConsensusVote() RPC: tablet_id: "2952fb657e9a4356858362c5e515916d" candidate_uuid: "17b41c0a760c42dd96d3d64a4f195e4f" candidate_term: 1 candidate_status { last_received { term: 0 index: 0 } } ignore_live_leader: false dest_uuid: "87f08819c8084676867d86bcf16cda1c" is_pre_election: true
I20260709 13:11:30.527454  5392 raft_consensus.cc:2804] T 92fb7a07c27c4bd3b47a8ce53f08e5b1 P 17b41c0a760c42dd96d3d64a4f195e4f [term 1 FOLLOWER]: Leader election won for term 1
I20260709 13:11:30.527580  5167 tablet_service.cc:1917] Received RequestConsensusVote() RPC: tablet_id: "2952fb657e9a4356858362c5e515916d" candidate_uuid: "17b41c0a760c42dd96d3d64a4f195e4f" candidate_term: 1 candidate_status { last_received { term: 0 index: 0 } } ignore_live_leader: false dest_uuid: "11ca588c780140c09b59296aa8e0a62d" is_pre_election: true
I20260709 13:11:30.527958  5392 raft_consensus.cc:697] T 92fb7a07c27c4bd3b47a8ce53f08e5b1 P 17b41c0a760c42dd96d3d64a4f195e4f [term 1 LEADER]: Becoming Leader. State: Replica: 17b41c0a760c42dd96d3d64a4f195e4f, State: Running, Role: LEADER
