I20260709 13:11:42.805686  5837 tablet_bootstrap.cc:654] T a27ec1d2c8394df5a0ca70babe63dee2 P 71733c04d5d64e49a536dc39500a5b56: Neither blocks nor log segments found. Creating new log.
I20260709 13:11:42.807719  5838 tablet_bootstrap.cc:654] T f32098bf089b4316879964a7e1e69884 P 3ba1d3ceea67465888e0057bde8027b4: Neither blocks nor log segments found. Creating new log.
I20260709 13:11:42.816239  5889 consensus_queue.cc:1048] T 60b9c95bbd0340399aa595bac4fccf95 P 71733c04d5d64e49a536dc39500a5b56 [LEADER]: Connected to new peer: Peer: permanent_uuid: "1faaa39596744a1f9e33f03ca78881f1" member_type: VOTER last_known_addr { host: "127.4.107.66" port: 39123 }, Status: LMP_MISMATCH, Last received: 0.0, Next index: 1, Last known committed idx: 0, Time since last communication: 0.002s
I20260709 13:11:42.819041  5883 raft_consensus.cc:2749] T 5bbb5df175864681b184812d49337430 P 1faaa39596744a1f9e33f03ca78881f1 [term 1 FOLLOWER]: Leader pre-election lost for term 1. Reason: could not achieve majority
I20260709 13:11:42.819597  5544 catalog_manager.cc:5697] T a27ec1d2c8394df5a0ca70babe63dee2 P 1faaa39596744a1f9e33f03ca78881f1 reported cstate change: term changed from 0 to 1, leader changed from <none> to 1faaa39596744a1f9e33f03ca78881f1 (127.4.107.66). New cstate: current_term: 1 leader_uuid: "1faaa39596744a1f9e33f03ca78881f1" committed_config { opid_index: -1 OBSOLETE_local: false peers { permanent_uuid: "3ba1d3ceea67465888e0057bde8027b4" member_type: VOTER last_known_addr { host: "127.4.107.65" port: 46709 } health_report { overall_health: UNKNOWN } } peers { permanent_uuid: "1faaa39596744a1f9e33f03ca78881f1" member_type: VOTER last_known_addr { host: "127.4.107.66" port: 39123 } health_report { overall_health: HEALTHY } } peers { permanent_uuid: "71733c04d5d64e49a536dc39500a5b56" member_type: VOTER last_known_addr { host: "127.4.107.67" port: 39521 } health_report { overall_health: UNKNOWN } } }
W20260709 13:11:42.826732  5593 auto_rebalancer.cc:288] Could not retrieve cluster info: Service unavailable: Tablet not running
I20260709 13:11:42.826382  5543 catalog_manager.cc:5697] T 3002fc490caf47279af7887b228bfaaa P 3ba1d3ceea67465888e0057bde8027b4 reported cstate change: term changed from 0 to 1, leader changed from <none> to 3ba1d3ceea67465888e0057bde8027b4 (127.4.107.65). New cstate: current_term: 1 leader_uuid: "3ba1d3ceea67465888e0057bde8027b4" committed_config { opid_index: -1 OBSOLETE_local: false peers { permanent_uuid: "3ba1d3ceea67465888e0057bde8027b4" member_type: VOTER last_known_addr { host: "127.4.107.65" port: 46709 } health_report { overall_health: HEALTHY } } peers { permanent_uuid: "1faaa39596744a1f9e33f03ca78881f1" member_type: VOTER last_known_addr { host: "127.4.107.66" port: 39123 } health_report { overall_health: UNKNOWN } } peers { permanent_uuid: "71733c04d5d64e49a536dc39500a5b56" member_type: VOTER last_known_addr { host: "127.4.107.67" port: 39521 } health_report { overall_health: UNKNOWN } } }
I20260709 13:11:42.839830  5837 tablet_bootstrap.cc:492] T a27ec1d2c8394df5a0ca70babe63dee2 P 71733c04d5d64e49a536dc39500a5b56: No bootstrap required, opened a new log
I20260709 13:11:42.840494  5837 ts_tablet_manager.cc:1403] T a27ec1d2c8394df5a0ca70babe63dee2 P 71733c04d5d64e49a536dc39500a5b56: Time spent bootstrapping tablet: real 0.041s	user 0.013s	sys 0.008s
I20260709 13:11:42.844552  5837 raft_consensus.cc:359] T a27ec1d2c8394df5a0ca70babe63dee2 P 71733c04d5d64e49a536dc39500a5b56 [term 0 FOLLOWER]: Replica starting. Triggering 0 pending ops. Active config: opid_index: -1 OBSOLETE_local: false peers { permanent_uuid: "3ba1d3ceea67465888e0057bde8027b4" member_type: VOTER last_known_addr { host: "127.4.107.65" port: 46709 } } peers { permanent_uuid: "1faaa39596744a1f9e33f03ca78881f1" member_type: VOTER last_known_addr { host: "127.4.107.66" port: 39123 } } peers { permanent_uuid: "71733c04d5d64e49a536dc39500a5b56" member_type: VOTER last_known_addr { host: "127.4.107.67" port: 39521 } }
I20260709 13:11:42.845465  5837 raft_consensus.cc:385] T a27ec1d2c8394df5a0ca70babe63dee2 P 71733c04d5d64e49a536dc39500a5b56 [term 0 FOLLOWER]: Consensus starting up: Expiring failure detector timer to make a prompt election more likely
I20260709 13:11:42.845854  5837 raft_consensus.cc:740] T a27ec1d2c8394df5a0ca70babe63dee2 P 71733c04d5d64e49a536dc39500a5b56 [term 0 FOLLOWER]: Becoming Follower/Learner. State: Replica: 71733c04d5d64e49a536dc39500a5b56, State: Initialized, Role: FOLLOWER
I20260709 13:11:42.846693  5837 consensus_queue.cc:260] T a27ec1d2c8394df5a0ca70babe63dee2 P 71733c04d5d64e49a536dc39500a5b56 [NON_LEADER]: Queue going to NON_LEADER mode. State: All replicated index: 0, Majority replicated index: 0, Committed index: 0, Last appended: 0.0, Last appended by leader: 0, Current term: 0, Majority size: -1, State: 0, Mode: NON_LEADER, active raft config: opid_index: -1 OBSOLETE_local: false peers { permanent_uuid: "3ba1d3ceea67465888e0057bde8027b4" member_type: VOTER last_known_addr { host: "127.4.107.65" port: 46709 } } peers { permanent_uuid: "1faaa39596744a1f9e33f03ca78881f1" member_type: VOTER last_known_addr { host: "127.4.107.66" port: 39123 } } peers { permanent_uuid: "71733c04d5d64e49a536dc39500a5b56" member_type: VOTER last_known_addr { host: "127.4.107.67" port: 39521 } }
I20260709 13:11:42.847519  5838 tablet_bootstrap.cc:492] T f32098bf089b4316879964a7e1e69884 P 3ba1d3ceea67465888e0057bde8027b4: No bootstrap required, opened a new log
I20260709 13:11:42.847944  5838 ts_tablet_manager.cc:1403] T f32098bf089b4316879964a7e1e69884 P 3ba1d3ceea67465888e0057bde8027b4: Time spent bootstrapping tablet: real 0.046s	user 0.015s	sys 0.005s
I20260709 13:11:42.849014  5837 ts_tablet_manager.cc:1434] T a27ec1d2c8394df5a0ca70babe63dee2 P 71733c04d5d64e49a536dc39500a5b56: Time spent starting tablet: real 0.008s	user 0.009s	sys 0.001s
I20260709 13:11:42.849952  5837 tablet_bootstrap.cc:492] T 4ce056b239bd4b86bb614be21e4ad67d P 71733c04d5d64e49a536dc39500a5b56: Bootstrap starting.
I20260709 13:11:42.850433  5838 raft_consensus.cc:359] T f32098bf089b4316879964a7e1e69884 P 3ba1d3ceea67465888e0057bde8027b4 [term 0 FOLLOWER]: Replica starting. Triggering 0 pending ops. Active config: opid_index: -1 OBSOLETE_local: false peers { permanent_uuid: "3ba1d3ceea67465888e0057bde8027b4" member_type: VOTER last_known_addr { host: "127.4.107.65" port: 46709 } } peers { permanent_uuid: "1faaa39596744a1f9e33f03ca78881f1" member_type: VOTER last_known_addr { host: "127.4.107.66" port: 39123 } } peers { permanent_uuid: "71733c04d5d64e49a536dc39500a5b56" member_type: VOTER last_known_addr { host: "127.4.107.67" port: 39521 } }
I20260709 13:11:42.851086  5838 raft_consensus.cc:385] T f32098bf089b4316879964a7e1e69884 P 3ba1d3ceea67465888e0057bde8027b4 [term 0 FOLLOWER]: Consensus starting up: Expiring failure detector timer to make a prompt election more likely
I20260709 13:11:42.851341  5838 raft_consensus.cc:740] T f32098bf089b4316879964a7e1e69884 P 3ba1d3ceea67465888e0057bde8027b4 [term 0 FOLLOWER]: Becoming Follower/Learner. State: Replica: 3ba1d3ceea67465888e0057bde8027b4, State: Initialized, Role: FOLLOWER
I20260709 13:11:42.851989  5838 consensus_queue.cc:260] T f32098bf089b4316879964a7e1e69884 P 3ba1d3ceea67465888e0057bde8027b4 [NON_LEADER]: Queue going to NON_LEADER mode. State: All replicated index: 0, Majority replicated index: 0, Committed index: 0, Last appended: 0.0, Last appended by leader: 0, Current term: 0, Majority size: -1, State: 0, Mode: NON_LEADER, active raft config: opid_index: -1 OBSOLETE_local: false peers { permanent_uuid: "3ba1d3ceea67465888e0057bde8027b4" member_type: VOTER last_known_addr { host: "127.4.107.65" port: 46709 } } peers { permanent_uuid: "1faaa39596744a1f9e33f03ca78881f1" member_type: VOTER last_known_addr { host: "127.4.107.66" port: 39123 } } peers { permanent_uuid: "71733c04d5d64e49a536dc39500a5b56" member_type: VOTER last_known_addr { host: "127.4.107.67" port: 39521 } }
I20260709 13:11:42.856029  5838 ts_tablet_manager.cc:1434] T f32098bf089b4316879964a7e1e69884 P 3ba1d3ceea67465888e0057bde8027b4: Time spent starting tablet: real 0.008s	user 0.006s	sys 0.001s
I20260709 13:11:42.856921  5838 tablet_bootstrap.cc:492] T b0c4ea22f3d940a89e2f4388d299aa6d P 3ba1d3ceea67465888e0057bde8027b4: Bootstrap starting.
I20260709 13:11:42.857040  5837 tablet_bootstrap.cc:654] T 4ce056b239bd4b86bb614be21e4ad67d P 71733c04d5d64e49a536dc39500a5b56: Neither blocks nor log segments found. Creating new log.
I20260709 13:11:42.864817  5838 tablet_bootstrap.cc:654] T b0c4ea22f3d940a89e2f4388d299aa6d P 3ba1d3ceea67465888e0057bde8027b4: Neither blocks nor log segments found. Creating new log.
I20260709 13:11:42.868435  5837 tablet_bootstrap.cc:492] T 4ce056b239bd4b86bb614be21e4ad67d P 71733c04d5d64e49a536dc39500a5b56: No bootstrap required, opened a new log
I20260709 13:11:42.868862  5837 ts_tablet_manager.cc:1403] T 4ce056b239bd4b86bb614be21e4ad67d P 71733c04d5d64e49a536dc39500a5b56: Time spent bootstrapping tablet: real 0.019s	user 0.012s	sys 0.003s
I20260709 13:11:42.870491  5838 tablet_bootstrap.cc:492] T b0c4ea22f3d940a89e2f4388d299aa6d P 3ba1d3ceea67465888e0057bde8027b4: No bootstrap required, opened a new log
I20260709 13:11:42.871006  5838 ts_tablet_manager.cc:1403] T b0c4ea22f3d940a89e2f4388d299aa6d P 3ba1d3ceea67465888e0057bde8027b4: Time spent bootstrapping tablet: real 0.014s	user 0.013s	sys 0.000s
I20260709 13:11:42.871510  5836 tablet_bootstrap.cc:492] T a4160b49aa864dfc922163681dfcd61d P 1faaa39596744a1f9e33f03ca78881f1: No bootstrap required, opened a new log
I20260709 13:11:42.871966  5836 ts_tablet_manager.cc:1403] T a4160b49aa864dfc922163681dfcd61d P 1faaa39596744a1f9e33f03ca78881f1: Time spent bootstrapping tablet: real 0.123s	user 0.012s	sys 0.019s
I20260709 13:11:42.871636  5837 raft_consensus.cc:359] T 4ce056b239bd4b86bb614be21e4ad67d P 71733c04d5d64e49a536dc39500a5b56 [term 0 FOLLOWER]: Replica starting. Triggering 0 pending ops. Active config: opid_index: -1 OBSOLETE_local: false peers { permanent_uuid: "3ba1d3ceea67465888e0057bde8027b4" member_type: VOTER last_known_addr { host: "127.4.107.65" port: 46709 } } peers { permanent_uuid: "1faaa39596744a1f9e33f03ca78881f1" member_type: VOTER last_known_addr { host: "127.4.107.66" port: 39123 } } peers { permanent_uuid: "71733c04d5d64e49a536dc39500a5b56" member_type: VOTER last_known_addr { host: "127.4.107.67" port: 39521 } }
I20260709 13:11:42.872380  5837 raft_consensus.cc:385] T 4ce056b239bd4b86bb614be21e4ad67d P 71733c04d5d64e49a536dc39500a5b56 [term 0 FOLLOWER]: Consensus starting up: Expiring failure detector timer to make a prompt election more likely
I20260709 13:11:42.872663  5837 raft_consensus.cc:740] T 4ce056b239bd4b86bb614be21e4ad67d P 71733c04d5d64e49a536dc39500a5b56 [term 0 FOLLOWER]: Becoming Follower/Learner. State: Replica: 71733c04d5d64e49a536dc39500a5b56, State: Initialized, Role: FOLLOWER
I20260709 13:11:42.873478  5837 consensus_queue.cc:260] T 4ce056b239bd4b86bb614be21e4ad67d P 71733c04d5d64e49a536dc39500a5b56 [NON_LEADER]: Queue going to NON_LEADER mode. State: All replicated index: 0, Majority replicated index: 0, Committed index: 0, Last appended: 0.0, Last appended by leader: 0, Current term: 0, Majority size: -1, State: 0, Mode: NON_LEADER, active raft config: opid_index: -1 OBSOLETE_local: false peers { permanent_uuid: "3ba1d3ceea67465888e0057bde8027b4" member_type: VOTER last_known_addr { host: "127.4.107.65" port: 46709 } } peers { permanent_uuid: "1faaa39596744a1f9e33f03ca78881f1" member_type: VOTER last_known_addr { host: "127.4.107.66" port: 39123 } } peers { permanent_uuid: "71733c04d5d64e49a536dc39500a5b56" member_type: VOTER last_known_addr { host: "127.4.107.67" port: 39521 } }
I20260709 13:11:42.874164  5838 raft_consensus.cc:359] T b0c4ea22f3d940a89e2f4388d299aa6d P 3ba1d3ceea67465888e0057bde8027b4 [term 0 FOLLOWER]: Replica starting. Triggering 0 pending ops. Active config: opid_index: -1 OBSOLETE_local: false peers { permanent_uuid: "3ba1d3ceea67465888e0057bde8027b4" member_type: VOTER last_known_addr { host: "127.4.107.65" port: 46709 } } peers { permanent_uuid: "1faaa39596744a1f9e33f03ca78881f1" member_type: VOTER last_known_addr { host: "127.4.107.66" port: 39123 } } peers { permanent_uuid: "71733c04d5d64e49a536dc39500a5b56" member_type: VOTER last_known_addr { host: "127.4.107.67" port: 39521 } }
I20260709 13:11:42.874575  5836 raft_consensus.cc:359] T a4160b49aa864dfc922163681dfcd61d P 1faaa39596744a1f9e33f03ca78881f1 [term 0 FOLLOWER]: Replica starting. Triggering 0 pending ops. Active config: opid_index: -1 OBSOLETE_local: false peers { permanent_uuid: "3ba1d3ceea67465888e0057bde8027b4" member_type: VOTER last_known_addr { host: "127.4.107.65" port: 46709 } } peers { permanent_uuid: "1faaa39596744a1f9e33f03ca78881f1" member_type: VOTER last_known_addr { host: "127.4.107.66" port: 39123 } } peers { permanent_uuid: "71733c04d5d64e49a536dc39500a5b56" member_type: VOTER last_known_addr { host: "127.4.107.67" port: 39521 } }
I20260709 13:11:42.874992  5838 raft_consensus.cc:385] T b0c4ea22f3d940a89e2f4388d299aa6d P 3ba1d3ceea67465888e0057bde8027b4 [term 0 FOLLOWER]: Consensus starting up: Expiring failure detector timer to make a prompt election more likely
I20260709 13:11:42.875260  5836 raft_consensus.cc:385] T a4160b49aa864dfc922163681dfcd61d P 1faaa39596744a1f9e33f03ca78881f1 [term 0 FOLLOWER]: Consensus starting up: Expiring failure detector timer to make a prompt election more likely
I20260709 13:11:42.875392  5838 raft_consensus.cc:740] T b0c4ea22f3d940a89e2f4388d299aa6d P 3ba1d3ceea67465888e0057bde8027b4 [term 0 FOLLOWER]: Becoming Follower/Learner. State: Replica: 3ba1d3ceea67465888e0057bde8027b4, State: Initialized, Role: FOLLOWER
I20260709 13:11:42.875624  5836 raft_consensus.cc:740] T a4160b49aa864dfc922163681dfcd61d P 1faaa39596744a1f9e33f03ca78881f1 [term 0 FOLLOWER]: Becoming Follower/Learner. State: Replica: 1faaa39596744a1f9e33f03ca78881f1, State: Initialized, Role: FOLLOWER
I20260709 13:11:42.876261  5837 ts_tablet_manager.cc:1434] T 4ce056b239bd4b86bb614be21e4ad67d P 71733c04d5d64e49a536dc39500a5b56: Time spent starting tablet: real 0.007s	user 0.007s	sys 0.000s
I20260709 13:11:42.876384  5838 consensus_queue.cc:260] T b0c4ea22f3d940a89e2f4388d299aa6d P 3ba1d3ceea67465888e0057bde8027b4 [NON_LEADER]: Queue going to NON_LEADER mode. State: All replicated index: 0, Majority replicated index: 0, Committed index: 0, Last appended: 0.0, Last appended by leader: 0, Current term: 0, Majority size: -1, State: 0, Mode: NON_LEADER, active raft config: opid_index: -1 OBSOLETE_local: false peers { permanent_uuid: "3ba1d3ceea67465888e0057bde8027b4" member_type: VOTER last_known_addr { host: "127.4.107.65" port: 46709 } } peers { permanent_uuid: "1faaa39596744a1f9e33f03ca78881f1" member_type: VOTER last_known_addr { host: "127.4.107.66" port: 39123 } } peers { permanent_uuid: "71733c04d5d64e49a536dc39500a5b56" member_type: VOTER last_known_addr { host: "127.4.107.67" port: 39521 } }
I20260709 13:11:42.876453  5836 consensus_queue.cc:260] T a4160b49aa864dfc922163681dfcd61d P 1faaa39596744a1f9e33f03ca78881f1 [NON_LEADER]: Queue going to NON_LEADER mode. State: All replicated index: 0, Majority replicated index: 0, Committed index: 0, Last appended: 0.0, Last appended by leader: 0, Current term: 0, Majority size: -1, State: 0, Mode: NON_LEADER, active raft config: opid_index: -1 OBSOLETE_local: false peers { permanent_uuid: "3ba1d3ceea67465888e0057bde8027b4" member_type: VOTER last_known_addr { host: "127.4.107.65" port: 46709 } } peers { permanent_uuid: "1faaa39596744a1f9e33f03ca78881f1" member_type: VOTER last_known_addr { host: "127.4.107.66" port: 39123 } } peers { permanent_uuid: "71733c04d5d64e49a536dc39500a5b56" member_type: VOTER last_known_addr { host: "127.4.107.67" port: 39521 } }
I20260709 13:11:42.877223  5837 tablet_bootstrap.cc:492] T bad5e53f49814086af6b4c6b69c2750d P 71733c04d5d64e49a536dc39500a5b56: Bootstrap starting.
I20260709 13:11:42.877274  5843 raft_consensus.cc:493] T 6fa9c7c78dee46028747b3d57978e1be P 3ba1d3ceea67465888e0057bde8027b4 [term 0 FOLLOWER]: Starting pre-election (no leader contacted us within the election timeout)
I20260709 13:11:42.877864  5843 raft_consensus.cc:515] T 6fa9c7c78dee46028747b3d57978e1be P 3ba1d3ceea67465888e0057bde8027b4 [term 0 FOLLOWER]: Starting pre-election with config: opid_index: -1 OBSOLETE_local: false peers { permanent_uuid: "3ba1d3ceea67465888e0057bde8027b4" member_type: VOTER last_known_addr { host: "127.4.107.65" port: 46709 } } peers { permanent_uuid: "1faaa39596744a1f9e33f03ca78881f1" member_type: VOTER last_known_addr { host: "127.4.107.66" port: 39123 } } peers { permanent_uuid: "71733c04d5d64e49a536dc39500a5b56" member_type: VOTER last_known_addr { host: "127.4.107.67" port: 39521 } }
I20260709 13:11:42.878734  5836 ts_tablet_manager.cc:1434] T a4160b49aa864dfc922163681dfcd61d P 1faaa39596744a1f9e33f03ca78881f1: Time spent starting tablet: real 0.006s	user 0.006s	sys 0.001s
I20260709 13:11:42.879405  5838 ts_tablet_manager.cc:1434] T b0c4ea22f3d940a89e2f4388d299aa6d P 3ba1d3ceea67465888e0057bde8027b4: Time spent starting tablet: real 0.008s	user 0.006s	sys 0.000s
I20260709 13:11:42.879659  5836 tablet_bootstrap.cc:492] T 4ce056b239bd4b86bb614be21e4ad67d P 1faaa39596744a1f9e33f03ca78881f1: Bootstrap starting.
I20260709 13:11:42.879947  5843 leader_election.cc:290] T 6fa9c7c78dee46028747b3d57978e1be P 3ba1d3ceea67465888e0057bde8027b4 [CANDIDATE]: Term 1 pre-election: Requested pre-vote from peers 1faaa39596744a1f9e33f03ca78881f1 (127.4.107.66:39123), 71733c04d5d64e49a536dc39500a5b56 (127.4.107.67:39521)
I20260709 13:11:42.880517  5838 tablet_bootstrap.cc:492] T 26cac2cf797c4c6bbfc1c48643ffb033 P 3ba1d3ceea67465888e0057bde8027b4: Bootstrap starting.
I20260709 13:11:42.881968  5721 tablet_service.cc:1917] Received RequestConsensusVote() RPC: tablet_id: "6fa9c7c78dee46028747b3d57978e1be" candidate_uuid: "3ba1d3ceea67465888e0057bde8027b4" candidate_term: 1 candidate_status { last_received { term: 0 index: 0 } } ignore_live_leader: false dest_uuid: "1faaa39596744a1f9e33f03ca78881f1" is_pre_election: true
I20260709 13:11:42.882622  5721 raft_consensus.cc:2468] T 6fa9c7c78dee46028747b3d57978e1be P 1faaa39596744a1f9e33f03ca78881f1 [term 0 FOLLOWER]: Leader pre-election vote request: Granting yes vote for candidate 3ba1d3ceea67465888e0057bde8027b4 in term 0.
I20260709 13:11:42.883642  5796 tablet_service.cc:1917] Received RequestConsensusVote() RPC: tablet_id: "6fa9c7c78dee46028747b3d57978e1be" candidate_uuid: "3ba1d3ceea67465888e0057bde8027b4" candidate_term: 1 candidate_status { last_received { term: 0 index: 0 } } ignore_live_leader: false dest_uuid: "71733c04d5d64e49a536dc39500a5b56" is_pre_election: true
I20260709 13:11:42.884409  5796 raft_consensus.cc:2468] T 6fa9c7c78dee46028747b3d57978e1be P 71733c04d5d64e49a536dc39500a5b56 [term 0 FOLLOWER]: Leader pre-election vote request: Granting yes vote for candidate 3ba1d3ceea67465888e0057bde8027b4 in term 0.
I20260709 13:11:42.886363  5836 tablet_bootstrap.cc:654] T 4ce056b239bd4b86bb614be21e4ad67d P 1faaa39596744a1f9e33f03ca78881f1: Neither blocks nor log segments found. Creating new log.
I20260709 13:11:42.886422  5612 leader_election.cc:304] T 6fa9c7c78dee46028747b3d57978e1be P 3ba1d3ceea67465888e0057bde8027b4 [CANDIDATE]: Term 1 pre-election: Election decided. Result: candidate won. Election summary: received 2 responses out of 3 voters: 2 yes votes; 0 no votes. yes voters: 1faaa39596744a1f9e33f03ca78881f1, 3ba1d3ceea67465888e0057bde8027b4; no voters: 
I20260709 13:11:42.887878  5838 tablet_bootstrap.cc:654] T 26cac2cf797c4c6bbfc1c48643ffb033 P 3ba1d3ceea67465888e0057bde8027b4: Neither blocks nor log segments found. Creating new log.
I20260709 13:11:42.890669  5837 tablet_bootstrap.cc:654] T bad5e53f49814086af6b4c6b69c2750d P 71733c04d5d64e49a536dc39500a5b56: Neither blocks nor log segments found. Creating new log.
I20260709 13:11:42.890983  5843 raft_consensus.cc:2804] T 6fa9c7c78dee46028747b3d57978e1be P 3ba1d3ceea67465888e0057bde8027b4 [term 0 FOLLOWER]: Leader pre-election won for term 1
I20260709 13:11:42.891527  5843 raft_consensus.cc:493] T 6fa9c7c78dee46028747b3d57978e1be P 3ba1d3ceea67465888e0057bde8027b4 [term 0 FOLLOWER]: Starting leader election (no leader contacted us within the election timeout)
I20260709 13:11:42.892055  5843 raft_consensus.cc:3060] T 6fa9c7c78dee46028747b3d57978e1be P 3ba1d3ceea67465888e0057bde8027b4 [term 0 FOLLOWER]: Advancing to term 1
I20260709 13:11:42.898095  5836 tablet_bootstrap.cc:492] T 4ce056b239bd4b86bb614be21e4ad67d P 1faaa39596744a1f9e33f03ca78881f1: No bootstrap required, opened a new log
I20260709 13:11:42.898602  5836 ts_tablet_manager.cc:1403] T 4ce056b239bd4b86bb614be21e4ad67d P 1faaa39596744a1f9e33f03ca78881f1: Time spent bootstrapping tablet: real 0.019s	user 0.017s	sys 0.000s
I20260709 13:11:42.900254  5838 tablet_bootstrap.cc:492] T 26cac2cf797c4c6bbfc1c48643ffb033 P 3ba1d3ceea67465888e0057bde8027b4: No bootstrap required, opened a new log
I20260709 13:11:42.900802  5838 ts_tablet_manager.cc:1403] T 26cac2cf797c4c6bbfc1c48643ffb033 P 3ba1d3ceea67465888e0057bde8027b4: Time spent bootstrapping tablet: real 0.021s	user 0.009s	sys 0.009s
I20260709 13:11:42.900724  5889 consensus_queue.cc:1048] T 5bbb5df175864681b184812d49337430 P 71733c04d5d64e49a536dc39500a5b56 [LEADER]: Connected to new peer: Peer: permanent_uuid: "1faaa39596744a1f9e33f03ca78881f1" member_type: VOTER last_known_addr { host: "127.4.107.66" port: 39123 }, Status: LMP_MISMATCH, Last received: 0.0, Next index: 1, Last known committed idx: 0, Time since last communication: 0.001s
I20260709 13:11:42.901216  5836 raft_consensus.cc:359] T 4ce056b239bd4b86bb614be21e4ad67d P 1faaa39596744a1f9e33f03ca78881f1 [term 0 FOLLOWER]: Replica starting. Triggering 0 pending ops. Active config: opid_index: -1 OBSOLETE_local: false peers { permanent_uuid: "3ba1d3ceea67465888e0057bde8027b4" member_type: VOTER last_known_addr { host: "127.4.107.65" port: 46709 } } peers { permanent_uuid: "1faaa39596744a1f9e33f03ca78881f1" member_type: VOTER last_known_addr { host: "127.4.107.66" port: 39123 } } peers { permanent_uuid: "71733c04d5d64e49a536dc39500a5b56" member_type: VOTER last_known_addr { host: "127.4.107.67" port: 39521 } }
I20260709 13:11:42.902089  5836 raft_consensus.cc:385] T 4ce056b239bd4b86bb614be21e4ad67d P 1faaa39596744a1f9e33f03ca78881f1 [term 0 FOLLOWER]: Consensus starting up: Expiring failure detector timer to make a prompt election more likely
I20260709 13:11:42.902376  5836 raft_consensus.cc:740] T 4ce056b239bd4b86bb614be21e4ad67d P 1faaa39596744a1f9e33f03ca78881f1 [term 0 FOLLOWER]: Becoming Follower/Learner. State: Replica: 1faaa39596744a1f9e33f03ca78881f1, State: Initialized, Role: FOLLOWER
I20260709 13:11:42.904011  5838 raft_consensus.cc:359] T 26cac2cf797c4c6bbfc1c48643ffb033 P 3ba1d3ceea67465888e0057bde8027b4 [term 0 FOLLOWER]: Replica starting. Triggering 0 pending ops. Active config: opid_index: -1 OBSOLETE_local: false peers { permanent_uuid: "3ba1d3ceea67465888e0057bde8027b4" member_type: VOTER last_known_addr { host: "127.4.107.65" port: 46709 } } peers { permanent_uuid: "1faaa39596744a1f9e33f03ca78881f1" member_type: VOTER last_known_addr { host: "127.4.107.66" port: 39123 } } peers { permanent_uuid: "71733c04d5d64e49a536dc39500a5b56" member_type: VOTER last_known_addr { host: "127.4.107.67" port: 39521 } }
I20260709 13:11:42.904838  5838 raft_consensus.cc:385] T 26cac2cf797c4c6bbfc1c48643ffb033 P 3ba1d3ceea67465888e0057bde8027b4 [term 0 FOLLOWER]: Consensus starting up: Expiring failure detector timer to make a prompt election more likely
I20260709 13:11:42.905171  5838 raft_consensus.cc:740] T 26cac2cf797c4c6bbfc1c48643ffb033 P 3ba1d3ceea67465888e0057bde8027b4 [term 0 FOLLOWER]: Becoming Follower/Learner. State: Replica: 3ba1d3ceea67465888e0057bde8027b4, State: Initialized, Role: FOLLOWER
I20260709 13:11:42.906822  5838 consensus_queue.cc:260] T 26cac2cf797c4c6bbfc1c48643ffb033 P 3ba1d3ceea67465888e0057bde8027b4 [NON_LEADER]: Queue going to NON_LEADER mode. State: All replicated index: 0, Majority replicated index: 0, Committed index: 0, Last appended: 0.0, Last appended by leader: 0, Current term: 0, Majority size: -1, State: 0, Mode: NON_LEADER, active raft config: opid_index: -1 OBSOLETE_local: false peers { permanent_uuid: "3ba1d3ceea67465888e0057bde8027b4" member_type: VOTER last_known_addr { host: "127.4.107.65" port: 46709 } } peers { permanent_uuid: "1faaa39596744a1f9e33f03ca78881f1" member_type: VOTER last_known_addr { host: "127.4.107.66" port: 39123 } } peers { permanent_uuid: "71733c04d5d64e49a536dc39500a5b56" member_type: VOTER last_known_addr { host: "127.4.107.67" port: 39521 } }
I20260709 13:11:42.903036  5836 consensus_queue.cc:260] T 4ce056b239bd4b86bb614be21e4ad67d P 1faaa39596744a1f9e33f03ca78881f1 [NON_LEADER]: Queue going to NON_LEADER mode. State: All replicated index: 0, Majority replicated index: 0, Committed index: 0, Last appended: 0.0, Last appended by leader: 0, Current term: 0, Majority size: -1, State: 0, Mode: NON_LEADER, active raft config: opid_index: -1 OBSOLETE_local: false peers { permanent_uuid: "3ba1d3ceea67465888e0057bde8027b4" member_type: VOTER last_known_addr { host: "127.4.107.65" port: 46709 } } peers { permanent_uuid: "1faaa39596744a1f9e33f03ca78881f1" member_type: VOTER last_known_addr { host: "127.4.107.66" port: 39123 } } peers { permanent_uuid: "71733c04d5d64e49a536dc39500a5b56" member_type: VOTER last_known_addr { host: "127.4.107.67" port: 39521 } }
I20260709 13:11:42.910871  5889 consensus_queue.cc:1048] T 5bbb5df175864681b184812d49337430 P 71733c04d5d64e49a536dc39500a5b56 [LEADER]: Connected to new peer: Peer: permanent_uuid: "3ba1d3ceea67465888e0057bde8027b4" member_type: VOTER last_known_addr { host: "127.4.107.65" port: 46709 }, Status: LMP_MISMATCH, Last received: 0.0, Next index: 1, Last known committed idx: 0, Time since last communication: 0.000s
I20260709 13:11:42.912451  5838 ts_tablet_manager.cc:1434] T 26cac2cf797c4c6bbfc1c48643ffb033 P 3ba1d3ceea67465888e0057bde8027b4: Time spent starting tablet: real 0.011s	user 0.005s	sys 0.001s
I20260709 13:11:42.914738  5838 tablet_bootstrap.cc:492] T aaccd7a972654404b695dd1e0ce29465 P 3ba1d3ceea67465888e0057bde8027b4: Bootstrap starting.
I20260709 13:11:42.913740  5837 tablet_bootstrap.cc:492] T bad5e53f49814086af6b4c6b69c2750d P 71733c04d5d64e49a536dc39500a5b56: No bootstrap required, opened a new log
I20260709 13:11:42.916919  5837 ts_tablet_manager.cc:1403] T bad5e53f49814086af6b4c6b69c2750d P 71733c04d5d64e49a536dc39500a5b56: Time spent bootstrapping tablet: real 0.040s	user 0.014s	sys 0.000s
I20260709 13:11:42.917233  5843 raft_consensus.cc:515] T 6fa9c7c78dee46028747b3d57978e1be P 3ba1d3ceea67465888e0057bde8027b4 [term 1 FOLLOWER]: Starting leader election with config: opid_index: -1 OBSOLETE_local: false peers { permanent_uuid: "3ba1d3ceea67465888e0057bde8027b4" member_type: VOTER last_known_addr { host: "127.4.107.65" port: 46709 } } peers { permanent_uuid: "1faaa39596744a1f9e33f03ca78881f1" member_type: VOTER last_known_addr { host: "127.4.107.66" port: 39123 } } peers { permanent_uuid: "71733c04d5d64e49a536dc39500a5b56" member_type: VOTER last_known_addr { host: "127.4.107.67" port: 39521 } }
I20260709 13:11:42.919260  5836 ts_tablet_manager.cc:1434] T 4ce056b239bd4b86bb614be21e4ad67d P 1faaa39596744a1f9e33f03ca78881f1: Time spent starting tablet: real 0.020s	user 0.007s	sys 0.000s
I20260709 13:11:42.919656  5843 leader_election.cc:290] T 6fa9c7c78dee46028747b3d57978e1be P 3ba1d3ceea67465888e0057bde8027b4 [CANDIDATE]: Term 1 election: Requested vote from peers 1faaa39596744a1f9e33f03ca78881f1 (127.4.107.66:39123), 71733c04d5d64e49a536dc39500a5b56 (127.4.107.67:39521)
I20260709 13:11:42.920223  5836 tablet_bootstrap.cc:492] T f32098bf089b4316879964a7e1e69884 P 1faaa39596744a1f9e33f03ca78881f1: Bootstrap starting.
I20260709 13:11:42.920820  5722 tablet_service.cc:1917] Received RequestConsensusVote() RPC: tablet_id: "6fa9c7c78dee46028747b3d57978e1be" candidate_uuid: "3ba1d3ceea67465888e0057bde8027b4" candidate_term: 1 candidate_status { last_received { term: 0 index: 0 } } ignore_live_leader: false dest_uuid: "1faaa39596744a1f9e33f03ca78881f1"
I20260709 13:11:42.921509  5722 raft_consensus.cc:3060] T 6fa9c7c78dee46028747b3d57978e1be P 1faaa39596744a1f9e33f03ca78881f1 [term 0 FOLLOWER]: Advancing to term 1
I20260709 13:11:42.928362  5796 tablet_service.cc:1917] Received RequestConsensusVote() RPC: tablet_id: "6fa9c7c78dee46028747b3d57978e1be" candidate_uuid: "3ba1d3ceea67465888e0057bde8027b4" candidate_term: 1 candidate_status { last_received { term: 0 index: 0 } } ignore_live_leader: false dest_uuid: "71733c04d5d64e49a536dc39500a5b56"
I20260709 13:11:42.929054  5796 raft_consensus.cc:3060] T 6fa9c7c78dee46028747b3d57978e1be P 71733c04d5d64e49a536dc39500a5b56 [term 0 FOLLOWER]: Advancing to term 1
I20260709 13:11:42.929603  5838 tablet_bootstrap.cc:654] T aaccd7a972654404b695dd1e0ce29465 P 3ba1d3ceea67465888e0057bde8027b4: Neither blocks nor log segments found. Creating new log.
I20260709 13:11:42.928395  5837 raft_consensus.cc:359] T bad5e53f49814086af6b4c6b69c2750d P 71733c04d5d64e49a536dc39500a5b56 [term 0 FOLLOWER]: Replica starting. Triggering 0 pending ops. Active config: opid_index: -1 OBSOLETE_local: false peers { permanent_uuid: "3ba1d3ceea67465888e0057bde8027b4" member_type: VOTER last_known_addr { host: "127.4.107.65" port: 46709 } } peers { permanent_uuid: "1faaa39596744a1f9e33f03ca78881f1" member_type: VOTER last_known_addr { host: "127.4.107.66" port: 39123 } } peers { permanent_uuid: "71733c04d5d64e49a536dc39500a5b56" member_type: VOTER last_known_addr { host: "127.4.107.67" port: 39521 } }
I20260709 13:11:42.932138  5837 raft_consensus.cc:385] T bad5e53f49814086af6b4c6b69c2750d P 71733c04d5d64e49a536dc39500a5b56 [term 0 FOLLOWER]: Consensus starting up: Expiring failure detector timer to make a prompt election more likely
I20260709 13:11:42.932413  5837 raft_consensus.cc:740] T bad5e53f49814086af6b4c6b69c2750d P 71733c04d5d64e49a536dc39500a5b56 [term 0 FOLLOWER]: Becoming Follower/Learner. State: Replica: 71733c04d5d64e49a536dc39500a5b56, State: Initialized, Role: FOLLOWER
I20260709 13:11:42.932487  5836 tablet_bootstrap.cc:654] T f32098bf089b4316879964a7e1e69884 P 1faaa39596744a1f9e33f03ca78881f1: Neither blocks nor log segments found. Creating new log.
I20260709 13:11:42.933202  5837 consensus_queue.cc:260] T bad5e53f49814086af6b4c6b69c2750d P 71733c04d5d64e49a536dc39500a5b56 [NON_LEADER]: Queue going to NON_LEADER mode. State: All replicated index: 0, Majority replicated index: 0, Committed index: 0, Last appended: 0.0, Last appended by leader: 0, Current term: 0, Majority size: -1, State: 0, Mode: NON_LEADER, active raft config: opid_index: -1 OBSOLETE_local: false peers { permanent_uuid: "3ba1d3ceea67465888e0057bde8027b4" member_type: VOTER last_known_addr { host: "127.4.107.65" port: 46709 } } peers { permanent_uuid: "1faaa39596744a1f9e33f03ca78881f1" member_type: VOTER last_known_addr { host: "127.4.107.66" port: 39123 } } peers { permanent_uuid: "71733c04d5d64e49a536dc39500a5b56" member_type: VOTER last_known_addr { host: "127.4.107.67" port: 39521 } }
I20260709 13:11:42.935748  5837 ts_tablet_manager.cc:1434] T bad5e53f49814086af6b4c6b69c2750d P 71733c04d5d64e49a536dc39500a5b56: Time spent starting tablet: real 0.018s	user 0.004s	sys 0.003s
I20260709 13:11:42.936690  5837 tablet_bootstrap.cc:492] T a4160b49aa864dfc922163681dfcd61d P 71733c04d5d64e49a536dc39500a5b56: Bootstrap starting.
I20260709 13:11:42.937285  5796 raft_consensus.cc:2468] T 6fa9c7c78dee46028747b3d57978e1be P 71733c04d5d64e49a536dc39500a5b56 [term 1 FOLLOWER]: Leader election vote request: Granting yes vote for candidate 3ba1d3ceea67465888e0057bde8027b4 in term 1.
I20260709 13:11:42.953915  5612 leader_election.cc:304] T 6fa9c7c78dee46028747b3d57978e1be P 3ba1d3ceea67465888e0057bde8027b4 [CANDIDATE]: Term 1 election: Election decided. Result: candidate won. Election summary: received 2 responses out of 3 voters: 2 yes votes; 0 no votes. yes voters: 3ba1d3ceea67465888e0057bde8027b4, 71733c04d5d64e49a536dc39500a5b56; no voters: 
I20260709 13:11:42.944553  5837 tablet_bootstrap.cc:654] T a4160b49aa864dfc922163681dfcd61d P 71733c04d5d64e49a536dc39500a5b56: Neither blocks nor log segments found. Creating new log.
I20260709 13:11:42.954764  5891 raft_consensus.cc:2804] T 6fa9c7c78dee46028747b3d57978e1be P 3ba1d3ceea67465888e0057bde8027b4 [term 1 FOLLOWER]: Leader election won for term 1
I20260709 13:11:42.954917  5843 raft_consensus.cc:493] T 4ce056b239bd4b86bb614be21e4ad67d P 3ba1d3ceea67465888e0057bde8027b4 [term 0 FOLLOWER]: Starting pre-election (no leader contacted us within the election timeout)
I20260709 13:11:42.955299  5891 raft_consensus.cc:697] T 6fa9c7c78dee46028747b3d57978e1be P 3ba1d3ceea67465888e0057bde8027b4 [term 1 LEADER]: Becoming Leader. State: Replica: 3ba1d3ceea67465888e0057bde8027b4, State: Running, Role: LEADER
I20260709 13:11:42.955610  5843 raft_consensus.cc:515] T 4ce056b239bd4b86bb614be21e4ad67d P 3ba1d3ceea67465888e0057bde8027b4 [term 0 FOLLOWER]: Starting pre-election with config: opid_index: -1 OBSOLETE_local: false peers { permanent_uuid: "3ba1d3ceea67465888e0057bde8027b4" member_type: VOTER last_known_addr { host: "127.4.107.65" port: 46709 } } peers { permanent_uuid: "1faaa39596744a1f9e33f03ca78881f1" member_type: VOTER last_known_addr { host: "127.4.107.66" port: 39123 } } peers { permanent_uuid: "71733c04d5d64e49a536dc39500a5b56" member_type: VOTER last_known_addr { host: "127.4.107.67" port: 39521 } }
I20260709 13:11:42.956219  5891 consensus_queue.cc:237] T 6fa9c7c78dee46028747b3d57978e1be P 3ba1d3ceea67465888e0057bde8027b4 [LEADER]: Queue going to LEADER mode. State: All replicated index: 0, Majority replicated index: 0, Committed index: 0, Last appended: 0.0, Last appended by leader: 0, Current term: 1, Majority size: 2, State: 0, Mode: LEADER, active raft config: opid_index: -1 OBSOLETE_local: false peers { permanent_uuid: "3ba1d3ceea67465888e0057bde8027b4" member_type: VOTER last_known_addr { host: "127.4.107.65" port: 46709 } } peers { permanent_uuid: "1faaa39596744a1f9e33f03ca78881f1" member_type: VOTER last_known_addr { host: "127.4.107.66" port: 39123 } } peers { permanent_uuid: "71733c04d5d64e49a536dc39500a5b56" member_type: VOTER last_known_addr { host: "127.4.107.67" port: 39521 } }
I20260709 13:11:42.958333  5843 leader_election.cc:290] T 4ce056b239bd4b86bb614be21e4ad67d P 3ba1d3ceea67465888e0057bde8027b4 [CANDIDATE]: Term 1 pre-election: Requested pre-vote from peers 1faaa39596744a1f9e33f03ca78881f1 (127.4.107.66:39123), 71733c04d5d64e49a536dc39500a5b56 (127.4.107.67:39521)
I20260709 13:11:42.964654  5796 tablet_service.cc:1917] Received RequestConsensusVote() RPC: tablet_id: "4ce056b239bd4b86bb614be21e4ad67d" candidate_uuid: "3ba1d3ceea67465888e0057bde8027b4" candidate_term: 1 candidate_status { last_received { term: 0 index: 0 } } ignore_live_leader: false dest_uuid: "71733c04d5d64e49a536dc39500a5b56" is_pre_election: true
I20260709 13:11:42.965390  5796 raft_consensus.cc:2468] T 4ce056b239bd4b86bb614be21e4ad67d P 71733c04d5d64e49a536dc39500a5b56 [term 0 FOLLOWER]: Leader pre-election vote request: Granting yes vote for candidate 3ba1d3ceea67465888e0057bde8027b4 in term 0.
I20260709 13:11:42.966845  5612 leader_election.cc:304] T 4ce056b239bd4b86bb614be21e4ad67d P 3ba1d3ceea67465888e0057bde8027b4 [CANDIDATE]: Term 1 pre-election: Election decided. Result: candidate won. Election summary: received 2 responses out of 3 voters: 2 yes votes; 0 no votes. yes voters: 3ba1d3ceea67465888e0057bde8027b4, 71733c04d5d64e49a536dc39500a5b56; no voters: 
I20260709 13:11:42.972090  5855 raft_consensus.cc:2804] T 4ce056b239bd4b86bb614be21e4ad67d P 3ba1d3ceea67465888e0057bde8027b4 [term 0 FOLLOWER]: Leader pre-election won for term 1
I20260709 13:11:42.972453  5855 raft_consensus.cc:493] T 4ce056b239bd4b86bb614be21e4ad67d P 3ba1d3ceea67465888e0057bde8027b4 [term 0 FOLLOWER]: Starting leader election (no leader contacted us within the election timeout)
I20260709 13:11:42.972827  5855 raft_consensus.cc:3060] T 4ce056b239bd4b86bb614be21e4ad67d P 3ba1d3ceea67465888e0057bde8027b4 [term 0 FOLLOWER]: Advancing to term 1
I20260709 13:11:42.972975  5837 tablet_bootstrap.cc:492] T a4160b49aa864dfc922163681dfcd61d P 71733c04d5d64e49a536dc39500a5b56: No bootstrap required, opened a new log
I20260709 13:11:42.974072  5837 ts_tablet_manager.cc:1403] T a4160b49aa864dfc922163681dfcd61d P 71733c04d5d64e49a536dc39500a5b56: Time spent bootstrapping tablet: real 0.038s	user 0.008s	sys 0.003s
I20260709 13:11:42.976754  5837 raft_consensus.cc:359] T a4160b49aa864dfc922163681dfcd61d P 71733c04d5d64e49a536dc39500a5b56 [term 0 FOLLOWER]: Replica starting. Triggering 0 pending ops. Active config: opid_index: -1 OBSOLETE_local: false peers { permanent_uuid: "3ba1d3ceea67465888e0057bde8027b4" member_type: VOTER last_known_addr { host: "127.4.107.65" port: 46709 } } peers { permanent_uuid: "1faaa39596744a1f9e33f03ca78881f1" member_type: VOTER last_known_addr { host: "127.4.107.66" port: 39123 } } peers { permanent_uuid: "71733c04d5d64e49a536dc39500a5b56" member_type: VOTER last_known_addr { host: "127.4.107.67" port: 39521 } }
I20260709 13:11:42.945336  5836 tablet_bootstrap.cc:492] T f32098bf089b4316879964a7e1e69884 P 1faaa39596744a1f9e33f03ca78881f1: No bootstrap required, opened a new log
I20260709 13:11:42.982052  5860 consensus_queue.cc:1048] T cc0e77faf63d4cf3862a37eee7a085fe P 1faaa39596744a1f9e33f03ca78881f1 [LEADER]: Connected to new peer: Peer: permanent_uuid: "3ba1d3ceea67465888e0057bde8027b4" member_type: VOTER last_known_addr { host: "127.4.107.65" port: 46709 }, Status: LMP_MISMATCH, Last received: 0.0, Next index: 1, Last known committed idx: 0, Time since last communication: 0.000s
I20260709 13:11:42.948024  5722 raft_consensus.cc:2468] T 6fa9c7c78dee46028747b3d57978e1be P 1faaa39596744a1f9e33f03ca78881f1 [term 1 FOLLOWER]: Leader election vote request: Granting yes vote for candidate 3ba1d3ceea67465888e0057bde8027b4 in term 1.
I20260709 13:11:42.982936  5836 ts_tablet_manager.cc:1403] T f32098bf089b4316879964a7e1e69884 P 1faaa39596744a1f9e33f03ca78881f1: Time spent bootstrapping tablet: real 0.063s	user 0.015s	sys 0.006s
I20260709 13:11:42.949357  5838 tablet_bootstrap.cc:492] T aaccd7a972654404b695dd1e0ce29465 P 3ba1d3ceea67465888e0057bde8027b4: No bootstrap required, opened a new log
I20260709 13:11:42.977480  5837 raft_consensus.cc:385] T a4160b49aa864dfc922163681dfcd61d P 71733c04d5d64e49a536dc39500a5b56 [term 0 FOLLOWER]: Consensus starting up: Expiring failure detector timer to make a prompt election more likely
I20260709 13:11:42.983621  5837 raft_consensus.cc:740] T a4160b49aa864dfc922163681dfcd61d P 71733c04d5d64e49a536dc39500a5b56 [term 0 FOLLOWER]: Becoming Follower/Learner. State: Replica: 71733c04d5d64e49a536dc39500a5b56, State: Initialized, Role: FOLLOWER
I20260709 13:11:42.983752  5838 ts_tablet_manager.cc:1403] T aaccd7a972654404b695dd1e0ce29465 P 3ba1d3ceea67465888e0057bde8027b4: Time spent bootstrapping tablet: real 0.069s	user 0.009s	sys 0.005s
I20260709 13:11:42.984385  5837 consensus_queue.cc:260] T a4160b49aa864dfc922163681dfcd61d P 71733c04d5d64e49a536dc39500a5b56 [NON_LEADER]: Queue going to NON_LEADER mode. State: All replicated index: 0, Majority replicated index: 0, Committed index: 0, Last appended: 0.0, Last appended by leader: 0, Current term: 0, Majority size: -1, State: 0, Mode: NON_LEADER, active raft config: opid_index: -1 OBSOLETE_local: false peers { permanent_uuid: "3ba1d3ceea67465888e0057bde8027b4" member_type: VOTER last_known_addr { host: "127.4.107.65" port: 46709 } } peers { permanent_uuid: "1faaa39596744a1f9e33f03ca78881f1" member_type: VOTER last_known_addr { host: "127.4.107.66" port: 39123 } } peers { permanent_uuid: "71733c04d5d64e49a536dc39500a5b56" member_type: VOTER last_known_addr { host: "127.4.107.67" port: 39521 } }
I20260709 13:11:42.977819  5721 tablet_service.cc:1917] Received RequestConsensusVote() RPC: tablet_id: "4ce056b239bd4b86bb614be21e4ad67d" candidate_uuid: "3ba1d3ceea67465888e0057bde8027b4" candidate_term: 1 candidate_status { last_received { term: 0 index: 0 } } ignore_live_leader: false dest_uuid: "1faaa39596744a1f9e33f03ca78881f1" is_pre_election: true
I20260709 13:11:42.986578  5837 ts_tablet_manager.cc:1434] T a4160b49aa864dfc922163681dfcd61d P 71733c04d5d64e49a536dc39500a5b56: Time spent starting tablet: real 0.012s	user 0.005s	sys 0.001s
I20260709 13:11:42.987540  5837 tablet_bootstrap.cc:492] T f32098bf089b4316879964a7e1e69884 P 71733c04d5d64e49a536dc39500a5b56: Bootstrap starting.
I20260709 13:11:42.985476  5836 raft_consensus.cc:359] T f32098bf089b4316879964a7e1e69884 P 1faaa39596744a1f9e33f03ca78881f1 [term 0 FOLLOWER]: Replica starting. Triggering 0 pending ops. Active config: opid_index: -1 OBSOLETE_local: false peers { permanent_uuid: "3ba1d3ceea67465888e0057bde8027b4" member_type: VOTER last_known_addr { host: "127.4.107.65" port: 46709 } } peers { permanent_uuid: "1faaa39596744a1f9e33f03ca78881f1" member_type: VOTER last_known_addr { host: "127.4.107.66" port: 39123 } } peers { permanent_uuid: "71733c04d5d64e49a536dc39500a5b56" member_type: VOTER last_known_addr { host: "127.4.107.67" port: 39521 } }
I20260709 13:11:42.988306  5883 consensus_queue.cc:1048] T cc0e77faf63d4cf3862a37eee7a085fe P 1faaa39596744a1f9e33f03ca78881f1 [LEADER]: Connected to new peer: Peer: permanent_uuid: "71733c04d5d64e49a536dc39500a5b56" member_type: VOTER last_known_addr { host: "127.4.107.67" port: 39521 }, Status: LMP_MISMATCH, Last received: 0.0, Next index: 1, Last known committed idx: 0, Time since last communication: 0.000s
I20260709 13:11:42.989293  5721 raft_consensus.cc:2468] T 4ce056b239bd4b86bb614be21e4ad67d P 1faaa39596744a1f9e33f03ca78881f1 [term 0 FOLLOWER]: Leader pre-election vote request: Granting yes vote for candidate 3ba1d3ceea67465888e0057bde8027b4 in term 0.
I20260709 13:11:42.988591  5836 raft_consensus.cc:385] T f32098bf089b4316879964a7e1e69884 P 1faaa39596744a1f9e33f03ca78881f1 [term 0 FOLLOWER]: Consensus starting up: Expiring failure detector timer to make a prompt election more likely
I20260709 13:11:42.990535  5836 raft_consensus.cc:740] T f32098bf089b4316879964a7e1e69884 P 1faaa39596744a1f9e33f03ca78881f1 [term 0 FOLLOWER]: Becoming Follower/Learner. State: Replica: 1faaa39596744a1f9e33f03ca78881f1, State: Initialized, Role: FOLLOWER
I20260709 13:11:42.991204  5838 raft_consensus.cc:359] T aaccd7a972654404b695dd1e0ce29465 P 3ba1d3ceea67465888e0057bde8027b4 [term 0 FOLLOWER]: Replica starting. Triggering 0 pending ops. Active config: opid_index: -1 OBSOLETE_local: false peers { permanent_uuid: "3ba1d3ceea67465888e0057bde8027b4" member_type: VOTER last_known_addr { host: "127.4.107.65" port: 46709 } } peers { permanent_uuid: "1faaa39596744a1f9e33f03ca78881f1" member_type: VOTER last_known_addr { host: "127.4.107.66" port: 39123 } } peers { permanent_uuid: "71733c04d5d64e49a536dc39500a5b56" member_type: VOTER last_known_addr { host: "127.4.107.67" port: 39521 } }
I20260709 13:11:42.992075  5838 raft_consensus.cc:385] T aaccd7a972654404b695dd1e0ce29465 P 3ba1d3ceea67465888e0057bde8027b4 [term 0 FOLLOWER]: Consensus starting up: Expiring failure detector timer to make a prompt election more likely
I20260709 13:11:42.992399  5838 raft_consensus.cc:740] T aaccd7a972654404b695dd1e0ce29465 P 3ba1d3ceea67465888e0057bde8027b4 [term 0 FOLLOWER]: Becoming Follower/Learner. State: Replica: 3ba1d3ceea67465888e0057bde8027b4, State: Initialized, Role: FOLLOWER
I20260709 13:11:42.991920  5836 consensus_queue.cc:260] T f32098bf089b4316879964a7e1e69884 P 1faaa39596744a1f9e33f03ca78881f1 [NON_LEADER]: Queue going to NON_LEADER mode. State: All replicated index: 0, Majority replicated index: 0, Committed index: 0, Last appended: 0.0, Last appended by leader: 0, Current term: 0, Majority size: -1, State: 0, Mode: NON_LEADER, active raft config: opid_index: -1 OBSOLETE_local: false peers { permanent_uuid: "3ba1d3ceea67465888e0057bde8027b4" member_type: VOTER last_known_addr { host: "127.4.107.65" port: 46709 } } peers { permanent_uuid: "1faaa39596744a1f9e33f03ca78881f1" member_type: VOTER last_known_addr { host: "127.4.107.66" port: 39123 } } peers { permanent_uuid: "71733c04d5d64e49a536dc39500a5b56" member_type: VOTER last_known_addr { host: "127.4.107.67" port: 39521 } }
I20260709 13:11:42.993192  5838 consensus_queue.cc:260] T aaccd7a972654404b695dd1e0ce29465 P 3ba1d3ceea67465888e0057bde8027b4 [NON_LEADER]: Queue going to NON_LEADER mode. State: All replicated index: 0, Majority replicated index: 0, Committed index: 0, Last appended: 0.0, Last appended by leader: 0, Current term: 0, Majority size: -1, State: 0, Mode: NON_LEADER, active raft config: opid_index: -1 OBSOLETE_local: false peers { permanent_uuid: "3ba1d3ceea67465888e0057bde8027b4" member_type: VOTER last_known_addr { host: "127.4.107.65" port: 46709 } } peers { permanent_uuid: "1faaa39596744a1f9e33f03ca78881f1" member_type: VOTER last_known_addr { host: "127.4.107.66" port: 39123 } } peers { permanent_uuid: "71733c04d5d64e49a536dc39500a5b56" member_type: VOTER last_known_addr { host: "127.4.107.67" port: 39521 } }
I20260709 13:11:42.994505  5836 ts_tablet_manager.cc:1434] T f32098bf089b4316879964a7e1e69884 P 1faaa39596744a1f9e33f03ca78881f1: Time spent starting tablet: real 0.011s	user 0.006s	sys 0.000s
I20260709 13:11:42.994705  5838 ts_tablet_manager.cc:1434] T aaccd7a972654404b695dd1e0ce29465 P 3ba1d3ceea67465888e0057bde8027b4: Time spent starting tablet: real 0.011s	user 0.005s	sys 0.000s
I20260709 13:11:42.995795  5838 tablet_bootstrap.cc:492] T 7f78a0d89c3d4005b79a72223b88afcc P 3ba1d3ceea67465888e0057bde8027b4: Bootstrap starting.
I20260709 13:11:42.998317  5836 tablet_bootstrap.cc:492] T 26cac2cf797c4c6bbfc1c48643ffb033 P 1faaa39596744a1f9e33f03ca78881f1: Bootstrap starting.
I20260709 13:11:42.981328  5855 raft_consensus.cc:515] T 4ce056b239bd4b86bb614be21e4ad67d P 3ba1d3ceea67465888e0057bde8027b4 [term 1 FOLLOWER]: Starting leader election with config: opid_index: -1 OBSOLETE_local: false peers { permanent_uuid: "3ba1d3ceea67465888e0057bde8027b4" member_type: VOTER last_known_addr { host: "127.4.107.65" port: 46709 } } peers { permanent_uuid: "1faaa39596744a1f9e33f03ca78881f1" member_type: VOTER last_known_addr { host: "127.4.107.66" port: 39123 } } peers { permanent_uuid: "71733c04d5d64e49a536dc39500a5b56" member_type: VOTER last_known_addr { host: "127.4.107.67" port: 39521 } }
I20260709 13:11:43.009647  5721 tablet_service.cc:1917] Received RequestConsensusVote() RPC: tablet_id: "4ce056b239bd4b86bb614be21e4ad67d" candidate_uuid: "3ba1d3ceea67465888e0057bde8027b4" candidate_term: 1 candidate_status { last_received { term: 0 index: 0 } } ignore_live_leader: false dest_uuid: "1faaa39596744a1f9e33f03ca78881f1"
I20260709 13:11:43.010641  5721 raft_consensus.cc:3060] T 4ce056b239bd4b86bb614be21e4ad67d P 1faaa39596744a1f9e33f03ca78881f1 [term 0 FOLLOWER]: Advancing to term 1
I20260709 13:11:43.011775  5891 raft_consensus.cc:493] T a4160b49aa864dfc922163681dfcd61d P 3ba1d3ceea67465888e0057bde8027b4 [term 0 FOLLOWER]: Starting pre-election (no leader contacted us within the election timeout)
I20260709 13:11:43.012275  5891 raft_consensus.cc:515] T a4160b49aa864dfc922163681dfcd61d P 3ba1d3ceea67465888e0057bde8027b4 [term 0 FOLLOWER]: Starting pre-election with config: opid_index: -1 OBSOLETE_local: false peers { permanent_uuid: "3ba1d3ceea67465888e0057bde8027b4" member_type: VOTER last_known_addr { host: "127.4.107.65" port: 46709 } } peers { permanent_uuid: "1faaa39596744a1f9e33f03ca78881f1" member_type: VOTER last_known_addr { host: "127.4.107.66" port: 39123 } } peers { permanent_uuid: "71733c04d5d64e49a536dc39500a5b56" member_type: VOTER last_known_addr { host: "127.4.107.67" port: 39521 } }
I20260709 13:11:43.014179  5837 tablet_bootstrap.cc:654] T f32098bf089b4316879964a7e1e69884 P 71733c04d5d64e49a536dc39500a5b56: Neither blocks nor log segments found. Creating new log.
I20260709 13:11:43.016841  5545 catalog_manager.cc:5697] T 6fa9c7c78dee46028747b3d57978e1be P 3ba1d3ceea67465888e0057bde8027b4 reported cstate change: term changed from 0 to 1, leader changed from <none> to 3ba1d3ceea67465888e0057bde8027b4 (127.4.107.65). New cstate: current_term: 1 leader_uuid: "3ba1d3ceea67465888e0057bde8027b4" committed_config { opid_index: -1 OBSOLETE_local: false peers { permanent_uuid: "3ba1d3ceea67465888e0057bde8027b4" member_type: VOTER last_known_addr { host: "127.4.107.65" port: 46709 } health_report { overall_health: HEALTHY } } peers { permanent_uuid: "1faaa39596744a1f9e33f03ca78881f1" member_type: VOTER last_known_addr { host: "127.4.107.66" port: 39123 } health_report { overall_health: UNKNOWN } } peers { permanent_uuid: "71733c04d5d64e49a536dc39500a5b56" member_type: VOTER last_known_addr { host: "127.4.107.67" port: 39521 } health_report { overall_health: UNKNOWN } } }
I20260709 13:11:43.018056  5891 leader_election.cc:290] T a4160b49aa864dfc922163681dfcd61d P 3ba1d3ceea67465888e0057bde8027b4 [CANDIDATE]: Term 1 pre-election: Requested pre-vote from peers 1faaa39596744a1f9e33f03ca78881f1 (127.4.107.66:39123), 71733c04d5d64e49a536dc39500a5b56 (127.4.107.67:39521)
I20260709 13:11:43.019121  5794 tablet_service.cc:1917] Received RequestConsensusVote() RPC: tablet_id: "a4160b49aa864dfc922163681dfcd61d" candidate_uuid: "3ba1d3ceea67465888e0057bde8027b4" candidate_term: 1 candidate_status { last_received { term: 0 index: 0 } } ignore_live_leader: false dest_uuid: "71733c04d5d64e49a536dc39500a5b56" is_pre_election: true
