I20260709 13:11:36.671804  4490 data_dirs.cc:400] Could only allocate 1 dirs of requested 3 for tablet d370b45cf41a4a0e8bf4bcd4cc3c3c28. 1 dirs total, 0 dirs full, 0 dirs failed
I20260709 13:11:36.673617  4694 tablet_bootstrap.cc:492] T 298900d725ec44768e92ebd7fe49c331 P 4173f32e569645839d335994206a1cd7: Bootstrap starting.
I20260709 13:11:36.644068  4635 tablet_service.cc:1511] Processing CreateTablet for tablet 1a1d0dc660d546519eed8c4fbb8299fb (DEFAULT_TABLE table=test-workload [id=7641ee6694874a97a92d65b8fe55f142]), partition=RANGE (key) PARTITION 1164736864 <= VALUES < 1201134891
I20260709 13:11:36.650310  4563 tablet_service.cc:1511] Processing CreateTablet for tablet 37a95ddfac5549adbb22a2844221d6c1 (DEFAULT_TABLE table=test-workload [id=7641ee6694874a97a92d65b8fe55f142]), partition=RANGE (key) PARTITION 837154621 <= VALUES < 873552648
I20260709 13:11:36.674692  4563 data_dirs.cc:400] Could only allocate 1 dirs of requested 3 for tablet 37a95ddfac5549adbb22a2844221d6c1. 1 dirs total, 0 dirs full, 0 dirs failed
I20260709 13:11:36.640793  4696 tablet_bootstrap.cc:492] T fea99de6fcd4461ca588447c3a274cc7 P ec5b88dd5ff44fffaab4ec1a40ab2f9b: No bootstrap required, opened a new log
I20260709 13:11:36.678102  4696 ts_tablet_manager.cc:1403] T fea99de6fcd4461ca588447c3a274cc7 P ec5b88dd5ff44fffaab4ec1a40ab2f9b: Time spent bootstrapping tablet: real 0.272s	user 0.011s	sys 0.020s
I20260709 13:11:36.681147  4570 tablet_service.cc:1511] Processing CreateTablet for tablet ed9a04be46a846b5b2735cc16a152256 (DEFAULT_TABLE table=test-workload [id=7641ee6694874a97a92d65b8fe55f142]), partition=RANGE (key) PARTITION 1055542783 <= VALUES < 1091940810
I20260709 13:11:36.682312  4570 data_dirs.cc:400] Could only allocate 1 dirs of requested 3 for tablet ed9a04be46a846b5b2735cc16a152256. 1 dirs total, 0 dirs full, 0 dirs failed
I20260709 13:11:36.686069  4699 raft_consensus.cc:2804] T 53358a1d5a584792b1e45b16101e90e8 P 0c2933a9337447bba87428aa8cdf401e [term 0 FOLLOWER]: Leader pre-election won for term 1
I20260709 13:11:36.686463  4699 raft_consensus.cc:493] T 53358a1d5a584792b1e45b16101e90e8 P 0c2933a9337447bba87428aa8cdf401e [term 0 FOLLOWER]: Starting leader election (no leader contacted us within the election timeout)
I20260709 13:11:36.686769  4699 raft_consensus.cc:3060] T 53358a1d5a584792b1e45b16101e90e8 P 0c2933a9337447bba87428aa8cdf401e [term 0 FOLLOWER]: Advancing to term 1
I20260709 13:11:36.692935  4699 raft_consensus.cc:515] T 53358a1d5a584792b1e45b16101e90e8 P 0c2933a9337447bba87428aa8cdf401e [term 1 FOLLOWER]: Starting leader election with config: opid_index: -1 OBSOLETE_local: false peers { permanent_uuid: "0c2933a9337447bba87428aa8cdf401e" member_type: VOTER last_known_addr { host: "127.3.78.65" port: 39455 } } peers { permanent_uuid: "4173f32e569645839d335994206a1cd7" member_type: VOTER last_known_addr { host: "127.3.78.67" port: 46711 } } peers { permanent_uuid: "ec5b88dd5ff44fffaab4ec1a40ab2f9b" member_type: VOTER last_known_addr { host: "127.3.78.66" port: 43381 } }
I20260709 13:11:36.653676  4569 tablet_service.cc:1511] Processing CreateTablet for tablet 3cb5a463e81e40059820fcbb3656f03e (DEFAULT_TABLE table=test-workload [id=7641ee6694874a97a92d65b8fe55f142]), partition=RANGE (key) PARTITION 982746729 <= VALUES < 1019144756
I20260709 13:11:36.694907  4580 tablet_service.cc:1917] Received RequestConsensusVote() RPC: tablet_id: "53358a1d5a584792b1e45b16101e90e8" candidate_uuid: "0c2933a9337447bba87428aa8cdf401e" candidate_term: 1 candidate_status { last_received { term: 0 index: 0 } } ignore_live_leader: false dest_uuid: "ec5b88dd5ff44fffaab4ec1a40ab2f9b" is_pre_election: true
W20260709 13:11:36.696411  4468 leader_election.cc:343] T 53358a1d5a584792b1e45b16101e90e8 P 0c2933a9337447bba87428aa8cdf401e [CANDIDATE]: Term 1 pre-election: Tablet error from VoteRequest() call to peer ec5b88dd5ff44fffaab4ec1a40ab2f9b (127.3.78.66:43381): Illegal state: must be running to vote when last-logged opid is not known
I20260709 13:11:36.702239  4636 tablet_service.cc:1511] Processing CreateTablet for tablet 71348efca4424a69879cb35f9d6b8e03 (DEFAULT_TABLE table=test-workload [id=7641ee6694874a97a92d65b8fe55f142]), partition=RANGE (key) PARTITION 1201134891 <= VALUES < 1237532918
I20260709 13:11:36.703043  4699 leader_election.cc:290] T 53358a1d5a584792b1e45b16101e90e8 P 0c2933a9337447bba87428aa8cdf401e [CANDIDATE]: Term 1 election: Requested vote from peers 4173f32e569645839d335994206a1cd7 (127.3.78.67:46711), ec5b88dd5ff44fffaab4ec1a40ab2f9b (127.3.78.66:43381)
I20260709 13:11:36.706856  4654 tablet_service.cc:1917] Received RequestConsensusVote() RPC: tablet_id: "53358a1d5a584792b1e45b16101e90e8" candidate_uuid: "0c2933a9337447bba87428aa8cdf401e" candidate_term: 1 candidate_status { last_received { term: 0 index: 0 } } ignore_live_leader: false dest_uuid: "4173f32e569645839d335994206a1cd7"
I20260709 13:11:36.706545  4693 raft_consensus.cc:359] T b285f84b080746e4a11d88f96c34d167 P 0c2933a9337447bba87428aa8cdf401e [term 0 FOLLOWER]: Replica starting. Triggering 0 pending ops. Active config: opid_index: -1 OBSOLETE_local: false peers { permanent_uuid: "0c2933a9337447bba87428aa8cdf401e" member_type: VOTER last_known_addr { host: "127.3.78.65" port: 39455 } } peers { permanent_uuid: "ec5b88dd5ff44fffaab4ec1a40ab2f9b" member_type: VOTER last_known_addr { host: "127.3.78.66" port: 43381 } } peers { permanent_uuid: "4173f32e569645839d335994206a1cd7" member_type: VOTER last_known_addr { host: "127.3.78.67" port: 46711 } }
I20260709 13:11:36.710465  4654 raft_consensus.cc:3060] T 53358a1d5a584792b1e45b16101e90e8 P 4173f32e569645839d335994206a1cd7 [term 0 FOLLOWER]: Advancing to term 1
I20260709 13:11:36.706733  4696 raft_consensus.cc:359] T fea99de6fcd4461ca588447c3a274cc7 P ec5b88dd5ff44fffaab4ec1a40ab2f9b [term 0 FOLLOWER]: Replica starting. Triggering 0 pending ops. Active config: opid_index: -1 OBSOLETE_local: false peers { permanent_uuid: "0c2933a9337447bba87428aa8cdf401e" member_type: VOTER last_known_addr { host: "127.3.78.65" port: 39455 } } peers { permanent_uuid: "ec5b88dd5ff44fffaab4ec1a40ab2f9b" member_type: VOTER last_known_addr { host: "127.3.78.66" port: 43381 } } peers { permanent_uuid: "4173f32e569645839d335994206a1cd7" member_type: VOTER last_known_addr { host: "127.3.78.67" port: 46711 } }
I20260709 13:11:36.711138  4696 raft_consensus.cc:385] T fea99de6fcd4461ca588447c3a274cc7 P ec5b88dd5ff44fffaab4ec1a40ab2f9b [term 0 FOLLOWER]: Consensus starting up: Expiring failure detector timer to make a prompt election more likely
I20260709 13:11:36.711508  4696 raft_consensus.cc:740] T fea99de6fcd4461ca588447c3a274cc7 P ec5b88dd5ff44fffaab4ec1a40ab2f9b [term 0 FOLLOWER]: Becoming Follower/Learner. State: Replica: ec5b88dd5ff44fffaab4ec1a40ab2f9b, State: Initialized, Role: FOLLOWER
I20260709 13:11:36.695179  4569 data_dirs.cc:400] Could only allocate 1 dirs of requested 3 for tablet 3cb5a463e81e40059820fcbb3656f03e. 1 dirs total, 0 dirs full, 0 dirs failed
I20260709 13:11:36.712960  4580 tablet_service.cc:1917] Received RequestConsensusVote() RPC: tablet_id: "53358a1d5a584792b1e45b16101e90e8" candidate_uuid: "0c2933a9337447bba87428aa8cdf401e" candidate_term: 1 candidate_status { last_received { term: 0 index: 0 } } ignore_live_leader: false dest_uuid: "ec5b88dd5ff44fffaab4ec1a40ab2f9b"
I20260709 13:11:36.713822  4693 raft_consensus.cc:385] T b285f84b080746e4a11d88f96c34d167 P 0c2933a9337447bba87428aa8cdf401e [term 0 FOLLOWER]: Consensus starting up: Expiring failure detector timer to make a prompt election more likely
I20260709 13:11:36.714128  4693 raft_consensus.cc:740] T b285f84b080746e4a11d88f96c34d167 P 0c2933a9337447bba87428aa8cdf401e [term 0 FOLLOWER]: Becoming Follower/Learner. State: Replica: 0c2933a9337447bba87428aa8cdf401e, State: Initialized, Role: FOLLOWER
I20260709 13:11:36.714479  4696 consensus_queue.cc:260] T fea99de6fcd4461ca588447c3a274cc7 P ec5b88dd5ff44fffaab4ec1a40ab2f9b [NON_LEADER]: Queue going to NON_LEADER mode. State: All replicated index: 0, Majority replicated index: 0, Committed index: 0, Last appended: 0.0, Last appended by leader: 0, Current term: 0, Majority size: -1, State: 0, Mode: NON_LEADER, active raft config: opid_index: -1 OBSOLETE_local: false peers { permanent_uuid: "0c2933a9337447bba87428aa8cdf401e" member_type: VOTER last_known_addr { host: "127.3.78.65" port: 39455 } } peers { permanent_uuid: "ec5b88dd5ff44fffaab4ec1a40ab2f9b" member_type: VOTER last_known_addr { host: "127.3.78.66" port: 43381 } } peers { permanent_uuid: "4173f32e569645839d335994206a1cd7" member_type: VOTER last_known_addr { host: "127.3.78.67" port: 46711 } }
I20260709 13:11:36.735392  4693 consensus_queue.cc:260] T b285f84b080746e4a11d88f96c34d167 P 0c2933a9337447bba87428aa8cdf401e [NON_LEADER]: Queue going to NON_LEADER mode. State: All replicated index: 0, Majority replicated index: 0, Committed index: 0, Last appended: 0.0, Last appended by leader: 0, Current term: 0, Majority size: -1, State: 0, Mode: NON_LEADER, active raft config: opid_index: -1 OBSOLETE_local: false peers { permanent_uuid: "0c2933a9337447bba87428aa8cdf401e" member_type: VOTER last_known_addr { host: "127.3.78.65" port: 39455 } } peers { permanent_uuid: "ec5b88dd5ff44fffaab4ec1a40ab2f9b" member_type: VOTER last_known_addr { host: "127.3.78.66" port: 43381 } } peers { permanent_uuid: "4173f32e569645839d335994206a1cd7" member_type: VOTER last_known_addr { host: "127.3.78.67" port: 46711 } }
I20260709 13:11:36.736915  4642 data_dirs.cc:400] Could only allocate 1 dirs of requested 3 for tablet 4989f2f900af409090a169c2e0132a57. 1 dirs total, 0 dirs full, 0 dirs failed
I20260709 13:11:36.737468  4693 ts_tablet_manager.cc:1434] T b285f84b080746e4a11d88f96c34d167 P 0c2933a9337447bba87428aa8cdf401e: Time spent starting tablet: real 0.077s	user 0.006s	sys 0.002s
I20260709 13:11:36.740084  4654 raft_consensus.cc:2468] T 53358a1d5a584792b1e45b16101e90e8 P 4173f32e569645839d335994206a1cd7 [term 1 FOLLOWER]: Leader election vote request: Granting yes vote for candidate 0c2933a9337447bba87428aa8cdf401e in term 1.
I20260709 13:11:36.707969  4694 tablet_bootstrap.cc:654] T 298900d725ec44768e92ebd7fe49c331 P 4173f32e569645839d335994206a1cd7: Neither blocks nor log segments found. Creating new log.
W20260709 13:11:36.741925  4468 leader_election.cc:343] T 53358a1d5a584792b1e45b16101e90e8 P 0c2933a9337447bba87428aa8cdf401e [CANDIDATE]: Term 1 election: Tablet error from VoteRequest() call to peer ec5b88dd5ff44fffaab4ec1a40ab2f9b (127.3.78.66:43381): Illegal state: must be running to vote when last-logged opid is not known
I20260709 13:11:36.742717  4468 leader_election.cc:304] T 53358a1d5a584792b1e45b16101e90e8 P 0c2933a9337447bba87428aa8cdf401e [CANDIDATE]: Term 1 election: Election decided. Result: candidate won. Election summary: received 3 responses out of 3 voters: 2 yes votes; 1 no votes. yes voters: 0c2933a9337447bba87428aa8cdf401e, 4173f32e569645839d335994206a1cd7; no voters: ec5b88dd5ff44fffaab4ec1a40ab2f9b
I20260709 13:11:36.744627  4639 data_dirs.cc:400] Could only allocate 1 dirs of requested 3 for tablet 7aae521092674b01a7538e4c0a51e929. 1 dirs total, 0 dirs full, 0 dirs failed
I20260709 13:11:36.746053  4635 data_dirs.cc:400] Could only allocate 1 dirs of requested 3 for tablet 1a1d0dc660d546519eed8c4fbb8299fb. 1 dirs total, 0 dirs full, 0 dirs failed
I20260709 13:11:36.751261  4638 tablet_service.cc:1511] Processing CreateTablet for tablet fdc4ad863fba46a285f4e5973f7d868c (DEFAULT_TABLE table=test-workload [id=7641ee6694874a97a92d65b8fe55f142]), partition=RANGE (key) PARTITION 1273930945 <= VALUES < 1310328972
I20260709 13:11:36.752475  4638 data_dirs.cc:400] Could only allocate 1 dirs of requested 3 for tablet fdc4ad863fba46a285f4e5973f7d868c. 1 dirs total, 0 dirs full, 0 dirs failed
I20260709 13:11:36.752943  4490 tablet_service.cc:1511] Processing CreateTablet for tablet 42df0436e7784b0ba373a483b1faddcf (DEFAULT_TABLE table=test-workload [id=7641ee6694874a97a92d65b8fe55f142]), partition=RANGE (key) PARTITION 1455921080 <= VALUES < 1492319107
I20260709 13:11:36.754899  4696 ts_tablet_manager.cc:1434] T fea99de6fcd4461ca588447c3a274cc7 P ec5b88dd5ff44fffaab4ec1a40ab2f9b: Time spent starting tablet: real 0.076s	user 0.010s	sys 0.021s
I20260709 13:11:36.755589  4605 heartbeater.cc:499] Master 127.3.78.126:36835 was elected leader, sending a full tablet report...
I20260709 13:11:36.758908  4637 tablet_service.cc:1511] Processing CreateTablet for tablet 1eede4d1608548cda563e70c4919248b (DEFAULT_TABLE table=test-workload [id=7641ee6694874a97a92d65b8fe55f142]), partition=RANGE (key) PARTITION 1310328972 <= VALUES < 1346726999
I20260709 13:11:36.760087  4637 data_dirs.cc:400] Could only allocate 1 dirs of requested 3 for tablet 1eede4d1608548cda563e70c4919248b. 1 dirs total, 0 dirs full, 0 dirs failed
I20260709 13:11:36.760850  4565 tablet_service.cc:1511] Processing CreateTablet for tablet 1a1d0dc660d546519eed8c4fbb8299fb (DEFAULT_TABLE table=test-workload [id=7641ee6694874a97a92d65b8fe55f142]), partition=RANGE (key) PARTITION 1164736864 <= VALUES < 1201134891
I20260709 13:11:36.743518  4699 raft_consensus.cc:2804] T 53358a1d5a584792b1e45b16101e90e8 P 0c2933a9337447bba87428aa8cdf401e [term 1 FOLLOWER]: Leader election won for term 1
I20260709 13:11:36.767396  4699 raft_consensus.cc:697] T 53358a1d5a584792b1e45b16101e90e8 P 0c2933a9337447bba87428aa8cdf401e [term 1 LEADER]: Becoming Leader. State: Replica: 0c2933a9337447bba87428aa8cdf401e, State: Running, Role: LEADER
I20260709 13:11:36.768157  4699 consensus_queue.cc:237] T 53358a1d5a584792b1e45b16101e90e8 P 0c2933a9337447bba87428aa8cdf401e [LEADER]: Queue going to LEADER mode. State: All replicated index: 0, Majority replicated index: 0, Committed index: 0, Last appended: 0.0, Last appended by leader: 0, Current term: 1, Majority size: 2, State: 0, Mode: LEADER, active raft config: opid_index: -1 OBSOLETE_local: false peers { permanent_uuid: "0c2933a9337447bba87428aa8cdf401e" member_type: VOTER last_known_addr { host: "127.3.78.65" port: 39455 } } peers { permanent_uuid: "4173f32e569645839d335994206a1cd7" member_type: VOTER last_known_addr { host: "127.3.78.67" port: 46711 } } peers { permanent_uuid: "ec5b88dd5ff44fffaab4ec1a40ab2f9b" member_type: VOTER last_known_addr { host: "127.3.78.66" port: 43381 } }
I20260709 13:11:36.714763  4562 tablet_service.cc:1511] Processing CreateTablet for tablet 2e6ef054c9d44c40b1f3710611c15cec (DEFAULT_TABLE table=test-workload [id=7641ee6694874a97a92d65b8fe55f142]), partition=RANGE (key) PARTITION 1091940810 <= VALUES < 1128338837
I20260709 13:11:36.770817  4562 data_dirs.cc:400] Could only allocate 1 dirs of requested 3 for tablet 2e6ef054c9d44c40b1f3710611c15cec. 1 dirs total, 0 dirs full, 0 dirs failed
I20260709 13:11:36.771449  4644 tablet_service.cc:1511] Processing CreateTablet for tablet dfdf81ab8e654b219904005ae4e93bfc (DEFAULT_TABLE table=test-workload [id=7641ee6694874a97a92d65b8fe55f142]), partition=RANGE (key) PARTITION 1346726999 <= VALUES < 1383125026
I20260709 13:11:36.772601  4644 data_dirs.cc:400] Could only allocate 1 dirs of requested 3 for tablet dfdf81ab8e654b219904005ae4e93bfc. 1 dirs total, 0 dirs full, 0 dirs failed
I20260709 13:11:36.774294  4696 tablet_bootstrap.cc:492] T b285f84b080746e4a11d88f96c34d167 P ec5b88dd5ff44fffaab4ec1a40ab2f9b: Bootstrap starting.
I20260709 13:11:36.781885  4636 data_dirs.cc:400] Could only allocate 1 dirs of requested 3 for tablet 71348efca4424a69879cb35f9d6b8e03. 1 dirs total, 0 dirs full, 0 dirs failed
I20260709 13:11:36.782933  4640 tablet_service.cc:1511] Processing CreateTablet for tablet d370b45cf41a4a0e8bf4bcd4cc3c3c28 (DEFAULT_TABLE table=test-workload [id=7641ee6694874a97a92d65b8fe55f142]), partition=RANGE (key) PARTITION 1383125026 <= VALUES < 1419523053
I20260709 13:11:36.784094  4640 data_dirs.cc:400] Could only allocate 1 dirs of requested 3 for tablet d370b45cf41a4a0e8bf4bcd4cc3c3c28. 1 dirs total, 0 dirs full, 0 dirs failed
I20260709 13:11:36.784912  4641 tablet_service.cc:1511] Processing CreateTablet for tablet 339bf2f5c16e428dabe1d18220a43a81 (DEFAULT_TABLE table=test-workload [id=7641ee6694874a97a92d65b8fe55f142]), partition=RANGE (key) PARTITION 1419523053 <= VALUES < 1455921080
I20260709 13:11:36.786480  4490 data_dirs.cc:400] Could only allocate 1 dirs of requested 3 for tablet 42df0436e7784b0ba373a483b1faddcf. 1 dirs total, 0 dirs full, 0 dirs failed
I20260709 13:11:36.788112  4696 tablet_bootstrap.cc:654] T b285f84b080746e4a11d88f96c34d167 P ec5b88dd5ff44fffaab4ec1a40ab2f9b: Neither blocks nor log segments found. Creating new log.
I20260709 13:11:36.793826  4565 data_dirs.cc:400] Could only allocate 1 dirs of requested 3 for tablet 1a1d0dc660d546519eed8c4fbb8299fb. 1 dirs total, 0 dirs full, 0 dirs failed
I20260709 13:11:36.788221  4641 data_dirs.cc:400] Could only allocate 1 dirs of requested 3 for tablet 339bf2f5c16e428dabe1d18220a43a81. 1 dirs total, 0 dirs full, 0 dirs failed
I20260709 13:11:36.777309  4568 tablet_service.cc:1511] Processing CreateTablet for tablet 7aae521092674b01a7538e4c0a51e929 (DEFAULT_TABLE table=test-workload [id=7641ee6694874a97a92d65b8fe55f142]), partition=RANGE (key) PARTITION 1128338837 <= VALUES < 1164736864
I20260709 13:11:36.796912  4563 tablet_service.cc:1511] Processing CreateTablet for tablet 71348efca4424a69879cb35f9d6b8e03 (DEFAULT_TABLE table=test-workload [id=7641ee6694874a97a92d65b8fe55f142]), partition=RANGE (key) PARTITION 1201134891 <= VALUES < 1237532918
I20260709 13:11:36.801718  4561 tablet_service.cc:1511] Processing CreateTablet for tablet 4989f2f900af409090a169c2e0132a57 (DEFAULT_TABLE table=test-workload [id=7641ee6694874a97a92d65b8fe55f142]), partition=RANGE (key) PARTITION 1237532918 <= VALUES < 1273930945
I20260709 13:11:36.810355  4693 tablet_bootstrap.cc:492] T 7811e73fac1547ebbe7691171c6fd74f P 0c2933a9337447bba87428aa8cdf401e: Bootstrap starting.
I20260709 13:11:36.810662  4568 data_dirs.cc:400] Could only allocate 1 dirs of requested 3 for tablet 7aae521092674b01a7538e4c0a51e929. 1 dirs total, 0 dirs full, 0 dirs failed
I20260709 13:11:36.818042  4563 data_dirs.cc:400] Could only allocate 1 dirs of requested 3 for tablet 71348efca4424a69879cb35f9d6b8e03. 1 dirs total, 0 dirs full, 0 dirs failed
I20260709 13:11:36.820050  4642 tablet_service.cc:1511] Processing CreateTablet for tablet 42df0436e7784b0ba373a483b1faddcf (DEFAULT_TABLE table=test-workload [id=7641ee6694874a97a92d65b8fe55f142]), partition=RANGE (key) PARTITION 1455921080 <= VALUES < 1492319107
I20260709 13:11:36.821233  4642 data_dirs.cc:400] Could only allocate 1 dirs of requested 3 for tablet 42df0436e7784b0ba373a483b1faddcf. 1 dirs total, 0 dirs full, 0 dirs failed
I20260709 13:11:36.822373  4561 data_dirs.cc:400] Could only allocate 1 dirs of requested 3 for tablet 4989f2f900af409090a169c2e0132a57. 1 dirs total, 0 dirs full, 0 dirs failed
I20260709 13:11:36.823504  4494 tablet_service.cc:1511] Processing CreateTablet for tablet 339bf2f5c16e428dabe1d18220a43a81 (DEFAULT_TABLE table=test-workload [id=7641ee6694874a97a92d65b8fe55f142]), partition=RANGE (key) PARTITION 1419523053 <= VALUES < 1455921080
I20260709 13:11:36.824652  4494 data_dirs.cc:400] Could only allocate 1 dirs of requested 3 for tablet 339bf2f5c16e428dabe1d18220a43a81. 1 dirs total, 0 dirs full, 0 dirs failed
I20260709 13:11:36.824615  4488 tablet_service.cc:1511] Processing CreateTablet for tablet 0cc0911731964be988bead9f87104a56 (DEFAULT_TABLE table=test-workload [id=7641ee6694874a97a92d65b8fe55f142]), partition=RANGE (key) PARTITION 1492319107 <= VALUES < 1528717134
I20260709 13:11:36.829845  4488 data_dirs.cc:400] Could only allocate 1 dirs of requested 3 for tablet 0cc0911731964be988bead9f87104a56. 1 dirs total, 0 dirs full, 0 dirs failed
I20260709 13:11:36.837216  4639 tablet_service.cc:1511] Processing CreateTablet for tablet 0cc0911731964be988bead9f87104a56 (DEFAULT_TABLE table=test-workload [id=7641ee6694874a97a92d65b8fe55f142]), partition=RANGE (key) PARTITION 1492319107 <= VALUES < 1528717134
I20260709 13:11:36.838402  4639 data_dirs.cc:400] Could only allocate 1 dirs of requested 3 for tablet 0cc0911731964be988bead9f87104a56. 1 dirs total, 0 dirs full, 0 dirs failed
I20260709 13:11:36.839820  4495 tablet_service.cc:1511] Processing CreateTablet for tablet a4dcf422e23a48c29482de9dbd2ea880 (DEFAULT_TABLE table=test-workload [id=7641ee6694874a97a92d65b8fe55f142]), partition=RANGE (key) PARTITION 1528717134 <= VALUES < 1565115161
I20260709 13:11:36.841001  4495 data_dirs.cc:400] Could only allocate 1 dirs of requested 3 for tablet a4dcf422e23a48c29482de9dbd2ea880. 1 dirs total, 0 dirs full, 0 dirs failed
I20260709 13:11:36.841699  4566 tablet_service.cc:1511] Processing CreateTablet for tablet fdc4ad863fba46a285f4e5973f7d868c (DEFAULT_TABLE table=test-workload [id=7641ee6694874a97a92d65b8fe55f142]), partition=RANGE (key) PARTITION 1273930945 <= VALUES < 1310328972
I20260709 13:11:36.843084  4566 data_dirs.cc:400] Could only allocate 1 dirs of requested 3 for tablet fdc4ad863fba46a285f4e5973f7d868c. 1 dirs total, 0 dirs full, 0 dirs failed
I20260709 13:11:36.846796  4564 tablet_service.cc:1511] Processing CreateTablet for tablet dfdf81ab8e654b219904005ae4e93bfc (DEFAULT_TABLE table=test-workload [id=7641ee6694874a97a92d65b8fe55f142]), partition=RANGE (key) PARTITION 1346726999 <= VALUES < 1383125026
I20260709 13:11:36.847991  4564 data_dirs.cc:400] Could only allocate 1 dirs of requested 3 for tablet dfdf81ab8e654b219904005ae4e93bfc. 1 dirs total, 0 dirs full, 0 dirs failed
I20260709 13:11:36.845728  4567 tablet_service.cc:1511] Processing CreateTablet for tablet 1eede4d1608548cda563e70c4919248b (DEFAULT_TABLE table=test-workload [id=7641ee6694874a97a92d65b8fe55f142]), partition=RANGE (key) PARTITION 1310328972 <= VALUES < 1346726999
I20260709 13:11:36.852600  4567 data_dirs.cc:400] Could only allocate 1 dirs of requested 3 for tablet 1eede4d1608548cda563e70c4919248b. 1 dirs total, 0 dirs full, 0 dirs failed
I20260709 13:11:36.859109  4694 tablet_bootstrap.cc:492] T 298900d725ec44768e92ebd7fe49c331 P 4173f32e569645839d335994206a1cd7: No bootstrap required, opened a new log
I20260709 13:11:36.859587  4694 ts_tablet_manager.cc:1403] T 298900d725ec44768e92ebd7fe49c331 P 4173f32e569645839d335994206a1cd7: Time spent bootstrapping tablet: real 0.186s	user 0.011s	sys 0.000s
I20260709 13:11:36.860379  4693 tablet_bootstrap.cc:654] T 7811e73fac1547ebbe7691171c6fd74f P 0c2933a9337447bba87428aa8cdf401e: Neither blocks nor log segments found. Creating new log.
I20260709 13:11:36.861258  4570 tablet_service.cc:1511] Processing CreateTablet for tablet d370b45cf41a4a0e8bf4bcd4cc3c3c28 (DEFAULT_TABLE table=test-workload [id=7641ee6694874a97a92d65b8fe55f142]), partition=RANGE (key) PARTITION 1383125026 <= VALUES < 1419523053
I20260709 13:11:36.862668  4635 tablet_service.cc:1511] Processing CreateTablet for tablet a4dcf422e23a48c29482de9dbd2ea880 (DEFAULT_TABLE table=test-workload [id=7641ee6694874a97a92d65b8fe55f142]), partition=RANGE (key) PARTITION 1528717134 <= VALUES < 1565115161
I20260709 13:11:36.866714  4635 data_dirs.cc:400] Could only allocate 1 dirs of requested 3 for tablet a4dcf422e23a48c29482de9dbd2ea880. 1 dirs total, 0 dirs full, 0 dirs failed
I20260709 13:11:36.865345  4492 tablet_service.cc:1511] Processing CreateTablet for tablet 578bea42aa15454ca30c25fa4db1abe6 (DEFAULT_TABLE table=test-workload [id=7641ee6694874a97a92d65b8fe55f142]), partition=RANGE (key) PARTITION 1565115161 <= VALUES < 1601513188
I20260709 13:11:36.867636  4492 data_dirs.cc:400] Could only allocate 1 dirs of requested 3 for tablet 578bea42aa15454ca30c25fa4db1abe6. 1 dirs total, 0 dirs full, 0 dirs failed
I20260709 13:11:36.877874  4403 catalog_manager.cc:5697] T 53358a1d5a584792b1e45b16101e90e8 P 0c2933a9337447bba87428aa8cdf401e reported cstate change: term changed from 0 to 1, leader changed from <none> to 0c2933a9337447bba87428aa8cdf401e (127.3.78.65). New cstate: current_term: 1 leader_uuid: "0c2933a9337447bba87428aa8cdf401e" committed_config { opid_index: -1 OBSOLETE_local: false peers { permanent_uuid: "0c2933a9337447bba87428aa8cdf401e" member_type: VOTER last_known_addr { host: "127.3.78.65" port: 39455 } health_report { overall_health: HEALTHY } } peers { permanent_uuid: "4173f32e569645839d335994206a1cd7" member_type: VOTER last_known_addr { host: "127.3.78.67" port: 46711 } health_report { overall_health: UNKNOWN } } peers { permanent_uuid: "ec5b88dd5ff44fffaab4ec1a40ab2f9b" member_type: VOTER last_known_addr { host: "127.3.78.66" port: 43381 } health_report { overall_health: UNKNOWN } } }
I20260709 13:11:36.885586  4696 tablet_bootstrap.cc:492] T b285f84b080746e4a11d88f96c34d167 P ec5b88dd5ff44fffaab4ec1a40ab2f9b: No bootstrap required, opened a new log
I20260709 13:11:36.886153  4696 ts_tablet_manager.cc:1403] T b285f84b080746e4a11d88f96c34d167 P ec5b88dd5ff44fffaab4ec1a40ab2f9b: Time spent bootstrapping tablet: real 0.112s	user 0.011s	sys 0.000s
I20260709 13:11:36.889016  4696 raft_consensus.cc:359] T b285f84b080746e4a11d88f96c34d167 P ec5b88dd5ff44fffaab4ec1a40ab2f9b [term 0 FOLLOWER]: Replica starting. Triggering 0 pending ops. Active config: opid_index: -1 OBSOLETE_local: false peers { permanent_uuid: "0c2933a9337447bba87428aa8cdf401e" member_type: VOTER last_known_addr { host: "127.3.78.65" port: 39455 } } peers { permanent_uuid: "ec5b88dd5ff44fffaab4ec1a40ab2f9b" member_type: VOTER last_known_addr { host: "127.3.78.66" port: 43381 } } peers { permanent_uuid: "4173f32e569645839d335994206a1cd7" member_type: VOTER last_known_addr { host: "127.3.78.67" port: 46711 } }
I20260709 13:11:36.899416  4569 tablet_service.cc:1511] Processing CreateTablet for tablet 339bf2f5c16e428dabe1d18220a43a81 (DEFAULT_TABLE table=test-workload [id=7641ee6694874a97a92d65b8fe55f142]), partition=RANGE (key) PARTITION 1419523053 <= VALUES < 1455921080
I20260709 13:11:36.900671  4569 data_dirs.cc:400] Could only allocate 1 dirs of requested 3 for tablet 339bf2f5c16e428dabe1d18220a43a81. 1 dirs total, 0 dirs full, 0 dirs failed
I20260709 13:11:36.904042  4565 tablet_service.cc:1511] Processing CreateTablet for tablet 42df0436e7784b0ba373a483b1faddcf (DEFAULT_TABLE table=test-workload [id=7641ee6694874a97a92d65b8fe55f142]), partition=RANGE (key) PARTITION 1455921080 <= VALUES < 1492319107
I20260709 13:11:36.905244  4565 data_dirs.cc:400] Could only allocate 1 dirs of requested 3 for tablet 42df0436e7784b0ba373a483b1faddcf. 1 dirs total, 0 dirs full, 0 dirs failed
I20260709 13:11:36.863008  4694 raft_consensus.cc:359] T 298900d725ec44768e92ebd7fe49c331 P 4173f32e569645839d335994206a1cd7 [term 0 FOLLOWER]: Replica starting. Triggering 0 pending ops. Active config: opid_index: -1 OBSOLETE_local: false peers { permanent_uuid: "0c2933a9337447bba87428aa8cdf401e" member_type: VOTER last_known_addr { host: "127.3.78.65" port: 39455 } } peers { permanent_uuid: "ec5b88dd5ff44fffaab4ec1a40ab2f9b" member_type: VOTER last_known_addr { host: "127.3.78.66" port: 43381 } } peers { permanent_uuid: "4173f32e569645839d335994206a1cd7" member_type: VOTER last_known_addr { host: "127.3.78.67" port: 46711 } }
I20260709 13:11:36.906487  4694 raft_consensus.cc:385] T 298900d725ec44768e92ebd7fe49c331 P 4173f32e569645839d335994206a1cd7 [term 0 FOLLOWER]: Consensus starting up: Expiring failure detector timer to make a prompt election more likely
I20260709 13:11:36.906810  4694 raft_consensus.cc:740] T 298900d725ec44768e92ebd7fe49c331 P 4173f32e569645839d335994206a1cd7 [term 0 FOLLOWER]: Becoming Follower/Learner. State: Replica: 4173f32e569645839d335994206a1cd7, State: Initialized, Role: FOLLOWER
I20260709 13:11:36.907558  4694 consensus_queue.cc:260] T 298900d725ec44768e92ebd7fe49c331 P 4173f32e569645839d335994206a1cd7 [NON_LEADER]: Queue going to NON_LEADER mode. State: All replicated index: 0, Majority replicated index: 0, Committed index: 0, Last appended: 0.0, Last appended by leader: 0, Current term: 0, Majority size: -1, State: 0, Mode: NON_LEADER, active raft config: opid_index: -1 OBSOLETE_local: false peers { permanent_uuid: "0c2933a9337447bba87428aa8cdf401e" member_type: VOTER last_known_addr { host: "127.3.78.65" port: 39455 } } peers { permanent_uuid: "ec5b88dd5ff44fffaab4ec1a40ab2f9b" member_type: VOTER last_known_addr { host: "127.3.78.66" port: 43381 } } peers { permanent_uuid: "4173f32e569645839d335994206a1cd7" member_type: VOTER last_known_addr { host: "127.3.78.67" port: 46711 } }
I20260709 13:11:36.910259  4570 data_dirs.cc:400] Could only allocate 1 dirs of requested 3 for tablet d370b45cf41a4a0e8bf4bcd4cc3c3c28. 1 dirs total, 0 dirs full, 0 dirs failed
I20260709 13:11:36.909698  4694 ts_tablet_manager.cc:1434] T 298900d725ec44768e92ebd7fe49c331 P 4173f32e569645839d335994206a1cd7: Time spent starting tablet: real 0.050s	user 0.005s	sys 0.000s
I20260709 13:11:36.909765  4696 raft_consensus.cc:385] T b285f84b080746e4a11d88f96c34d167 P ec5b88dd5ff44fffaab4ec1a40ab2f9b [term 0 FOLLOWER]: Consensus starting up: Expiring failure detector timer to make a prompt election more likely
I20260709 13:11:36.940140  4635 tablet_service.cc:1511] Processing CreateTablet for tablet 578bea42aa15454ca30c25fa4db1abe6 (DEFAULT_TABLE table=test-workload [id=7641ee6694874a97a92d65b8fe55f142]), partition=RANGE (key) PARTITION 1565115161 <= VALUES < 1601513188
I20260709 13:11:36.941563  4635 data_dirs.cc:400] Could only allocate 1 dirs of requested 3 for tablet 578bea42aa15454ca30c25fa4db1abe6. 1 dirs total, 0 dirs full, 0 dirs failed
I20260709 13:11:36.945041  4566 tablet_service.cc:1511] Processing CreateTablet for tablet 578bea42aa15454ca30c25fa4db1abe6 (DEFAULT_TABLE table=test-workload [id=7641ee6694874a97a92d65b8fe55f142]), partition=RANGE (key) PARTITION 1565115161 <= VALUES < 1601513188
I20260709 13:11:36.946254  4566 data_dirs.cc:400] Could only allocate 1 dirs of requested 3 for tablet 578bea42aa15454ca30c25fa4db1abe6. 1 dirs total, 0 dirs full, 0 dirs failed
I20260709 13:11:36.950572  4562 tablet_service.cc:1511] Processing CreateTablet for tablet a4dcf422e23a48c29482de9dbd2ea880 (DEFAULT_TABLE table=test-workload [id=7641ee6694874a97a92d65b8fe55f142]), partition=RANGE (key) PARTITION 1528717134 <= VALUES < 1565115161
I20260709 13:11:36.952090  4562 data_dirs.cc:400] Could only allocate 1 dirs of requested 3 for tablet a4dcf422e23a48c29482de9dbd2ea880. 1 dirs total, 0 dirs full, 0 dirs failed
I20260709 13:11:36.956266  4561 tablet_service.cc:1511] Processing CreateTablet for tablet 0cc0911731964be988bead9f87104a56 (DEFAULT_TABLE table=test-workload [id=7641ee6694874a97a92d65b8fe55f142]), partition=RANGE (key) PARTITION 1492319107 <= VALUES < 1528717134
I20260709 13:11:36.957592  4561 data_dirs.cc:400] Could only allocate 1 dirs of requested 3 for tablet 0cc0911731964be988bead9f87104a56. 1 dirs total, 0 dirs full, 0 dirs failed
I20260709 13:11:36.929066  4696 raft_consensus.cc:740] T b285f84b080746e4a11d88f96c34d167 P ec5b88dd5ff44fffaab4ec1a40ab2f9b [term 0 FOLLOWER]: Becoming Follower/Learner. State: Replica: ec5b88dd5ff44fffaab4ec1a40ab2f9b, State: Initialized, Role: FOLLOWER
I20260709 13:11:36.962669  4696 consensus_queue.cc:260] T b285f84b080746e4a11d88f96c34d167 P ec5b88dd5ff44fffaab4ec1a40ab2f9b [NON_LEADER]: Queue going to NON_LEADER mode. State: All replicated index: 0, Majority replicated index: 0, Committed index: 0, Last appended: 0.0, Last appended by leader: 0, Current term: 0, Majority size: -1, State: 0, Mode: NON_LEADER, active raft config: opid_index: -1 OBSOLETE_local: false peers { permanent_uuid: "0c2933a9337447bba87428aa8cdf401e" member_type: VOTER last_known_addr { host: "127.3.78.65" port: 39455 } } peers { permanent_uuid: "ec5b88dd5ff44fffaab4ec1a40ab2f9b" member_type: VOTER last_known_addr { host: "127.3.78.66" port: 43381 } } peers { permanent_uuid: "4173f32e569645839d335994206a1cd7" member_type: VOTER last_known_addr { host: "127.3.78.67" port: 46711 } }
I20260709 13:11:36.965099  4696 ts_tablet_manager.cc:1434] T b285f84b080746e4a11d88f96c34d167 P ec5b88dd5ff44fffaab4ec1a40ab2f9b: Time spent starting tablet: real 0.079s	user 0.006s	sys 0.002s
I20260709 13:11:36.966039  4696 tablet_bootstrap.cc:492] T 925da0995104441e8c5ce9232f51ae03 P ec5b88dd5ff44fffaab4ec1a40ab2f9b: Bootstrap starting.
I20260709 13:11:36.991906  4693 tablet_bootstrap.cc:492] T 7811e73fac1547ebbe7691171c6fd74f P 0c2933a9337447bba87428aa8cdf401e: No bootstrap required, opened a new log
I20260709 13:11:36.992465  4693 ts_tablet_manager.cc:1403] T 7811e73fac1547ebbe7691171c6fd74f P 0c2933a9337447bba87428aa8cdf401e: Time spent bootstrapping tablet: real 0.189s	user 0.058s	sys 0.041s
I20260709 13:11:36.995576  4693 raft_consensus.cc:359] T 7811e73fac1547ebbe7691171c6fd74f P 0c2933a9337447bba87428aa8cdf401e [term 0 FOLLOWER]: Replica starting. Triggering 0 pending ops. Active config: opid_index: -1 OBSOLETE_local: false peers { permanent_uuid: "0c2933a9337447bba87428aa8cdf401e" member_type: VOTER last_known_addr { host: "127.3.78.65" port: 39455 } } peers { permanent_uuid: "ec5b88dd5ff44fffaab4ec1a40ab2f9b" member_type: VOTER last_known_addr { host: "127.3.78.66" port: 43381 } } peers { permanent_uuid: "4173f32e569645839d335994206a1cd7" member_type: VOTER last_known_addr { host: "127.3.78.67" port: 46711 } }
I20260709 13:11:36.996403  4693 raft_consensus.cc:385] T 7811e73fac1547ebbe7691171c6fd74f P 0c2933a9337447bba87428aa8cdf401e [term 0 FOLLOWER]: Consensus starting up: Expiring failure detector timer to make a prompt election more likely
I20260709 13:11:36.996699  4693 raft_consensus.cc:740] T 7811e73fac1547ebbe7691171c6fd74f P 0c2933a9337447bba87428aa8cdf401e [term 0 FOLLOWER]: Becoming Follower/Learner. State: Replica: 0c2933a9337447bba87428aa8cdf401e, State: Initialized, Role: FOLLOWER
I20260709 13:11:36.998669  4693 consensus_queue.cc:260] T 7811e73fac1547ebbe7691171c6fd74f P 0c2933a9337447bba87428aa8cdf401e [NON_LEADER]: Queue going to NON_LEADER mode. State: All replicated index: 0, Majority replicated index: 0, Committed index: 0, Last appended: 0.0, Last appended by leader: 0, Current term: 0, Majority size: -1, State: 0, Mode: NON_LEADER, active raft config: opid_index: -1 OBSOLETE_local: false peers { permanent_uuid: "0c2933a9337447bba87428aa8cdf401e" member_type: VOTER last_known_addr { host: "127.3.78.65" port: 39455 } } peers { permanent_uuid: "ec5b88dd5ff44fffaab4ec1a40ab2f9b" member_type: VOTER last_known_addr { host: "127.3.78.66" port: 43381 } } peers { permanent_uuid: "4173f32e569645839d335994206a1cd7" member_type: VOTER last_known_addr { host: "127.3.78.67" port: 46711 } }
I20260709 13:11:37.001058  4644 tablet_service.cc:1511] Processing CreateTablet for tablet 21ce67dd6d9b42a0966f6fee32899c10 (DEFAULT_TABLE table=test-workload [id=7641ee6694874a97a92d65b8fe55f142]), partition=RANGE (key) PARTITION 1601513188 <= VALUES < 1637911215
I20260709 13:11:37.002302  4644 data_dirs.cc:400] Could only allocate 1 dirs of requested 3 for tablet 21ce67dd6d9b42a0966f6fee32899c10. 1 dirs total, 0 dirs full, 0 dirs failed
I20260709 13:11:37.002972  4488 tablet_service.cc:1511] Processing CreateTablet for tablet 57a2e68a6961450c97163692ca80b274 (DEFAULT_TABLE table=test-workload [id=7641ee6694874a97a92d65b8fe55f142]), partition=RANGE (key) PARTITION 1674309242 <= VALUES < 1710707269
I20260709 13:11:37.003427  4567 tablet_service.cc:1511] Processing CreateTablet for tablet 21ce67dd6d9b42a0966f6fee32899c10 (DEFAULT_TABLE table=test-workload [id=7641ee6694874a97a92d65b8fe55f142]), partition=RANGE (key) PARTITION 1601513188 <= VALUES < 1637911215
I20260709 13:11:37.004083  4694 tablet_bootstrap.cc:492] T 925da0995104441e8c5ce9232f51ae03 P 4173f32e569645839d335994206a1cd7: Bootstrap starting.
I20260709 13:11:37.004154  4488 data_dirs.cc:400] Could only allocate 1 dirs of requested 3 for tablet 57a2e68a6961450c97163692ca80b274. 1 dirs total, 0 dirs full, 0 dirs failed
I20260709 13:11:37.005697  4640 tablet_service.cc:1511] Processing CreateTablet for tablet 2af803c2697049fe8a37719cf7393144 (DEFAULT_TABLE table=test-workload [id=7641ee6694874a97a92d65b8fe55f142]), partition=RANGE (key) PARTITION 1637911215 <= VALUES < 1674309242
I20260709 13:11:37.006880  4640 data_dirs.cc:400] Could only allocate 1 dirs of requested 3 for tablet 2af803c2697049fe8a37719cf7393144. 1 dirs total, 0 dirs full, 0 dirs failed
I20260709 13:11:37.007259  4569 tablet_service.cc:1511] Processing CreateTablet for tablet 57a2e68a6961450c97163692ca80b274 (DEFAULT_TABLE table=test-workload [id=7641ee6694874a97a92d65b8fe55f142]), partition=RANGE (key) PARTITION 1674309242 <= VALUES < 1710707269
I20260709 13:11:36.999579  4494 tablet_service.cc:1511] Processing CreateTablet for tablet 21ce67dd6d9b42a0966f6fee32899c10 (DEFAULT_TABLE table=test-workload [id=7641ee6694874a97a92d65b8fe55f142]), partition=RANGE (key) PARTITION 1601513188 <= VALUES < 1637911215
I20260709 13:11:37.006958  4696 tablet_bootstrap.cc:654] T 925da0995104441e8c5ce9232f51ae03 P ec5b88dd5ff44fffaab4ec1a40ab2f9b: Neither blocks nor log segments found. Creating new log.
I20260709 13:11:36.999634  4492 tablet_service.cc:1511] Processing CreateTablet for tablet 2af803c2697049fe8a37719cf7393144 (DEFAULT_TABLE table=test-workload [id=7641ee6694874a97a92d65b8fe55f142]), partition=RANGE (key) PARTITION 1637911215 <= VALUES < 1674309242
I20260709 13:11:37.010183  4570 tablet_service.cc:1511] Processing CreateTablet for tablet 2af803c2697049fe8a37719cf7393144 (DEFAULT_TABLE table=test-workload [id=7641ee6694874a97a92d65b8fe55f142]), partition=RANGE (key) PARTITION 1637911215 <= VALUES < 1674309242
I20260709 13:11:37.012041  4693 ts_tablet_manager.cc:1434] T 7811e73fac1547ebbe7691171c6fd74f P 0c2933a9337447bba87428aa8cdf401e: Time spent starting tablet: real 0.019s	user 0.006s	sys 0.001s
I20260709 13:11:37.012974  4693 tablet_bootstrap.cc:492] T e7094114e0384518b2586c14681567f9 P 0c2933a9337447bba87428aa8cdf401e: Bootstrap starting.
I20260709 13:11:37.016162  4495 tablet_service.cc:1511] Processing CreateTablet for tablet 6d2977c9922640b29af2d9b1b50a3255 (DEFAULT_TABLE table=test-workload [id=7641ee6694874a97a92d65b8fe55f142]), partition=RANGE (key) PARTITION 1710707269 <= VALUES < 1747105296
I20260709 13:11:37.004839  4567 data_dirs.cc:400] Could only allocate 1 dirs of requested 3 for tablet 21ce67dd6d9b42a0966f6fee32899c10. 1 dirs total, 0 dirs full, 0 dirs failed
I20260709 13:11:37.017534  4568 tablet_service.cc:1511] Processing CreateTablet for tablet 6d2977c9922640b29af2d9b1b50a3255 (DEFAULT_TABLE table=test-workload [id=7641ee6694874a97a92d65b8fe55f142]), partition=RANGE (key) PARTITION 1710707269 <= VALUES < 1747105296
I20260709 13:11:37.018718  4568 data_dirs.cc:400] Could only allocate 1 dirs of requested 3 for tablet 6d2977c9922640b29af2d9b1b50a3255. 1 dirs total, 0 dirs full, 0 dirs failed
I20260709 13:11:37.017216  4492 data_dirs.cc:400] Could only allocate 1 dirs of requested 3 for tablet 2af803c2697049fe8a37719cf7393144. 1 dirs total, 0 dirs full, 0 dirs failed
I20260709 13:11:37.020757  4495 data_dirs.cc:400] Could only allocate 1 dirs of requested 3 for tablet 6d2977c9922640b29af2d9b1b50a3255. 1 dirs total, 0 dirs full, 0 dirs failed
I20260709 13:11:37.021538  4569 data_dirs.cc:400] Could only allocate 1 dirs of requested 3 for tablet 57a2e68a6961450c97163692ca80b274. 1 dirs total, 0 dirs full, 0 dirs failed
I20260709 13:11:37.026495  4642 tablet_service.cc:1511] Processing CreateTablet for tablet 57a2e68a6961450c97163692ca80b274 (DEFAULT_TABLE table=test-workload [id=7641ee6694874a97a92d65b8fe55f142]), partition=RANGE (key) PARTITION 1674309242 <= VALUES < 1710707269
I20260709 13:11:37.031235  4570 data_dirs.cc:400] Could only allocate 1 dirs of requested 3 for tablet 2af803c2697049fe8a37719cf7393144. 1 dirs total, 0 dirs full, 0 dirs failed
I20260709 13:11:37.037873  4494 data_dirs.cc:400] Could only allocate 1 dirs of requested 3 for tablet 21ce67dd6d9b42a0966f6fee32899c10. 1 dirs total, 0 dirs full, 0 dirs failed
I20260709 13:11:37.038859  4490 tablet_service.cc:1511] Processing CreateTablet for tablet fff80e1d7b71461689acb937897475f5 (DEFAULT_TABLE table=test-workload [id=7641ee6694874a97a92d65b8fe55f142]), partition=RANGE (key) PARTITION 1747105296 <= VALUES < 1783503323
I20260709 13:11:37.040032  4490 data_dirs.cc:400] Could only allocate 1 dirs of requested 3 for tablet fff80e1d7b71461689acb937897475f5. 1 dirs total, 0 dirs full, 0 dirs failed
I20260709 13:11:37.041906  4642 data_dirs.cc:400] Could only allocate 1 dirs of requested 3 for tablet 57a2e68a6961450c97163692ca80b274. 1 dirs total, 0 dirs full, 0 dirs failed
I20260709 13:11:37.042484  4635 tablet_service.cc:1511] Processing CreateTablet for tablet fff80e1d7b71461689acb937897475f5 (DEFAULT_TABLE table=test-workload [id=7641ee6694874a97a92d65b8fe55f142]), partition=RANGE (key) PARTITION 1747105296 <= VALUES < 1783503323
I20260709 13:11:37.043653  4635 data_dirs.cc:400] Could only allocate 1 dirs of requested 3 for tablet fff80e1d7b71461689acb937897475f5. 1 dirs total, 0 dirs full, 0 dirs failed
I20260709 13:11:37.046092  4699 raft_consensus.cc:493] T b285f84b080746e4a11d88f96c34d167 P 0c2933a9337447bba87428aa8cdf401e [term 0 FOLLOWER]: Starting pre-election (no leader contacted us within the election timeout)
I20260709 13:11:37.046250  4701 raft_consensus.cc:493] T 298900d725ec44768e92ebd7fe49c331 P 4173f32e569645839d335994206a1cd7 [term 0 FOLLOWER]: Starting pre-election (no leader contacted us within the election timeout)
I20260709 13:11:37.046568  4699 raft_consensus.cc:515] T b285f84b080746e4a11d88f96c34d167 P 0c2933a9337447bba87428aa8cdf401e [term 0 FOLLOWER]: Starting pre-election with config: opid_index: -1 OBSOLETE_local: false peers { permanent_uuid: "0c2933a9337447bba87428aa8cdf401e" member_type: VOTER last_known_addr { host: "127.3.78.65" port: 39455 } } peers { permanent_uuid: "ec5b88dd5ff44fffaab4ec1a40ab2f9b" member_type: VOTER last_known_addr { host: "127.3.78.66" port: 43381 } } peers { permanent_uuid: "4173f32e569645839d335994206a1cd7" member_type: VOTER last_known_addr { host: "127.3.78.67" port: 46711 } }
I20260709 13:11:37.046731  4701 raft_consensus.cc:515] T 298900d725ec44768e92ebd7fe49c331 P 4173f32e569645839d335994206a1cd7 [term 0 FOLLOWER]: Starting pre-election with config: opid_index: -1 OBSOLETE_local: false peers { permanent_uuid: "0c2933a9337447bba87428aa8cdf401e" member_type: VOTER last_known_addr { host: "127.3.78.65" port: 39455 } } peers { permanent_uuid: "ec5b88dd5ff44fffaab4ec1a40ab2f9b" member_type: VOTER last_known_addr { host: "127.3.78.66" port: 43381 } } peers { permanent_uuid: "4173f32e569645839d335994206a1cd7" member_type: VOTER last_known_addr { host: "127.3.78.67" port: 46711 } }
I20260709 13:11:37.048535  4699 leader_election.cc:290] T b285f84b080746e4a11d88f96c34d167 P 0c2933a9337447bba87428aa8cdf401e [CANDIDATE]: Term 1 pre-election: Requested pre-vote from peers ec5b88dd5ff44fffaab4ec1a40ab2f9b (127.3.78.66:43381), 4173f32e569645839d335994206a1cd7 (127.3.78.67:46711)
I20260709 13:11:37.049171  4701 leader_election.cc:290] T 298900d725ec44768e92ebd7fe49c331 P 4173f32e569645839d335994206a1cd7 [CANDIDATE]: Term 1 pre-election: Requested pre-vote from peers 0c2933a9337447bba87428aa8cdf401e (127.3.78.65:39455), ec5b88dd5ff44fffaab4ec1a40ab2f9b (127.3.78.66:43381)
I20260709 13:11:37.060736  4580 tablet_service.cc:1917] Received RequestConsensusVote() RPC: tablet_id: "b285f84b080746e4a11d88f96c34d167" candidate_uuid: "0c2933a9337447bba87428aa8cdf401e" candidate_term: 1 candidate_status { last_received { term: 0 index: 0 } } ignore_live_leader: false dest_uuid: "ec5b88dd5ff44fffaab4ec1a40ab2f9b" is_pre_election: true
I20260709 13:11:37.061359  4580 raft_consensus.cc:2468] T b285f84b080746e4a11d88f96c34d167 P ec5b88dd5ff44fffaab4ec1a40ab2f9b [term 0 FOLLOWER]: Leader pre-election vote request: Granting yes vote for candidate 0c2933a9337447bba87428aa8cdf401e in term 0.
I20260709 13:11:37.062541  4468 leader_election.cc:304] T b285f84b080746e4a11d88f96c34d167 P 0c2933a9337447bba87428aa8cdf401e [CANDIDATE]: Term 1 pre-election: Election decided. Result: candidate won. Election summary: received 2 responses out of 3 voters: 2 yes votes; 0 no votes. yes voters: 0c2933a9337447bba87428aa8cdf401e, ec5b88dd5ff44fffaab4ec1a40ab2f9b; no voters: 
I20260709 13:11:37.063333  4699 raft_consensus.cc:2804] T b285f84b080746e4a11d88f96c34d167 P 0c2933a9337447bba87428aa8cdf401e [term 0 FOLLOWER]: Leader pre-election won for term 1
I20260709 13:11:37.063664  4699 raft_consensus.cc:493] T b285f84b080746e4a11d88f96c34d167 P 0c2933a9337447bba87428aa8cdf401e [term 0 FOLLOWER]: Starting leader election (no leader contacted us within the election timeout)
I20260709 13:11:37.063977  4699 raft_consensus.cc:3060] T b285f84b080746e4a11d88f96c34d167 P 0c2933a9337447bba87428aa8cdf401e [term 0 FOLLOWER]: Advancing to term 1
I20260709 13:11:37.072527  4694 tablet_bootstrap.cc:654] T 925da0995104441e8c5ce9232f51ae03 P 4173f32e569645839d335994206a1cd7: Neither blocks nor log segments found. Creating new log.
I20260709 13:11:37.074582  4492 tablet_service.cc:1511] Processing CreateTablet for tablet 064d01db68b74aea92f5f67242cc7342 (DEFAULT_TABLE table=test-workload [id=7641ee6694874a97a92d65b8fe55f142]), partition=RANGE (key) PARTITION 1783503323 <= VALUES < 1819901350
I20260709 13:11:37.075673  4492 data_dirs.cc:400] Could only allocate 1 dirs of requested 3 for tablet 064d01db68b74aea92f5f67242cc7342. 1 dirs total, 0 dirs full, 0 dirs failed
I20260709 13:11:37.085150  4654 tablet_service.cc:1917] Received RequestConsensusVote() RPC: tablet_id: "b285f84b080746e4a11d88f96c34d167" candidate_uuid: "0c2933a9337447bba87428aa8cdf401e" candidate_term: 1 candidate_status { last_received { term: 0 index: 0 } } ignore_live_leader: false dest_uuid: "4173f32e569645839d335994206a1cd7" is_pre_election: true
I20260709 13:11:37.088582  4562 tablet_service.cc:1511] Processing CreateTablet for tablet 064d01db68b74aea92f5f67242cc7342 (DEFAULT_TABLE table=test-workload [id=7641ee6694874a97a92d65b8fe55f142]), partition=RANGE (key) PARTITION 1783503323 <= VALUES < 1819901350
I20260709 13:11:37.089814  4562 data_dirs.cc:400] Could only allocate 1 dirs of requested 3 for tablet 064d01db68b74aea92f5f67242cc7342. 1 dirs total, 0 dirs full, 0 dirs failed
I20260709 13:11:37.090224  4490 tablet_service.cc:1511] Processing CreateTablet for tablet bde6f65f3b9a4c35a9c44a041c6697e3 (DEFAULT_TABLE table=test-workload [id=7641ee6694874a97a92d65b8fe55f142]), partition=RANGE (key) PARTITION 1819901350 <= VALUES < 1856299377
I20260709 13:11:37.092078  4490 data_dirs.cc:400] Could only allocate 1 dirs of requested 3 for tablet bde6f65f3b9a4c35a9c44a041c6697e3. 1 dirs total, 0 dirs full, 0 dirs failed
I20260709 13:11:37.092226  4696 tablet_bootstrap.cc:492] T 925da0995104441e8c5ce9232f51ae03 P ec5b88dd5ff44fffaab4ec1a40ab2f9b: No bootstrap required, opened a new log
I20260709 13:11:37.092731  4696 ts_tablet_manager.cc:1403] T 925da0995104441e8c5ce9232f51ae03 P ec5b88dd5ff44fffaab4ec1a40ab2f9b: Time spent bootstrapping tablet: real 0.127s	user 0.008s	sys 0.018s
I20260709 13:11:37.092880  4565 tablet_service.cc:1511] Processing CreateTablet for tablet bde6f65f3b9a4c35a9c44a041c6697e3 (DEFAULT_TABLE table=test-workload [id=7641ee6694874a97a92d65b8fe55f142]), partition=RANGE (key) PARTITION 1819901350 <= VALUES < 1856299377
I20260709 13:11:37.094183  4565 data_dirs.cc:400] Could only allocate 1 dirs of requested 3 for tablet bde6f65f3b9a4c35a9c44a041c6697e3. 1 dirs total, 0 dirs full, 0 dirs failed
I20260709 13:11:37.094789  4698 raft_consensus.cc:493] T 7811e73fac1547ebbe7691171c6fd74f P 0c2933a9337447bba87428aa8cdf401e [term 0 FOLLOWER]: Starting pre-election (no leader contacted us within the election timeout)
I20260709 13:11:37.095223  4698 raft_consensus.cc:515] T 7811e73fac1547ebbe7691171c6fd74f P 0c2933a9337447bba87428aa8cdf401e [term 0 FOLLOWER]: Starting pre-election with config: opid_index: -1 OBSOLETE_local: false peers { permanent_uuid: "0c2933a9337447bba87428aa8cdf401e" member_type: VOTER last_known_addr { host: "127.3.78.65" port: 39455 } } peers { permanent_uuid: "ec5b88dd5ff44fffaab4ec1a40ab2f9b" member_type: VOTER last_known_addr { host: "127.3.78.66" port: 43381 } } peers { permanent_uuid: "4173f32e569645839d335994206a1cd7" member_type: VOTER last_known_addr { host: "127.3.78.67" port: 46711 } }
I20260709 13:11:37.097189  4698 leader_election.cc:290] T 7811e73fac1547ebbe7691171c6fd74f P 0c2933a9337447bba87428aa8cdf401e [CANDIDATE]: Term 1 pre-election: Requested pre-vote from peers ec5b88dd5ff44fffaab4ec1a40ab2f9b (127.3.78.66:43381), 4173f32e569645839d335994206a1cd7 (127.3.78.67:46711)
W20260709 13:11:37.099929  4468 leader_election.cc:343] T b285f84b080746e4a11d88f96c34d167 P 0c2933a9337447bba87428aa8cdf401e [CANDIDATE]: Term 1 pre-election: Tablet error from VoteRequest() call to peer 4173f32e569645839d335994206a1cd7 (127.3.78.67:46711): Illegal state: must be running to vote when last-logged opid is not known
I20260709 13:11:37.100529  4696 raft_consensus.cc:359] T 925da0995104441e8c5ce9232f51ae03 P ec5b88dd5ff44fffaab4ec1a40ab2f9b [term 0 FOLLOWER]: Replica starting. Triggering 0 pending ops. Active config: opid_index: -1 OBSOLETE_local: false peers { permanent_uuid: "0c2933a9337447bba87428aa8cdf401e" member_type: VOTER last_known_addr { host: "127.3.78.65" port: 39455 } } peers { permanent_uuid: "ec5b88dd5ff44fffaab4ec1a40ab2f9b" member_type: VOTER last_known_addr { host: "127.3.78.66" port: 43381 } } peers { permanent_uuid: "4173f32e569645839d335994206a1cd7" member_type: VOTER last_known_addr { host: "127.3.78.67" port: 46711 } }
I20260709 13:11:37.101230  4696 raft_consensus.cc:385] T 925da0995104441e8c5ce9232f51ae03 P ec5b88dd5ff44fffaab4ec1a40ab2f9b [term 0 FOLLOWER]: Consensus starting up: Expiring failure detector timer to make a prompt election more likely
