I20260709 13:11:14.311283  3486 leader_election.cc:304] T 85ebb0e3539b41e2915dec363c36d8cf P bde88456006248088710bf708618de97 [CANDIDATE]: Term 1 pre-election: Election decided. Result: candidate won. Election summary: received 2 responses out of 3 voters: 2 yes votes; 0 no votes. yes voters: 739627c93e824a2e9682206d3ee7fb83, bde88456006248088710bf708618de97; no voters: 
I20260709 13:11:14.312506  3718 raft_consensus.cc:2804] T 85ebb0e3539b41e2915dec363c36d8cf P bde88456006248088710bf708618de97 [term 0 FOLLOWER]: Leader pre-election won for term 1
I20260709 13:11:14.312461  3669 tablet_service.cc:1917] Received RequestConsensusVote() RPC: tablet_id: "85ebb0e3539b41e2915dec363c36d8cf" candidate_uuid: "bde88456006248088710bf708618de97" candidate_term: 1 candidate_status { last_received { term: 0 index: 0 } } ignore_live_leader: false dest_uuid: "ab12ebb58fe24f339c3aed24d969a7b9" is_pre_election: true
I20260709 13:11:14.312991  3718 raft_consensus.cc:493] T 85ebb0e3539b41e2915dec363c36d8cf P bde88456006248088710bf708618de97 [term 0 FOLLOWER]: Starting leader election (no leader contacted us within the election timeout)
I20260709 13:11:14.313344  3718 raft_consensus.cc:3060] T 85ebb0e3539b41e2915dec363c36d8cf P bde88456006248088710bf708618de97 [term 0 FOLLOWER]: Advancing to term 1
I20260709 13:11:14.313331  3669 raft_consensus.cc:2468] T 85ebb0e3539b41e2915dec363c36d8cf P ab12ebb58fe24f339c3aed24d969a7b9 [term 0 FOLLOWER]: Leader pre-election vote request: Granting yes vote for candidate bde88456006248088710bf708618de97 in term 0.
I20260709 13:11:14.319950  3718 raft_consensus.cc:515] T 85ebb0e3539b41e2915dec363c36d8cf P bde88456006248088710bf708618de97 [term 1 FOLLOWER]: Starting leader election with config: opid_index: -1 OBSOLETE_local: false peers { permanent_uuid: "bde88456006248088710bf708618de97" member_type: VOTER last_known_addr { host: "127.3.78.65" port: 42825 } } peers { permanent_uuid: "739627c93e824a2e9682206d3ee7fb83" member_type: VOTER last_known_addr { host: "127.3.78.66" port: 40171 } } peers { permanent_uuid: "ab12ebb58fe24f339c3aed24d969a7b9" member_type: VOTER last_known_addr { host: "127.3.78.67" port: 43751 } }
I20260709 13:11:14.322409  3718 leader_election.cc:290] T 85ebb0e3539b41e2915dec363c36d8cf P bde88456006248088710bf708618de97 [CANDIDATE]: Term 1 election: Requested vote from peers 739627c93e824a2e9682206d3ee7fb83 (127.3.78.66:40171), ab12ebb58fe24f339c3aed24d969a7b9 (127.3.78.67:43751)
I20260709 13:11:14.322584  3595 tablet_service.cc:1917] Received RequestConsensusVote() RPC: tablet_id: "85ebb0e3539b41e2915dec363c36d8cf" candidate_uuid: "bde88456006248088710bf708618de97" candidate_term: 1 candidate_status { last_received { term: 0 index: 0 } } ignore_live_leader: false dest_uuid: "739627c93e824a2e9682206d3ee7fb83"
I20260709 13:11:14.323125  3595 raft_consensus.cc:3060] T 85ebb0e3539b41e2915dec363c36d8cf P 739627c93e824a2e9682206d3ee7fb83 [term 0 FOLLOWER]: Advancing to term 1
I20260709 13:11:14.324312  3722 raft_consensus.cc:493] T e3ac5a1f344b4b91bda1d349b96f2e2f P 739627c93e824a2e9682206d3ee7fb83 [term 0 FOLLOWER]: Starting pre-election (no leader contacted us within the election timeout)
I20260709 13:11:14.324733  3722 raft_consensus.cc:515] T e3ac5a1f344b4b91bda1d349b96f2e2f P 739627c93e824a2e9682206d3ee7fb83 [term 0 FOLLOWER]: Starting pre-election with config: opid_index: -1 OBSOLETE_local: false peers { permanent_uuid: "bde88456006248088710bf708618de97" member_type: VOTER last_known_addr { host: "127.3.78.65" port: 42825 } } peers { permanent_uuid: "739627c93e824a2e9682206d3ee7fb83" member_type: VOTER last_known_addr { host: "127.3.78.66" port: 40171 } } peers { permanent_uuid: "ab12ebb58fe24f339c3aed24d969a7b9" member_type: VOTER last_known_addr { host: "127.3.78.67" port: 43751 } }
I20260709 13:11:14.327284  3722 leader_election.cc:290] T e3ac5a1f344b4b91bda1d349b96f2e2f P 739627c93e824a2e9682206d3ee7fb83 [CANDIDATE]: Term 1 pre-election: Requested pre-vote from peers bde88456006248088710bf708618de97 (127.3.78.65:42825), ab12ebb58fe24f339c3aed24d969a7b9 (127.3.78.67:43751)
I20260709 13:11:14.329363  3595 raft_consensus.cc:2468] T 85ebb0e3539b41e2915dec363c36d8cf P 739627c93e824a2e9682206d3ee7fb83 [term 1 FOLLOWER]: Leader election vote request: Granting yes vote for candidate bde88456006248088710bf708618de97 in term 1.
I20260709 13:11:14.335222  3719 raft_consensus.cc:493] T 6fd79bdf0fff410a86b3adac8a1aec91 P ab12ebb58fe24f339c3aed24d969a7b9 [term 0 FOLLOWER]: Starting pre-election (no leader contacted us within the election timeout)
I20260709 13:11:14.335697  3719 raft_consensus.cc:515] T 6fd79bdf0fff410a86b3adac8a1aec91 P ab12ebb58fe24f339c3aed24d969a7b9 [term 0 FOLLOWER]: Starting pre-election with config: opid_index: -1 OBSOLETE_local: false peers { permanent_uuid: "bde88456006248088710bf708618de97" member_type: VOTER last_known_addr { host: "127.3.78.65" port: 42825 } } peers { permanent_uuid: "739627c93e824a2e9682206d3ee7fb83" member_type: VOTER last_known_addr { host: "127.3.78.66" port: 40171 } } peers { permanent_uuid: "ab12ebb58fe24f339c3aed24d969a7b9" member_type: VOTER last_known_addr { host: "127.3.78.67" port: 43751 } }
I20260709 13:11:14.343048  3718 raft_consensus.cc:493] T e3ac5a1f344b4b91bda1d349b96f2e2f P bde88456006248088710bf708618de97 [term 0 FOLLOWER]: Starting pre-election (no leader contacted us within the election timeout)
I20260709 13:11:14.343616  3718 raft_consensus.cc:515] T e3ac5a1f344b4b91bda1d349b96f2e2f P bde88456006248088710bf708618de97 [term 0 FOLLOWER]: Starting pre-election with config: opid_index: -1 OBSOLETE_local: false peers { permanent_uuid: "bde88456006248088710bf708618de97" member_type: VOTER last_known_addr { host: "127.3.78.65" port: 42825 } } peers { permanent_uuid: "739627c93e824a2e9682206d3ee7fb83" member_type: VOTER last_known_addr { host: "127.3.78.66" port: 40171 } } peers { permanent_uuid: "ab12ebb58fe24f339c3aed24d969a7b9" member_type: VOTER last_known_addr { host: "127.3.78.67" port: 43751 } }
I20260709 13:11:14.347034  3486 leader_election.cc:304] T 85ebb0e3539b41e2915dec363c36d8cf P bde88456006248088710bf708618de97 [CANDIDATE]: Term 1 election: Election decided. Result: candidate won. Election summary: received 2 responses out of 3 voters: 2 yes votes; 0 no votes. yes voters: 739627c93e824a2e9682206d3ee7fb83, bde88456006248088710bf708618de97; no voters: 
I20260709 13:11:14.349113  3668 tablet_service.cc:1917] Received RequestConsensusVote() RPC: tablet_id: "e3ac5a1f344b4b91bda1d349b96f2e2f" candidate_uuid: "bde88456006248088710bf708618de97" candidate_term: 1 candidate_status { last_received { term: 0 index: 0 } } ignore_live_leader: false dest_uuid: "ab12ebb58fe24f339c3aed24d969a7b9" is_pre_election: true
I20260709 13:11:14.348696  3719 leader_election.cc:290] T 6fd79bdf0fff410a86b3adac8a1aec91 P ab12ebb58fe24f339c3aed24d969a7b9 [CANDIDATE]: Term 1 pre-election: Requested pre-vote from peers bde88456006248088710bf708618de97 (127.3.78.65:42825), 739627c93e824a2e9682206d3ee7fb83 (127.3.78.66:40171)
I20260709 13:11:14.349932  3668 raft_consensus.cc:2468] T e3ac5a1f344b4b91bda1d349b96f2e2f P ab12ebb58fe24f339c3aed24d969a7b9 [term 0 FOLLOWER]: Leader pre-election vote request: Granting yes vote for candidate bde88456006248088710bf708618de97 in term 0.
I20260709 13:11:14.350256  3715 tablet_bootstrap.cc:492] T 232720d02f54433eb63beaad77b4882a P ab12ebb58fe24f339c3aed24d969a7b9: No bootstrap required, opened a new log
I20260709 13:11:14.350764  3715 ts_tablet_manager.cc:1403] T 232720d02f54433eb63beaad77b4882a P ab12ebb58fe24f339c3aed24d969a7b9: Time spent bootstrapping tablet: real 0.071s	user 0.008s	sys 0.004s
I20260709 13:11:14.351577  3483 leader_election.cc:304] T e3ac5a1f344b4b91bda1d349b96f2e2f P bde88456006248088710bf708618de97 [CANDIDATE]: Term 1 pre-election: Election decided. Result: candidate won. Election summary: received 2 responses out of 3 voters: 2 yes votes; 0 no votes. yes voters: ab12ebb58fe24f339c3aed24d969a7b9, bde88456006248088710bf708618de97; no voters: 
I20260709 13:11:14.352406  3718 leader_election.cc:290] T e3ac5a1f344b4b91bda1d349b96f2e2f P bde88456006248088710bf708618de97 [CANDIDATE]: Term 1 pre-election: Requested pre-vote from peers 739627c93e824a2e9682206d3ee7fb83 (127.3.78.66:40171), ab12ebb58fe24f339c3aed24d969a7b9 (127.3.78.67:43751)
I20260709 13:11:14.361182  3718 raft_consensus.cc:2804] T 85ebb0e3539b41e2915dec363c36d8cf P bde88456006248088710bf708618de97 [term 1 FOLLOWER]: Leader election won for term 1
I20260709 13:11:14.360648  3520 tablet_service.cc:1917] Received RequestConsensusVote() RPC: tablet_id: "6fd79bdf0fff410a86b3adac8a1aec91" candidate_uuid: "ab12ebb58fe24f339c3aed24d969a7b9" candidate_term: 1 candidate_status { last_received { term: 0 index: 0 } } ignore_live_leader: false dest_uuid: "bde88456006248088710bf708618de97" is_pre_election: true
I20260709 13:11:14.359472  3669 tablet_service.cc:1917] Received RequestConsensusVote() RPC: tablet_id: "85ebb0e3539b41e2915dec363c36d8cf" candidate_uuid: "bde88456006248088710bf708618de97" candidate_term: 1 candidate_status { last_received { term: 0 index: 0 } } ignore_live_leader: false dest_uuid: "ab12ebb58fe24f339c3aed24d969a7b9"
I20260709 13:11:14.366758  3520 raft_consensus.cc:2468] T 6fd79bdf0fff410a86b3adac8a1aec91 P bde88456006248088710bf708618de97 [term 0 FOLLOWER]: Leader pre-election vote request: Granting yes vote for candidate ab12ebb58fe24f339c3aed24d969a7b9 in term 0.
I20260709 13:11:14.368010  3712 tablet_bootstrap.cc:492] T d454baebb6d84b39bbf1a89ff0a5b688 P bde88456006248088710bf708618de97: No bootstrap required, opened a new log
I20260709 13:11:14.367877  3715 raft_consensus.cc:359] T 232720d02f54433eb63beaad77b4882a P ab12ebb58fe24f339c3aed24d969a7b9 [term 0 FOLLOWER]: Replica starting. Triggering 0 pending ops. Active config: opid_index: -1 OBSOLETE_local: false peers { permanent_uuid: "bde88456006248088710bf708618de97" member_type: VOTER last_known_addr { host: "127.3.78.65" port: 42825 } } peers { permanent_uuid: "739627c93e824a2e9682206d3ee7fb83" member_type: VOTER last_known_addr { host: "127.3.78.66" port: 40171 } } peers { permanent_uuid: "ab12ebb58fe24f339c3aed24d969a7b9" member_type: VOTER last_known_addr { host: "127.3.78.67" port: 43751 } }
I20260709 13:11:14.368505  3712 ts_tablet_manager.cc:1403] T d454baebb6d84b39bbf1a89ff0a5b688 P bde88456006248088710bf708618de97: Time spent bootstrapping tablet: real 0.120s	user 0.017s	sys 0.012s
I20260709 13:11:14.368582  3715 raft_consensus.cc:385] T 232720d02f54433eb63beaad77b4882a P ab12ebb58fe24f339c3aed24d969a7b9 [term 0 FOLLOWER]: Consensus starting up: Expiring failure detector timer to make a prompt election more likely
I20260709 13:11:14.368960  3715 raft_consensus.cc:740] T 232720d02f54433eb63beaad77b4882a P ab12ebb58fe24f339c3aed24d969a7b9 [term 0 FOLLOWER]: Becoming Follower/Learner. State: Replica: ab12ebb58fe24f339c3aed24d969a7b9, State: Initialized, Role: FOLLOWER
I20260709 13:11:14.368041  3669 raft_consensus.cc:3060] T 85ebb0e3539b41e2915dec363c36d8cf P ab12ebb58fe24f339c3aed24d969a7b9 [term 0 FOLLOWER]: Advancing to term 1
I20260709 13:11:14.369648  3715 consensus_queue.cc:260] T 232720d02f54433eb63beaad77b4882a P ab12ebb58fe24f339c3aed24d969a7b9 [NON_LEADER]: Queue going to NON_LEADER mode. State: All replicated index: 0, Majority replicated index: 0, Committed index: 0, Last appended: 0.0, Last appended by leader: 0, Current term: 0, Majority size: -1, State: 0, Mode: NON_LEADER, active raft config: opid_index: -1 OBSOLETE_local: false peers { permanent_uuid: "bde88456006248088710bf708618de97" member_type: VOTER last_known_addr { host: "127.3.78.65" port: 42825 } } peers { permanent_uuid: "739627c93e824a2e9682206d3ee7fb83" member_type: VOTER last_known_addr { host: "127.3.78.66" port: 40171 } } peers { permanent_uuid: "ab12ebb58fe24f339c3aed24d969a7b9" member_type: VOTER last_known_addr { host: "127.3.78.67" port: 43751 } }
I20260709 13:11:14.371913  3715 ts_tablet_manager.cc:1434] T 232720d02f54433eb63beaad77b4882a P ab12ebb58fe24f339c3aed24d969a7b9: Time spent starting tablet: real 0.021s	user 0.007s	sys 0.000s
I20260709 13:11:14.371606  3712 raft_consensus.cc:359] T d454baebb6d84b39bbf1a89ff0a5b688 P bde88456006248088710bf708618de97 [term 0 FOLLOWER]: Replica starting. Triggering 0 pending ops. Active config: opid_index: -1 OBSOLETE_local: false peers { permanent_uuid: "bde88456006248088710bf708618de97" member_type: VOTER last_known_addr { host: "127.3.78.65" port: 42825 } } peers { permanent_uuid: "739627c93e824a2e9682206d3ee7fb83" member_type: VOTER last_known_addr { host: "127.3.78.66" port: 40171 } } peers { permanent_uuid: "ab12ebb58fe24f339c3aed24d969a7b9" member_type: VOTER last_known_addr { host: "127.3.78.67" port: 43751 } }
I20260709 13:11:14.372478  3712 raft_consensus.cc:385] T d454baebb6d84b39bbf1a89ff0a5b688 P bde88456006248088710bf708618de97 [term 0 FOLLOWER]: Consensus starting up: Expiring failure detector timer to make a prompt election more likely
I20260709 13:11:14.366811  3718 raft_consensus.cc:697] T 85ebb0e3539b41e2915dec363c36d8cf P bde88456006248088710bf708618de97 [term 1 LEADER]: Becoming Leader. State: Replica: bde88456006248088710bf708618de97, State: Running, Role: LEADER
I20260709 13:11:14.372795  3712 raft_consensus.cc:740] T d454baebb6d84b39bbf1a89ff0a5b688 P bde88456006248088710bf708618de97 [term 0 FOLLOWER]: Becoming Follower/Learner. State: Replica: bde88456006248088710bf708618de97, State: Initialized, Role: FOLLOWER
I20260709 13:11:14.373914  3712 consensus_queue.cc:260] T d454baebb6d84b39bbf1a89ff0a5b688 P bde88456006248088710bf708618de97 [NON_LEADER]: Queue going to NON_LEADER mode. State: All replicated index: 0, Majority replicated index: 0, Committed index: 0, Last appended: 0.0, Last appended by leader: 0, Current term: 0, Majority size: -1, State: 0, Mode: NON_LEADER, active raft config: opid_index: -1 OBSOLETE_local: false peers { permanent_uuid: "bde88456006248088710bf708618de97" member_type: VOTER last_known_addr { host: "127.3.78.65" port: 42825 } } peers { permanent_uuid: "739627c93e824a2e9682206d3ee7fb83" member_type: VOTER last_known_addr { host: "127.3.78.66" port: 40171 } } peers { permanent_uuid: "ab12ebb58fe24f339c3aed24d969a7b9" member_type: VOTER last_known_addr { host: "127.3.78.67" port: 43751 } }
I20260709 13:11:14.374033  3718 consensus_queue.cc:237] T 85ebb0e3539b41e2915dec363c36d8cf P bde88456006248088710bf708618de97 [LEADER]: Queue going to LEADER mode. State: All replicated index: 0, Majority replicated index: 0, Committed index: 0, Last appended: 0.0, Last appended by leader: 0, Current term: 1, Majority size: 2, State: 0, Mode: LEADER, active raft config: opid_index: -1 OBSOLETE_local: false peers { permanent_uuid: "bde88456006248088710bf708618de97" member_type: VOTER last_known_addr { host: "127.3.78.65" port: 42825 } } peers { permanent_uuid: "739627c93e824a2e9682206d3ee7fb83" member_type: VOTER last_known_addr { host: "127.3.78.66" port: 40171 } } peers { permanent_uuid: "ab12ebb58fe24f339c3aed24d969a7b9" member_type: VOTER last_known_addr { host: "127.3.78.67" port: 43751 } }
I20260709 13:11:14.372805  3715 tablet_bootstrap.cc:492] T 06e21e1cfe2441efb028353378e0e6ae P ab12ebb58fe24f339c3aed24d969a7b9: Bootstrap starting.
I20260709 13:11:14.375813  3713 tablet_bootstrap.cc:492] T acf7a966023e4bd7a0fc44db8bd32d7b P 739627c93e824a2e9682206d3ee7fb83: No bootstrap required, opened a new log
I20260709 13:11:14.378036  3713 ts_tablet_manager.cc:1403] T acf7a966023e4bd7a0fc44db8bd32d7b P 739627c93e824a2e9682206d3ee7fb83: Time spent bootstrapping tablet: real 0.113s	user 0.009s	sys 0.015s
W20260709 13:11:14.378917  3486 outbound_call.cc:321] RPC callback for RPC call kudu.consensus.ConsensusService.RequestConsensusVote -> {remote=127.3.78.66:40171, user_credentials={real_user=slave}} blocked reactor thread for 48395.1us
I20260709 13:11:14.380482  3595 tablet_service.cc:1917] Received RequestConsensusVote() RPC: tablet_id: "e3ac5a1f344b4b91bda1d349b96f2e2f" candidate_uuid: "bde88456006248088710bf708618de97" candidate_term: 1 candidate_status { last_received { term: 0 index: 0 } } ignore_live_leader: false dest_uuid: "739627c93e824a2e9682206d3ee7fb83" is_pre_election: true
I20260709 13:11:14.381428  3633 leader_election.cc:304] T 6fd79bdf0fff410a86b3adac8a1aec91 P ab12ebb58fe24f339c3aed24d969a7b9 [CANDIDATE]: Term 1 pre-election: Election decided. Result: candidate won. Election summary: received 2 responses out of 3 voters: 2 yes votes; 0 no votes. yes voters: ab12ebb58fe24f339c3aed24d969a7b9, bde88456006248088710bf708618de97; no voters: 
I20260709 13:11:14.381819  3595 raft_consensus.cc:2468] T e3ac5a1f344b4b91bda1d349b96f2e2f P 739627c93e824a2e9682206d3ee7fb83 [term 0 FOLLOWER]: Leader pre-election vote request: Granting yes vote for candidate bde88456006248088710bf708618de97 in term 0.
I20260709 13:11:14.383047  3736 raft_consensus.cc:493] T acf7a966023e4bd7a0fc44db8bd32d7b P ab12ebb58fe24f339c3aed24d969a7b9 [term 0 FOLLOWER]: Starting pre-election (no leader contacted us within the election timeout)
I20260709 13:11:14.383544  3736 raft_consensus.cc:515] T acf7a966023e4bd7a0fc44db8bd32d7b P ab12ebb58fe24f339c3aed24d969a7b9 [term 0 FOLLOWER]: Starting pre-election with config: opid_index: -1 OBSOLETE_local: false peers { permanent_uuid: "ab12ebb58fe24f339c3aed24d969a7b9" member_type: VOTER last_known_addr { host: "127.3.78.67" port: 43751 } } peers { permanent_uuid: "bde88456006248088710bf708618de97" member_type: VOTER last_known_addr { host: "127.3.78.65" port: 42825 } } peers { permanent_uuid: "739627c93e824a2e9682206d3ee7fb83" member_type: VOTER last_known_addr { host: "127.3.78.66" port: 40171 } }
I20260709 13:11:14.384004  3719 raft_consensus.cc:2804] T 6fd79bdf0fff410a86b3adac8a1aec91 P ab12ebb58fe24f339c3aed24d969a7b9 [term 0 FOLLOWER]: Leader pre-election won for term 1
I20260709 13:11:14.384999  3719 raft_consensus.cc:493] T 6fd79bdf0fff410a86b3adac8a1aec91 P ab12ebb58fe24f339c3aed24d969a7b9 [term 0 FOLLOWER]: Starting leader election (no leader contacted us within the election timeout)
I20260709 13:11:14.385349  3719 raft_consensus.cc:3060] T 6fd79bdf0fff410a86b3adac8a1aec91 P ab12ebb58fe24f339c3aed24d969a7b9 [term 0 FOLLOWER]: Advancing to term 1
I20260709 13:11:14.388978  3520 tablet_service.cc:1917] Received RequestConsensusVote() RPC: tablet_id: "acf7a966023e4bd7a0fc44db8bd32d7b" candidate_uuid: "ab12ebb58fe24f339c3aed24d969a7b9" candidate_term: 1 candidate_status { last_received { term: 0 index: 0 } } ignore_live_leader: false dest_uuid: "bde88456006248088710bf708618de97" is_pre_election: true
W20260709 13:11:14.391243  3633 leader_election.cc:343] T acf7a966023e4bd7a0fc44db8bd32d7b P ab12ebb58fe24f339c3aed24d969a7b9 [CANDIDATE]: Term 1 pre-election: Tablet error from VoteRequest() call to peer bde88456006248088710bf708618de97 (127.3.78.65:42825): Illegal state: must be running to vote when last-logged opid is not known
I20260709 13:11:14.387209  3736 leader_election.cc:290] T acf7a966023e4bd7a0fc44db8bd32d7b P ab12ebb58fe24f339c3aed24d969a7b9 [CANDIDATE]: Term 1 pre-election: Requested pre-vote from peers bde88456006248088710bf708618de97 (127.3.78.65:42825), 739627c93e824a2e9682206d3ee7fb83 (127.3.78.66:40171)
I20260709 13:11:14.379340  3749 raft_consensus.cc:2804] T e3ac5a1f344b4b91bda1d349b96f2e2f P bde88456006248088710bf708618de97 [term 0 FOLLOWER]: Leader pre-election won for term 1
I20260709 13:11:14.394639  3749 raft_consensus.cc:493] T e3ac5a1f344b4b91bda1d349b96f2e2f P bde88456006248088710bf708618de97 [term 0 FOLLOWER]: Starting leader election (no leader contacted us within the election timeout)
I20260709 13:11:14.395000  3749 raft_consensus.cc:3060] T e3ac5a1f344b4b91bda1d349b96f2e2f P bde88456006248088710bf708618de97 [term 0 FOLLOWER]: Advancing to term 1
I20260709 13:11:14.402009  3713 raft_consensus.cc:359] T acf7a966023e4bd7a0fc44db8bd32d7b P 739627c93e824a2e9682206d3ee7fb83 [term 0 FOLLOWER]: Replica starting. Triggering 0 pending ops. Active config: opid_index: -1 OBSOLETE_local: false peers { permanent_uuid: "ab12ebb58fe24f339c3aed24d969a7b9" member_type: VOTER last_known_addr { host: "127.3.78.67" port: 43751 } } peers { permanent_uuid: "bde88456006248088710bf708618de97" member_type: VOTER last_known_addr { host: "127.3.78.65" port: 42825 } } peers { permanent_uuid: "739627c93e824a2e9682206d3ee7fb83" member_type: VOTER last_known_addr { host: "127.3.78.66" port: 40171 } }
I20260709 13:11:14.406845  3713 raft_consensus.cc:385] T acf7a966023e4bd7a0fc44db8bd32d7b P 739627c93e824a2e9682206d3ee7fb83 [term 0 FOLLOWER]: Consensus starting up: Expiring failure detector timer to make a prompt election more likely
I20260709 13:11:14.407228  3713 raft_consensus.cc:740] T acf7a966023e4bd7a0fc44db8bd32d7b P 739627c93e824a2e9682206d3ee7fb83 [term 0 FOLLOWER]: Becoming Follower/Learner. State: Replica: 739627c93e824a2e9682206d3ee7fb83, State: Initialized, Role: FOLLOWER
I20260709 13:11:14.393625  3719 raft_consensus.cc:515] T 6fd79bdf0fff410a86b3adac8a1aec91 P ab12ebb58fe24f339c3aed24d969a7b9 [term 1 FOLLOWER]: Starting leader election with config: opid_index: -1 OBSOLETE_local: false peers { permanent_uuid: "bde88456006248088710bf708618de97" member_type: VOTER last_known_addr { host: "127.3.78.65" port: 42825 } } peers { permanent_uuid: "739627c93e824a2e9682206d3ee7fb83" member_type: VOTER last_known_addr { host: "127.3.78.66" port: 40171 } } peers { permanent_uuid: "ab12ebb58fe24f339c3aed24d969a7b9" member_type: VOTER last_known_addr { host: "127.3.78.67" port: 43751 } }
I20260709 13:11:14.412518  3520 tablet_service.cc:1917] Received RequestConsensusVote() RPC: tablet_id: "6fd79bdf0fff410a86b3adac8a1aec91" candidate_uuid: "ab12ebb58fe24f339c3aed24d969a7b9" candidate_term: 1 candidate_status { last_received { term: 0 index: 0 } } ignore_live_leader: false dest_uuid: "bde88456006248088710bf708618de97"
I20260709 13:11:14.413076  3520 raft_consensus.cc:3060] T 6fd79bdf0fff410a86b3adac8a1aec91 P bde88456006248088710bf708618de97 [term 0 FOLLOWER]: Advancing to term 1
I20260709 13:11:14.416762  3713 consensus_queue.cc:260] T acf7a966023e4bd7a0fc44db8bd32d7b P 739627c93e824a2e9682206d3ee7fb83 [NON_LEADER]: Queue going to NON_LEADER mode. State: All replicated index: 0, Majority replicated index: 0, Committed index: 0, Last appended: 0.0, Last appended by leader: 0, Current term: 0, Majority size: -1, State: 0, Mode: NON_LEADER, active raft config: opid_index: -1 OBSOLETE_local: false peers { permanent_uuid: "ab12ebb58fe24f339c3aed24d969a7b9" member_type: VOTER last_known_addr { host: "127.3.78.67" port: 43751 } } peers { permanent_uuid: "bde88456006248088710bf708618de97" member_type: VOTER last_known_addr { host: "127.3.78.65" port: 42825 } } peers { permanent_uuid: "739627c93e824a2e9682206d3ee7fb83" member_type: VOTER last_known_addr { host: "127.3.78.66" port: 40171 } }
I20260709 13:11:14.416548  3719 leader_election.cc:290] T 6fd79bdf0fff410a86b3adac8a1aec91 P ab12ebb58fe24f339c3aed24d969a7b9 [CANDIDATE]: Term 1 election: Requested vote from peers bde88456006248088710bf708618de97 (127.3.78.65:42825), 739627c93e824a2e9682206d3ee7fb83 (127.3.78.66:40171)
I20260709 13:11:14.406234  3715 tablet_bootstrap.cc:654] T 06e21e1cfe2441efb028353378e0e6ae P ab12ebb58fe24f339c3aed24d969a7b9: Neither blocks nor log segments found. Creating new log.
I20260709 13:11:14.409034  3669 raft_consensus.cc:2468] T 85ebb0e3539b41e2915dec363c36d8cf P ab12ebb58fe24f339c3aed24d969a7b9 [term 1 FOLLOWER]: Leader election vote request: Granting yes vote for candidate bde88456006248088710bf708618de97 in term 1.
I20260709 13:11:14.420881  3749 raft_consensus.cc:515] T e3ac5a1f344b4b91bda1d349b96f2e2f P bde88456006248088710bf708618de97 [term 1 FOLLOWER]: Starting leader election with config: opid_index: -1 OBSOLETE_local: false peers { permanent_uuid: "bde88456006248088710bf708618de97" member_type: VOTER last_known_addr { host: "127.3.78.65" port: 42825 } } peers { permanent_uuid: "739627c93e824a2e9682206d3ee7fb83" member_type: VOTER last_known_addr { host: "127.3.78.66" port: 40171 } } peers { permanent_uuid: "ab12ebb58fe24f339c3aed24d969a7b9" member_type: VOTER last_known_addr { host: "127.3.78.67" port: 43751 } }
I20260709 13:11:14.434873  3595 tablet_service.cc:1917] Received RequestConsensusVote() RPC: tablet_id: "e3ac5a1f344b4b91bda1d349b96f2e2f" candidate_uuid: "bde88456006248088710bf708618de97" candidate_term: 1 candidate_status { last_received { term: 0 index: 0 } } ignore_live_leader: false dest_uuid: "739627c93e824a2e9682206d3ee7fb83"
I20260709 13:11:14.437680  3595 raft_consensus.cc:3060] T e3ac5a1f344b4b91bda1d349b96f2e2f P 739627c93e824a2e9682206d3ee7fb83 [term 0 FOLLOWER]: Advancing to term 1
I20260709 13:11:14.435643  3749 leader_election.cc:290] T e3ac5a1f344b4b91bda1d349b96f2e2f P bde88456006248088710bf708618de97 [CANDIDATE]: Term 1 election: Requested vote from peers 739627c93e824a2e9682206d3ee7fb83 (127.3.78.66:40171), ab12ebb58fe24f339c3aed24d969a7b9 (127.3.78.67:43751)
I20260709 13:11:14.438877  3520 raft_consensus.cc:2468] T 6fd79bdf0fff410a86b3adac8a1aec91 P bde88456006248088710bf708618de97 [term 1 FOLLOWER]: Leader election vote request: Granting yes vote for candidate ab12ebb58fe24f339c3aed24d969a7b9 in term 1.
I20260709 13:11:14.442993  3722 raft_consensus.cc:493] T 44daf124b6604ef8947b48f40fdacbdd P 739627c93e824a2e9682206d3ee7fb83 [term 0 FOLLOWER]: Starting pre-election (no leader contacted us within the election timeout)
I20260709 13:11:14.443692  3669 tablet_service.cc:1917] Received RequestConsensusVote() RPC: tablet_id: "e3ac5a1f344b4b91bda1d349b96f2e2f" candidate_uuid: "bde88456006248088710bf708618de97" candidate_term: 1 candidate_status { last_received { term: 0 index: 0 } } ignore_live_leader: false dest_uuid: "ab12ebb58fe24f339c3aed24d969a7b9"
I20260709 13:11:14.443921  3594 tablet_service.cc:1917] Received RequestConsensusVote() RPC: tablet_id: "6fd79bdf0fff410a86b3adac8a1aec91" candidate_uuid: "ab12ebb58fe24f339c3aed24d969a7b9" candidate_term: 1 candidate_status { last_received { term: 0 index: 0 } } ignore_live_leader: false dest_uuid: "739627c93e824a2e9682206d3ee7fb83" is_pre_election: true
I20260709 13:11:14.444126  3722 raft_consensus.cc:515] T 44daf124b6604ef8947b48f40fdacbdd P 739627c93e824a2e9682206d3ee7fb83 [term 0 FOLLOWER]: Starting pre-election with config: opid_index: -1 OBSOLETE_local: false peers { permanent_uuid: "bde88456006248088710bf708618de97" member_type: VOTER last_known_addr { host: "127.3.78.65" port: 42825 } } peers { permanent_uuid: "739627c93e824a2e9682206d3ee7fb83" member_type: VOTER last_known_addr { host: "127.3.78.66" port: 40171 } } peers { permanent_uuid: "ab12ebb58fe24f339c3aed24d969a7b9" member_type: VOTER last_known_addr { host: "127.3.78.67" port: 43751 } }
I20260709 13:11:14.445365  3594 raft_consensus.cc:2468] T 6fd79bdf0fff410a86b3adac8a1aec91 P 739627c93e824a2e9682206d3ee7fb83 [term 0 FOLLOWER]: Leader pre-election vote request: Granting yes vote for candidate ab12ebb58fe24f339c3aed24d969a7b9 in term 0.
I20260709 13:11:14.444873  3669 raft_consensus.cc:3060] T e3ac5a1f344b4b91bda1d349b96f2e2f P ab12ebb58fe24f339c3aed24d969a7b9 [term 0 FOLLOWER]: Advancing to term 1
I20260709 13:11:14.446135  3713 ts_tablet_manager.cc:1434] T acf7a966023e4bd7a0fc44db8bd32d7b P 739627c93e824a2e9682206d3ee7fb83: Time spent starting tablet: real 0.068s	user 0.007s	sys 0.001s
I20260709 13:11:14.446884  3722 leader_election.cc:290] T 44daf124b6604ef8947b48f40fdacbdd P 739627c93e824a2e9682206d3ee7fb83 [CANDIDATE]: Term 1 pre-election: Requested pre-vote from peers bde88456006248088710bf708618de97 (127.3.78.65:42825), ab12ebb58fe24f339c3aed24d969a7b9 (127.3.78.67:43751)
I20260709 13:11:14.447117  3713 tablet_bootstrap.cc:492] T 232720d02f54433eb63beaad77b4882a P 739627c93e824a2e9682206d3ee7fb83: Bootstrap starting.
I20260709 13:11:14.450214  3633 leader_election.cc:304] T 6fd79bdf0fff410a86b3adac8a1aec91 P ab12ebb58fe24f339c3aed24d969a7b9 [CANDIDATE]: Term 1 election: Election decided. Result: candidate won. Election summary: received 2 responses out of 3 voters: 2 yes votes; 0 no votes. yes voters: ab12ebb58fe24f339c3aed24d969a7b9, bde88456006248088710bf708618de97; no voters: 
I20260709 13:11:14.450412  3594 tablet_service.cc:1917] Received RequestConsensusVote() RPC: tablet_id: "acf7a966023e4bd7a0fc44db8bd32d7b" candidate_uuid: "ab12ebb58fe24f339c3aed24d969a7b9" candidate_term: 1 candidate_status { last_received { term: 0 index: 0 } } ignore_live_leader: false dest_uuid: "739627c93e824a2e9682206d3ee7fb83" is_pre_election: true
I20260709 13:11:14.451418  3719 raft_consensus.cc:2804] T 6fd79bdf0fff410a86b3adac8a1aec91 P ab12ebb58fe24f339c3aed24d969a7b9 [term 1 FOLLOWER]: Leader election won for term 1
I20260709 13:11:14.450879  3712 ts_tablet_manager.cc:1434] T d454baebb6d84b39bbf1a89ff0a5b688 P bde88456006248088710bf708618de97: Time spent starting tablet: real 0.082s	user 0.036s	sys 0.024s
I20260709 13:11:14.452389  3736 raft_consensus.cc:493] T 44daf124b6604ef8947b48f40fdacbdd P ab12ebb58fe24f339c3aed24d969a7b9 [term 0 FOLLOWER]: Starting pre-election (no leader contacted us within the election timeout)
I20260709 13:11:14.453687  3736 raft_consensus.cc:515] T 44daf124b6604ef8947b48f40fdacbdd P ab12ebb58fe24f339c3aed24d969a7b9 [term 0 FOLLOWER]: Starting pre-election with config: opid_index: -1 OBSOLETE_local: false peers { permanent_uuid: "bde88456006248088710bf708618de97" member_type: VOTER last_known_addr { host: "127.3.78.65" port: 42825 } } peers { permanent_uuid: "739627c93e824a2e9682206d3ee7fb83" member_type: VOTER last_known_addr { host: "127.3.78.66" port: 40171 } } peers { permanent_uuid: "ab12ebb58fe24f339c3aed24d969a7b9" member_type: VOTER last_known_addr { host: "127.3.78.67" port: 43751 } }
I20260709 13:11:14.452615  3594 raft_consensus.cc:2468] T acf7a966023e4bd7a0fc44db8bd32d7b P 739627c93e824a2e9682206d3ee7fb83 [term 0 FOLLOWER]: Leader pre-election vote request: Granting yes vote for candidate ab12ebb58fe24f339c3aed24d969a7b9 in term 0.
I20260709 13:11:14.458531  3593 tablet_service.cc:1917] Received RequestConsensusVote() RPC: tablet_id: "6fd79bdf0fff410a86b3adac8a1aec91" candidate_uuid: "ab12ebb58fe24f339c3aed24d969a7b9" candidate_term: 1 candidate_status { last_received { term: 0 index: 0 } } ignore_live_leader: false dest_uuid: "739627c93e824a2e9682206d3ee7fb83"
I20260709 13:11:14.459491  3593 raft_consensus.cc:3060] T 6fd79bdf0fff410a86b3adac8a1aec91 P 739627c93e824a2e9682206d3ee7fb83 [term 0 FOLLOWER]: Advancing to term 1
I20260709 13:11:14.459132  3712 tablet_bootstrap.cc:492] T 44daf124b6604ef8947b48f40fdacbdd P bde88456006248088710bf708618de97: Bootstrap starting.
I20260709 13:11:14.463219  3635 leader_election.cc:304] T acf7a966023e4bd7a0fc44db8bd32d7b P ab12ebb58fe24f339c3aed24d969a7b9 [CANDIDATE]: Term 1 pre-election: Election decided. Result: candidate won. Election summary: received 3 responses out of 3 voters: 2 yes votes; 1 no votes. yes voters: 739627c93e824a2e9682206d3ee7fb83, ab12ebb58fe24f339c3aed24d969a7b9; no voters: bde88456006248088710bf708618de97
I20260709 13:11:14.468374  3715 tablet_bootstrap.cc:492] T 06e21e1cfe2441efb028353378e0e6ae P ab12ebb58fe24f339c3aed24d969a7b9: No bootstrap required, opened a new log
I20260709 13:11:14.468835  3715 ts_tablet_manager.cc:1403] T 06e21e1cfe2441efb028353378e0e6ae P ab12ebb58fe24f339c3aed24d969a7b9: Time spent bootstrapping tablet: real 0.096s	user 0.006s	sys 0.010s
I20260709 13:11:14.469870  3520 tablet_service.cc:1917] Received RequestConsensusVote() RPC: tablet_id: "44daf124b6604ef8947b48f40fdacbdd" candidate_uuid: "ab12ebb58fe24f339c3aed24d969a7b9" candidate_term: 1 candidate_status { last_received { term: 0 index: 0 } } ignore_live_leader: false dest_uuid: "bde88456006248088710bf708618de97" is_pre_election: true
W20260709 13:11:14.474198  3633 leader_election.cc:343] T 44daf124b6604ef8947b48f40fdacbdd P ab12ebb58fe24f339c3aed24d969a7b9 [CANDIDATE]: Term 1 pre-election: Tablet error from VoteRequest() call to peer bde88456006248088710bf708618de97 (127.3.78.65:42825): Illegal state: must be running to vote when last-logged opid is not known
I20260709 13:11:14.475253  3749 raft_consensus.cc:493] T 06e21e1cfe2441efb028353378e0e6ae P bde88456006248088710bf708618de97 [term 0 FOLLOWER]: Starting pre-election (no leader contacted us within the election timeout)
I20260709 13:11:14.475714  3749 raft_consensus.cc:515] T 06e21e1cfe2441efb028353378e0e6ae P bde88456006248088710bf708618de97 [term 0 FOLLOWER]: Starting pre-election with config: opid_index: -1 OBSOLETE_local: false peers { permanent_uuid: "bde88456006248088710bf708618de97" member_type: VOTER last_known_addr { host: "127.3.78.65" port: 42825 } } peers { permanent_uuid: "739627c93e824a2e9682206d3ee7fb83" member_type: VOTER last_known_addr { host: "127.3.78.66" port: 40171 } } peers { permanent_uuid: "ab12ebb58fe24f339c3aed24d969a7b9" member_type: VOTER last_known_addr { host: "127.3.78.67" port: 43751 } }
I20260709 13:11:14.483533  3668 tablet_service.cc:1917] Received RequestConsensusVote() RPC: tablet_id: "e3ac5a1f344b4b91bda1d349b96f2e2f" candidate_uuid: "739627c93e824a2e9682206d3ee7fb83" candidate_term: 1 candidate_status { last_received { term: 0 index: 0 } } ignore_live_leader: false dest_uuid: "ab12ebb58fe24f339c3aed24d969a7b9" is_pre_election: true
I20260709 13:11:14.485111  3667 tablet_service.cc:1917] Received RequestConsensusVote() RPC: tablet_id: "44daf124b6604ef8947b48f40fdacbdd" candidate_uuid: "739627c93e824a2e9682206d3ee7fb83" candidate_term: 1 candidate_status { last_received { term: 0 index: 0 } } ignore_live_leader: false dest_uuid: "ab12ebb58fe24f339c3aed24d969a7b9" is_pre_election: true
I20260709 13:11:14.485811  3667 raft_consensus.cc:2468] T 44daf124b6604ef8947b48f40fdacbdd P ab12ebb58fe24f339c3aed24d969a7b9 [term 0 FOLLOWER]: Leader pre-election vote request: Granting yes vote for candidate 739627c93e824a2e9682206d3ee7fb83 in term 0.
I20260709 13:11:14.488487  3520 tablet_service.cc:1917] Received RequestConsensusVote() RPC: tablet_id: "e3ac5a1f344b4b91bda1d349b96f2e2f" candidate_uuid: "739627c93e824a2e9682206d3ee7fb83" candidate_term: 1 candidate_status { last_received { term: 0 index: 0 } } ignore_live_leader: false dest_uuid: "bde88456006248088710bf708618de97" is_pre_election: true
I20260709 13:11:14.488726  3519 tablet_service.cc:1917] Received RequestConsensusVote() RPC: tablet_id: "44daf124b6604ef8947b48f40fdacbdd" candidate_uuid: "739627c93e824a2e9682206d3ee7fb83" candidate_term: 1 candidate_status { last_received { term: 0 index: 0 } } ignore_live_leader: false dest_uuid: "bde88456006248088710bf708618de97" is_pre_election: true
I20260709 13:11:14.489379  3520 raft_consensus.cc:2393] T e3ac5a1f344b4b91bda1d349b96f2e2f P bde88456006248088710bf708618de97 [term 1 FOLLOWER]: Leader pre-election vote request: Denying vote to candidate 739627c93e824a2e9682206d3ee7fb83 in current term 1: Already voted for candidate bde88456006248088710bf708618de97 in this term.
W20260709 13:11:14.490813  3559 leader_election.cc:343] T 44daf124b6604ef8947b48f40fdacbdd P 739627c93e824a2e9682206d3ee7fb83 [CANDIDATE]: Term 1 pre-election: Tablet error from VoteRequest() call to peer bde88456006248088710bf708618de97 (127.3.78.65:42825): Illegal state: must be running to vote when last-logged opid is not known
I20260709 13:11:14.492420  3558 leader_election.cc:304] T 44daf124b6604ef8947b48f40fdacbdd P 739627c93e824a2e9682206d3ee7fb83 [CANDIDATE]: Term 1 pre-election: Election decided. Result: candidate won. Election summary: received 3 responses out of 3 voters: 2 yes votes; 1 no votes. yes voters: 739627c93e824a2e9682206d3ee7fb83, ab12ebb58fe24f339c3aed24d969a7b9; no voters: bde88456006248088710bf708618de97
I20260709 13:11:14.493306  3722 raft_consensus.cc:2804] T 44daf124b6604ef8947b48f40fdacbdd P 739627c93e824a2e9682206d3ee7fb83 [term 0 FOLLOWER]: Leader pre-election won for term 1
I20260709 13:11:14.493932  3722 raft_consensus.cc:493] T 44daf124b6604ef8947b48f40fdacbdd P 739627c93e824a2e9682206d3ee7fb83 [term 0 FOLLOWER]: Starting leader election (no leader contacted us within the election timeout)
I20260709 13:11:14.494300  3722 raft_consensus.cc:3060] T 44daf124b6604ef8947b48f40fdacbdd P 739627c93e824a2e9682206d3ee7fb83 [term 0 FOLLOWER]: Advancing to term 1
I20260709 13:11:14.480928  3736 leader_election.cc:290] T 44daf124b6604ef8947b48f40fdacbdd P ab12ebb58fe24f339c3aed24d969a7b9 [CANDIDATE]: Term 1 pre-election: Requested pre-vote from peers bde88456006248088710bf708618de97 (127.3.78.65:42825), 739627c93e824a2e9682206d3ee7fb83 (127.3.78.66:40171)
I20260709 13:11:14.495461  3736 raft_consensus.cc:2804] T acf7a966023e4bd7a0fc44db8bd32d7b P ab12ebb58fe24f339c3aed24d969a7b9 [term 0 FOLLOWER]: Leader pre-election won for term 1
I20260709 13:11:14.495378  3594 tablet_service.cc:1917] Received RequestConsensusVote() RPC: tablet_id: "06e21e1cfe2441efb028353378e0e6ae" candidate_uuid: "bde88456006248088710bf708618de97" candidate_term: 1 candidate_status { last_received { term: 0 index: 0 } } ignore_live_leader: false dest_uuid: "739627c93e824a2e9682206d3ee7fb83" is_pre_election: true
I20260709 13:11:14.494354  3751 raft_consensus.cc:493] T 232720d02f54433eb63beaad77b4882a P bde88456006248088710bf708618de97 [term 0 FOLLOWER]: Starting pre-election (no leader contacted us within the election timeout)
I20260709 13:11:14.496820  3751 raft_consensus.cc:515] T 232720d02f54433eb63beaad77b4882a P bde88456006248088710bf708618de97 [term 0 FOLLOWER]: Starting pre-election with config: opid_index: -1 OBSOLETE_local: false peers { permanent_uuid: "bde88456006248088710bf708618de97" member_type: VOTER last_known_addr { host: "127.3.78.65" port: 42825 } } peers { permanent_uuid: "739627c93e824a2e9682206d3ee7fb83" member_type: VOTER last_known_addr { host: "127.3.78.66" port: 40171 } } peers { permanent_uuid: "ab12ebb58fe24f339c3aed24d969a7b9" member_type: VOTER last_known_addr { host: "127.3.78.67" port: 43751 } }
I20260709 13:11:14.493687  3558 leader_election.cc:304] T e3ac5a1f344b4b91bda1d349b96f2e2f P 739627c93e824a2e9682206d3ee7fb83 [CANDIDATE]: Term 1 pre-election: Election decided. Result: candidate lost. Election summary: received 3 responses out of 3 voters: 1 yes votes; 2 no votes. yes voters: 739627c93e824a2e9682206d3ee7fb83; no voters: ab12ebb58fe24f339c3aed24d969a7b9, bde88456006248088710bf708618de97
I20260709 13:11:14.496280  3736 raft_consensus.cc:493] T acf7a966023e4bd7a0fc44db8bd32d7b P ab12ebb58fe24f339c3aed24d969a7b9 [term 0 FOLLOWER]: Starting leader election (no leader contacted us within the election timeout)
W20260709 13:11:14.500313  3486 leader_election.cc:343] T 06e21e1cfe2441efb028353378e0e6ae P bde88456006248088710bf708618de97 [CANDIDATE]: Term 1 pre-election: Tablet error from VoteRequest() call to peer 739627c93e824a2e9682206d3ee7fb83 (127.3.78.66:40171): Illegal state: must be running to vote when last-logged opid is not known
I20260709 13:11:14.494464  3415 catalog_manager.cc:5697] T 85ebb0e3539b41e2915dec363c36d8cf P bde88456006248088710bf708618de97 reported cstate change: term changed from 0 to 1, leader changed from <none> to bde88456006248088710bf708618de97 (127.3.78.65). New cstate: current_term: 1 leader_uuid: "bde88456006248088710bf708618de97" committed_config { opid_index: -1 OBSOLETE_local: false peers { permanent_uuid: "bde88456006248088710bf708618de97" member_type: VOTER last_known_addr { host: "127.3.78.65" port: 42825 } health_report { overall_health: HEALTHY } } peers { permanent_uuid: "739627c93e824a2e9682206d3ee7fb83" member_type: VOTER last_known_addr { host: "127.3.78.66" port: 40171 } health_report { overall_health: UNKNOWN } } peers { permanent_uuid: "ab12ebb58fe24f339c3aed24d969a7b9" member_type: VOTER last_known_addr { host: "127.3.78.67" port: 43751 } health_report { overall_health: UNKNOWN } } }
I20260709 13:11:14.500465  3749 leader_election.cc:290] T 06e21e1cfe2441efb028353378e0e6ae P bde88456006248088710bf708618de97 [CANDIDATE]: Term 1 pre-election: Requested pre-vote from peers 739627c93e824a2e9682206d3ee7fb83 (127.3.78.66:40171), ab12ebb58fe24f339c3aed24d969a7b9 (127.3.78.67:43751)
I20260709 13:11:14.520161  3736 raft_consensus.cc:3060] T acf7a966023e4bd7a0fc44db8bd32d7b P ab12ebb58fe24f339c3aed24d969a7b9 [term 0 FOLLOWER]: Advancing to term 1
W20260709 13:11:14.518833  3635 outbound_call.cc:321] RPC callback for RPC call kudu.consensus.ConsensusService.RequestConsensusVote -> {remote=127.3.78.66:40171, user_credentials={real_user=slave}} blocked reactor thread for 55701.9us
I20260709 13:11:14.502013  3669 raft_consensus.cc:2468] T e3ac5a1f344b4b91bda1d349b96f2e2f P ab12ebb58fe24f339c3aed24d969a7b9 [term 1 FOLLOWER]: Leader election vote request: Granting yes vote for candidate bde88456006248088710bf708618de97 in term 1.
I20260709 13:11:14.517182  3719 raft_consensus.cc:697] T 6fd79bdf0fff410a86b3adac8a1aec91 P ab12ebb58fe24f339c3aed24d969a7b9 [term 1 LEADER]: Becoming Leader. State: Replica: ab12ebb58fe24f339c3aed24d969a7b9, State: Running, Role: LEADER
I20260709 13:11:14.502816  3713 tablet_bootstrap.cc:654] T 232720d02f54433eb63beaad77b4882a P 739627c93e824a2e9682206d3ee7fb83: Neither blocks nor log segments found. Creating new log.
I20260709 13:11:14.502529  3595 raft_consensus.cc:2468] T e3ac5a1f344b4b91bda1d349b96f2e2f P 739627c93e824a2e9682206d3ee7fb83 [term 1 FOLLOWER]: Leader election vote request: Granting yes vote for candidate bde88456006248088710bf708618de97 in term 1.
I20260709 13:11:14.522710  3668 tablet_service.cc:1917] Received RequestConsensusVote() RPC: tablet_id: "06e21e1cfe2441efb028353378e0e6ae" candidate_uuid: "bde88456006248088710bf708618de97" candidate_term: 1 candidate_status { last_received { term: 0 index: 0 } } ignore_live_leader: false dest_uuid: "ab12ebb58fe24f339c3aed24d969a7b9" is_pre_election: true
I20260709 13:11:14.525686  3483 leader_election.cc:304] T e3ac5a1f344b4b91bda1d349b96f2e2f P bde88456006248088710bf708618de97 [CANDIDATE]: Term 1 election: Election decided. Result: candidate won. Election summary: received 2 responses out of 3 voters: 2 yes votes; 0 no votes. yes voters: ab12ebb58fe24f339c3aed24d969a7b9, bde88456006248088710bf708618de97; no voters: 
W20260709 13:11:14.526571  3483 leader_election.cc:343] T 06e21e1cfe2441efb028353378e0e6ae P bde88456006248088710bf708618de97 [CANDIDATE]: Term 1 pre-election: Tablet error from VoteRequest() call to peer ab12ebb58fe24f339c3aed24d969a7b9 (127.3.78.67:43751): Illegal state: must be running to vote when last-logged opid is not known
I20260709 13:11:14.526959  3483 leader_election.cc:304] T 06e21e1cfe2441efb028353378e0e6ae P bde88456006248088710bf708618de97 [CANDIDATE]: Term 1 pre-election: Election decided. Result: candidate lost. Election summary: received 3 responses out of 3 voters: 1 yes votes; 2 no votes. yes voters: bde88456006248088710bf708618de97; no voters: 739627c93e824a2e9682206d3ee7fb83, ab12ebb58fe24f339c3aed24d969a7b9
I20260709 13:11:14.527648  3718 raft_consensus.cc:2804] T e3ac5a1f344b4b91bda1d349b96f2e2f P bde88456006248088710bf708618de97 [term 1 FOLLOWER]: Leader election won for term 1
I20260709 13:11:14.527437  3715 raft_consensus.cc:359] T 06e21e1cfe2441efb028353378e0e6ae P ab12ebb58fe24f339c3aed24d969a7b9 [term 0 FOLLOWER]: Replica starting. Triggering 0 pending ops. Active config: opid_index: -1 OBSOLETE_local: false peers { permanent_uuid: "bde88456006248088710bf708618de97" member_type: VOTER last_known_addr { host: "127.3.78.65" port: 42825 } } peers { permanent_uuid: "739627c93e824a2e9682206d3ee7fb83" member_type: VOTER last_known_addr { host: "127.3.78.66" port: 40171 } } peers { permanent_uuid: "ab12ebb58fe24f339c3aed24d969a7b9" member_type: VOTER last_known_addr { host: "127.3.78.67" port: 43751 } }
I20260709 13:11:14.527909  3749 raft_consensus.cc:2749] T 06e21e1cfe2441efb028353378e0e6ae P bde88456006248088710bf708618de97 [term 0 FOLLOWER]: Leader pre-election lost for term 1. Reason: could not achieve majority
I20260709 13:11:14.528110  3718 raft_consensus.cc:697] T e3ac5a1f344b4b91bda1d349b96f2e2f P bde88456006248088710bf708618de97 [term 1 LEADER]: Becoming Leader. State: Replica: bde88456006248088710bf708618de97, State: Running, Role: LEADER
I20260709 13:11:14.529047  3593 raft_consensus.cc:2468] T 6fd79bdf0fff410a86b3adac8a1aec91 P 739627c93e824a2e9682206d3ee7fb83 [term 1 FOLLOWER]: Leader election vote request: Granting yes vote for candidate ab12ebb58fe24f339c3aed24d969a7b9 in term 1.
I20260709 13:11:14.528875  3718 consensus_queue.cc:237] T e3ac5a1f344b4b91bda1d349b96f2e2f P bde88456006248088710bf708618de97 [LEADER]: Queue going to LEADER mode. State: All replicated index: 0, Majority replicated index: 0, Committed index: 0, Last appended: 0.0, Last appended by leader: 0, Current term: 1, Majority size: 2, State: 0, Mode: LEADER, active raft config: opid_index: -1 OBSOLETE_local: false peers { permanent_uuid: "bde88456006248088710bf708618de97" member_type: VOTER last_known_addr { host: "127.3.78.65" port: 42825 } } peers { permanent_uuid: "739627c93e824a2e9682206d3ee7fb83" member_type: VOTER last_known_addr { host: "127.3.78.66" port: 40171 } } peers { permanent_uuid: "ab12ebb58fe24f339c3aed24d969a7b9" member_type: VOTER last_known_addr { host: "127.3.78.67" port: 43751 } }
I20260709 13:11:14.529568  3751 leader_election.cc:290] T 232720d02f54433eb63beaad77b4882a P bde88456006248088710bf708618de97 [CANDIDATE]: Term 1 pre-election: Requested pre-vote from peers 739627c93e824a2e9682206d3ee7fb83 (127.3.78.66:40171), ab12ebb58fe24f339c3aed24d969a7b9 (127.3.78.67:43751)
I20260709 13:11:14.529913  3756 raft_consensus.cc:2749] T e3ac5a1f344b4b91bda1d349b96f2e2f P 739627c93e824a2e9682206d3ee7fb83 [term 1 FOLLOWER]: Leader pre-election lost for term 1. Reason: could not achieve majority
I20260709 13:11:14.530455  3715 raft_consensus.cc:385] T 06e21e1cfe2441efb028353378e0e6ae P ab12ebb58fe24f339c3aed24d969a7b9 [term 0 FOLLOWER]: Consensus starting up: Expiring failure detector timer to make a prompt election more likely
I20260709 13:11:14.531364  3668 tablet_service.cc:1917] Received RequestConsensusVote() RPC: tablet_id: "232720d02f54433eb63beaad77b4882a" candidate_uuid: "bde88456006248088710bf708618de97" candidate_term: 1 candidate_status { last_received { term: 0 index: 0 } } ignore_live_leader: false dest_uuid: "ab12ebb58fe24f339c3aed24d969a7b9" is_pre_election: true
I20260709 13:11:14.531937  3668 raft_consensus.cc:2468] T 232720d02f54433eb63beaad77b4882a P ab12ebb58fe24f339c3aed24d969a7b9 [term 0 FOLLOWER]: Leader pre-election vote request: Granting yes vote for candidate bde88456006248088710bf708618de97 in term 0.
I20260709 13:11:14.532260  3595 tablet_service.cc:1917] Received RequestConsensusVote() RPC: tablet_id: "232720d02f54433eb63beaad77b4882a" candidate_uuid: "bde88456006248088710bf708618de97" candidate_term: 1 candidate_status { last_received { term: 0 index: 0 } } ignore_live_leader: false dest_uuid: "739627c93e824a2e9682206d3ee7fb83" is_pre_election: true
I20260709 13:11:14.533128  3483 leader_election.cc:304] T 232720d02f54433eb63beaad77b4882a P bde88456006248088710bf708618de97 [CANDIDATE]: Term 1 pre-election: Election decided. Result: candidate won. Election summary: received 2 responses out of 3 voters: 2 yes votes; 0 no votes. yes voters: ab12ebb58fe24f339c3aed24d969a7b9, bde88456006248088710bf708618de97; no voters: 
I20260709 13:11:14.533793  3715 raft_consensus.cc:740] T 06e21e1cfe2441efb028353378e0e6ae P ab12ebb58fe24f339c3aed24d969a7b9 [term 0 FOLLOWER]: Becoming Follower/Learner. State: Replica: ab12ebb58fe24f339c3aed24d969a7b9, State: Initialized, Role: FOLLOWER
I20260709 13:11:14.534632  3715 consensus_queue.cc:260] T 06e21e1cfe2441efb028353378e0e6ae P ab12ebb58fe24f339c3aed24d969a7b9 [NON_LEADER]: Queue going to NON_LEADER mode. State: All replicated index: 0, Majority replicated index: 0, Committed index: 0, Last appended: 0.0, Last appended by leader: 0, Current term: 0, Majority size: -1, State: 0, Mode: NON_LEADER, active raft config: opid_index: -1 OBSOLETE_local: false peers { permanent_uuid: "bde88456006248088710bf708618de97" member_type: VOTER last_known_addr { host: "127.3.78.65" port: 42825 } } peers { permanent_uuid: "739627c93e824a2e9682206d3ee7fb83" member_type: VOTER last_known_addr { host: "127.3.78.66" port: 40171 } } peers { permanent_uuid: "ab12ebb58fe24f339c3aed24d969a7b9" member_type: VOTER last_known_addr { host: "127.3.78.67" port: 43751 } }
W20260709 13:11:14.533859  3486 leader_election.cc:343] T 232720d02f54433eb63beaad77b4882a P bde88456006248088710bf708618de97 [CANDIDATE]: Term 1 pre-election: Tablet error from VoteRequest() call to peer 739627c93e824a2e9682206d3ee7fb83 (127.3.78.66:40171): Illegal state: must be running to vote when last-logged opid is not known
I20260709 13:11:14.535040  3750 raft_consensus.cc:2804] T 232720d02f54433eb63beaad77b4882a P bde88456006248088710bf708618de97 [term 0 FOLLOWER]: Leader pre-election won for term 1
I20260709 13:11:14.538034  3750 raft_consensus.cc:493] T 232720d02f54433eb63beaad77b4882a P bde88456006248088710bf708618de97 [term 0 FOLLOWER]: Starting leader election (no leader contacted us within the election timeout)
I20260709 13:11:14.539702  3715 ts_tablet_manager.cc:1434] T 06e21e1cfe2441efb028353378e0e6ae P ab12ebb58fe24f339c3aed24d969a7b9: Time spent starting tablet: real 0.071s	user 0.004s	sys 0.003s
I20260709 13:11:14.538273  3750 raft_consensus.cc:3060] T 232720d02f54433eb63beaad77b4882a P bde88456006248088710bf708618de97 [term 0 FOLLOWER]: Advancing to term 1
I20260709 13:11:14.540639  3715 tablet_bootstrap.cc:492] T d454baebb6d84b39bbf1a89ff0a5b688 P ab12ebb58fe24f339c3aed24d969a7b9: Bootstrap starting.
