I20260709 13:11:40.491089 31202 raft_consensus.cc:359] T 54c327af1712484d9a91a3ae37b4a568 P 6629ea609d7c4219a86dc4d24b54055e [term 0 FOLLOWER]: Replica starting. Triggering 0 pending ops. Active config: opid_index: -1 OBSOLETE_local: false peers { permanent_uuid: "267e899dfd554064b1b28700bbc51b74" member_type: VOTER last_known_addr { host: "127.29.50.1" port: 38075 } } peers { permanent_uuid: "528cc114e3934d2d869590b37a5ebacc" member_type: VOTER last_known_addr { host: "127.29.50.2" port: 39935 } } peers { permanent_uuid: "6629ea609d7c4219a86dc4d24b54055e" member_type: VOTER last_known_addr { host: "127.29.50.3" port: 43643 } }
I20260709 13:11:40.492197 31202 raft_consensus.cc:385] T 54c327af1712484d9a91a3ae37b4a568 P 6629ea609d7c4219a86dc4d24b54055e [term 0 FOLLOWER]: Consensus starting up: Expiring failure detector timer to make a prompt election more likely
I20260709 13:11:40.492602 31202 raft_consensus.cc:740] T 54c327af1712484d9a91a3ae37b4a568 P 6629ea609d7c4219a86dc4d24b54055e [term 0 FOLLOWER]: Becoming Follower/Learner. State: Replica: 6629ea609d7c4219a86dc4d24b54055e, State: Initialized, Role: FOLLOWER
I20260709 13:11:40.496061 31202 consensus_queue.cc:260] T 54c327af1712484d9a91a3ae37b4a568 P 6629ea609d7c4219a86dc4d24b54055e [NON_LEADER]: Queue going to NON_LEADER mode. State: All replicated index: 0, Majority replicated index: 0, Committed index: 0, Last appended: 0.0, Last appended by leader: 0, Current term: 0, Majority size: -1, State: 0, Mode: NON_LEADER, active raft config: opid_index: -1 OBSOLETE_local: false peers { permanent_uuid: "267e899dfd554064b1b28700bbc51b74" member_type: VOTER last_known_addr { host: "127.29.50.1" port: 38075 } } peers { permanent_uuid: "528cc114e3934d2d869590b37a5ebacc" member_type: VOTER last_known_addr { host: "127.29.50.2" port: 39935 } } peers { permanent_uuid: "6629ea609d7c4219a86dc4d24b54055e" member_type: VOTER last_known_addr { host: "127.29.50.3" port: 43643 } }
I20260709 13:11:40.498741 31012 raft_consensus.cc:3060] T 1626138e5d83491ca0b6894fec72f141 P 267e899dfd554064b1b28700bbc51b74 [term 0 FOLLOWER]: Advancing to term 1
I20260709 13:11:40.499989 31202 ts_tablet_manager.cc:1434] T 54c327af1712484d9a91a3ae37b4a568 P 6629ea609d7c4219a86dc4d24b54055e: Time spent starting tablet: real 0.030s	user 0.007s	sys 0.004s
I20260709 13:11:40.501502 31202 tablet_bootstrap.cc:492] T ac04640f3694452bbadd49edee808134 P 6629ea609d7c4219a86dc4d24b54055e: Bootstrap starting.
I20260709 13:11:40.515406 31211 consensus_queue.cc:1048] T 7911d8cd074441d8adf1e024d89814c8 P 528cc114e3934d2d869590b37a5ebacc [LEADER]: Connected to new peer: Peer: permanent_uuid: "267e899dfd554064b1b28700bbc51b74" member_type: VOTER last_known_addr { host: "127.29.50.1" port: 38075 }, Status: LMP_MISMATCH, Last received: 0.0, Next index: 1, Last known committed idx: 0, Time since last communication: 0.001s
I20260709 13:11:40.536796 31271 consensus_queue.cc:1048] T 45ab49ae1bc540a6a96dd66969d5f3ae P 528cc114e3934d2d869590b37a5ebacc [LEADER]: Connected to new peer: Peer: permanent_uuid: "6629ea609d7c4219a86dc4d24b54055e" member_type: VOTER last_known_addr { host: "127.29.50.3" port: 43643 }, Status: LMP_MISMATCH, Last received: 0.0, Next index: 1, Last known committed idx: 0, Time since last communication: 0.000s
I20260709 13:11:40.543102 30911 catalog_manager.cc:5697] T d301cf48a91c4fdda06fb938c876383b P 267e899dfd554064b1b28700bbc51b74 reported cstate change: term changed from 0 to 1, leader changed from <none> to 267e899dfd554064b1b28700bbc51b74 (127.29.50.1). New cstate: current_term: 1 leader_uuid: "267e899dfd554064b1b28700bbc51b74" committed_config { opid_index: -1 OBSOLETE_local: false peers { permanent_uuid: "267e899dfd554064b1b28700bbc51b74" member_type: VOTER last_known_addr { host: "127.29.50.1" port: 38075 } health_report { overall_health: HEALTHY } } peers { permanent_uuid: "528cc114e3934d2d869590b37a5ebacc" member_type: VOTER last_known_addr { host: "127.29.50.2" port: 39935 } health_report { overall_health: UNKNOWN } } peers { permanent_uuid: "6629ea609d7c4219a86dc4d24b54055e" member_type: VOTER last_known_addr { host: "127.29.50.3" port: 43643 } health_report { overall_health: UNKNOWN } } }
I20260709 13:11:40.548089 31409 consensus_queue.cc:1048] T 1626138e5d83491ca0b6894fec72f141 P 6629ea609d7c4219a86dc4d24b54055e [LEADER]: Connected to new peer: Peer: permanent_uuid: "267e899dfd554064b1b28700bbc51b74" member_type: VOTER last_known_addr { host: "127.29.50.1" port: 38075 }, Status: LMP_MISMATCH, Last received: 0.0, Next index: 1, Last known committed idx: 0, Time since last communication: 0.001s
I20260709 13:11:40.563624 31203 raft_consensus.cc:359] T ac04640f3694452bbadd49edee808134 P 267e899dfd554064b1b28700bbc51b74 [term 0 FOLLOWER]: Replica starting. Triggering 0 pending ops. Active config: opid_index: -1 OBSOLETE_local: false peers { permanent_uuid: "267e899dfd554064b1b28700bbc51b74" member_type: VOTER last_known_addr { host: "127.29.50.1" port: 38075 } } peers { permanent_uuid: "528cc114e3934d2d869590b37a5ebacc" member_type: VOTER last_known_addr { host: "127.29.50.2" port: 39935 } } peers { permanent_uuid: "6629ea609d7c4219a86dc4d24b54055e" member_type: VOTER last_known_addr { host: "127.29.50.3" port: 43643 } }
I20260709 13:11:40.564324 31203 raft_consensus.cc:385] T ac04640f3694452bbadd49edee808134 P 267e899dfd554064b1b28700bbc51b74 [term 0 FOLLOWER]: Consensus starting up: Expiring failure detector timer to make a prompt election more likely
I20260709 13:11:40.564623 31203 raft_consensus.cc:740] T ac04640f3694452bbadd49edee808134 P 267e899dfd554064b1b28700bbc51b74 [term 0 FOLLOWER]: Becoming Follower/Learner. State: Replica: 267e899dfd554064b1b28700bbc51b74, State: Initialized, Role: FOLLOWER
I20260709 13:11:40.565229 31203 consensus_queue.cc:260] T ac04640f3694452bbadd49edee808134 P 267e899dfd554064b1b28700bbc51b74 [NON_LEADER]: Queue going to NON_LEADER mode. State: All replicated index: 0, Majority replicated index: 0, Committed index: 0, Last appended: 0.0, Last appended by leader: 0, Current term: 0, Majority size: -1, State: 0, Mode: NON_LEADER, active raft config: opid_index: -1 OBSOLETE_local: false peers { permanent_uuid: "267e899dfd554064b1b28700bbc51b74" member_type: VOTER last_known_addr { host: "127.29.50.1" port: 38075 } } peers { permanent_uuid: "528cc114e3934d2d869590b37a5ebacc" member_type: VOTER last_known_addr { host: "127.29.50.2" port: 39935 } } peers { permanent_uuid: "6629ea609d7c4219a86dc4d24b54055e" member_type: VOTER last_known_addr { host: "127.29.50.3" port: 43643 } }
I20260709 13:11:40.566208 31399 consensus_queue.cc:1048] T 271c5fd9c54542309d1ba370aa6cc20b P 267e899dfd554064b1b28700bbc51b74 [LEADER]: Connected to new peer: Peer: permanent_uuid: "528cc114e3934d2d869590b37a5ebacc" member_type: VOTER last_known_addr { host: "127.29.50.2" port: 39935 }, Status: LMP_MISMATCH, Last received: 0.0, Next index: 1, Last known committed idx: 0, Time since last communication: 0.000s
I20260709 13:11:40.569751 31409 raft_consensus.cc:493] T c3ffa64f5774432780409b4b2f56e3e4 P 6629ea609d7c4219a86dc4d24b54055e [term 0 FOLLOWER]: Starting pre-election (no leader contacted us within the election timeout)
I20260709 13:11:40.581787 31205 tablet_bootstrap.cc:654] T 5c1225e080a040e5a7c1e827f9641c04 P 528cc114e3934d2d869590b37a5ebacc: Neither blocks nor log segments found. Creating new log.
I20260709 13:11:40.582710 30911 catalog_manager.cc:5697] T ffe2803fc52c422ab39b1957b6db1532 P 6629ea609d7c4219a86dc4d24b54055e reported cstate change: term changed from 0 to 1, leader changed from <none> to 6629ea609d7c4219a86dc4d24b54055e (127.29.50.3). New cstate: current_term: 1 leader_uuid: "6629ea609d7c4219a86dc4d24b54055e" committed_config { opid_index: -1 OBSOLETE_local: false peers { permanent_uuid: "267e899dfd554064b1b28700bbc51b74" member_type: VOTER last_known_addr { host: "127.29.50.1" port: 38075 } health_report { overall_health: UNKNOWN } } peers { permanent_uuid: "528cc114e3934d2d869590b37a5ebacc" member_type: VOTER last_known_addr { host: "127.29.50.2" port: 39935 } health_report { overall_health: UNKNOWN } } peers { permanent_uuid: "6629ea609d7c4219a86dc4d24b54055e" member_type: VOTER last_known_addr { host: "127.29.50.3" port: 43643 } health_report { overall_health: HEALTHY } } }
I20260709 13:11:40.584237 31203 ts_tablet_manager.cc:1434] T ac04640f3694452bbadd49edee808134 P 267e899dfd554064b1b28700bbc51b74: Time spent starting tablet: real 0.117s	user 0.007s	sys 0.000s
I20260709 13:11:40.584975 31203 tablet_bootstrap.cc:492] T 0babb7a1cca247b0b3af372bd333c82c P 267e899dfd554064b1b28700bbc51b74: Bootstrap starting.
I20260709 13:11:40.586678 31409 raft_consensus.cc:515] T c3ffa64f5774432780409b4b2f56e3e4 P 6629ea609d7c4219a86dc4d24b54055e [term 0 FOLLOWER]: Starting pre-election with config: opid_index: -1 OBSOLETE_local: false peers { permanent_uuid: "267e899dfd554064b1b28700bbc51b74" member_type: VOTER last_known_addr { host: "127.29.50.1" port: 38075 } } peers { permanent_uuid: "528cc114e3934d2d869590b37a5ebacc" member_type: VOTER last_known_addr { host: "127.29.50.2" port: 39935 } } peers { permanent_uuid: "6629ea609d7c4219a86dc4d24b54055e" member_type: VOTER last_known_addr { host: "127.29.50.3" port: 43643 } }
I20260709 13:11:40.594252 31211 consensus_queue.cc:1048] T 45ab49ae1bc540a6a96dd66969d5f3ae P 528cc114e3934d2d869590b37a5ebacc [LEADER]: Connected to new peer: Peer: permanent_uuid: "267e899dfd554064b1b28700bbc51b74" member_type: VOTER last_known_addr { host: "127.29.50.1" port: 38075 }, Status: LMP_MISMATCH, Last received: 0.0, Next index: 1, Last known committed idx: 0, Time since last communication: 0.001s
I20260709 13:11:40.615489 31011 tablet_service.cc:1917] Received RequestConsensusVote() RPC: tablet_id: "c3ffa64f5774432780409b4b2f56e3e4" candidate_uuid: "6629ea609d7c4219a86dc4d24b54055e" candidate_term: 1 candidate_status { last_received { term: 0 index: 0 } } ignore_live_leader: false dest_uuid: "267e899dfd554064b1b28700bbc51b74" is_pre_election: true
I20260709 13:11:40.638545 31409 leader_election.cc:290] T c3ffa64f5774432780409b4b2f56e3e4 P 6629ea609d7c4219a86dc4d24b54055e [CANDIDATE]: Term 1 pre-election: Requested pre-vote from peers 267e899dfd554064b1b28700bbc51b74 (127.29.50.1:38075), 528cc114e3934d2d869590b37a5ebacc (127.29.50.2:39935)
I20260709 13:11:40.641177 31084 tablet_service.cc:1917] Received RequestConsensusVote() RPC: tablet_id: "c3ffa64f5774432780409b4b2f56e3e4" candidate_uuid: "6629ea609d7c4219a86dc4d24b54055e" candidate_term: 1 candidate_status { last_received { term: 0 index: 0 } } ignore_live_leader: false dest_uuid: "528cc114e3934d2d869590b37a5ebacc" is_pre_election: true
I20260709 13:11:40.643378 31202 tablet_bootstrap.cc:654] T ac04640f3694452bbadd49edee808134 P 6629ea609d7c4219a86dc4d24b54055e: Neither blocks nor log segments found. Creating new log.
I20260709 13:11:40.642050 31084 raft_consensus.cc:2468] T c3ffa64f5774432780409b4b2f56e3e4 P 528cc114e3934d2d869590b37a5ebacc [term 0 FOLLOWER]: Leader pre-election vote request: Granting yes vote for candidate 6629ea609d7c4219a86dc4d24b54055e in term 0.
I20260709 13:11:40.669267 31203 tablet_bootstrap.cc:654] T 0babb7a1cca247b0b3af372bd333c82c P 267e899dfd554064b1b28700bbc51b74: Neither blocks nor log segments found. Creating new log.
I20260709 13:11:40.672880 31126 leader_election.cc:304] T c3ffa64f5774432780409b4b2f56e3e4 P 6629ea609d7c4219a86dc4d24b54055e [CANDIDATE]: Term 1 pre-election: Election decided. Result: candidate won. Election summary: received 2 responses out of 3 voters: 2 yes votes; 0 no votes. yes voters: 528cc114e3934d2d869590b37a5ebacc, 6629ea609d7c4219a86dc4d24b54055e; no voters: 
I20260709 13:11:40.677640 31301 raft_consensus.cc:2804] T c3ffa64f5774432780409b4b2f56e3e4 P 6629ea609d7c4219a86dc4d24b54055e [term 0 FOLLOWER]: Leader pre-election won for term 1
I20260709 13:11:40.678117 31301 raft_consensus.cc:493] T c3ffa64f5774432780409b4b2f56e3e4 P 6629ea609d7c4219a86dc4d24b54055e [term 0 FOLLOWER]: Starting leader election (no leader contacted us within the election timeout)
I20260709 13:11:40.678506 31301 raft_consensus.cc:3060] T c3ffa64f5774432780409b4b2f56e3e4 P 6629ea609d7c4219a86dc4d24b54055e [term 0 FOLLOWER]: Advancing to term 1
I20260709 13:11:40.710842 31301 raft_consensus.cc:515] T c3ffa64f5774432780409b4b2f56e3e4 P 6629ea609d7c4219a86dc4d24b54055e [term 1 FOLLOWER]: Starting leader election with config: opid_index: -1 OBSOLETE_local: false peers { permanent_uuid: "267e899dfd554064b1b28700bbc51b74" member_type: VOTER last_known_addr { host: "127.29.50.1" port: 38075 } } peers { permanent_uuid: "528cc114e3934d2d869590b37a5ebacc" member_type: VOTER last_known_addr { host: "127.29.50.2" port: 39935 } } peers { permanent_uuid: "6629ea609d7c4219a86dc4d24b54055e" member_type: VOTER last_known_addr { host: "127.29.50.3" port: 43643 } }
I20260709 13:11:40.713536 31301 leader_election.cc:290] T c3ffa64f5774432780409b4b2f56e3e4 P 6629ea609d7c4219a86dc4d24b54055e [CANDIDATE]: Term 1 election: Requested vote from peers 267e899dfd554064b1b28700bbc51b74 (127.29.50.1:38075), 528cc114e3934d2d869590b37a5ebacc (127.29.50.2:39935)
I20260709 13:11:40.715977 31084 tablet_service.cc:1917] Received RequestConsensusVote() RPC: tablet_id: "c3ffa64f5774432780409b4b2f56e3e4" candidate_uuid: "6629ea609d7c4219a86dc4d24b54055e" candidate_term: 1 candidate_status { last_received { term: 0 index: 0 } } ignore_live_leader: false dest_uuid: "528cc114e3934d2d869590b37a5ebacc"
I20260709 13:11:40.716771 31084 raft_consensus.cc:3060] T c3ffa64f5774432780409b4b2f56e3e4 P 528cc114e3934d2d869590b37a5ebacc [term 0 FOLLOWER]: Advancing to term 1
I20260709 13:11:40.724426 31012 tablet_service.cc:1917] Received RequestConsensusVote() RPC: tablet_id: "c3ffa64f5774432780409b4b2f56e3e4" candidate_uuid: "6629ea609d7c4219a86dc4d24b54055e" candidate_term: 1 candidate_status { last_received { term: 0 index: 0 } } ignore_live_leader: false dest_uuid: "267e899dfd554064b1b28700bbc51b74"
W20260709 13:11:40.725740 31125 leader_election.cc:343] T c3ffa64f5774432780409b4b2f56e3e4 P 6629ea609d7c4219a86dc4d24b54055e [CANDIDATE]: Term 1 pre-election: Tablet error from VoteRequest() call to peer 267e899dfd554064b1b28700bbc51b74 (127.29.50.1:38075): Illegal state: must be running to vote when last-logged opid is not known
W20260709 13:11:40.727401 31125 leader_election.cc:343] T c3ffa64f5774432780409b4b2f56e3e4 P 6629ea609d7c4219a86dc4d24b54055e [CANDIDATE]: Term 1 election: Tablet error from VoteRequest() call to peer 267e899dfd554064b1b28700bbc51b74 (127.29.50.1:38075): Illegal state: must be running to vote when last-logged opid is not known
I20260709 13:11:40.732693 31202 tablet_bootstrap.cc:492] T ac04640f3694452bbadd49edee808134 P 6629ea609d7c4219a86dc4d24b54055e: No bootstrap required, opened a new log
I20260709 13:11:40.733182 31202 ts_tablet_manager.cc:1403] T ac04640f3694452bbadd49edee808134 P 6629ea609d7c4219a86dc4d24b54055e: Time spent bootstrapping tablet: real 0.232s	user 0.029s	sys 0.024s
I20260709 13:11:40.733992 31084 raft_consensus.cc:2468] T c3ffa64f5774432780409b4b2f56e3e4 P 528cc114e3934d2d869590b37a5ebacc [term 1 FOLLOWER]: Leader election vote request: Granting yes vote for candidate 6629ea609d7c4219a86dc4d24b54055e in term 1.
I20260709 13:11:40.737880 31126 leader_election.cc:304] T c3ffa64f5774432780409b4b2f56e3e4 P 6629ea609d7c4219a86dc4d24b54055e [CANDIDATE]: Term 1 election: Election decided. Result: candidate won. Election summary: received 3 responses out of 3 voters: 2 yes votes; 1 no votes. yes voters: 528cc114e3934d2d869590b37a5ebacc, 6629ea609d7c4219a86dc4d24b54055e; no voters: 267e899dfd554064b1b28700bbc51b74
I20260709 13:11:40.738866 31409 raft_consensus.cc:2804] T c3ffa64f5774432780409b4b2f56e3e4 P 6629ea609d7c4219a86dc4d24b54055e [term 1 FOLLOWER]: Leader election won for term 1
I20260709 13:11:40.739405 31409 raft_consensus.cc:697] T c3ffa64f5774432780409b4b2f56e3e4 P 6629ea609d7c4219a86dc4d24b54055e [term 1 LEADER]: Becoming Leader. State: Replica: 6629ea609d7c4219a86dc4d24b54055e, State: Running, Role: LEADER
I20260709 13:11:40.742738 31409 consensus_queue.cc:237] T c3ffa64f5774432780409b4b2f56e3e4 P 6629ea609d7c4219a86dc4d24b54055e [LEADER]: Queue going to LEADER mode. State: All replicated index: 0, Majority replicated index: 0, Committed index: 0, Last appended: 0.0, Last appended by leader: 0, Current term: 1, Majority size: 2, State: 0, Mode: LEADER, active raft config: opid_index: -1 OBSOLETE_local: false peers { permanent_uuid: "267e899dfd554064b1b28700bbc51b74" member_type: VOTER last_known_addr { host: "127.29.50.1" port: 38075 } } peers { permanent_uuid: "528cc114e3934d2d869590b37a5ebacc" member_type: VOTER last_known_addr { host: "127.29.50.2" port: 39935 } } peers { permanent_uuid: "6629ea609d7c4219a86dc4d24b54055e" member_type: VOTER last_known_addr { host: "127.29.50.3" port: 43643 } }
I20260709 13:11:40.748124 31203 tablet_bootstrap.cc:492] T 0babb7a1cca247b0b3af372bd333c82c P 267e899dfd554064b1b28700bbc51b74: No bootstrap required, opened a new log
I20260709 13:11:40.748698 31203 ts_tablet_manager.cc:1403] T 0babb7a1cca247b0b3af372bd333c82c P 267e899dfd554064b1b28700bbc51b74: Time spent bootstrapping tablet: real 0.164s	user 0.017s	sys 0.005s
I20260709 13:11:40.764497 31202 raft_consensus.cc:359] T ac04640f3694452bbadd49edee808134 P 6629ea609d7c4219a86dc4d24b54055e [term 0 FOLLOWER]: Replica starting. Triggering 0 pending ops. Active config: opid_index: -1 OBSOLETE_local: false peers { permanent_uuid: "267e899dfd554064b1b28700bbc51b74" member_type: VOTER last_known_addr { host: "127.29.50.1" port: 38075 } } peers { permanent_uuid: "528cc114e3934d2d869590b37a5ebacc" member_type: VOTER last_known_addr { host: "127.29.50.2" port: 39935 } } peers { permanent_uuid: "6629ea609d7c4219a86dc4d24b54055e" member_type: VOTER last_known_addr { host: "127.29.50.3" port: 43643 } }
I20260709 13:11:40.765450 31202 raft_consensus.cc:385] T ac04640f3694452bbadd49edee808134 P 6629ea609d7c4219a86dc4d24b54055e [term 0 FOLLOWER]: Consensus starting up: Expiring failure detector timer to make a prompt election more likely
I20260709 13:11:40.765736 31202 raft_consensus.cc:740] T ac04640f3694452bbadd49edee808134 P 6629ea609d7c4219a86dc4d24b54055e [term 0 FOLLOWER]: Becoming Follower/Learner. State: Replica: 6629ea609d7c4219a86dc4d24b54055e, State: Initialized, Role: FOLLOWER
I20260709 13:11:40.770568 31203 raft_consensus.cc:359] T 0babb7a1cca247b0b3af372bd333c82c P 267e899dfd554064b1b28700bbc51b74 [term 0 FOLLOWER]: Replica starting. Triggering 0 pending ops. Active config: opid_index: -1 OBSOLETE_local: false peers { permanent_uuid: "267e899dfd554064b1b28700bbc51b74" member_type: VOTER last_known_addr { host: "127.29.50.1" port: 38075 } } peers { permanent_uuid: "528cc114e3934d2d869590b37a5ebacc" member_type: VOTER last_known_addr { host: "127.29.50.2" port: 39935 } } peers { permanent_uuid: "6629ea609d7c4219a86dc4d24b54055e" member_type: VOTER last_known_addr { host: "127.29.50.3" port: 43643 } }
I20260709 13:11:40.771296 31203 raft_consensus.cc:385] T 0babb7a1cca247b0b3af372bd333c82c P 267e899dfd554064b1b28700bbc51b74 [term 0 FOLLOWER]: Consensus starting up: Expiring failure detector timer to make a prompt election more likely
I20260709 13:11:40.771494 31205 tablet_bootstrap.cc:492] T 5c1225e080a040e5a7c1e827f9641c04 P 528cc114e3934d2d869590b37a5ebacc: No bootstrap required, opened a new log
I20260709 13:11:40.771795 31202 consensus_queue.cc:260] T ac04640f3694452bbadd49edee808134 P 6629ea609d7c4219a86dc4d24b54055e [NON_LEADER]: Queue going to NON_LEADER mode. State: All replicated index: 0, Majority replicated index: 0, Committed index: 0, Last appended: 0.0, Last appended by leader: 0, Current term: 0, Majority size: -1, State: 0, Mode: NON_LEADER, active raft config: opid_index: -1 OBSOLETE_local: false peers { permanent_uuid: "267e899dfd554064b1b28700bbc51b74" member_type: VOTER last_known_addr { host: "127.29.50.1" port: 38075 } } peers { permanent_uuid: "528cc114e3934d2d869590b37a5ebacc" member_type: VOTER last_known_addr { host: "127.29.50.2" port: 39935 } } peers { permanent_uuid: "6629ea609d7c4219a86dc4d24b54055e" member_type: VOTER last_known_addr { host: "127.29.50.3" port: 43643 } }
I20260709 13:11:40.772301 31205 ts_tablet_manager.cc:1403] T 5c1225e080a040e5a7c1e827f9641c04 P 528cc114e3934d2d869590b37a5ebacc: Time spent bootstrapping tablet: real 0.283s	user 0.007s	sys 0.015s
I20260709 13:11:40.774456 31202 ts_tablet_manager.cc:1434] T ac04640f3694452bbadd49edee808134 P 6629ea609d7c4219a86dc4d24b54055e: Time spent starting tablet: real 0.041s	user 0.006s	sys 0.000s
I20260709 13:11:40.775210 31202 tablet_bootstrap.cc:492] T bb8eba0d0a8d4d9ebfa9c273c60f068a P 6629ea609d7c4219a86dc4d24b54055e: Bootstrap starting.
I20260709 13:11:40.775004 31205 raft_consensus.cc:359] T 5c1225e080a040e5a7c1e827f9641c04 P 528cc114e3934d2d869590b37a5ebacc [term 0 FOLLOWER]: Replica starting. Triggering 0 pending ops. Active config: opid_index: -1 OBSOLETE_local: false peers { permanent_uuid: "267e899dfd554064b1b28700bbc51b74" member_type: VOTER last_known_addr { host: "127.29.50.1" port: 38075 } } peers { permanent_uuid: "528cc114e3934d2d869590b37a5ebacc" member_type: VOTER last_known_addr { host: "127.29.50.2" port: 39935 } } peers { permanent_uuid: "6629ea609d7c4219a86dc4d24b54055e" member_type: VOTER last_known_addr { host: "127.29.50.3" port: 43643 } }
I20260709 13:11:40.781092 31205 raft_consensus.cc:385] T 5c1225e080a040e5a7c1e827f9641c04 P 528cc114e3934d2d869590b37a5ebacc [term 0 FOLLOWER]: Consensus starting up: Expiring failure detector timer to make a prompt election more likely
I20260709 13:11:40.781390 31205 raft_consensus.cc:740] T 5c1225e080a040e5a7c1e827f9641c04 P 528cc114e3934d2d869590b37a5ebacc [term 0 FOLLOWER]: Becoming Follower/Learner. State: Replica: 528cc114e3934d2d869590b37a5ebacc, State: Initialized, Role: FOLLOWER
I20260709 13:11:40.782068 31205 consensus_queue.cc:260] T 5c1225e080a040e5a7c1e827f9641c04 P 528cc114e3934d2d869590b37a5ebacc [NON_LEADER]: Queue going to NON_LEADER mode. State: All replicated index: 0, Majority replicated index: 0, Committed index: 0, Last appended: 0.0, Last appended by leader: 0, Current term: 0, Majority size: -1, State: 0, Mode: NON_LEADER, active raft config: opid_index: -1 OBSOLETE_local: false peers { permanent_uuid: "267e899dfd554064b1b28700bbc51b74" member_type: VOTER last_known_addr { host: "127.29.50.1" port: 38075 } } peers { permanent_uuid: "528cc114e3934d2d869590b37a5ebacc" member_type: VOTER last_known_addr { host: "127.29.50.2" port: 39935 } } peers { permanent_uuid: "6629ea609d7c4219a86dc4d24b54055e" member_type: VOTER last_known_addr { host: "127.29.50.3" port: 43643 } }
I20260709 13:11:40.771577 31203 raft_consensus.cc:740] T 0babb7a1cca247b0b3af372bd333c82c P 267e899dfd554064b1b28700bbc51b74 [term 0 FOLLOWER]: Becoming Follower/Learner. State: Replica: 267e899dfd554064b1b28700bbc51b74, State: Initialized, Role: FOLLOWER
I20260709 13:11:40.782649 31266 raft_consensus.cc:493] T ac04640f3694452bbadd49edee808134 P 267e899dfd554064b1b28700bbc51b74 [term 0 FOLLOWER]: Starting pre-election (no leader contacted us within the election timeout)
I20260709 13:11:40.783037 31203 consensus_queue.cc:260] T 0babb7a1cca247b0b3af372bd333c82c P 267e899dfd554064b1b28700bbc51b74 [NON_LEADER]: Queue going to NON_LEADER mode. State: All replicated index: 0, Majority replicated index: 0, Committed index: 0, Last appended: 0.0, Last appended by leader: 0, Current term: 0, Majority size: -1, State: 0, Mode: NON_LEADER, active raft config: opid_index: -1 OBSOLETE_local: false peers { permanent_uuid: "267e899dfd554064b1b28700bbc51b74" member_type: VOTER last_known_addr { host: "127.29.50.1" port: 38075 } } peers { permanent_uuid: "528cc114e3934d2d869590b37a5ebacc" member_type: VOTER last_known_addr { host: "127.29.50.2" port: 39935 } } peers { permanent_uuid: "6629ea609d7c4219a86dc4d24b54055e" member_type: VOTER last_known_addr { host: "127.29.50.3" port: 43643 } }
I20260709 13:11:40.783253 31266 raft_consensus.cc:515] T ac04640f3694452bbadd49edee808134 P 267e899dfd554064b1b28700bbc51b74 [term 0 FOLLOWER]: Starting pre-election with config: opid_index: -1 OBSOLETE_local: false peers { permanent_uuid: "267e899dfd554064b1b28700bbc51b74" member_type: VOTER last_known_addr { host: "127.29.50.1" port: 38075 } } peers { permanent_uuid: "528cc114e3934d2d869590b37a5ebacc" member_type: VOTER last_known_addr { host: "127.29.50.2" port: 39935 } } peers { permanent_uuid: "6629ea609d7c4219a86dc4d24b54055e" member_type: VOTER last_known_addr { host: "127.29.50.3" port: 43643 } }
I20260709 13:11:40.787367 31084 tablet_service.cc:1917] Received RequestConsensusVote() RPC: tablet_id: "ac04640f3694452bbadd49edee808134" candidate_uuid: "267e899dfd554064b1b28700bbc51b74" candidate_term: 1 candidate_status { last_received { term: 0 index: 0 } } ignore_live_leader: false dest_uuid: "528cc114e3934d2d869590b37a5ebacc" is_pre_election: true
I20260709 13:11:40.795748 31202 tablet_bootstrap.cc:654] T bb8eba0d0a8d4d9ebfa9c273c60f068a P 6629ea609d7c4219a86dc4d24b54055e: Neither blocks nor log segments found. Creating new log.
I20260709 13:11:40.787595 31266 leader_election.cc:290] T ac04640f3694452bbadd49edee808134 P 267e899dfd554064b1b28700bbc51b74 [CANDIDATE]: Term 1 pre-election: Requested pre-vote from peers 528cc114e3934d2d869590b37a5ebacc (127.29.50.2:39935), 6629ea609d7c4219a86dc4d24b54055e (127.29.50.3:43643)
I20260709 13:11:40.797734 31203 ts_tablet_manager.cc:1434] T 0babb7a1cca247b0b3af372bd333c82c P 267e899dfd554064b1b28700bbc51b74: Time spent starting tablet: real 0.049s	user 0.007s	sys 0.003s
I20260709 13:11:40.798591 31203 tablet_bootstrap.cc:492] T c3ffa64f5774432780409b4b2f56e3e4 P 267e899dfd554064b1b28700bbc51b74: Bootstrap starting.
I20260709 13:11:40.799778 31084 raft_consensus.cc:2468] T ac04640f3694452bbadd49edee808134 P 528cc114e3934d2d869590b37a5ebacc [term 0 FOLLOWER]: Leader pre-election vote request: Granting yes vote for candidate 267e899dfd554064b1b28700bbc51b74 in term 0.
I20260709 13:11:40.789299 31160 tablet_service.cc:1917] Received RequestConsensusVote() RPC: tablet_id: "ac04640f3694452bbadd49edee808134" candidate_uuid: "267e899dfd554064b1b28700bbc51b74" candidate_term: 1 candidate_status { last_received { term: 0 index: 0 } } ignore_live_leader: false dest_uuid: "6629ea609d7c4219a86dc4d24b54055e" is_pre_election: true
I20260709 13:11:40.800607 31160 raft_consensus.cc:2468] T ac04640f3694452bbadd49edee808134 P 6629ea609d7c4219a86dc4d24b54055e [term 0 FOLLOWER]: Leader pre-election vote request: Granting yes vote for candidate 267e899dfd554064b1b28700bbc51b74 in term 0.
I20260709 13:11:40.801128 30977 leader_election.cc:304] T ac04640f3694452bbadd49edee808134 P 267e899dfd554064b1b28700bbc51b74 [CANDIDATE]: Term 1 pre-election: Election decided. Result: candidate won. Election summary: received 2 responses out of 3 voters: 2 yes votes; 0 no votes. yes voters: 267e899dfd554064b1b28700bbc51b74, 528cc114e3934d2d869590b37a5ebacc; no voters: 
I20260709 13:11:40.802202 31205 ts_tablet_manager.cc:1434] T 5c1225e080a040e5a7c1e827f9641c04 P 528cc114e3934d2d869590b37a5ebacc: Time spent starting tablet: real 0.029s	user 0.004s	sys 0.002s
I20260709 13:11:40.802336 31409 raft_consensus.cc:493] T 54c327af1712484d9a91a3ae37b4a568 P 6629ea609d7c4219a86dc4d24b54055e [term 0 FOLLOWER]: Starting pre-election (no leader contacted us within the election timeout)
I20260709 13:11:40.802739 31409 raft_consensus.cc:515] T 54c327af1712484d9a91a3ae37b4a568 P 6629ea609d7c4219a86dc4d24b54055e [term 0 FOLLOWER]: Starting pre-election with config: opid_index: -1 OBSOLETE_local: false peers { permanent_uuid: "267e899dfd554064b1b28700bbc51b74" member_type: VOTER last_known_addr { host: "127.29.50.1" port: 38075 } } peers { permanent_uuid: "528cc114e3934d2d869590b37a5ebacc" member_type: VOTER last_known_addr { host: "127.29.50.2" port: 39935 } } peers { permanent_uuid: "6629ea609d7c4219a86dc4d24b54055e" member_type: VOTER last_known_addr { host: "127.29.50.3" port: 43643 } }
I20260709 13:11:40.804126 31205 tablet_bootstrap.cc:492] T 54c327af1712484d9a91a3ae37b4a568 P 528cc114e3934d2d869590b37a5ebacc: Bootstrap starting.
I20260709 13:11:40.804728 31409 leader_election.cc:290] T 54c327af1712484d9a91a3ae37b4a568 P 6629ea609d7c4219a86dc4d24b54055e [CANDIDATE]: Term 1 pre-election: Requested pre-vote from peers 267e899dfd554064b1b28700bbc51b74 (127.29.50.1:38075), 528cc114e3934d2d869590b37a5ebacc (127.29.50.2:39935)
I20260709 13:11:40.805485 31012 tablet_service.cc:1917] Received RequestConsensusVote() RPC: tablet_id: "54c327af1712484d9a91a3ae37b4a568" candidate_uuid: "6629ea609d7c4219a86dc4d24b54055e" candidate_term: 1 candidate_status { last_received { term: 0 index: 0 } } ignore_live_leader: false dest_uuid: "267e899dfd554064b1b28700bbc51b74" is_pre_election: true
I20260709 13:11:40.806245 31087 tablet_service.cc:1917] Received RequestConsensusVote() RPC: tablet_id: "54c327af1712484d9a91a3ae37b4a568" candidate_uuid: "6629ea609d7c4219a86dc4d24b54055e" candidate_term: 1 candidate_status { last_received { term: 0 index: 0 } } ignore_live_leader: false dest_uuid: "528cc114e3934d2d869590b37a5ebacc" is_pre_election: true
W20260709 13:11:40.807017 31125 leader_election.cc:343] T 54c327af1712484d9a91a3ae37b4a568 P 6629ea609d7c4219a86dc4d24b54055e [CANDIDATE]: Term 1 pre-election: Tablet error from VoteRequest() call to peer 267e899dfd554064b1b28700bbc51b74 (127.29.50.1:38075): Illegal state: must be running to vote when last-logged opid is not known
I20260709 13:11:40.802235 31266 raft_consensus.cc:2804] T ac04640f3694452bbadd49edee808134 P 267e899dfd554064b1b28700bbc51b74 [term 0 FOLLOWER]: Leader pre-election won for term 1
I20260709 13:11:40.807590 31266 raft_consensus.cc:493] T ac04640f3694452bbadd49edee808134 P 267e899dfd554064b1b28700bbc51b74 [term 0 FOLLOWER]: Starting leader election (no leader contacted us within the election timeout)
I20260709 13:11:40.807960 31266 raft_consensus.cc:3060] T ac04640f3694452bbadd49edee808134 P 267e899dfd554064b1b28700bbc51b74 [term 0 FOLLOWER]: Advancing to term 1
W20260709 13:11:40.812036 31126 leader_election.cc:343] T 54c327af1712484d9a91a3ae37b4a568 P 6629ea609d7c4219a86dc4d24b54055e [CANDIDATE]: Term 1 pre-election: Tablet error from VoteRequest() call to peer 528cc114e3934d2d869590b37a5ebacc (127.29.50.2:39935): Illegal state: must be running to vote when last-logged opid is not known
I20260709 13:11:40.812465 31126 leader_election.cc:304] T 54c327af1712484d9a91a3ae37b4a568 P 6629ea609d7c4219a86dc4d24b54055e [CANDIDATE]: Term 1 pre-election: Election decided. Result: candidate lost. Election summary: received 3 responses out of 3 voters: 1 yes votes; 2 no votes. yes voters: 6629ea609d7c4219a86dc4d24b54055e; no voters: 267e899dfd554064b1b28700bbc51b74, 528cc114e3934d2d869590b37a5ebacc
I20260709 13:11:40.813417 31409 raft_consensus.cc:2749] T 54c327af1712484d9a91a3ae37b4a568 P 6629ea609d7c4219a86dc4d24b54055e [term 0 FOLLOWER]: Leader pre-election lost for term 1. Reason: could not achieve majority
I20260709 13:11:40.816704 31266 raft_consensus.cc:515] T ac04640f3694452bbadd49edee808134 P 267e899dfd554064b1b28700bbc51b74 [term 1 FOLLOWER]: Starting leader election with config: opid_index: -1 OBSOLETE_local: false peers { permanent_uuid: "267e899dfd554064b1b28700bbc51b74" member_type: VOTER last_known_addr { host: "127.29.50.1" port: 38075 } } peers { permanent_uuid: "528cc114e3934d2d869590b37a5ebacc" member_type: VOTER last_known_addr { host: "127.29.50.2" port: 39935 } } peers { permanent_uuid: "6629ea609d7c4219a86dc4d24b54055e" member_type: VOTER last_known_addr { host: "127.29.50.3" port: 43643 } }
I20260709 13:11:40.829214 30908 catalog_manager.cc:5697] T c3ffa64f5774432780409b4b2f56e3e4 P 6629ea609d7c4219a86dc4d24b54055e reported cstate change: term changed from 0 to 1, leader changed from <none> to 6629ea609d7c4219a86dc4d24b54055e (127.29.50.3). New cstate: current_term: 1 leader_uuid: "6629ea609d7c4219a86dc4d24b54055e" committed_config { opid_index: -1 OBSOLETE_local: false peers { permanent_uuid: "267e899dfd554064b1b28700bbc51b74" member_type: VOTER last_known_addr { host: "127.29.50.1" port: 38075 } health_report { overall_health: UNKNOWN } } peers { permanent_uuid: "528cc114e3934d2d869590b37a5ebacc" member_type: VOTER last_known_addr { host: "127.29.50.2" port: 39935 } health_report { overall_health: UNKNOWN } } peers { permanent_uuid: "6629ea609d7c4219a86dc4d24b54055e" member_type: VOTER last_known_addr { host: "127.29.50.3" port: 43643 } health_report { overall_health: HEALTHY } } }
W20260709 13:11:40.832266 30959 auto_rebalancer.cc:288] Could not retrieve cluster info: Service unavailable: Tablet not running
I20260709 13:11:40.819591 31084 tablet_service.cc:1917] Received RequestConsensusVote() RPC: tablet_id: "ac04640f3694452bbadd49edee808134" candidate_uuid: "267e899dfd554064b1b28700bbc51b74" candidate_term: 1 candidate_status { last_received { term: 0 index: 0 } } ignore_live_leader: false dest_uuid: "528cc114e3934d2d869590b37a5ebacc"
I20260709 13:11:40.837282 31203 tablet_bootstrap.cc:654] T c3ffa64f5774432780409b4b2f56e3e4 P 267e899dfd554064b1b28700bbc51b74: Neither blocks nor log segments found. Creating new log.
I20260709 13:11:40.837494 31084 raft_consensus.cc:3060] T ac04640f3694452bbadd49edee808134 P 528cc114e3934d2d869590b37a5ebacc [term 0 FOLLOWER]: Advancing to term 1
I20260709 13:11:40.832454 31205 tablet_bootstrap.cc:654] T 54c327af1712484d9a91a3ae37b4a568 P 528cc114e3934d2d869590b37a5ebacc: Neither blocks nor log segments found. Creating new log.
I20260709 13:11:40.852520 31266 leader_election.cc:290] T ac04640f3694452bbadd49edee808134 P 267e899dfd554064b1b28700bbc51b74 [CANDIDATE]: Term 1 election: Requested vote from peers 528cc114e3934d2d869590b37a5ebacc (127.29.50.2:39935), 6629ea609d7c4219a86dc4d24b54055e (127.29.50.3:43643)
I20260709 13:11:40.854694 31202 tablet_bootstrap.cc:492] T bb8eba0d0a8d4d9ebfa9c273c60f068a P 6629ea609d7c4219a86dc4d24b54055e: No bootstrap required, opened a new log
I20260709 13:11:40.855136 31202 ts_tablet_manager.cc:1403] T bb8eba0d0a8d4d9ebfa9c273c60f068a P 6629ea609d7c4219a86dc4d24b54055e: Time spent bootstrapping tablet: real 0.080s	user 0.032s	sys 0.025s
I20260709 13:11:40.855301 31160 tablet_service.cc:1917] Received RequestConsensusVote() RPC: tablet_id: "ac04640f3694452bbadd49edee808134" candidate_uuid: "267e899dfd554064b1b28700bbc51b74" candidate_term: 1 candidate_status { last_received { term: 0 index: 0 } } ignore_live_leader: false dest_uuid: "6629ea609d7c4219a86dc4d24b54055e"
I20260709 13:11:40.855973 31084 raft_consensus.cc:2468] T ac04640f3694452bbadd49edee808134 P 528cc114e3934d2d869590b37a5ebacc [term 1 FOLLOWER]: Leader election vote request: Granting yes vote for candidate 267e899dfd554064b1b28700bbc51b74 in term 1.
I20260709 13:11:40.856189 31160 raft_consensus.cc:3060] T ac04640f3694452bbadd49edee808134 P 6629ea609d7c4219a86dc4d24b54055e [term 0 FOLLOWER]: Advancing to term 1
I20260709 13:11:40.857093 30977 leader_election.cc:304] T ac04640f3694452bbadd49edee808134 P 267e899dfd554064b1b28700bbc51b74 [CANDIDATE]: Term 1 election: Election decided. Result: candidate won. Election summary: received 2 responses out of 3 voters: 2 yes votes; 0 no votes. yes voters: 267e899dfd554064b1b28700bbc51b74, 528cc114e3934d2d869590b37a5ebacc; no voters: 
I20260709 13:11:40.858158 31398 raft_consensus.cc:493] T 0babb7a1cca247b0b3af372bd333c82c P 267e899dfd554064b1b28700bbc51b74 [term 0 FOLLOWER]: Starting pre-election (no leader contacted us within the election timeout)
I20260709 13:11:40.858570 31398 raft_consensus.cc:515] T 0babb7a1cca247b0b3af372bd333c82c P 267e899dfd554064b1b28700bbc51b74 [term 0 FOLLOWER]: Starting pre-election with config: opid_index: -1 OBSOLETE_local: false peers { permanent_uuid: "267e899dfd554064b1b28700bbc51b74" member_type: VOTER last_known_addr { host: "127.29.50.1" port: 38075 } } peers { permanent_uuid: "528cc114e3934d2d869590b37a5ebacc" member_type: VOTER last_known_addr { host: "127.29.50.2" port: 39935 } } peers { permanent_uuid: "6629ea609d7c4219a86dc4d24b54055e" member_type: VOTER last_known_addr { host: "127.29.50.3" port: 43643 } }
I20260709 13:11:40.859217 31202 raft_consensus.cc:359] T bb8eba0d0a8d4d9ebfa9c273c60f068a P 6629ea609d7c4219a86dc4d24b54055e [term 0 FOLLOWER]: Replica starting. Triggering 0 pending ops. Active config: opid_index: -1 OBSOLETE_local: false peers { permanent_uuid: "267e899dfd554064b1b28700bbc51b74" member_type: VOTER last_known_addr { host: "127.29.50.1" port: 38075 } } peers { permanent_uuid: "528cc114e3934d2d869590b37a5ebacc" member_type: VOTER last_known_addr { host: "127.29.50.2" port: 39935 } } peers { permanent_uuid: "6629ea609d7c4219a86dc4d24b54055e" member_type: VOTER last_known_addr { host: "127.29.50.3" port: 43643 } }
I20260709 13:11:40.860270 31202 raft_consensus.cc:385] T bb8eba0d0a8d4d9ebfa9c273c60f068a P 6629ea609d7c4219a86dc4d24b54055e [term 0 FOLLOWER]: Consensus starting up: Expiring failure detector timer to make a prompt election more likely
I20260709 13:11:40.860533 31202 raft_consensus.cc:740] T bb8eba0d0a8d4d9ebfa9c273c60f068a P 6629ea609d7c4219a86dc4d24b54055e [term 0 FOLLOWER]: Becoming Follower/Learner. State: Replica: 6629ea609d7c4219a86dc4d24b54055e, State: Initialized, Role: FOLLOWER
I20260709 13:11:40.860700 31398 leader_election.cc:290] T 0babb7a1cca247b0b3af372bd333c82c P 267e899dfd554064b1b28700bbc51b74 [CANDIDATE]: Term 1 pre-election: Requested pre-vote from peers 528cc114e3934d2d869590b37a5ebacc (127.29.50.2:39935), 6629ea609d7c4219a86dc4d24b54055e (127.29.50.3:43643)
I20260709 13:11:40.861168 31202 consensus_queue.cc:260] T bb8eba0d0a8d4d9ebfa9c273c60f068a P 6629ea609d7c4219a86dc4d24b54055e [NON_LEADER]: Queue going to NON_LEADER mode. State: All replicated index: 0, Majority replicated index: 0, Committed index: 0, Last appended: 0.0, Last appended by leader: 0, Current term: 0, Majority size: -1, State: 0, Mode: NON_LEADER, active raft config: opid_index: -1 OBSOLETE_local: false peers { permanent_uuid: "267e899dfd554064b1b28700bbc51b74" member_type: VOTER last_known_addr { host: "127.29.50.1" port: 38075 } } peers { permanent_uuid: "528cc114e3934d2d869590b37a5ebacc" member_type: VOTER last_known_addr { host: "127.29.50.2" port: 39935 } } peers { permanent_uuid: "6629ea609d7c4219a86dc4d24b54055e" member_type: VOTER last_known_addr { host: "127.29.50.3" port: 43643 } }
I20260709 13:11:40.864001 31159 tablet_service.cc:1917] Received RequestConsensusVote() RPC: tablet_id: "0babb7a1cca247b0b3af372bd333c82c" candidate_uuid: "267e899dfd554064b1b28700bbc51b74" candidate_term: 1 candidate_status { last_received { term: 0 index: 0 } } ignore_live_leader: false dest_uuid: "6629ea609d7c4219a86dc4d24b54055e" is_pre_election: true
I20260709 13:11:40.864825 31159 raft_consensus.cc:2468] T 0babb7a1cca247b0b3af372bd333c82c P 6629ea609d7c4219a86dc4d24b54055e [term 0 FOLLOWER]: Leader pre-election vote request: Granting yes vote for candidate 267e899dfd554064b1b28700bbc51b74 in term 0.
I20260709 13:11:40.866044 31202 ts_tablet_manager.cc:1434] T bb8eba0d0a8d4d9ebfa9c273c60f068a P 6629ea609d7c4219a86dc4d24b54055e: Time spent starting tablet: real 0.011s	user 0.002s	sys 0.005s
I20260709 13:11:40.866611 31087 tablet_service.cc:1917] Received RequestConsensusVote() RPC: tablet_id: "0babb7a1cca247b0b3af372bd333c82c" candidate_uuid: "267e899dfd554064b1b28700bbc51b74" candidate_term: 1 candidate_status { last_received { term: 0 index: 0 } } ignore_live_leader: false dest_uuid: "528cc114e3934d2d869590b37a5ebacc" is_pre_election: true
I20260709 13:11:40.866905 31202 tablet_bootstrap.cc:492] T 0b9dc05b89c349d8a39d28393bf4b106 P 6629ea609d7c4219a86dc4d24b54055e: Bootstrap starting.
W20260709 13:11:40.868098 31125 consensus_peers.cc:597] T ffe2803fc52c422ab39b1957b6db1532 P 6629ea609d7c4219a86dc4d24b54055e -> Peer 267e899dfd554064b1b28700bbc51b74 (127.29.50.1:38075): Couldn't send request to peer 267e899dfd554064b1b28700bbc51b74. Error code: TABLET_NOT_RUNNING (12). Status: Illegal state: Tablet not RUNNING: INITIALIZED. This is attempt 1: this message will repeat every 5th retry.
I20260709 13:11:40.868121 30978 leader_election.cc:304] T 0babb7a1cca247b0b3af372bd333c82c P 267e899dfd554064b1b28700bbc51b74 [CANDIDATE]: Term 1 pre-election: Election decided. Result: candidate won. Election summary: received 2 responses out of 3 voters: 2 yes votes; 0 no votes. yes voters: 267e899dfd554064b1b28700bbc51b74, 6629ea609d7c4219a86dc4d24b54055e; no voters: 
I20260709 13:11:40.861182 31398 raft_consensus.cc:2804] T ac04640f3694452bbadd49edee808134 P 267e899dfd554064b1b28700bbc51b74 [term 1 FOLLOWER]: Leader election won for term 1
W20260709 13:11:40.869371 30977 leader_election.cc:343] T 0babb7a1cca247b0b3af372bd333c82c P 267e899dfd554064b1b28700bbc51b74 [CANDIDATE]: Term 1 pre-election: Tablet error from VoteRequest() call to peer 528cc114e3934d2d869590b37a5ebacc (127.29.50.2:39935): Illegal state: must be running to vote when last-logged opid is not known
I20260709 13:11:40.869608 31399 raft_consensus.cc:2804] T 0babb7a1cca247b0b3af372bd333c82c P 267e899dfd554064b1b28700bbc51b74 [term 0 FOLLOWER]: Leader pre-election won for term 1
I20260709 13:11:40.870018 31399 raft_consensus.cc:493] T 0babb7a1cca247b0b3af372bd333c82c P 267e899dfd554064b1b28700bbc51b74 [term 0 FOLLOWER]: Starting leader election (no leader contacted us within the election timeout)
I20260709 13:11:40.870376 31399 raft_consensus.cc:3060] T 0babb7a1cca247b0b3af372bd333c82c P 267e899dfd554064b1b28700bbc51b74 [term 0 FOLLOWER]: Advancing to term 1
I20260709 13:11:40.874382 31382 raft_consensus.cc:493] T d301cf48a91c4fdda06fb938c876383b P 528cc114e3934d2d869590b37a5ebacc [term 0 FOLLOWER]: Starting pre-election (no leader contacted us within the election timeout)
I20260709 13:11:40.874893 31382 raft_consensus.cc:515] T d301cf48a91c4fdda06fb938c876383b P 528cc114e3934d2d869590b37a5ebacc [term 0 FOLLOWER]: Starting pre-election with config: opid_index: -1 OBSOLETE_local: false peers { permanent_uuid: "267e899dfd554064b1b28700bbc51b74" member_type: VOTER last_known_addr { host: "127.29.50.1" port: 38075 } } peers { permanent_uuid: "528cc114e3934d2d869590b37a5ebacc" member_type: VOTER last_known_addr { host: "127.29.50.2" port: 39935 } } peers { permanent_uuid: "6629ea609d7c4219a86dc4d24b54055e" member_type: VOTER last_known_addr { host: "127.29.50.3" port: 43643 } }
I20260709 13:11:40.876438 31160 raft_consensus.cc:2468] T ac04640f3694452bbadd49edee808134 P 6629ea609d7c4219a86dc4d24b54055e [term 1 FOLLOWER]: Leader election vote request: Granting yes vote for candidate 267e899dfd554064b1b28700bbc51b74 in term 1.
I20260709 13:11:40.878110 31382 leader_election.cc:290] T d301cf48a91c4fdda06fb938c876383b P 528cc114e3934d2d869590b37a5ebacc [CANDIDATE]: Term 1 pre-election: Requested pre-vote from peers 267e899dfd554064b1b28700bbc51b74 (127.29.50.1:38075), 6629ea609d7c4219a86dc4d24b54055e (127.29.50.3:43643)
I20260709 13:11:40.878798 31159 tablet_service.cc:1917] Received RequestConsensusVote() RPC: tablet_id: "d301cf48a91c4fdda06fb938c876383b" candidate_uuid: "528cc114e3934d2d869590b37a5ebacc" candidate_term: 1 candidate_status { last_received { term: 0 index: 0 } } ignore_live_leader: false dest_uuid: "6629ea609d7c4219a86dc4d24b54055e" is_pre_election: true
I20260709 13:11:40.874006 31398 raft_consensus.cc:697] T ac04640f3694452bbadd49edee808134 P 267e899dfd554064b1b28700bbc51b74 [term 1 LEADER]: Becoming Leader. State: Replica: 267e899dfd554064b1b28700bbc51b74, State: Running, Role: LEADER
I20260709 13:11:40.880044 31202 tablet_bootstrap.cc:654] T 0b9dc05b89c349d8a39d28393bf4b106 P 6629ea609d7c4219a86dc4d24b54055e: Neither blocks nor log segments found. Creating new log.
I20260709 13:11:40.880782 31398 consensus_queue.cc:237] T ac04640f3694452bbadd49edee808134 P 267e899dfd554064b1b28700bbc51b74 [LEADER]: Queue going to LEADER mode. State: All replicated index: 0, Majority replicated index: 0, Committed index: 0, Last appended: 0.0, Last appended by leader: 0, Current term: 1, Majority size: 2, State: 0, Mode: LEADER, active raft config: opid_index: -1 OBSOLETE_local: false peers { permanent_uuid: "267e899dfd554064b1b28700bbc51b74" member_type: VOTER last_known_addr { host: "127.29.50.1" port: 38075 } } peers { permanent_uuid: "528cc114e3934d2d869590b37a5ebacc" member_type: VOTER last_known_addr { host: "127.29.50.2" port: 39935 } } peers { permanent_uuid: "6629ea609d7c4219a86dc4d24b54055e" member_type: VOTER last_known_addr { host: "127.29.50.3" port: 43643 } }
I20260709 13:11:40.881134 31012 tablet_service.cc:1917] Received RequestConsensusVote() RPC: tablet_id: "d301cf48a91c4fdda06fb938c876383b" candidate_uuid: "528cc114e3934d2d869590b37a5ebacc" candidate_term: 1 candidate_status { last_received { term: 0 index: 0 } } ignore_live_leader: false dest_uuid: "267e899dfd554064b1b28700bbc51b74" is_pre_election: true
I20260709 13:11:40.879876 31159 raft_consensus.cc:2393] T d301cf48a91c4fdda06fb938c876383b P 6629ea609d7c4219a86dc4d24b54055e [term 1 FOLLOWER]: Leader pre-election vote request: Denying vote to candidate 528cc114e3934d2d869590b37a5ebacc in current term 1: Already voted for candidate 267e899dfd554064b1b28700bbc51b74 in this term.
I20260709 13:11:40.884558 31053 leader_election.cc:304] T d301cf48a91c4fdda06fb938c876383b P 528cc114e3934d2d869590b37a5ebacc [CANDIDATE]: Term 1 pre-election: Election decided. Result: candidate lost. Election summary: received 3 responses out of 3 voters: 1 yes votes; 2 no votes. yes voters: 528cc114e3934d2d869590b37a5ebacc; no voters: 267e899dfd554064b1b28700bbc51b74, 6629ea609d7c4219a86dc4d24b54055e
I20260709 13:11:40.886309 31308 raft_consensus.cc:3060] T d301cf48a91c4fdda06fb938c876383b P 528cc114e3934d2d869590b37a5ebacc [term 0 FOLLOWER]: Advancing to term 1
I20260709 13:11:40.894281 31399 raft_consensus.cc:515] T 0babb7a1cca247b0b3af372bd333c82c P 267e899dfd554064b1b28700bbc51b74 [term 1 FOLLOWER]: Starting leader election with config: opid_index: -1 OBSOLETE_local: false peers { permanent_uuid: "267e899dfd554064b1b28700bbc51b74" member_type: VOTER last_known_addr { host: "127.29.50.1" port: 38075 } } peers { permanent_uuid: "528cc114e3934d2d869590b37a5ebacc" member_type: VOTER last_known_addr { host: "127.29.50.2" port: 39935 } } peers { permanent_uuid: "6629ea609d7c4219a86dc4d24b54055e" member_type: VOTER last_known_addr { host: "127.29.50.3" port: 43643 } }
I20260709 13:11:40.901285 31308 raft_consensus.cc:2749] T d301cf48a91c4fdda06fb938c876383b P 528cc114e3934d2d869590b37a5ebacc [term 1 FOLLOWER]: Leader pre-election lost for term 1. Reason: could not achieve majority
I20260709 13:11:40.901944 31205 tablet_bootstrap.cc:492] T 54c327af1712484d9a91a3ae37b4a568 P 528cc114e3934d2d869590b37a5ebacc: No bootstrap required, opened a new log
I20260709 13:11:40.902488 31205 ts_tablet_manager.cc:1403] T 54c327af1712484d9a91a3ae37b4a568 P 528cc114e3934d2d869590b37a5ebacc: Time spent bootstrapping tablet: real 0.100s	user 0.014s	sys 0.006s
I20260709 13:11:40.908301 31202 tablet_bootstrap.cc:492] T 0b9dc05b89c349d8a39d28393bf4b106 P 6629ea609d7c4219a86dc4d24b54055e: No bootstrap required, opened a new log
I20260709 13:11:40.907878 31205 raft_consensus.cc:359] T 54c327af1712484d9a91a3ae37b4a568 P 528cc114e3934d2d869590b37a5ebacc [term 0 FOLLOWER]: Replica starting. Triggering 0 pending ops. Active config: opid_index: -1 OBSOLETE_local: false peers { permanent_uuid: "267e899dfd554064b1b28700bbc51b74" member_type: VOTER last_known_addr { host: "127.29.50.1" port: 38075 } } peers { permanent_uuid: "528cc114e3934d2d869590b37a5ebacc" member_type: VOTER last_known_addr { host: "127.29.50.2" port: 39935 } } peers { permanent_uuid: "6629ea609d7c4219a86dc4d24b54055e" member_type: VOTER last_known_addr { host: "127.29.50.3" port: 43643 } }
I20260709 13:11:40.908710 31205 raft_consensus.cc:385] T 54c327af1712484d9a91a3ae37b4a568 P 528cc114e3934d2d869590b37a5ebacc [term 0 FOLLOWER]: Consensus starting up: Expiring failure detector timer to make a prompt election more likely
I20260709 13:11:40.908074 30908 catalog_manager.cc:5697] T ac04640f3694452bbadd49edee808134 P 267e899dfd554064b1b28700bbc51b74 reported cstate change: term changed from 0 to 1, leader changed from <none> to 267e899dfd554064b1b28700bbc51b74 (127.29.50.1). New cstate: current_term: 1 leader_uuid: "267e899dfd554064b1b28700bbc51b74" committed_config { opid_index: -1 OBSOLETE_local: false peers { permanent_uuid: "267e899dfd554064b1b28700bbc51b74" member_type: VOTER last_known_addr { host: "127.29.50.1" port: 38075 } health_report { overall_health: HEALTHY } } peers { permanent_uuid: "528cc114e3934d2d869590b37a5ebacc" member_type: VOTER last_known_addr { host: "127.29.50.2" port: 39935 } health_report { overall_health: UNKNOWN } } peers { permanent_uuid: "6629ea609d7c4219a86dc4d24b54055e" member_type: VOTER last_known_addr { host: "127.29.50.3" port: 43643 } health_report { overall_health: UNKNOWN } } }
I20260709 13:11:40.908828 31202 ts_tablet_manager.cc:1403] T 0b9dc05b89c349d8a39d28393bf4b106 P 6629ea609d7c4219a86dc4d24b54055e: Time spent bootstrapping tablet: real 0.042s	user 0.020s	sys 0.011s
I20260709 13:11:40.909034 31205 raft_consensus.cc:740] T 54c327af1712484d9a91a3ae37b4a568 P 528cc114e3934d2d869590b37a5ebacc [term 0 FOLLOWER]: Becoming Follower/Learner. State: Replica: 528cc114e3934d2d869590b37a5ebacc, State: Initialized, Role: FOLLOWER
