I20260709 13:11:41.665578 29589 raft_consensus.cc:359] T 91c368d56c234a6ea4e13263c724dbda P 7ffbae1cdd164f7181ae5fbf7ecf65d6 [term 0 FOLLOWER]: Replica starting. Triggering 0 pending ops. Active config: opid_index: -1 OBSOLETE_local: false peers { permanent_uuid: "88760af579b54a6393c6251aa3c6b870" member_type: VOTER last_known_addr { host: "127.27.150.129" port: 42027 } } peers { permanent_uuid: "7ffbae1cdd164f7181ae5fbf7ecf65d6" member_type: VOTER last_known_addr { host: "127.27.150.130" port: 39713 } } peers { permanent_uuid: "7c2e8d3e55c649e2b3acedef25d81e16" member_type: VOTER last_known_addr { host: "127.27.150.131" port: 42971 } }
I20260709 13:11:41.666353 29589 raft_consensus.cc:385] T 91c368d56c234a6ea4e13263c724dbda P 7ffbae1cdd164f7181ae5fbf7ecf65d6 [term 0 FOLLOWER]: Consensus starting up: Expiring failure detector timer to make a prompt election more likely
I20260709 13:11:41.666664 29589 raft_consensus.cc:740] T 91c368d56c234a6ea4e13263c724dbda P 7ffbae1cdd164f7181ae5fbf7ecf65d6 [term 0 FOLLOWER]: Becoming Follower/Learner. State: Replica: 7ffbae1cdd164f7181ae5fbf7ecf65d6, State: Initialized, Role: FOLLOWER
I20260709 13:11:41.667332 29589 consensus_queue.cc:260] T 91c368d56c234a6ea4e13263c724dbda P 7ffbae1cdd164f7181ae5fbf7ecf65d6 [NON_LEADER]: Queue going to NON_LEADER mode. State: All replicated index: 0, Majority replicated index: 0, Committed index: 0, Last appended: 0.0, Last appended by leader: 0, Current term: 0, Majority size: -1, State: 0, Mode: NON_LEADER, active raft config: opid_index: -1 OBSOLETE_local: false peers { permanent_uuid: "88760af579b54a6393c6251aa3c6b870" member_type: VOTER last_known_addr { host: "127.27.150.129" port: 42027 } } peers { permanent_uuid: "7ffbae1cdd164f7181ae5fbf7ecf65d6" member_type: VOTER last_known_addr { host: "127.27.150.130" port: 39713 } } peers { permanent_uuid: "7c2e8d3e55c649e2b3acedef25d81e16" member_type: VOTER last_known_addr { host: "127.27.150.131" port: 42971 } }
I20260709 13:11:41.669610 29589 ts_tablet_manager.cc:1434] T 91c368d56c234a6ea4e13263c724dbda P 7ffbae1cdd164f7181ae5fbf7ecf65d6: Time spent starting tablet: real 0.007s	user 0.004s	sys 0.000s
I20260709 13:11:41.670776 29589 tablet_bootstrap.cc:492] T 1a6fe7feab0c45ddb9198327b19a5bc5 P 7ffbae1cdd164f7181ae5fbf7ecf65d6: Bootstrap starting.
I20260709 13:11:41.676594 29586 tablet_bootstrap.cc:654] T 71fb5043e48f4e1a86ec8d962d18b0b4 P 88760af579b54a6393c6251aa3c6b870: Neither blocks nor log segments found. Creating new log.
I20260709 13:11:41.689189 29589 tablet_bootstrap.cc:654] T 1a6fe7feab0c45ddb9198327b19a5bc5 P 7ffbae1cdd164f7181ae5fbf7ecf65d6: Neither blocks nor log segments found. Creating new log.
I20260709 13:11:41.695806 29587 tablet_bootstrap.cc:492] T 1a6fe7feab0c45ddb9198327b19a5bc5 P 7c2e8d3e55c649e2b3acedef25d81e16: No bootstrap required, opened a new log
I20260709 13:11:41.696451 29587 ts_tablet_manager.cc:1403] T 1a6fe7feab0c45ddb9198327b19a5bc5 P 7c2e8d3e55c649e2b3acedef25d81e16: Time spent bootstrapping tablet: real 0.088s	user 0.018s	sys 0.004s
W20260709 13:11:41.699020 29343 auto_rebalancer.cc:288] Could not retrieve cluster info: Service unavailable: Tablet not running
I20260709 13:11:41.699572 29587 raft_consensus.cc:359] T 1a6fe7feab0c45ddb9198327b19a5bc5 P 7c2e8d3e55c649e2b3acedef25d81e16 [term 0 FOLLOWER]: Replica starting. Triggering 0 pending ops. Active config: opid_index: -1 OBSOLETE_local: false peers { permanent_uuid: "88760af579b54a6393c6251aa3c6b870" member_type: VOTER last_known_addr { host: "127.27.150.129" port: 42027 } } peers { permanent_uuid: "7ffbae1cdd164f7181ae5fbf7ecf65d6" member_type: VOTER last_known_addr { host: "127.27.150.130" port: 39713 } } peers { permanent_uuid: "7c2e8d3e55c649e2b3acedef25d81e16" member_type: VOTER last_known_addr { host: "127.27.150.131" port: 42971 } }
I20260709 13:11:41.700350 29587 raft_consensus.cc:385] T 1a6fe7feab0c45ddb9198327b19a5bc5 P 7c2e8d3e55c649e2b3acedef25d81e16 [term 0 FOLLOWER]: Consensus starting up: Expiring failure detector timer to make a prompt election more likely
I20260709 13:11:41.700646 29587 raft_consensus.cc:740] T 1a6fe7feab0c45ddb9198327b19a5bc5 P 7c2e8d3e55c649e2b3acedef25d81e16 [term 0 FOLLOWER]: Becoming Follower/Learner. State: Replica: 7c2e8d3e55c649e2b3acedef25d81e16, State: Initialized, Role: FOLLOWER
I20260709 13:11:41.701391 29587 consensus_queue.cc:260] T 1a6fe7feab0c45ddb9198327b19a5bc5 P 7c2e8d3e55c649e2b3acedef25d81e16 [NON_LEADER]: Queue going to NON_LEADER mode. State: All replicated index: 0, Majority replicated index: 0, Committed index: 0, Last appended: 0.0, Last appended by leader: 0, Current term: 0, Majority size: -1, State: 0, Mode: NON_LEADER, active raft config: opid_index: -1 OBSOLETE_local: false peers { permanent_uuid: "88760af579b54a6393c6251aa3c6b870" member_type: VOTER last_known_addr { host: "127.27.150.129" port: 42027 } } peers { permanent_uuid: "7ffbae1cdd164f7181ae5fbf7ecf65d6" member_type: VOTER last_known_addr { host: "127.27.150.130" port: 39713 } } peers { permanent_uuid: "7c2e8d3e55c649e2b3acedef25d81e16" member_type: VOTER last_known_addr { host: "127.27.150.131" port: 42971 } }
I20260709 13:11:41.703774 29587 ts_tablet_manager.cc:1434] T 1a6fe7feab0c45ddb9198327b19a5bc5 P 7c2e8d3e55c649e2b3acedef25d81e16: Time spent starting tablet: real 0.007s	user 0.008s	sys 0.000s
I20260709 13:11:41.706574 29586 tablet_bootstrap.cc:492] T 71fb5043e48f4e1a86ec8d962d18b0b4 P 88760af579b54a6393c6251aa3c6b870: No bootstrap required, opened a new log
I20260709 13:11:41.707094 29586 ts_tablet_manager.cc:1403] T 71fb5043e48f4e1a86ec8d962d18b0b4 P 88760af579b54a6393c6251aa3c6b870: Time spent bootstrapping tablet: real 0.043s	user 0.006s	sys 0.007s
I20260709 13:11:41.709684 29589 tablet_bootstrap.cc:492] T 1a6fe7feab0c45ddb9198327b19a5bc5 P 7ffbae1cdd164f7181ae5fbf7ecf65d6: No bootstrap required, opened a new log
I20260709 13:11:41.710319 29589 ts_tablet_manager.cc:1403] T 1a6fe7feab0c45ddb9198327b19a5bc5 P 7ffbae1cdd164f7181ae5fbf7ecf65d6: Time spent bootstrapping tablet: real 0.040s	user 0.007s	sys 0.006s
I20260709 13:11:41.710727 29680 raft_consensus.cc:493] T 22f2621d025741fcb1f7e73ad1af2f4f P 7c2e8d3e55c649e2b3acedef25d81e16 [term 0 FOLLOWER]: Starting pre-election (no leader contacted us within the election timeout)
I20260709 13:11:41.711232 29680 raft_consensus.cc:515] T 22f2621d025741fcb1f7e73ad1af2f4f P 7c2e8d3e55c649e2b3acedef25d81e16 [term 0 FOLLOWER]: Starting pre-election with config: opid_index: -1 OBSOLETE_local: false peers { permanent_uuid: "88760af579b54a6393c6251aa3c6b870" member_type: VOTER last_known_addr { host: "127.27.150.129" port: 42027 } } peers { permanent_uuid: "7ffbae1cdd164f7181ae5fbf7ecf65d6" member_type: VOTER last_known_addr { host: "127.27.150.130" port: 39713 } } peers { permanent_uuid: "7c2e8d3e55c649e2b3acedef25d81e16" member_type: VOTER last_known_addr { host: "127.27.150.131" port: 42971 } }
I20260709 13:11:41.713522 29680 leader_election.cc:290] T 22f2621d025741fcb1f7e73ad1af2f4f P 7c2e8d3e55c649e2b3acedef25d81e16 [CANDIDATE]: Term 1 pre-election: Requested pre-vote from peers 88760af579b54a6393c6251aa3c6b870 (127.27.150.129:42027), 7ffbae1cdd164f7181ae5fbf7ecf65d6 (127.27.150.130:39713)
I20260709 13:11:41.713644 29589 raft_consensus.cc:359] T 1a6fe7feab0c45ddb9198327b19a5bc5 P 7ffbae1cdd164f7181ae5fbf7ecf65d6 [term 0 FOLLOWER]: Replica starting. Triggering 0 pending ops. Active config: opid_index: -1 OBSOLETE_local: false peers { permanent_uuid: "88760af579b54a6393c6251aa3c6b870" member_type: VOTER last_known_addr { host: "127.27.150.129" port: 42027 } } peers { permanent_uuid: "7ffbae1cdd164f7181ae5fbf7ecf65d6" member_type: VOTER last_known_addr { host: "127.27.150.130" port: 39713 } } peers { permanent_uuid: "7c2e8d3e55c649e2b3acedef25d81e16" member_type: VOTER last_known_addr { host: "127.27.150.131" port: 42971 } }
I20260709 13:11:41.714600 29589 raft_consensus.cc:385] T 1a6fe7feab0c45ddb9198327b19a5bc5 P 7ffbae1cdd164f7181ae5fbf7ecf65d6 [term 0 FOLLOWER]: Consensus starting up: Expiring failure detector timer to make a prompt election more likely
I20260709 13:11:41.714936 29589 raft_consensus.cc:740] T 1a6fe7feab0c45ddb9198327b19a5bc5 P 7ffbae1cdd164f7181ae5fbf7ecf65d6 [term 0 FOLLOWER]: Becoming Follower/Learner. State: Replica: 7ffbae1cdd164f7181ae5fbf7ecf65d6, State: Initialized, Role: FOLLOWER
I20260709 13:11:41.716141 29472 tablet_service.cc:1917] Received RequestConsensusVote() RPC: tablet_id: "22f2621d025741fcb1f7e73ad1af2f4f" candidate_uuid: "7c2e8d3e55c649e2b3acedef25d81e16" candidate_term: 1 candidate_status { last_received { term: 0 index: 0 } } ignore_live_leader: false dest_uuid: "7ffbae1cdd164f7181ae5fbf7ecf65d6" is_pre_election: true
I20260709 13:11:41.716320 29589 consensus_queue.cc:260] T 1a6fe7feab0c45ddb9198327b19a5bc5 P 7ffbae1cdd164f7181ae5fbf7ecf65d6 [NON_LEADER]: Queue going to NON_LEADER mode. State: All replicated index: 0, Majority replicated index: 0, Committed index: 0, Last appended: 0.0, Last appended by leader: 0, Current term: 0, Majority size: -1, State: 0, Mode: NON_LEADER, active raft config: opid_index: -1 OBSOLETE_local: false peers { permanent_uuid: "88760af579b54a6393c6251aa3c6b870" member_type: VOTER last_known_addr { host: "127.27.150.129" port: 42027 } } peers { permanent_uuid: "7ffbae1cdd164f7181ae5fbf7ecf65d6" member_type: VOTER last_known_addr { host: "127.27.150.130" port: 39713 } } peers { permanent_uuid: "7c2e8d3e55c649e2b3acedef25d81e16" member_type: VOTER last_known_addr { host: "127.27.150.131" port: 42971 } }
I20260709 13:11:41.716871 29472 raft_consensus.cc:2468] T 22f2621d025741fcb1f7e73ad1af2f4f P 7ffbae1cdd164f7181ae5fbf7ecf65d6 [term 0 FOLLOWER]: Leader pre-election vote request: Granting yes vote for candidate 7c2e8d3e55c649e2b3acedef25d81e16 in term 0.
I20260709 13:11:41.717998 29587 tablet_bootstrap.cc:492] T 0585fb6756aa496392b1ee0371aa9804 P 7c2e8d3e55c649e2b3acedef25d81e16: Bootstrap starting.
I20260709 13:11:41.718461 29512 leader_election.cc:304] T 22f2621d025741fcb1f7e73ad1af2f4f P 7c2e8d3e55c649e2b3acedef25d81e16 [CANDIDATE]: Term 1 pre-election: Election decided. Result: candidate won. Election summary: received 2 responses out of 3 voters: 2 yes votes; 0 no votes. yes voters: 7c2e8d3e55c649e2b3acedef25d81e16, 7ffbae1cdd164f7181ae5fbf7ecf65d6; no voters: 
I20260709 13:11:41.719497 29680 raft_consensus.cc:2804] T 22f2621d025741fcb1f7e73ad1af2f4f P 7c2e8d3e55c649e2b3acedef25d81e16 [term 0 FOLLOWER]: Leader pre-election won for term 1
I20260709 13:11:41.719879 29680 raft_consensus.cc:493] T 22f2621d025741fcb1f7e73ad1af2f4f P 7c2e8d3e55c649e2b3acedef25d81e16 [term 0 FOLLOWER]: Starting leader election (no leader contacted us within the election timeout)
I20260709 13:11:41.720207 29680 raft_consensus.cc:3060] T 22f2621d025741fcb1f7e73ad1af2f4f P 7c2e8d3e55c649e2b3acedef25d81e16 [term 0 FOLLOWER]: Advancing to term 1
I20260709 13:11:41.724197 29392 tablet_service.cc:1917] Received RequestConsensusVote() RPC: tablet_id: "22f2621d025741fcb1f7e73ad1af2f4f" candidate_uuid: "7c2e8d3e55c649e2b3acedef25d81e16" candidate_term: 1 candidate_status { last_received { term: 0 index: 0 } } ignore_live_leader: false dest_uuid: "88760af579b54a6393c6251aa3c6b870" is_pre_election: true
I20260709 13:11:41.724948 29392 raft_consensus.cc:2468] T 22f2621d025741fcb1f7e73ad1af2f4f P 88760af579b54a6393c6251aa3c6b870 [term 0 FOLLOWER]: Leader pre-election vote request: Granting yes vote for candidate 7c2e8d3e55c649e2b3acedef25d81e16 in term 0.
I20260709 13:11:41.731393 29589 ts_tablet_manager.cc:1434] T 1a6fe7feab0c45ddb9198327b19a5bc5 P 7ffbae1cdd164f7181ae5fbf7ecf65d6: Time spent starting tablet: real 0.021s	user 0.005s	sys 0.001s
I20260709 13:11:41.732609 29589 tablet_bootstrap.cc:492] T bd61183c8c5845d289dedeb85f533fa0 P 7ffbae1cdd164f7181ae5fbf7ecf65d6: Bootstrap starting.
I20260709 13:11:41.738932 29586 raft_consensus.cc:359] T 71fb5043e48f4e1a86ec8d962d18b0b4 P 88760af579b54a6393c6251aa3c6b870 [term 0 FOLLOWER]: Replica starting. Triggering 0 pending ops. Active config: opid_index: -1 OBSOLETE_local: false peers { permanent_uuid: "88760af579b54a6393c6251aa3c6b870" member_type: VOTER last_known_addr { host: "127.27.150.129" port: 42027 } } peers { permanent_uuid: "7ffbae1cdd164f7181ae5fbf7ecf65d6" member_type: VOTER last_known_addr { host: "127.27.150.130" port: 39713 } } peers { permanent_uuid: "7c2e8d3e55c649e2b3acedef25d81e16" member_type: VOTER last_known_addr { host: "127.27.150.131" port: 42971 } }
I20260709 13:11:41.740458 29586 raft_consensus.cc:385] T 71fb5043e48f4e1a86ec8d962d18b0b4 P 88760af579b54a6393c6251aa3c6b870 [term 0 FOLLOWER]: Consensus starting up: Expiring failure detector timer to make a prompt election more likely
I20260709 13:11:41.745550 29392 raft_consensus.cc:1275] T d01483a998944f4386fc5dfa1f0fd51a P 88760af579b54a6393c6251aa3c6b870 [term 2 FOLLOWER]: Refusing update from remote peer 7c2e8d3e55c649e2b3acedef25d81e16: Log matching property violated. Preceding OpId in replica: term: 0 index: 0. Preceding OpId from leader: term: 2 index: 1. (index mismatch)
I20260709 13:11:41.745814 29589 tablet_bootstrap.cc:654] T bd61183c8c5845d289dedeb85f533fa0 P 7ffbae1cdd164f7181ae5fbf7ecf65d6: Neither blocks nor log segments found. Creating new log.
I20260709 13:11:41.747952 29753 consensus_queue.cc:1048] T d01483a998944f4386fc5dfa1f0fd51a P 7c2e8d3e55c649e2b3acedef25d81e16 [LEADER]: Connected to new peer: Peer: permanent_uuid: "88760af579b54a6393c6251aa3c6b870" member_type: VOTER last_known_addr { host: "127.27.150.129" port: 42027 }, Status: LMP_MISMATCH, Last received: 0.0, Next index: 1, Last known committed idx: 0, Time since last communication: 0.001s
I20260709 13:11:41.748584 29680 raft_consensus.cc:515] T 22f2621d025741fcb1f7e73ad1af2f4f P 7c2e8d3e55c649e2b3acedef25d81e16 [term 1 FOLLOWER]: Starting leader election with config: opid_index: -1 OBSOLETE_local: false peers { permanent_uuid: "88760af579b54a6393c6251aa3c6b870" member_type: VOTER last_known_addr { host: "127.27.150.129" port: 42027 } } peers { permanent_uuid: "7ffbae1cdd164f7181ae5fbf7ecf65d6" member_type: VOTER last_known_addr { host: "127.27.150.130" port: 39713 } } peers { permanent_uuid: "7c2e8d3e55c649e2b3acedef25d81e16" member_type: VOTER last_known_addr { host: "127.27.150.131" port: 42971 } }
I20260709 13:11:41.749995 29753 raft_consensus.cc:493] T 1a6fe7feab0c45ddb9198327b19a5bc5 P 7c2e8d3e55c649e2b3acedef25d81e16 [term 0 FOLLOWER]: Starting pre-election (no leader contacted us within the election timeout)
I20260709 13:11:41.750548 29753 raft_consensus.cc:515] T 1a6fe7feab0c45ddb9198327b19a5bc5 P 7c2e8d3e55c649e2b3acedef25d81e16 [term 0 FOLLOWER]: Starting pre-election with config: opid_index: -1 OBSOLETE_local: false peers { permanent_uuid: "88760af579b54a6393c6251aa3c6b870" member_type: VOTER last_known_addr { host: "127.27.150.129" port: 42027 } } peers { permanent_uuid: "7ffbae1cdd164f7181ae5fbf7ecf65d6" member_type: VOTER last_known_addr { host: "127.27.150.130" port: 39713 } } peers { permanent_uuid: "7c2e8d3e55c649e2b3acedef25d81e16" member_type: VOTER last_known_addr { host: "127.27.150.131" port: 42971 } }
I20260709 13:11:41.751214 29680 leader_election.cc:290] T 22f2621d025741fcb1f7e73ad1af2f4f P 7c2e8d3e55c649e2b3acedef25d81e16 [CANDIDATE]: Term 1 election: Requested vote from peers 88760af579b54a6393c6251aa3c6b870 (127.27.150.129:42027), 7ffbae1cdd164f7181ae5fbf7ecf65d6 (127.27.150.130:39713)
I20260709 13:11:41.754603 29471 tablet_service.cc:1917] Received RequestConsensusVote() RPC: tablet_id: "1a6fe7feab0c45ddb9198327b19a5bc5" candidate_uuid: "7c2e8d3e55c649e2b3acedef25d81e16" candidate_term: 1 candidate_status { last_received { term: 0 index: 0 } } ignore_live_leader: false dest_uuid: "7ffbae1cdd164f7181ae5fbf7ecf65d6" is_pre_election: true
I20260709 13:11:41.755383 29471 raft_consensus.cc:2468] T 1a6fe7feab0c45ddb9198327b19a5bc5 P 7ffbae1cdd164f7181ae5fbf7ecf65d6 [term 0 FOLLOWER]: Leader pre-election vote request: Granting yes vote for candidate 7c2e8d3e55c649e2b3acedef25d81e16 in term 0.
I20260709 13:11:41.756808 29512 leader_election.cc:304] T 1a6fe7feab0c45ddb9198327b19a5bc5 P 7c2e8d3e55c649e2b3acedef25d81e16 [CANDIDATE]: Term 1 pre-election: Election decided. Result: candidate won. Election summary: received 2 responses out of 3 voters: 2 yes votes; 0 no votes. yes voters: 7c2e8d3e55c649e2b3acedef25d81e16, 7ffbae1cdd164f7181ae5fbf7ecf65d6; no voters: 
I20260709 13:11:41.757704 29680 raft_consensus.cc:2804] T 1a6fe7feab0c45ddb9198327b19a5bc5 P 7c2e8d3e55c649e2b3acedef25d81e16 [term 0 FOLLOWER]: Leader pre-election won for term 1
I20260709 13:11:41.758090 29680 raft_consensus.cc:493] T 1a6fe7feab0c45ddb9198327b19a5bc5 P 7c2e8d3e55c649e2b3acedef25d81e16 [term 0 FOLLOWER]: Starting leader election (no leader contacted us within the election timeout)
I20260709 13:11:41.758327 29753 leader_election.cc:290] T 1a6fe7feab0c45ddb9198327b19a5bc5 P 7c2e8d3e55c649e2b3acedef25d81e16 [CANDIDATE]: Term 1 pre-election: Requested pre-vote from peers 88760af579b54a6393c6251aa3c6b870 (127.27.150.129:42027), 7ffbae1cdd164f7181ae5fbf7ecf65d6 (127.27.150.130:39713)
I20260709 13:11:41.758558 29680 raft_consensus.cc:3060] T 1a6fe7feab0c45ddb9198327b19a5bc5 P 7c2e8d3e55c649e2b3acedef25d81e16 [term 0 FOLLOWER]: Advancing to term 1
I20260709 13:11:41.758033 29472 tablet_service.cc:1917] Received RequestConsensusVote() RPC: tablet_id: "22f2621d025741fcb1f7e73ad1af2f4f" candidate_uuid: "7c2e8d3e55c649e2b3acedef25d81e16" candidate_term: 1 candidate_status { last_received { term: 0 index: 0 } } ignore_live_leader: false dest_uuid: "7ffbae1cdd164f7181ae5fbf7ecf65d6"
I20260709 13:11:41.759373 29472 raft_consensus.cc:3060] T 22f2621d025741fcb1f7e73ad1af2f4f P 7ffbae1cdd164f7181ae5fbf7ecf65d6 [term 0 FOLLOWER]: Advancing to term 1
I20260709 13:11:41.764196 29396 tablet_service.cc:1917] Received RequestConsensusVote() RPC: tablet_id: "22f2621d025741fcb1f7e73ad1af2f4f" candidate_uuid: "7c2e8d3e55c649e2b3acedef25d81e16" candidate_term: 1 candidate_status { last_received { term: 0 index: 0 } } ignore_live_leader: false dest_uuid: "88760af579b54a6393c6251aa3c6b870"
I20260709 13:11:41.764890 29396 raft_consensus.cc:3060] T 22f2621d025741fcb1f7e73ad1af2f4f P 88760af579b54a6393c6251aa3c6b870 [term 0 FOLLOWER]: Advancing to term 1
I20260709 13:11:41.766297 29680 raft_consensus.cc:515] T 1a6fe7feab0c45ddb9198327b19a5bc5 P 7c2e8d3e55c649e2b3acedef25d81e16 [term 1 FOLLOWER]: Starting leader election with config: opid_index: -1 OBSOLETE_local: false peers { permanent_uuid: "88760af579b54a6393c6251aa3c6b870" member_type: VOTER last_known_addr { host: "127.27.150.129" port: 42027 } } peers { permanent_uuid: "7ffbae1cdd164f7181ae5fbf7ecf65d6" member_type: VOTER last_known_addr { host: "127.27.150.130" port: 39713 } } peers { permanent_uuid: "7c2e8d3e55c649e2b3acedef25d81e16" member_type: VOTER last_known_addr { host: "127.27.150.131" port: 42971 } }
I20260709 13:11:41.766901 29393 tablet_service.cc:1917] Received RequestConsensusVote() RPC: tablet_id: "1a6fe7feab0c45ddb9198327b19a5bc5" candidate_uuid: "7c2e8d3e55c649e2b3acedef25d81e16" candidate_term: 1 candidate_status { last_received { term: 0 index: 0 } } ignore_live_leader: false dest_uuid: "88760af579b54a6393c6251aa3c6b870" is_pre_election: true
I20260709 13:11:41.767547 29393 raft_consensus.cc:2468] T 1a6fe7feab0c45ddb9198327b19a5bc5 P 88760af579b54a6393c6251aa3c6b870 [term 0 FOLLOWER]: Leader pre-election vote request: Granting yes vote for candidate 7c2e8d3e55c649e2b3acedef25d81e16 in term 0.
I20260709 13:11:41.768853 29472 raft_consensus.cc:2468] T 22f2621d025741fcb1f7e73ad1af2f4f P 7ffbae1cdd164f7181ae5fbf7ecf65d6 [term 1 FOLLOWER]: Leader election vote request: Granting yes vote for candidate 7c2e8d3e55c649e2b3acedef25d81e16 in term 1.
I20260709 13:11:41.769727 29468 tablet_service.cc:1917] Received RequestConsensusVote() RPC: tablet_id: "1a6fe7feab0c45ddb9198327b19a5bc5" candidate_uuid: "7c2e8d3e55c649e2b3acedef25d81e16" candidate_term: 1 candidate_status { last_received { term: 0 index: 0 } } ignore_live_leader: false dest_uuid: "7ffbae1cdd164f7181ae5fbf7ecf65d6"
I20260709 13:11:41.769886 29680 leader_election.cc:290] T 1a6fe7feab0c45ddb9198327b19a5bc5 P 7c2e8d3e55c649e2b3acedef25d81e16 [CANDIDATE]: Term 1 election: Requested vote from peers 88760af579b54a6393c6251aa3c6b870 (127.27.150.129:42027), 7ffbae1cdd164f7181ae5fbf7ecf65d6 (127.27.150.130:39713)
I20260709 13:11:41.770344 29468 raft_consensus.cc:3060] T 1a6fe7feab0c45ddb9198327b19a5bc5 P 7ffbae1cdd164f7181ae5fbf7ecf65d6 [term 0 FOLLOWER]: Advancing to term 1
I20260709 13:11:41.740993 29772 raft_consensus.cc:493] T 91c368d56c234a6ea4e13263c724dbda P 7ffbae1cdd164f7181ae5fbf7ecf65d6 [term 0 FOLLOWER]: Starting pre-election (no leader contacted us within the election timeout)
I20260709 13:11:41.772632 29772 raft_consensus.cc:515] T 91c368d56c234a6ea4e13263c724dbda P 7ffbae1cdd164f7181ae5fbf7ecf65d6 [term 0 FOLLOWER]: Starting pre-election with config: opid_index: -1 OBSOLETE_local: false peers { permanent_uuid: "88760af579b54a6393c6251aa3c6b870" member_type: VOTER last_known_addr { host: "127.27.150.129" port: 42027 } } peers { permanent_uuid: "7ffbae1cdd164f7181ae5fbf7ecf65d6" member_type: VOTER last_known_addr { host: "127.27.150.130" port: 39713 } } peers { permanent_uuid: "7c2e8d3e55c649e2b3acedef25d81e16" member_type: VOTER last_known_addr { host: "127.27.150.131" port: 42971 } }
I20260709 13:11:41.779353 29512 leader_election.cc:304] T 22f2621d025741fcb1f7e73ad1af2f4f P 7c2e8d3e55c649e2b3acedef25d81e16 [CANDIDATE]: Term 1 election: Election decided. Result: candidate won. Election summary: received 2 responses out of 3 voters: 2 yes votes; 0 no votes. yes voters: 7c2e8d3e55c649e2b3acedef25d81e16, 7ffbae1cdd164f7181ae5fbf7ecf65d6; no voters: 
I20260709 13:11:41.780416 29680 raft_consensus.cc:2804] T 22f2621d025741fcb1f7e73ad1af2f4f P 7c2e8d3e55c649e2b3acedef25d81e16 [term 1 FOLLOWER]: Leader election won for term 1
I20260709 13:11:41.780966 29680 raft_consensus.cc:697] T 22f2621d025741fcb1f7e73ad1af2f4f P 7c2e8d3e55c649e2b3acedef25d81e16 [term 1 LEADER]: Becoming Leader. State: Replica: 7c2e8d3e55c649e2b3acedef25d81e16, State: Running, Role: LEADER
I20260709 13:11:41.781946 29680 consensus_queue.cc:237] T 22f2621d025741fcb1f7e73ad1af2f4f P 7c2e8d3e55c649e2b3acedef25d81e16 [LEADER]: Queue going to LEADER mode. State: All replicated index: 0, Majority replicated index: 0, Committed index: 0, Last appended: 0.0, Last appended by leader: 0, Current term: 1, Majority size: 2, State: 0, Mode: LEADER, active raft config: opid_index: -1 OBSOLETE_local: false peers { permanent_uuid: "88760af579b54a6393c6251aa3c6b870" member_type: VOTER last_known_addr { host: "127.27.150.129" port: 42027 } } peers { permanent_uuid: "7ffbae1cdd164f7181ae5fbf7ecf65d6" member_type: VOTER last_known_addr { host: "127.27.150.130" port: 39713 } } peers { permanent_uuid: "7c2e8d3e55c649e2b3acedef25d81e16" member_type: VOTER last_known_addr { host: "127.27.150.131" port: 42971 } }
I20260709 13:11:41.787045 29397 tablet_service.cc:1917] Received RequestConsensusVote() RPC: tablet_id: "1a6fe7feab0c45ddb9198327b19a5bc5" candidate_uuid: "7c2e8d3e55c649e2b3acedef25d81e16" candidate_term: 1 candidate_status { last_received { term: 0 index: 0 } } ignore_live_leader: false dest_uuid: "88760af579b54a6393c6251aa3c6b870"
I20260709 13:11:41.788002 29397 raft_consensus.cc:3060] T 1a6fe7feab0c45ddb9198327b19a5bc5 P 88760af579b54a6393c6251aa3c6b870 [term 0 FOLLOWER]: Advancing to term 1
I20260709 13:11:41.778296 29468 raft_consensus.cc:2468] T 1a6fe7feab0c45ddb9198327b19a5bc5 P 7ffbae1cdd164f7181ae5fbf7ecf65d6 [term 1 FOLLOWER]: Leader election vote request: Granting yes vote for candidate 7c2e8d3e55c649e2b3acedef25d81e16 in term 1.
I20260709 13:11:41.790002 29512 leader_election.cc:304] T 1a6fe7feab0c45ddb9198327b19a5bc5 P 7c2e8d3e55c649e2b3acedef25d81e16 [CANDIDATE]: Term 1 election: Election decided. Result: candidate won. Election summary: received 2 responses out of 3 voters: 2 yes votes; 0 no votes. yes voters: 7c2e8d3e55c649e2b3acedef25d81e16, 7ffbae1cdd164f7181ae5fbf7ecf65d6; no voters: 
I20260709 13:11:41.791025 29753 raft_consensus.cc:2804] T 1a6fe7feab0c45ddb9198327b19a5bc5 P 7c2e8d3e55c649e2b3acedef25d81e16 [term 1 FOLLOWER]: Leader election won for term 1
I20260709 13:11:41.791803 29753 raft_consensus.cc:697] T 1a6fe7feab0c45ddb9198327b19a5bc5 P 7c2e8d3e55c649e2b3acedef25d81e16 [term 1 LEADER]: Becoming Leader. State: Replica: 7c2e8d3e55c649e2b3acedef25d81e16, State: Running, Role: LEADER
I20260709 13:11:41.792783 29753 consensus_queue.cc:237] T 1a6fe7feab0c45ddb9198327b19a5bc5 P 7c2e8d3e55c649e2b3acedef25d81e16 [LEADER]: Queue going to LEADER mode. State: All replicated index: 0, Majority replicated index: 0, Committed index: 0, Last appended: 0.0, Last appended by leader: 0, Current term: 1, Majority size: 2, State: 0, Mode: LEADER, active raft config: opid_index: -1 OBSOLETE_local: false peers { permanent_uuid: "88760af579b54a6393c6251aa3c6b870" member_type: VOTER last_known_addr { host: "127.27.150.129" port: 42027 } } peers { permanent_uuid: "7ffbae1cdd164f7181ae5fbf7ecf65d6" member_type: VOTER last_known_addr { host: "127.27.150.130" port: 39713 } } peers { permanent_uuid: "7c2e8d3e55c649e2b3acedef25d81e16" member_type: VOTER last_known_addr { host: "127.27.150.131" port: 42971 } }
I20260709 13:11:41.804152 29392 tablet_service.cc:1917] Received RequestConsensusVote() RPC: tablet_id: "91c368d56c234a6ea4e13263c724dbda" candidate_uuid: "7ffbae1cdd164f7181ae5fbf7ecf65d6" candidate_term: 1 candidate_status { last_received { term: 0 index: 0 } } ignore_live_leader: false dest_uuid: "88760af579b54a6393c6251aa3c6b870" is_pre_election: true
I20260709 13:11:41.805538 29392 raft_consensus.cc:2468] T 91c368d56c234a6ea4e13263c724dbda P 88760af579b54a6393c6251aa3c6b870 [term 0 FOLLOWER]: Leader pre-election vote request: Granting yes vote for candidate 7ffbae1cdd164f7181ae5fbf7ecf65d6 in term 0.
I20260709 13:11:41.809103 29641 consensus_queue.cc:1048] T 1c6c0a7893ec49c19f3e702094ed4941 P 7ffbae1cdd164f7181ae5fbf7ecf65d6 [LEADER]: Connected to new peer: Peer: permanent_uuid: "88760af579b54a6393c6251aa3c6b870" member_type: VOTER last_known_addr { host: "127.27.150.129" port: 42027 }, Status: LMP_MISMATCH, Last received: 0.0, Next index: 1, Last known committed idx: 0, Time since last communication: 0.001s
I20260709 13:11:41.832492 29754 raft_consensus.cc:493] T 91c368d56c234a6ea4e13263c724dbda P 7c2e8d3e55c649e2b3acedef25d81e16 [term 0 FOLLOWER]: Starting pre-election (no leader contacted us within the election timeout)
I20260709 13:11:41.833069 29754 raft_consensus.cc:515] T 91c368d56c234a6ea4e13263c724dbda P 7c2e8d3e55c649e2b3acedef25d81e16 [term 0 FOLLOWER]: Starting pre-election with config: opid_index: -1 OBSOLETE_local: false peers { permanent_uuid: "88760af579b54a6393c6251aa3c6b870" member_type: VOTER last_known_addr { host: "127.27.150.129" port: 42027 } } peers { permanent_uuid: "7ffbae1cdd164f7181ae5fbf7ecf65d6" member_type: VOTER last_known_addr { host: "127.27.150.130" port: 39713 } } peers { permanent_uuid: "7c2e8d3e55c649e2b3acedef25d81e16" member_type: VOTER last_known_addr { host: "127.27.150.131" port: 42971 } }
I20260709 13:11:41.834149 29435 leader_election.cc:304] T 91c368d56c234a6ea4e13263c724dbda P 7ffbae1cdd164f7181ae5fbf7ecf65d6 [CANDIDATE]: Term 1 pre-election: Election decided. Result: candidate won. Election summary: received 2 responses out of 3 voters: 2 yes votes; 0 no votes. yes voters: 7ffbae1cdd164f7181ae5fbf7ecf65d6, 88760af579b54a6393c6251aa3c6b870; no voters: 
I20260709 13:11:41.835390 29754 leader_election.cc:290] T 91c368d56c234a6ea4e13263c724dbda P 7c2e8d3e55c649e2b3acedef25d81e16 [CANDIDATE]: Term 1 pre-election: Requested pre-vote from peers 88760af579b54a6393c6251aa3c6b870 (127.27.150.129:42027), 7ffbae1cdd164f7181ae5fbf7ecf65d6 (127.27.150.130:39713)
I20260709 13:11:41.836709 29545 tablet_service.cc:1917] Received RequestConsensusVote() RPC: tablet_id: "91c368d56c234a6ea4e13263c724dbda" candidate_uuid: "7ffbae1cdd164f7181ae5fbf7ecf65d6" candidate_term: 1 candidate_status { last_received { term: 0 index: 0 } } ignore_live_leader: false dest_uuid: "7c2e8d3e55c649e2b3acedef25d81e16" is_pre_election: true
I20260709 13:11:41.837446 29545 raft_consensus.cc:2468] T 91c368d56c234a6ea4e13263c724dbda P 7c2e8d3e55c649e2b3acedef25d81e16 [term 0 FOLLOWER]: Leader pre-election vote request: Granting yes vote for candidate 7ffbae1cdd164f7181ae5fbf7ecf65d6 in term 0.
I20260709 13:11:41.837599 29468 tablet_service.cc:1917] Received RequestConsensusVote() RPC: tablet_id: "91c368d56c234a6ea4e13263c724dbda" candidate_uuid: "7c2e8d3e55c649e2b3acedef25d81e16" candidate_term: 1 candidate_status { last_received { term: 0 index: 0 } } ignore_live_leader: false dest_uuid: "7ffbae1cdd164f7181ae5fbf7ecf65d6" is_pre_election: true
I20260709 13:11:41.822247 29774 raft_consensus.cc:493] T 1c6c0a7893ec49c19f3e702094ed4941 P 7c2e8d3e55c649e2b3acedef25d81e16 [term 0 FOLLOWER]: Starting pre-election (no leader contacted us within the election timeout)
I20260709 13:11:41.838594 29774 raft_consensus.cc:515] T 1c6c0a7893ec49c19f3e702094ed4941 P 7c2e8d3e55c649e2b3acedef25d81e16 [term 0 FOLLOWER]: Starting pre-election with config: opid_index: -1 OBSOLETE_local: false peers { permanent_uuid: "88760af579b54a6393c6251aa3c6b870" member_type: VOTER last_known_addr { host: "127.27.150.129" port: 42027 } } peers { permanent_uuid: "7ffbae1cdd164f7181ae5fbf7ecf65d6" member_type: VOTER last_known_addr { host: "127.27.150.130" port: 39713 } } peers { permanent_uuid: "7c2e8d3e55c649e2b3acedef25d81e16" member_type: VOTER last_known_addr { host: "127.27.150.131" port: 42971 } }
I20260709 13:11:41.839823 29772 leader_election.cc:290] T 91c368d56c234a6ea4e13263c724dbda P 7ffbae1cdd164f7181ae5fbf7ecf65d6 [CANDIDATE]: Term 1 pre-election: Requested pre-vote from peers 88760af579b54a6393c6251aa3c6b870 (127.27.150.129:42027), 7c2e8d3e55c649e2b3acedef25d81e16 (127.27.150.131:42971)
I20260709 13:11:41.829784 29739 raft_consensus.cc:493] T 5d3e26705f6f42428e0c9830d7dbedb6 P 88760af579b54a6393c6251aa3c6b870 [term 0 FOLLOWER]: Starting pre-election (no leader contacted us within the election timeout)
I20260709 13:11:41.837782 29765 raft_consensus.cc:2804] T 91c368d56c234a6ea4e13263c724dbda P 7ffbae1cdd164f7181ae5fbf7ecf65d6 [term 0 FOLLOWER]: Leader pre-election won for term 1
I20260709 13:11:41.851153 29765 raft_consensus.cc:493] T 91c368d56c234a6ea4e13263c724dbda P 7ffbae1cdd164f7181ae5fbf7ecf65d6 [term 0 FOLLOWER]: Starting leader election (no leader contacted us within the election timeout)
I20260709 13:11:41.851697 29765 raft_consensus.cc:3060] T 91c368d56c234a6ea4e13263c724dbda P 7ffbae1cdd164f7181ae5fbf7ecf65d6 [term 0 FOLLOWER]: Advancing to term 1
I20260709 13:11:41.856959 29739 raft_consensus.cc:515] T 5d3e26705f6f42428e0c9830d7dbedb6 P 88760af579b54a6393c6251aa3c6b870 [term 0 FOLLOWER]: Starting pre-election with config: opid_index: -1 OBSOLETE_local: false peers { permanent_uuid: "88760af579b54a6393c6251aa3c6b870" member_type: VOTER last_known_addr { host: "127.27.150.129" port: 42027 } } peers { permanent_uuid: "7ffbae1cdd164f7181ae5fbf7ecf65d6" member_type: VOTER last_known_addr { host: "127.27.150.130" port: 39713 } } peers { permanent_uuid: "7c2e8d3e55c649e2b3acedef25d81e16" member_type: VOTER last_known_addr { host: "127.27.150.131" port: 42971 } }
I20260709 13:11:41.810911 29471 raft_consensus.cc:1275] T d01483a998944f4386fc5dfa1f0fd51a P 7ffbae1cdd164f7181ae5fbf7ecf65d6 [term 2 FOLLOWER]: Refusing update from remote peer 7c2e8d3e55c649e2b3acedef25d81e16: Log matching property violated. Preceding OpId in replica: term: 0 index: 0. Preceding OpId from leader: term: 2 index: 1. (index mismatch)
I20260709 13:11:41.840996 29774 leader_election.cc:290] T 1c6c0a7893ec49c19f3e702094ed4941 P 7c2e8d3e55c649e2b3acedef25d81e16 [CANDIDATE]: Term 1 pre-election: Requested pre-vote from peers 88760af579b54a6393c6251aa3c6b870 (127.27.150.129:42027), 7ffbae1cdd164f7181ae5fbf7ecf65d6 (127.27.150.130:39713)
I20260709 13:11:41.828903 29768 raft_consensus.cc:493] T 57af445de910412cb7903ef2bf682013 P 7ffbae1cdd164f7181ae5fbf7ecf65d6 [term 0 FOLLOWER]: Starting pre-election (no leader contacted us within the election timeout)
I20260709 13:11:41.842737 29472 tablet_service.cc:1917] Received RequestConsensusVote() RPC: tablet_id: "1c6c0a7893ec49c19f3e702094ed4941" candidate_uuid: "7c2e8d3e55c649e2b3acedef25d81e16" candidate_term: 1 candidate_status { last_received { term: 0 index: 0 } } ignore_live_leader: false dest_uuid: "7ffbae1cdd164f7181ae5fbf7ecf65d6" is_pre_election: true
I20260709 13:11:41.866541 29768 raft_consensus.cc:515] T 57af445de910412cb7903ef2bf682013 P 7ffbae1cdd164f7181ae5fbf7ecf65d6 [term 0 FOLLOWER]: Starting pre-election with config: opid_index: -1 OBSOLETE_local: false peers { permanent_uuid: "88760af579b54a6393c6251aa3c6b870" member_type: VOTER last_known_addr { host: "127.27.150.129" port: 42027 } } peers { permanent_uuid: "7ffbae1cdd164f7181ae5fbf7ecf65d6" member_type: VOTER last_known_addr { host: "127.27.150.130" port: 39713 } } peers { permanent_uuid: "7c2e8d3e55c649e2b3acedef25d81e16" member_type: VOTER last_known_addr { host: "127.27.150.131" port: 42971 } }
I20260709 13:11:41.869161 29768 leader_election.cc:290] T 57af445de910412cb7903ef2bf682013 P 7ffbae1cdd164f7181ae5fbf7ecf65d6 [CANDIDATE]: Term 1 pre-election: Requested pre-vote from peers 88760af579b54a6393c6251aa3c6b870 (127.27.150.129:42027), 7c2e8d3e55c649e2b3acedef25d81e16 (127.27.150.131:42971)
I20260709 13:11:41.873857 29545 tablet_service.cc:1917] Received RequestConsensusVote() RPC: tablet_id: "57af445de910412cb7903ef2bf682013" candidate_uuid: "7ffbae1cdd164f7181ae5fbf7ecf65d6" candidate_term: 1 candidate_status { last_received { term: 0 index: 0 } } ignore_live_leader: false dest_uuid: "7c2e8d3e55c649e2b3acedef25d81e16" is_pre_election: true
I20260709 13:11:41.875885 29774 consensus_queue.cc:1048] T d01483a998944f4386fc5dfa1f0fd51a P 7c2e8d3e55c649e2b3acedef25d81e16 [LEADER]: Connected to new peer: Peer: permanent_uuid: "7ffbae1cdd164f7181ae5fbf7ecf65d6" member_type: VOTER last_known_addr { host: "127.27.150.130" port: 39713 }, Status: LMP_MISMATCH, Last received: 0.0, Next index: 1, Last known committed idx: 0, Time since last communication: 0.001s
I20260709 13:11:41.877910 29395 tablet_service.cc:1917] Received RequestConsensusVote() RPC: tablet_id: "57af445de910412cb7903ef2bf682013" candidate_uuid: "7ffbae1cdd164f7181ae5fbf7ecf65d6" candidate_term: 1 candidate_status { last_received { term: 0 index: 0 } } ignore_live_leader: false dest_uuid: "88760af579b54a6393c6251aa3c6b870" is_pre_election: true
I20260709 13:11:41.879087 29395 raft_consensus.cc:2393] T 57af445de910412cb7903ef2bf682013 P 88760af579b54a6393c6251aa3c6b870 [term 1 FOLLOWER]: Leader pre-election vote request: Denying vote to candidate 7ffbae1cdd164f7181ae5fbf7ecf65d6 in current term 1: Already voted for candidate 7c2e8d3e55c649e2b3acedef25d81e16 in this term.
I20260709 13:11:41.862143 29739 leader_election.cc:290] T 5d3e26705f6f42428e0c9830d7dbedb6 P 88760af579b54a6393c6251aa3c6b870 [CANDIDATE]: Term 1 pre-election: Requested pre-vote from peers 7ffbae1cdd164f7181ae5fbf7ecf65d6 (127.27.150.130:39713), 7c2e8d3e55c649e2b3acedef25d81e16 (127.27.150.131:42971)
I20260709 13:11:41.896901 29435 leader_election.cc:304] T 57af445de910412cb7903ef2bf682013 P 7ffbae1cdd164f7181ae5fbf7ecf65d6 [CANDIDATE]: Term 1 pre-election: Election decided. Result: candidate lost. Election summary: received 3 responses out of 3 voters: 1 yes votes; 2 no votes. yes voters: 7ffbae1cdd164f7181ae5fbf7ecf65d6; no voters: 7c2e8d3e55c649e2b3acedef25d81e16, 88760af579b54a6393c6251aa3c6b870
I20260709 13:11:41.922960 29391 tablet_service.cc:1917] Received RequestConsensusVote() RPC: tablet_id: "91c368d56c234a6ea4e13263c724dbda" candidate_uuid: "7c2e8d3e55c649e2b3acedef25d81e16" candidate_term: 1 candidate_status { last_received { term: 0 index: 0 } } ignore_live_leader: false dest_uuid: "88760af579b54a6393c6251aa3c6b870" is_pre_election: true
I20260709 13:11:41.927415 29391 raft_consensus.cc:2468] T 91c368d56c234a6ea4e13263c724dbda P 88760af579b54a6393c6251aa3c6b870 [term 0 FOLLOWER]: Leader pre-election vote request: Granting yes vote for candidate 7c2e8d3e55c649e2b3acedef25d81e16 in term 0.
I20260709 13:11:41.742157 29586 raft_consensus.cc:740] T 71fb5043e48f4e1a86ec8d962d18b0b4 P 88760af579b54a6393c6251aa3c6b870 [term 0 FOLLOWER]: Becoming Follower/Learner. State: Replica: 88760af579b54a6393c6251aa3c6b870, State: Initialized, Role: FOLLOWER
I20260709 13:11:41.931113 29586 consensus_queue.cc:260] T 71fb5043e48f4e1a86ec8d962d18b0b4 P 88760af579b54a6393c6251aa3c6b870 [NON_LEADER]: Queue going to NON_LEADER mode. State: All replicated index: 0, Majority replicated index: 0, Committed index: 0, Last appended: 0.0, Last appended by leader: 0, Current term: 0, Majority size: -1, State: 0, Mode: NON_LEADER, active raft config: opid_index: -1 OBSOLETE_local: false peers { permanent_uuid: "88760af579b54a6393c6251aa3c6b870" member_type: VOTER last_known_addr { host: "127.27.150.129" port: 42027 } } peers { permanent_uuid: "7ffbae1cdd164f7181ae5fbf7ecf65d6" member_type: VOTER last_known_addr { host: "127.27.150.130" port: 39713 } } peers { permanent_uuid: "7c2e8d3e55c649e2b3acedef25d81e16" member_type: VOTER last_known_addr { host: "127.27.150.131" port: 42971 } }
I20260709 13:11:41.932113 29768 raft_consensus.cc:3060] T 57af445de910412cb7903ef2bf682013 P 7ffbae1cdd164f7181ae5fbf7ecf65d6 [term 0 FOLLOWER]: Advancing to term 1
I20260709 13:11:41.933135 29586 ts_tablet_manager.cc:1434] T 71fb5043e48f4e1a86ec8d962d18b0b4 P 88760af579b54a6393c6251aa3c6b870: Time spent starting tablet: real 0.226s	user 0.005s	sys 0.002s
I20260709 13:11:41.741433 29587 tablet_bootstrap.cc:654] T 0585fb6756aa496392b1ee0371aa9804 P 7c2e8d3e55c649e2b3acedef25d81e16: Neither blocks nor log segments found. Creating new log.
I20260709 13:11:41.938810 29393 tablet_service.cc:1917] Received RequestConsensusVote() RPC: tablet_id: "1c6c0a7893ec49c19f3e702094ed4941" candidate_uuid: "7c2e8d3e55c649e2b3acedef25d81e16" candidate_term: 1 candidate_status { last_received { term: 0 index: 0 } } ignore_live_leader: false dest_uuid: "88760af579b54a6393c6251aa3c6b870" is_pre_election: true
I20260709 13:11:41.947544 29586 tablet_bootstrap.cc:492] T cbc3743d348b41f48617d0cb35c85353 P 88760af579b54a6393c6251aa3c6b870: Bootstrap starting.
I20260709 13:11:41.952726 29587 tablet_bootstrap.cc:492] T 0585fb6756aa496392b1ee0371aa9804 P 7c2e8d3e55c649e2b3acedef25d81e16: No bootstrap required, opened a new log
I20260709 13:11:41.978981 29587 ts_tablet_manager.cc:1403] T 0585fb6756aa496392b1ee0371aa9804 P 7c2e8d3e55c649e2b3acedef25d81e16: Time spent bootstrapping tablet: real 0.261s	user 0.013s	sys 0.000s
I20260709 13:11:41.955930 29545 tablet_service.cc:1917] Received RequestConsensusVote() RPC: tablet_id: "5d3e26705f6f42428e0c9830d7dbedb6" candidate_uuid: "88760af579b54a6393c6251aa3c6b870" candidate_term: 1 candidate_status { last_received { term: 0 index: 0 } } ignore_live_leader: false dest_uuid: "7c2e8d3e55c649e2b3acedef25d81e16" is_pre_election: true
I20260709 13:11:41.957199 29472 tablet_service.cc:1917] Received RequestConsensusVote() RPC: tablet_id: "5d3e26705f6f42428e0c9830d7dbedb6" candidate_uuid: "88760af579b54a6393c6251aa3c6b870" candidate_term: 1 candidate_status { last_received { term: 0 index: 0 } } ignore_live_leader: false dest_uuid: "7ffbae1cdd164f7181ae5fbf7ecf65d6" is_pre_election: true
W20260709 13:11:41.988051 29363 leader_election.cc:343] T 5d3e26705f6f42428e0c9830d7dbedb6 P 88760af579b54a6393c6251aa3c6b870 [CANDIDATE]: Term 1 pre-election: Tablet error from VoteRequest() call to peer 7c2e8d3e55c649e2b3acedef25d81e16 (127.27.150.131:42971): Illegal state: must be running to vote when last-logged opid is not known
I20260709 13:11:41.963271 29294 catalog_manager.cc:5697] T 22f2621d025741fcb1f7e73ad1af2f4f P 7c2e8d3e55c649e2b3acedef25d81e16 reported cstate change: term changed from 0 to 1, leader changed from <none> to 7c2e8d3e55c649e2b3acedef25d81e16 (127.27.150.131). New cstate: current_term: 1 leader_uuid: "7c2e8d3e55c649e2b3acedef25d81e16" committed_config { opid_index: -1 OBSOLETE_local: false peers { permanent_uuid: "88760af579b54a6393c6251aa3c6b870" member_type: VOTER last_known_addr { host: "127.27.150.129" port: 42027 } health_report { overall_health: UNKNOWN } } peers { permanent_uuid: "7ffbae1cdd164f7181ae5fbf7ecf65d6" member_type: VOTER last_known_addr { host: "127.27.150.130" port: 39713 } health_report { overall_health: UNKNOWN } } peers { permanent_uuid: "7c2e8d3e55c649e2b3acedef25d81e16" member_type: VOTER last_known_addr { host: "127.27.150.131" port: 42971 } health_report { overall_health: HEALTHY } } }
I20260709 13:11:41.965435 29772 raft_consensus.cc:493] T 1016126be7f841c4acc0cd897e5df0c3 P 7ffbae1cdd164f7181ae5fbf7ecf65d6 [term 0 FOLLOWER]: Starting pre-election (no leader contacted us within the election timeout)
I20260709 13:11:41.971868 29754 consensus_queue.cc:1048] T 57af445de910412cb7903ef2bf682013 P 7c2e8d3e55c649e2b3acedef25d81e16 [LEADER]: Connected to new peer: Peer: permanent_uuid: "88760af579b54a6393c6251aa3c6b870" member_type: VOTER last_known_addr { host: "127.27.150.129" port: 42027 }, Status: LMP_MISMATCH, Last received: 0.0, Next index: 1, Last known committed idx: 0, Time since last communication: 0.001s
I20260709 13:11:41.993999 29772 raft_consensus.cc:515] T 1016126be7f841c4acc0cd897e5df0c3 P 7ffbae1cdd164f7181ae5fbf7ecf65d6 [term 0 FOLLOWER]: Starting pre-election with config: opid_index: -1 OBSOLETE_local: false peers { permanent_uuid: "88760af579b54a6393c6251aa3c6b870" member_type: VOTER last_known_addr { host: "127.27.150.129" port: 42027 } } peers { permanent_uuid: "7ffbae1cdd164f7181ae5fbf7ecf65d6" member_type: VOTER last_known_addr { host: "127.27.150.130" port: 39713 } } peers { permanent_uuid: "7c2e8d3e55c649e2b3acedef25d81e16" member_type: VOTER last_known_addr { host: "127.27.150.131" port: 42971 } }
I20260709 13:11:41.982132 29765 raft_consensus.cc:515] T 91c368d56c234a6ea4e13263c724dbda P 7ffbae1cdd164f7181ae5fbf7ecf65d6 [term 1 FOLLOWER]: Starting leader election with config: opid_index: -1 OBSOLETE_local: false peers { permanent_uuid: "88760af579b54a6393c6251aa3c6b870" member_type: VOTER last_known_addr { host: "127.27.150.129" port: 42027 } } peers { permanent_uuid: "7ffbae1cdd164f7181ae5fbf7ecf65d6" member_type: VOTER last_known_addr { host: "127.27.150.130" port: 39713 } } peers { permanent_uuid: "7c2e8d3e55c649e2b3acedef25d81e16" member_type: VOTER last_known_addr { host: "127.27.150.131" port: 42971 } }
I20260709 13:11:41.997720 29772 leader_election.cc:290] T 1016126be7f841c4acc0cd897e5df0c3 P 7ffbae1cdd164f7181ae5fbf7ecf65d6 [CANDIDATE]: Term 1 pre-election: Requested pre-vote from peers 88760af579b54a6393c6251aa3c6b870 (127.27.150.129:42027), 7c2e8d3e55c649e2b3acedef25d81e16 (127.27.150.131:42971)
I20260709 13:11:41.982319 29587 raft_consensus.cc:359] T 0585fb6756aa496392b1ee0371aa9804 P 7c2e8d3e55c649e2b3acedef25d81e16 [term 0 FOLLOWER]: Replica starting. Triggering 0 pending ops. Active config: opid_index: -1 OBSOLETE_local: false peers { permanent_uuid: "88760af579b54a6393c6251aa3c6b870" member_type: VOTER last_known_addr { host: "127.27.150.129" port: 42027 } } peers { permanent_uuid: "7ffbae1cdd164f7181ae5fbf7ecf65d6" member_type: VOTER last_known_addr { host: "127.27.150.130" port: 39713 } } peers { permanent_uuid: "7c2e8d3e55c649e2b3acedef25d81e16" member_type: VOTER last_known_addr { host: "127.27.150.131" port: 42971 } }
I20260709 13:11:41.999094 29587 raft_consensus.cc:385] T 0585fb6756aa496392b1ee0371aa9804 P 7c2e8d3e55c649e2b3acedef25d81e16 [term 0 FOLLOWER]: Consensus starting up: Expiring failure detector timer to make a prompt election more likely
I20260709 13:11:41.999416 29587 raft_consensus.cc:740] T 0585fb6756aa496392b1ee0371aa9804 P 7c2e8d3e55c649e2b3acedef25d81e16 [term 0 FOLLOWER]: Becoming Follower/Learner. State: Replica: 7c2e8d3e55c649e2b3acedef25d81e16, State: Initialized, Role: FOLLOWER
I20260709 13:11:41.999502 29545 tablet_service.cc:1917] Received RequestConsensusVote() RPC: tablet_id: "1016126be7f841c4acc0cd897e5df0c3" candidate_uuid: "7ffbae1cdd164f7181ae5fbf7ecf65d6" candidate_term: 1 candidate_status { last_received { term: 0 index: 0 } } ignore_live_leader: false dest_uuid: "7c2e8d3e55c649e2b3acedef25d81e16" is_pre_election: true
I20260709 13:11:42.000173 29587 consensus_queue.cc:260] T 0585fb6756aa496392b1ee0371aa9804 P 7c2e8d3e55c649e2b3acedef25d81e16 [NON_LEADER]: Queue going to NON_LEADER mode. State: All replicated index: 0, Majority replicated index: 0, Committed index: 0, Last appended: 0.0, Last appended by leader: 0, Current term: 0, Majority size: -1, State: 0, Mode: NON_LEADER, active raft config: opid_index: -1 OBSOLETE_local: false peers { permanent_uuid: "88760af579b54a6393c6251aa3c6b870" member_type: VOTER last_known_addr { host: "127.27.150.129" port: 42027 } } peers { permanent_uuid: "7ffbae1cdd164f7181ae5fbf7ecf65d6" member_type: VOTER last_known_addr { host: "127.27.150.130" port: 39713 } } peers { permanent_uuid: "7c2e8d3e55c649e2b3acedef25d81e16" member_type: VOTER last_known_addr { host: "127.27.150.131" port: 42971 } }
W20260709 13:11:42.001549 29438 leader_election.cc:343] T 1016126be7f841c4acc0cd897e5df0c3 P 7ffbae1cdd164f7181ae5fbf7ecf65d6 [CANDIDATE]: Term 1 pre-election: Tablet error from VoteRequest() call to peer 7c2e8d3e55c649e2b3acedef25d81e16 (127.27.150.131:42971): Illegal state: must be running to vote when last-logged opid is not known
I20260709 13:11:41.960085 29396 raft_consensus.cc:2468] T 22f2621d025741fcb1f7e73ad1af2f4f P 88760af579b54a6393c6251aa3c6b870 [term 1 FOLLOWER]: Leader election vote request: Granting yes vote for candidate 7c2e8d3e55c649e2b3acedef25d81e16 in term 1.
I20260709 13:11:41.990116 29397 raft_consensus.cc:2468] T 1a6fe7feab0c45ddb9198327b19a5bc5 P 88760af579b54a6393c6251aa3c6b870 [term 1 FOLLOWER]: Leader election vote request: Granting yes vote for candidate 7c2e8d3e55c649e2b3acedef25d81e16 in term 1.
W20260709 13:11:41.995752 29363 leader_election.cc:343] T 5d3e26705f6f42428e0c9830d7dbedb6 P 88760af579b54a6393c6251aa3c6b870 [CANDIDATE]: Term 1 pre-election: Tablet error from VoteRequest() call to peer 7ffbae1cdd164f7181ae5fbf7ecf65d6 (127.27.150.130:39713): Illegal state: must be running to vote when last-logged opid is not known
I20260709 13:11:42.006096 29587 ts_tablet_manager.cc:1434] T 0585fb6756aa496392b1ee0371aa9804 P 7c2e8d3e55c649e2b3acedef25d81e16: Time spent starting tablet: real 0.027s	user 0.006s	sys 0.001s
I20260709 13:11:42.013447 29363 leader_election.cc:304] T 5d3e26705f6f42428e0c9830d7dbedb6 P 88760af579b54a6393c6251aa3c6b870 [CANDIDATE]: Term 1 pre-election: Election decided. Result: candidate lost. Election summary: received 3 responses out of 3 voters: 1 yes votes; 2 no votes. yes voters: 88760af579b54a6393c6251aa3c6b870; no voters: 7c2e8d3e55c649e2b3acedef25d81e16, 7ffbae1cdd164f7181ae5fbf7ecf65d6
I20260709 13:11:42.014135 29587 tablet_bootstrap.cc:492] T 1016126be7f841c4acc0cd897e5df0c3 P 7c2e8d3e55c649e2b3acedef25d81e16: Bootstrap starting.
I20260709 13:11:42.014294 29749 raft_consensus.cc:2749] T 5d3e26705f6f42428e0c9830d7dbedb6 P 88760af579b54a6393c6251aa3c6b870 [term 0 FOLLOWER]: Leader pre-election lost for term 1. Reason: could not achieve majority
I20260709 13:11:41.988165 29586 tablet_bootstrap.cc:654] T cbc3743d348b41f48617d0cb35c85353 P 88760af579b54a6393c6251aa3c6b870: Neither blocks nor log segments found. Creating new log.
I20260709 13:11:42.003166 29393 tablet_service.cc:1917] Received RequestConsensusVote() RPC: tablet_id: "1016126be7f841c4acc0cd897e5df0c3" candidate_uuid: "7ffbae1cdd164f7181ae5fbf7ecf65d6" candidate_term: 1 candidate_status { last_received { term: 0 index: 0 } } ignore_live_leader: false dest_uuid: "88760af579b54a6393c6251aa3c6b870" is_pre_election: true
I20260709 13:11:42.011227 29468 raft_consensus.cc:2393] T 91c368d56c234a6ea4e13263c724dbda P 7ffbae1cdd164f7181ae5fbf7ecf65d6 [term 1 FOLLOWER]: Leader pre-election vote request: Denying vote to candidate 7c2e8d3e55c649e2b3acedef25d81e16 in current term 1: Already voted for candidate 7ffbae1cdd164f7181ae5fbf7ecf65d6 in this term.
I20260709 13:11:42.019438 29393 raft_consensus.cc:2468] T 1016126be7f841c4acc0cd897e5df0c3 P 88760af579b54a6393c6251aa3c6b870 [term 0 FOLLOWER]: Leader pre-election vote request: Granting yes vote for candidate 7ffbae1cdd164f7181ae5fbf7ecf65d6 in term 0.
I20260709 13:11:42.027132 29435 leader_election.cc:304] T 1016126be7f841c4acc0cd897e5df0c3 P 7ffbae1cdd164f7181ae5fbf7ecf65d6 [CANDIDATE]: Term 1 pre-election: Election decided. Result: candidate won. Election summary: received 3 responses out of 3 voters: 2 yes votes; 1 no votes. yes voters: 7ffbae1cdd164f7181ae5fbf7ecf65d6, 88760af579b54a6393c6251aa3c6b870; no voters: 7c2e8d3e55c649e2b3acedef25d81e16
I20260709 13:11:42.031100 29545 tablet_service.cc:1917] Received RequestConsensusVote() RPC: tablet_id: "91c368d56c234a6ea4e13263c724dbda" candidate_uuid: "7ffbae1cdd164f7181ae5fbf7ecf65d6" candidate_term: 1 candidate_status { last_received { term: 0 index: 0 } } ignore_live_leader: false dest_uuid: "7c2e8d3e55c649e2b3acedef25d81e16"
I20260709 13:11:42.032846 29545 raft_consensus.cc:3060] T 91c368d56c234a6ea4e13263c724dbda P 7c2e8d3e55c649e2b3acedef25d81e16 [term 0 FOLLOWER]: Advancing to term 1
I20260709 13:11:42.033613 29812 raft_consensus.cc:2804] T 1016126be7f841c4acc0cd897e5df0c3 P 7ffbae1cdd164f7181ae5fbf7ecf65d6 [term 0 FOLLOWER]: Leader pre-election won for term 1
I20260709 13:11:42.034219 29812 raft_consensus.cc:493] T 1016126be7f841c4acc0cd897e5df0c3 P 7ffbae1cdd164f7181ae5fbf7ecf65d6 [term 0 FOLLOWER]: Starting leader election (no leader contacted us within the election timeout)
