I20260709 13:11:12.638608 28282 catalog_manager.cc:5697] T cd87b0686ced4cda9611d71c0e4554c4 P 6f5406d166ec4d46adb634784dc1e5a6 reported cstate change: term changed from 0 to 1, leader changed from <none> to 6f5406d166ec4d46adb634784dc1e5a6 (127.27.150.129). New cstate: current_term: 1 leader_uuid: "6f5406d166ec4d46adb634784dc1e5a6" committed_config { opid_index: -1 OBSOLETE_local: false peers { permanent_uuid: "6f5406d166ec4d46adb634784dc1e5a6" member_type: VOTER last_known_addr { host: "127.27.150.129" port: 36787 } health_report { overall_health: HEALTHY } } peers { permanent_uuid: "f3d9f899705748dcab7457361cc344c9" member_type: VOTER last_known_addr { host: "127.27.150.130" port: 46417 } health_report { overall_health: UNKNOWN } } peers { permanent_uuid: "33579d53dd28474aaaf5943d34eb14ab" member_type: VOTER last_known_addr { host: "127.27.150.131" port: 41931 } health_report { overall_health: UNKNOWN } } }
I20260709 13:11:12.647859 28532 tablet_service.cc:1917] Received RequestConsensusVote() RPC: tablet_id: "863cd51457434d5b9c46aa31b51c64f4" candidate_uuid: "6f5406d166ec4d46adb634784dc1e5a6" candidate_term: 1 candidate_status { last_received { term: 0 index: 0 } } ignore_live_leader: false dest_uuid: "33579d53dd28474aaaf5943d34eb14ab"
I20260709 13:11:12.649382 28579 tablet_bootstrap.cc:654] T 89b0d89010aa41f59e09ae005522e477 P 6f5406d166ec4d46adb634784dc1e5a6: Neither blocks nor log segments found. Creating new log.
I20260709 13:11:12.651381 28532 raft_consensus.cc:2393] T 863cd51457434d5b9c46aa31b51c64f4 P 33579d53dd28474aaaf5943d34eb14ab [term 1 FOLLOWER]: Leader election vote request: Denying vote to candidate 6f5406d166ec4d46adb634784dc1e5a6 in current term 1: Already voted for candidate f3d9f899705748dcab7457361cc344c9 in this term.
I20260709 13:11:12.655768 28577 tablet_bootstrap.cc:492] T ff4c1465958e45bfbf651c23406a6714 P 33579d53dd28474aaaf5943d34eb14ab: Bootstrap starting.
I20260709 13:11:12.661749 28459 tablet_service.cc:1917] Received RequestConsensusVote() RPC: tablet_id: "863cd51457434d5b9c46aa31b51c64f4" candidate_uuid: "6f5406d166ec4d46adb634784dc1e5a6" candidate_term: 1 candidate_status { last_received { term: 0 index: 0 } } ignore_live_leader: false dest_uuid: "f3d9f899705748dcab7457361cc344c9"
I20260709 13:11:12.659126 28599 leader_election.cc:290] T 863cd51457434d5b9c46aa31b51c64f4 P 6f5406d166ec4d46adb634784dc1e5a6 [CANDIDATE]: Term 1 election: Requested vote from peers 33579d53dd28474aaaf5943d34eb14ab (127.27.150.131:41931), f3d9f899705748dcab7457361cc344c9 (127.27.150.130:46417)
I20260709 13:11:12.666263 28351 leader_election.cc:304] T 863cd51457434d5b9c46aa31b51c64f4 P 6f5406d166ec4d46adb634784dc1e5a6 [CANDIDATE]: Term 1 election: Election decided. Result: candidate lost. Election summary: received 3 responses out of 3 voters: 1 yes votes; 2 no votes. yes voters: 6f5406d166ec4d46adb634784dc1e5a6; no voters: 33579d53dd28474aaaf5943d34eb14ab, f3d9f899705748dcab7457361cc344c9
I20260709 13:11:12.670936 28599 raft_consensus.cc:2749] T 863cd51457434d5b9c46aa31b51c64f4 P 6f5406d166ec4d46adb634784dc1e5a6 [term 1 FOLLOWER]: Leader election lost for term 1. Reason: could not achieve majority
I20260709 13:11:12.682420 28578 tablet_bootstrap.cc:492] T 17a148c8179a47d39e245217bb3af4b2 P f3d9f899705748dcab7457361cc344c9: No bootstrap required, opened a new log
I20260709 13:11:12.683769 28578 ts_tablet_manager.cc:1403] T 17a148c8179a47d39e245217bb3af4b2 P f3d9f899705748dcab7457361cc344c9: Time spent bootstrapping tablet: real 0.154s	user 0.037s	sys 0.009s
I20260709 13:11:12.699031 28578 raft_consensus.cc:359] T 17a148c8179a47d39e245217bb3af4b2 P f3d9f899705748dcab7457361cc344c9 [term 0 FOLLOWER]: Replica starting. Triggering 0 pending ops. Active config: opid_index: -1 OBSOLETE_local: false peers { permanent_uuid: "6f5406d166ec4d46adb634784dc1e5a6" member_type: VOTER last_known_addr { host: "127.27.150.129" port: 36787 } } peers { permanent_uuid: "f3d9f899705748dcab7457361cc344c9" member_type: VOTER last_known_addr { host: "127.27.150.130" port: 46417 } } peers { permanent_uuid: "33579d53dd28474aaaf5943d34eb14ab" member_type: VOTER last_known_addr { host: "127.27.150.131" port: 41931 } }
I20260709 13:11:12.702561 28578 raft_consensus.cc:385] T 17a148c8179a47d39e245217bb3af4b2 P f3d9f899705748dcab7457361cc344c9 [term 0 FOLLOWER]: Consensus starting up: Expiring failure detector timer to make a prompt election more likely
I20260709 13:11:12.703104 28578 raft_consensus.cc:740] T 17a148c8179a47d39e245217bb3af4b2 P f3d9f899705748dcab7457361cc344c9 [term 0 FOLLOWER]: Becoming Follower/Learner. State: Replica: f3d9f899705748dcab7457361cc344c9, State: Initialized, Role: FOLLOWER
I20260709 13:11:12.704836 28578 consensus_queue.cc:260] T 17a148c8179a47d39e245217bb3af4b2 P f3d9f899705748dcab7457361cc344c9 [NON_LEADER]: Queue going to NON_LEADER mode. State: All replicated index: 0, Majority replicated index: 0, Committed index: 0, Last appended: 0.0, Last appended by leader: 0, Current term: 0, Majority size: -1, State: 0, Mode: NON_LEADER, active raft config: opid_index: -1 OBSOLETE_local: false peers { permanent_uuid: "6f5406d166ec4d46adb634784dc1e5a6" member_type: VOTER last_known_addr { host: "127.27.150.129" port: 36787 } } peers { permanent_uuid: "f3d9f899705748dcab7457361cc344c9" member_type: VOTER last_known_addr { host: "127.27.150.130" port: 46417 } } peers { permanent_uuid: "33579d53dd28474aaaf5943d34eb14ab" member_type: VOTER last_known_addr { host: "127.27.150.131" port: 41931 } }
I20260709 13:11:12.707269 28578 ts_tablet_manager.cc:1434] T 17a148c8179a47d39e245217bb3af4b2 P f3d9f899705748dcab7457361cc344c9: Time spent starting tablet: real 0.023s	user 0.010s	sys 0.000s
I20260709 13:11:12.708562 28578 tablet_bootstrap.cc:492] T 89b0d89010aa41f59e09ae005522e477 P f3d9f899705748dcab7457361cc344c9: Bootstrap starting.
I20260709 13:11:12.712512 28577 tablet_bootstrap.cc:654] T ff4c1465958e45bfbf651c23406a6714 P 33579d53dd28474aaaf5943d34eb14ab: Neither blocks nor log segments found. Creating new log.
I20260709 13:11:12.716845 28579 tablet_bootstrap.cc:492] T 89b0d89010aa41f59e09ae005522e477 P 6f5406d166ec4d46adb634784dc1e5a6: No bootstrap required, opened a new log
I20260709 13:11:12.716997 28578 tablet_bootstrap.cc:654] T 89b0d89010aa41f59e09ae005522e477 P f3d9f899705748dcab7457361cc344c9: Neither blocks nor log segments found. Creating new log.
I20260709 13:11:12.717845 28579 ts_tablet_manager.cc:1403] T 89b0d89010aa41f59e09ae005522e477 P 6f5406d166ec4d46adb634784dc1e5a6: Time spent bootstrapping tablet: real 0.129s	user 0.030s	sys 0.017s
I20260709 13:11:12.723505 28579 raft_consensus.cc:359] T 89b0d89010aa41f59e09ae005522e477 P 6f5406d166ec4d46adb634784dc1e5a6 [term 0 FOLLOWER]: Replica starting. Triggering 0 pending ops. Active config: opid_index: -1 OBSOLETE_local: false peers { permanent_uuid: "6f5406d166ec4d46adb634784dc1e5a6" member_type: VOTER last_known_addr { host: "127.27.150.129" port: 36787 } } peers { permanent_uuid: "f3d9f899705748dcab7457361cc344c9" member_type: VOTER last_known_addr { host: "127.27.150.130" port: 46417 } } peers { permanent_uuid: "33579d53dd28474aaaf5943d34eb14ab" member_type: VOTER last_known_addr { host: "127.27.150.131" port: 41931 } }
I20260709 13:11:12.724632 28579 raft_consensus.cc:385] T 89b0d89010aa41f59e09ae005522e477 P 6f5406d166ec4d46adb634784dc1e5a6 [term 0 FOLLOWER]: Consensus starting up: Expiring failure detector timer to make a prompt election more likely
I20260709 13:11:12.725086 28579 raft_consensus.cc:740] T 89b0d89010aa41f59e09ae005522e477 P 6f5406d166ec4d46adb634784dc1e5a6 [term 0 FOLLOWER]: Becoming Follower/Learner. State: Replica: 6f5406d166ec4d46adb634784dc1e5a6, State: Initialized, Role: FOLLOWER
I20260709 13:11:12.726094 28579 consensus_queue.cc:260] T 89b0d89010aa41f59e09ae005522e477 P 6f5406d166ec4d46adb634784dc1e5a6 [NON_LEADER]: Queue going to NON_LEADER mode. State: All replicated index: 0, Majority replicated index: 0, Committed index: 0, Last appended: 0.0, Last appended by leader: 0, Current term: 0, Majority size: -1, State: 0, Mode: NON_LEADER, active raft config: opid_index: -1 OBSOLETE_local: false peers { permanent_uuid: "6f5406d166ec4d46adb634784dc1e5a6" member_type: VOTER last_known_addr { host: "127.27.150.129" port: 36787 } } peers { permanent_uuid: "f3d9f899705748dcab7457361cc344c9" member_type: VOTER last_known_addr { host: "127.27.150.130" port: 46417 } } peers { permanent_uuid: "33579d53dd28474aaaf5943d34eb14ab" member_type: VOTER last_known_addr { host: "127.27.150.131" port: 41931 } }
I20260709 13:11:12.726958 28577 tablet_bootstrap.cc:492] T ff4c1465958e45bfbf651c23406a6714 P 33579d53dd28474aaaf5943d34eb14ab: No bootstrap required, opened a new log
I20260709 13:11:12.727525 28577 ts_tablet_manager.cc:1403] T ff4c1465958e45bfbf651c23406a6714 P 33579d53dd28474aaaf5943d34eb14ab: Time spent bootstrapping tablet: real 0.073s	user 0.008s	sys 0.015s
I20260709 13:11:12.729432 28579 ts_tablet_manager.cc:1434] T 89b0d89010aa41f59e09ae005522e477 P 6f5406d166ec4d46adb634784dc1e5a6: Time spent starting tablet: real 0.011s	user 0.009s	sys 0.000s
I20260709 13:11:12.730691 28579 tablet_bootstrap.cc:492] T 20432f1e2c8d49e7a8e420ac3d32b665 P 6f5406d166ec4d46adb634784dc1e5a6: Bootstrap starting.
I20260709 13:11:12.731503 28577 raft_consensus.cc:359] T ff4c1465958e45bfbf651c23406a6714 P 33579d53dd28474aaaf5943d34eb14ab [term 0 FOLLOWER]: Replica starting. Triggering 0 pending ops. Active config: opid_index: -1 OBSOLETE_local: false peers { permanent_uuid: "6f5406d166ec4d46adb634784dc1e5a6" member_type: VOTER last_known_addr { host: "127.27.150.129" port: 36787 } } peers { permanent_uuid: "f3d9f899705748dcab7457361cc344c9" member_type: VOTER last_known_addr { host: "127.27.150.130" port: 46417 } } peers { permanent_uuid: "33579d53dd28474aaaf5943d34eb14ab" member_type: VOTER last_known_addr { host: "127.27.150.131" port: 41931 } }
I20260709 13:11:12.734513 28577 raft_consensus.cc:385] T ff4c1465958e45bfbf651c23406a6714 P 33579d53dd28474aaaf5943d34eb14ab [term 0 FOLLOWER]: Consensus starting up: Expiring failure detector timer to make a prompt election more likely
I20260709 13:11:12.734892 28577 raft_consensus.cc:740] T ff4c1465958e45bfbf651c23406a6714 P 33579d53dd28474aaaf5943d34eb14ab [term 0 FOLLOWER]: Becoming Follower/Learner. State: Replica: 33579d53dd28474aaaf5943d34eb14ab, State: Initialized, Role: FOLLOWER
I20260709 13:11:12.736214 28577 consensus_queue.cc:260] T ff4c1465958e45bfbf651c23406a6714 P 33579d53dd28474aaaf5943d34eb14ab [NON_LEADER]: Queue going to NON_LEADER mode. State: All replicated index: 0, Majority replicated index: 0, Committed index: 0, Last appended: 0.0, Last appended by leader: 0, Current term: 0, Majority size: -1, State: 0, Mode: NON_LEADER, active raft config: opid_index: -1 OBSOLETE_local: false peers { permanent_uuid: "6f5406d166ec4d46adb634784dc1e5a6" member_type: VOTER last_known_addr { host: "127.27.150.129" port: 36787 } } peers { permanent_uuid: "f3d9f899705748dcab7457361cc344c9" member_type: VOTER last_known_addr { host: "127.27.150.130" port: 46417 } } peers { permanent_uuid: "33579d53dd28474aaaf5943d34eb14ab" member_type: VOTER last_known_addr { host: "127.27.150.131" port: 41931 } }
I20260709 13:11:12.742776 28579 tablet_bootstrap.cc:654] T 20432f1e2c8d49e7a8e420ac3d32b665 P 6f5406d166ec4d46adb634784dc1e5a6: Neither blocks nor log segments found. Creating new log.
I20260709 13:11:12.747615 28578 tablet_bootstrap.cc:492] T 89b0d89010aa41f59e09ae005522e477 P f3d9f899705748dcab7457361cc344c9: No bootstrap required, opened a new log
I20260709 13:11:12.748219 28578 ts_tablet_manager.cc:1403] T 89b0d89010aa41f59e09ae005522e477 P f3d9f899705748dcab7457361cc344c9: Time spent bootstrapping tablet: real 0.040s	user 0.015s	sys 0.022s
I20260709 13:11:12.751969 28578 raft_consensus.cc:359] T 89b0d89010aa41f59e09ae005522e477 P f3d9f899705748dcab7457361cc344c9 [term 0 FOLLOWER]: Replica starting. Triggering 0 pending ops. Active config: opid_index: -1 OBSOLETE_local: false peers { permanent_uuid: "6f5406d166ec4d46adb634784dc1e5a6" member_type: VOTER last_known_addr { host: "127.27.150.129" port: 36787 } } peers { permanent_uuid: "f3d9f899705748dcab7457361cc344c9" member_type: VOTER last_known_addr { host: "127.27.150.130" port: 46417 } } peers { permanent_uuid: "33579d53dd28474aaaf5943d34eb14ab" member_type: VOTER last_known_addr { host: "127.27.150.131" port: 41931 } }
I20260709 13:11:12.752847 28578 raft_consensus.cc:385] T 89b0d89010aa41f59e09ae005522e477 P f3d9f899705748dcab7457361cc344c9 [term 0 FOLLOWER]: Consensus starting up: Expiring failure detector timer to make a prompt election more likely
I20260709 13:11:12.753181 28578 raft_consensus.cc:740] T 89b0d89010aa41f59e09ae005522e477 P f3d9f899705748dcab7457361cc344c9 [term 0 FOLLOWER]: Becoming Follower/Learner. State: Replica: f3d9f899705748dcab7457361cc344c9, State: Initialized, Role: FOLLOWER
I20260709 13:11:12.754089 28578 consensus_queue.cc:260] T 89b0d89010aa41f59e09ae005522e477 P f3d9f899705748dcab7457361cc344c9 [NON_LEADER]: Queue going to NON_LEADER mode. State: All replicated index: 0, Majority replicated index: 0, Committed index: 0, Last appended: 0.0, Last appended by leader: 0, Current term: 0, Majority size: -1, State: 0, Mode: NON_LEADER, active raft config: opid_index: -1 OBSOLETE_local: false peers { permanent_uuid: "6f5406d166ec4d46adb634784dc1e5a6" member_type: VOTER last_known_addr { host: "127.27.150.129" port: 36787 } } peers { permanent_uuid: "f3d9f899705748dcab7457361cc344c9" member_type: VOTER last_known_addr { host: "127.27.150.130" port: 46417 } } peers { permanent_uuid: "33579d53dd28474aaaf5943d34eb14ab" member_type: VOTER last_known_addr { host: "127.27.150.131" port: 41931 } }
I20260709 13:11:12.756839 28579 tablet_bootstrap.cc:492] T 20432f1e2c8d49e7a8e420ac3d32b665 P 6f5406d166ec4d46adb634784dc1e5a6: No bootstrap required, opened a new log
I20260709 13:11:12.757556 28579 ts_tablet_manager.cc:1403] T 20432f1e2c8d49e7a8e420ac3d32b665 P 6f5406d166ec4d46adb634784dc1e5a6: Time spent bootstrapping tablet: real 0.027s	user 0.012s	sys 0.010s
I20260709 13:11:12.740327 28577 ts_tablet_manager.cc:1434] T ff4c1465958e45bfbf651c23406a6714 P 33579d53dd28474aaaf5943d34eb14ab: Time spent starting tablet: real 0.012s	user 0.008s	sys 0.001s
I20260709 13:11:12.760737 28578 ts_tablet_manager.cc:1434] T 89b0d89010aa41f59e09ae005522e477 P f3d9f899705748dcab7457361cc344c9: Time spent starting tablet: real 0.012s	user 0.009s	sys 0.000s
I20260709 13:11:12.761931 28578 tablet_bootstrap.cc:492] T ff4c1465958e45bfbf651c23406a6714 P f3d9f899705748dcab7457361cc344c9: Bootstrap starting.
I20260709 13:11:12.761523 28579 raft_consensus.cc:359] T 20432f1e2c8d49e7a8e420ac3d32b665 P 6f5406d166ec4d46adb634784dc1e5a6 [term 0 FOLLOWER]: Replica starting. Triggering 0 pending ops. Active config: opid_index: -1 OBSOLETE_local: false peers { permanent_uuid: "6f5406d166ec4d46adb634784dc1e5a6" member_type: VOTER last_known_addr { host: "127.27.150.129" port: 36787 } } peers { permanent_uuid: "f3d9f899705748dcab7457361cc344c9" member_type: VOTER last_known_addr { host: "127.27.150.130" port: 46417 } } peers { permanent_uuid: "33579d53dd28474aaaf5943d34eb14ab" member_type: VOTER last_known_addr { host: "127.27.150.131" port: 41931 } }
I20260709 13:11:12.762553 28579 raft_consensus.cc:385] T 20432f1e2c8d49e7a8e420ac3d32b665 P 6f5406d166ec4d46adb634784dc1e5a6 [term 0 FOLLOWER]: Consensus starting up: Expiring failure detector timer to make a prompt election more likely
I20260709 13:11:12.762991 28579 raft_consensus.cc:740] T 20432f1e2c8d49e7a8e420ac3d32b665 P 6f5406d166ec4d46adb634784dc1e5a6 [term 0 FOLLOWER]: Becoming Follower/Learner. State: Replica: 6f5406d166ec4d46adb634784dc1e5a6, State: Initialized, Role: FOLLOWER
I20260709 13:11:12.764108 28579 consensus_queue.cc:260] T 20432f1e2c8d49e7a8e420ac3d32b665 P 6f5406d166ec4d46adb634784dc1e5a6 [NON_LEADER]: Queue going to NON_LEADER mode. State: All replicated index: 0, Majority replicated index: 0, Committed index: 0, Last appended: 0.0, Last appended by leader: 0, Current term: 0, Majority size: -1, State: 0, Mode: NON_LEADER, active raft config: opid_index: -1 OBSOLETE_local: false peers { permanent_uuid: "6f5406d166ec4d46adb634784dc1e5a6" member_type: VOTER last_known_addr { host: "127.27.150.129" port: 36787 } } peers { permanent_uuid: "f3d9f899705748dcab7457361cc344c9" member_type: VOTER last_known_addr { host: "127.27.150.130" port: 46417 } } peers { permanent_uuid: "33579d53dd28474aaaf5943d34eb14ab" member_type: VOTER last_known_addr { host: "127.27.150.131" port: 41931 } }
I20260709 13:11:12.767088 28579 ts_tablet_manager.cc:1434] T 20432f1e2c8d49e7a8e420ac3d32b665 P 6f5406d166ec4d46adb634784dc1e5a6: Time spent starting tablet: real 0.009s	user 0.007s	sys 0.001s
I20260709 13:11:12.768980 28579 tablet_bootstrap.cc:492] T 17a148c8179a47d39e245217bb3af4b2 P 6f5406d166ec4d46adb634784dc1e5a6: Bootstrap starting.
I20260709 13:11:12.771202 28578 tablet_bootstrap.cc:654] T ff4c1465958e45bfbf651c23406a6714 P f3d9f899705748dcab7457361cc344c9: Neither blocks nor log segments found. Creating new log.
I20260709 13:11:12.777722 28579 tablet_bootstrap.cc:654] T 17a148c8179a47d39e245217bb3af4b2 P 6f5406d166ec4d46adb634784dc1e5a6: Neither blocks nor log segments found. Creating new log.
I20260709 13:11:12.788837 28578 tablet_bootstrap.cc:492] T ff4c1465958e45bfbf651c23406a6714 P f3d9f899705748dcab7457361cc344c9: No bootstrap required, opened a new log
I20260709 13:11:12.790491 28578 ts_tablet_manager.cc:1403] T ff4c1465958e45bfbf651c23406a6714 P f3d9f899705748dcab7457361cc344c9: Time spent bootstrapping tablet: real 0.029s	user 0.009s	sys 0.017s
I20260709 13:11:12.791320 28577 tablet_bootstrap.cc:492] T 89b0d89010aa41f59e09ae005522e477 P 33579d53dd28474aaaf5943d34eb14ab: Bootstrap starting.
I20260709 13:11:12.788877 28279 catalog_manager.cc:5697] T 6db08713d99b4c17a13fda7338bd2ce3 P f3d9f899705748dcab7457361cc344c9 reported cstate change: term changed from 0 to 1, leader changed from <none> to f3d9f899705748dcab7457361cc344c9 (127.27.150.130). New cstate: current_term: 1 leader_uuid: "f3d9f899705748dcab7457361cc344c9" committed_config { opid_index: -1 OBSOLETE_local: false peers { permanent_uuid: "6f5406d166ec4d46adb634784dc1e5a6" member_type: VOTER last_known_addr { host: "127.27.150.129" port: 36787 } health_report { overall_health: UNKNOWN } } peers { permanent_uuid: "f3d9f899705748dcab7457361cc344c9" member_type: VOTER last_known_addr { host: "127.27.150.130" port: 46417 } health_report { overall_health: HEALTHY } } peers { permanent_uuid: "33579d53dd28474aaaf5943d34eb14ab" member_type: VOTER last_known_addr { host: "127.27.150.131" port: 41931 } health_report { overall_health: UNKNOWN } } }
I20260709 13:11:12.796231 28578 raft_consensus.cc:359] T ff4c1465958e45bfbf651c23406a6714 P f3d9f899705748dcab7457361cc344c9 [term 0 FOLLOWER]: Replica starting. Triggering 0 pending ops. Active config: opid_index: -1 OBSOLETE_local: false peers { permanent_uuid: "6f5406d166ec4d46adb634784dc1e5a6" member_type: VOTER last_known_addr { host: "127.27.150.129" port: 36787 } } peers { permanent_uuid: "f3d9f899705748dcab7457361cc344c9" member_type: VOTER last_known_addr { host: "127.27.150.130" port: 46417 } } peers { permanent_uuid: "33579d53dd28474aaaf5943d34eb14ab" member_type: VOTER last_known_addr { host: "127.27.150.131" port: 41931 } }
I20260709 13:11:12.797111 28578 raft_consensus.cc:385] T ff4c1465958e45bfbf651c23406a6714 P f3d9f899705748dcab7457361cc344c9 [term 0 FOLLOWER]: Consensus starting up: Expiring failure detector timer to make a prompt election more likely
I20260709 13:11:12.797421 28578 raft_consensus.cc:740] T ff4c1465958e45bfbf651c23406a6714 P f3d9f899705748dcab7457361cc344c9 [term 0 FOLLOWER]: Becoming Follower/Learner. State: Replica: f3d9f899705748dcab7457361cc344c9, State: Initialized, Role: FOLLOWER
I20260709 13:11:12.798322 28578 consensus_queue.cc:260] T ff4c1465958e45bfbf651c23406a6714 P f3d9f899705748dcab7457361cc344c9 [NON_LEADER]: Queue going to NON_LEADER mode. State: All replicated index: 0, Majority replicated index: 0, Committed index: 0, Last appended: 0.0, Last appended by leader: 0, Current term: 0, Majority size: -1, State: 0, Mode: NON_LEADER, active raft config: opid_index: -1 OBSOLETE_local: false peers { permanent_uuid: "6f5406d166ec4d46adb634784dc1e5a6" member_type: VOTER last_known_addr { host: "127.27.150.129" port: 36787 } } peers { permanent_uuid: "f3d9f899705748dcab7457361cc344c9" member_type: VOTER last_known_addr { host: "127.27.150.130" port: 46417 } } peers { permanent_uuid: "33579d53dd28474aaaf5943d34eb14ab" member_type: VOTER last_known_addr { host: "127.27.150.131" port: 41931 } }
I20260709 13:11:12.800918 28577 tablet_bootstrap.cc:654] T 89b0d89010aa41f59e09ae005522e477 P 33579d53dd28474aaaf5943d34eb14ab: Neither blocks nor log segments found. Creating new log.
I20260709 13:11:12.803035 28579 tablet_bootstrap.cc:492] T 17a148c8179a47d39e245217bb3af4b2 P 6f5406d166ec4d46adb634784dc1e5a6: No bootstrap required, opened a new log
I20260709 13:11:12.803603 28579 ts_tablet_manager.cc:1403] T 17a148c8179a47d39e245217bb3af4b2 P 6f5406d166ec4d46adb634784dc1e5a6: Time spent bootstrapping tablet: real 0.035s	user 0.011s	sys 0.008s
I20260709 13:11:12.800930 28578 ts_tablet_manager.cc:1434] T ff4c1465958e45bfbf651c23406a6714 P f3d9f899705748dcab7457361cc344c9: Time spent starting tablet: real 0.009s	user 0.005s	sys 0.002s
I20260709 13:11:12.807150 28579 raft_consensus.cc:359] T 17a148c8179a47d39e245217bb3af4b2 P 6f5406d166ec4d46adb634784dc1e5a6 [term 0 FOLLOWER]: Replica starting. Triggering 0 pending ops. Active config: opid_index: -1 OBSOLETE_local: false peers { permanent_uuid: "6f5406d166ec4d46adb634784dc1e5a6" member_type: VOTER last_known_addr { host: "127.27.150.129" port: 36787 } } peers { permanent_uuid: "f3d9f899705748dcab7457361cc344c9" member_type: VOTER last_known_addr { host: "127.27.150.130" port: 46417 } } peers { permanent_uuid: "33579d53dd28474aaaf5943d34eb14ab" member_type: VOTER last_known_addr { host: "127.27.150.131" port: 41931 } }
I20260709 13:11:12.807977 28579 raft_consensus.cc:385] T 17a148c8179a47d39e245217bb3af4b2 P 6f5406d166ec4d46adb634784dc1e5a6 [term 0 FOLLOWER]: Consensus starting up: Expiring failure detector timer to make a prompt election more likely
I20260709 13:11:12.808316 28579 raft_consensus.cc:740] T 17a148c8179a47d39e245217bb3af4b2 P 6f5406d166ec4d46adb634784dc1e5a6 [term 0 FOLLOWER]: Becoming Follower/Learner. State: Replica: 6f5406d166ec4d46adb634784dc1e5a6, State: Initialized, Role: FOLLOWER
I20260709 13:11:12.807142 28578 tablet_bootstrap.cc:492] T 6a9f8bbc62844706a2752d75e854d691 P f3d9f899705748dcab7457361cc344c9: Bootstrap starting.
I20260709 13:11:12.809121 28579 consensus_queue.cc:260] T 17a148c8179a47d39e245217bb3af4b2 P 6f5406d166ec4d46adb634784dc1e5a6 [NON_LEADER]: Queue going to NON_LEADER mode. State: All replicated index: 0, Majority replicated index: 0, Committed index: 0, Last appended: 0.0, Last appended by leader: 0, Current term: 0, Majority size: -1, State: 0, Mode: NON_LEADER, active raft config: opid_index: -1 OBSOLETE_local: false peers { permanent_uuid: "6f5406d166ec4d46adb634784dc1e5a6" member_type: VOTER last_known_addr { host: "127.27.150.129" port: 36787 } } peers { permanent_uuid: "f3d9f899705748dcab7457361cc344c9" member_type: VOTER last_known_addr { host: "127.27.150.130" port: 46417 } } peers { permanent_uuid: "33579d53dd28474aaaf5943d34eb14ab" member_type: VOTER last_known_addr { host: "127.27.150.131" port: 41931 } }
I20260709 13:11:12.812408 28579 ts_tablet_manager.cc:1434] T 17a148c8179a47d39e245217bb3af4b2 P 6f5406d166ec4d46adb634784dc1e5a6: Time spent starting tablet: real 0.008s	user 0.005s	sys 0.003s
I20260709 13:11:12.813524 28579 tablet_bootstrap.cc:492] T 6a9f8bbc62844706a2752d75e854d691 P 6f5406d166ec4d46adb634784dc1e5a6: Bootstrap starting.
I20260709 13:11:12.825212 28577 tablet_bootstrap.cc:492] T 89b0d89010aa41f59e09ae005522e477 P 33579d53dd28474aaaf5943d34eb14ab: No bootstrap required, opened a new log
I20260709 13:11:12.825846 28577 ts_tablet_manager.cc:1403] T 89b0d89010aa41f59e09ae005522e477 P 33579d53dd28474aaaf5943d34eb14ab: Time spent bootstrapping tablet: real 0.035s	user 0.018s	sys 0.004s
I20260709 13:11:12.826246 28578 tablet_bootstrap.cc:654] T 6a9f8bbc62844706a2752d75e854d691 P f3d9f899705748dcab7457361cc344c9: Neither blocks nor log segments found. Creating new log.
I20260709 13:11:12.831755 28579 tablet_bootstrap.cc:654] T 6a9f8bbc62844706a2752d75e854d691 P 6f5406d166ec4d46adb634784dc1e5a6: Neither blocks nor log segments found. Creating new log.
I20260709 13:11:12.833304 28577 raft_consensus.cc:359] T 89b0d89010aa41f59e09ae005522e477 P 33579d53dd28474aaaf5943d34eb14ab [term 0 FOLLOWER]: Replica starting. Triggering 0 pending ops. Active config: opid_index: -1 OBSOLETE_local: false peers { permanent_uuid: "6f5406d166ec4d46adb634784dc1e5a6" member_type: VOTER last_known_addr { host: "127.27.150.129" port: 36787 } } peers { permanent_uuid: "f3d9f899705748dcab7457361cc344c9" member_type: VOTER last_known_addr { host: "127.27.150.130" port: 46417 } } peers { permanent_uuid: "33579d53dd28474aaaf5943d34eb14ab" member_type: VOTER last_known_addr { host: "127.27.150.131" port: 41931 } }
I20260709 13:11:12.834277 28577 raft_consensus.cc:385] T 89b0d89010aa41f59e09ae005522e477 P 33579d53dd28474aaaf5943d34eb14ab [term 0 FOLLOWER]: Consensus starting up: Expiring failure detector timer to make a prompt election more likely
I20260709 13:11:12.834721 28577 raft_consensus.cc:740] T 89b0d89010aa41f59e09ae005522e477 P 33579d53dd28474aaaf5943d34eb14ab [term 0 FOLLOWER]: Becoming Follower/Learner. State: Replica: 33579d53dd28474aaaf5943d34eb14ab, State: Initialized, Role: FOLLOWER
I20260709 13:11:12.835680 28577 consensus_queue.cc:260] T 89b0d89010aa41f59e09ae005522e477 P 33579d53dd28474aaaf5943d34eb14ab [NON_LEADER]: Queue going to NON_LEADER mode. State: All replicated index: 0, Majority replicated index: 0, Committed index: 0, Last appended: 0.0, Last appended by leader: 0, Current term: 0, Majority size: -1, State: 0, Mode: NON_LEADER, active raft config: opid_index: -1 OBSOLETE_local: false peers { permanent_uuid: "6f5406d166ec4d46adb634784dc1e5a6" member_type: VOTER last_known_addr { host: "127.27.150.129" port: 36787 } } peers { permanent_uuid: "f3d9f899705748dcab7457361cc344c9" member_type: VOTER last_known_addr { host: "127.27.150.130" port: 46417 } } peers { permanent_uuid: "33579d53dd28474aaaf5943d34eb14ab" member_type: VOTER last_known_addr { host: "127.27.150.131" port: 41931 } }
I20260709 13:11:12.842900 28577 ts_tablet_manager.cc:1434] T 89b0d89010aa41f59e09ae005522e477 P 33579d53dd28474aaaf5943d34eb14ab: Time spent starting tablet: real 0.017s	user 0.010s	sys 0.000s
I20260709 13:11:12.844283 28577 tablet_bootstrap.cc:492] T 36dbb81d0dbd4a238b7746c213cee490 P 33579d53dd28474aaaf5943d34eb14ab: Bootstrap starting.
I20260709 13:11:12.846302 28578 tablet_bootstrap.cc:492] T 6a9f8bbc62844706a2752d75e854d691 P f3d9f899705748dcab7457361cc344c9: No bootstrap required, opened a new log
I20260709 13:11:12.846936 28578 ts_tablet_manager.cc:1403] T 6a9f8bbc62844706a2752d75e854d691 P f3d9f899705748dcab7457361cc344c9: Time spent bootstrapping tablet: real 0.040s	user 0.013s	sys 0.008s
I20260709 13:11:12.850471 28578 raft_consensus.cc:359] T 6a9f8bbc62844706a2752d75e854d691 P f3d9f899705748dcab7457361cc344c9 [term 0 FOLLOWER]: Replica starting. Triggering 0 pending ops. Active config: opid_index: -1 OBSOLETE_local: false peers { permanent_uuid: "6f5406d166ec4d46adb634784dc1e5a6" member_type: VOTER last_known_addr { host: "127.27.150.129" port: 36787 } } peers { permanent_uuid: "f3d9f899705748dcab7457361cc344c9" member_type: VOTER last_known_addr { host: "127.27.150.130" port: 46417 } } peers { permanent_uuid: "33579d53dd28474aaaf5943d34eb14ab" member_type: VOTER last_known_addr { host: "127.27.150.131" port: 41931 } }
I20260709 13:11:12.851461 28578 raft_consensus.cc:385] T 6a9f8bbc62844706a2752d75e854d691 P f3d9f899705748dcab7457361cc344c9 [term 0 FOLLOWER]: Consensus starting up: Expiring failure detector timer to make a prompt election more likely
I20260709 13:11:12.852375 28578 raft_consensus.cc:740] T 6a9f8bbc62844706a2752d75e854d691 P f3d9f899705748dcab7457361cc344c9 [term 0 FOLLOWER]: Becoming Follower/Learner. State: Replica: f3d9f899705748dcab7457361cc344c9, State: Initialized, Role: FOLLOWER
I20260709 13:11:12.853318 28577 tablet_bootstrap.cc:654] T 36dbb81d0dbd4a238b7746c213cee490 P 33579d53dd28474aaaf5943d34eb14ab: Neither blocks nor log segments found. Creating new log.
I20260709 13:11:12.853745 28578 consensus_queue.cc:260] T 6a9f8bbc62844706a2752d75e854d691 P f3d9f899705748dcab7457361cc344c9 [NON_LEADER]: Queue going to NON_LEADER mode. State: All replicated index: 0, Majority replicated index: 0, Committed index: 0, Last appended: 0.0, Last appended by leader: 0, Current term: 0, Majority size: -1, State: 0, Mode: NON_LEADER, active raft config: opid_index: -1 OBSOLETE_local: false peers { permanent_uuid: "6f5406d166ec4d46adb634784dc1e5a6" member_type: VOTER last_known_addr { host: "127.27.150.129" port: 36787 } } peers { permanent_uuid: "f3d9f899705748dcab7457361cc344c9" member_type: VOTER last_known_addr { host: "127.27.150.130" port: 46417 } } peers { permanent_uuid: "33579d53dd28474aaaf5943d34eb14ab" member_type: VOTER last_known_addr { host: "127.27.150.131" port: 41931 } }
I20260709 13:11:12.861990 28579 tablet_bootstrap.cc:492] T 6a9f8bbc62844706a2752d75e854d691 P 6f5406d166ec4d46adb634784dc1e5a6: No bootstrap required, opened a new log
I20260709 13:11:12.862911 28579 ts_tablet_manager.cc:1403] T 6a9f8bbc62844706a2752d75e854d691 P 6f5406d166ec4d46adb634784dc1e5a6: Time spent bootstrapping tablet: real 0.050s	user 0.020s	sys 0.003s
I20260709 13:11:12.864957 28578 ts_tablet_manager.cc:1434] T 6a9f8bbc62844706a2752d75e854d691 P f3d9f899705748dcab7457361cc344c9: Time spent starting tablet: real 0.018s	user 0.007s	sys 0.000s
I20260709 13:11:12.867635 28579 raft_consensus.cc:359] T 6a9f8bbc62844706a2752d75e854d691 P 6f5406d166ec4d46adb634784dc1e5a6 [term 0 FOLLOWER]: Replica starting. Triggering 0 pending ops. Active config: opid_index: -1 OBSOLETE_local: false peers { permanent_uuid: "6f5406d166ec4d46adb634784dc1e5a6" member_type: VOTER last_known_addr { host: "127.27.150.129" port: 36787 } } peers { permanent_uuid: "f3d9f899705748dcab7457361cc344c9" member_type: VOTER last_known_addr { host: "127.27.150.130" port: 46417 } } peers { permanent_uuid: "33579d53dd28474aaaf5943d34eb14ab" member_type: VOTER last_known_addr { host: "127.27.150.131" port: 41931 } }
I20260709 13:11:12.868773 28579 raft_consensus.cc:385] T 6a9f8bbc62844706a2752d75e854d691 P 6f5406d166ec4d46adb634784dc1e5a6 [term 0 FOLLOWER]: Consensus starting up: Expiring failure detector timer to make a prompt election more likely
I20260709 13:11:12.869537 28599 raft_consensus.cc:493] T 20432f1e2c8d49e7a8e420ac3d32b665 P 6f5406d166ec4d46adb634784dc1e5a6 [term 0 FOLLOWER]: Starting pre-election (no leader contacted us within the election timeout)
I20260709 13:11:12.870143 28599 raft_consensus.cc:515] T 20432f1e2c8d49e7a8e420ac3d32b665 P 6f5406d166ec4d46adb634784dc1e5a6 [term 0 FOLLOWER]: Starting pre-election with config: opid_index: -1 OBSOLETE_local: false peers { permanent_uuid: "6f5406d166ec4d46adb634784dc1e5a6" member_type: VOTER last_known_addr { host: "127.27.150.129" port: 36787 } } peers { permanent_uuid: "f3d9f899705748dcab7457361cc344c9" member_type: VOTER last_known_addr { host: "127.27.150.130" port: 46417 } } peers { permanent_uuid: "33579d53dd28474aaaf5943d34eb14ab" member_type: VOTER last_known_addr { host: "127.27.150.131" port: 41931 } }
I20260709 13:11:12.872373 28599 leader_election.cc:290] T 20432f1e2c8d49e7a8e420ac3d32b665 P 6f5406d166ec4d46adb634784dc1e5a6 [CANDIDATE]: Term 1 pre-election: Requested pre-vote from peers f3d9f899705748dcab7457361cc344c9 (127.27.150.130:46417), 33579d53dd28474aaaf5943d34eb14ab (127.27.150.131:41931)
I20260709 13:11:12.872509 28577 tablet_bootstrap.cc:492] T 36dbb81d0dbd4a238b7746c213cee490 P 33579d53dd28474aaaf5943d34eb14ab: No bootstrap required, opened a new log
I20260709 13:11:12.869189 28579 raft_consensus.cc:740] T 6a9f8bbc62844706a2752d75e854d691 P 6f5406d166ec4d46adb634784dc1e5a6 [term 0 FOLLOWER]: Becoming Follower/Learner. State: Replica: 6f5406d166ec4d46adb634784dc1e5a6, State: Initialized, Role: FOLLOWER
I20260709 13:11:12.874251 28578 tablet_bootstrap.cc:492] T 36dbb81d0dbd4a238b7746c213cee490 P f3d9f899705748dcab7457361cc344c9: Bootstrap starting.
I20260709 13:11:12.874887 28532 tablet_service.cc:1917] Received RequestConsensusVote() RPC: tablet_id: "20432f1e2c8d49e7a8e420ac3d32b665" candidate_uuid: "6f5406d166ec4d46adb634784dc1e5a6" candidate_term: 1 candidate_status { last_received { term: 0 index: 0 } } ignore_live_leader: false dest_uuid: "33579d53dd28474aaaf5943d34eb14ab" is_pre_election: true
I20260709 13:11:12.875088 28459 tablet_service.cc:1917] Received RequestConsensusVote() RPC: tablet_id: "20432f1e2c8d49e7a8e420ac3d32b665" candidate_uuid: "6f5406d166ec4d46adb634784dc1e5a6" candidate_term: 1 candidate_status { last_received { term: 0 index: 0 } } ignore_live_leader: false dest_uuid: "f3d9f899705748dcab7457361cc344c9" is_pre_election: true
I20260709 13:11:12.874608 28579 consensus_queue.cc:260] T 6a9f8bbc62844706a2752d75e854d691 P 6f5406d166ec4d46adb634784dc1e5a6 [NON_LEADER]: Queue going to NON_LEADER mode. State: All replicated index: 0, Majority replicated index: 0, Committed index: 0, Last appended: 0.0, Last appended by leader: 0, Current term: 0, Majority size: -1, State: 0, Mode: NON_LEADER, active raft config: opid_index: -1 OBSOLETE_local: false peers { permanent_uuid: "6f5406d166ec4d46adb634784dc1e5a6" member_type: VOTER last_known_addr { host: "127.27.150.129" port: 36787 } } peers { permanent_uuid: "f3d9f899705748dcab7457361cc344c9" member_type: VOTER last_known_addr { host: "127.27.150.130" port: 46417 } } peers { permanent_uuid: "33579d53dd28474aaaf5943d34eb14ab" member_type: VOTER last_known_addr { host: "127.27.150.131" port: 41931 } }
W20260709 13:11:12.877240 28351 leader_election.cc:343] T 20432f1e2c8d49e7a8e420ac3d32b665 P 6f5406d166ec4d46adb634784dc1e5a6 [CANDIDATE]: Term 1 pre-election: Tablet error from VoteRequest() call to peer 33579d53dd28474aaaf5943d34eb14ab (127.27.150.131:41931): Illegal state: must be running to vote when last-logged opid is not known
I20260709 13:11:12.878239 28583 raft_consensus.cc:493] T 17a148c8179a47d39e245217bb3af4b2 P 33579d53dd28474aaaf5943d34eb14ab [term 0 FOLLOWER]: Starting pre-election (no leader contacted us within the election timeout)
I20260709 13:11:12.878824 28583 raft_consensus.cc:515] T 17a148c8179a47d39e245217bb3af4b2 P 33579d53dd28474aaaf5943d34eb14ab [term 0 FOLLOWER]: Starting pre-election with config: opid_index: -1 OBSOLETE_local: false peers { permanent_uuid: "6f5406d166ec4d46adb634784dc1e5a6" member_type: VOTER last_known_addr { host: "127.27.150.129" port: 36787 } } peers { permanent_uuid: "f3d9f899705748dcab7457361cc344c9" member_type: VOTER last_known_addr { host: "127.27.150.130" port: 46417 } } peers { permanent_uuid: "33579d53dd28474aaaf5943d34eb14ab" member_type: VOTER last_known_addr { host: "127.27.150.131" port: 41931 } }
I20260709 13:11:12.880600 28579 ts_tablet_manager.cc:1434] T 6a9f8bbc62844706a2752d75e854d691 P 6f5406d166ec4d46adb634784dc1e5a6: Time spent starting tablet: real 0.017s	user 0.010s	sys 0.000s
I20260709 13:11:12.881814 28579 tablet_bootstrap.cc:492] T ff4c1465958e45bfbf651c23406a6714 P 6f5406d166ec4d46adb634784dc1e5a6: Bootstrap starting.
I20260709 13:11:12.882074 28583 leader_election.cc:290] T 17a148c8179a47d39e245217bb3af4b2 P 33579d53dd28474aaaf5943d34eb14ab [CANDIDATE]: Term 1 pre-election: Requested pre-vote from peers 6f5406d166ec4d46adb634784dc1e5a6 (127.27.150.129:36787), f3d9f899705748dcab7457361cc344c9 (127.27.150.130:46417)
W20260709 13:11:12.885583 28351 leader_election.cc:343] T 20432f1e2c8d49e7a8e420ac3d32b665 P 6f5406d166ec4d46adb634784dc1e5a6 [CANDIDATE]: Term 1 pre-election: Tablet error from VoteRequest() call to peer f3d9f899705748dcab7457361cc344c9 (127.27.150.130:46417): Illegal state: must be running to vote when last-logged opid is not known
I20260709 13:11:12.873220 28577 ts_tablet_manager.cc:1403] T 36dbb81d0dbd4a238b7746c213cee490 P 33579d53dd28474aaaf5943d34eb14ab: Time spent bootstrapping tablet: real 0.029s	user 0.011s	sys 0.016s
I20260709 13:11:12.889810 28351 leader_election.cc:304] T 20432f1e2c8d49e7a8e420ac3d32b665 P 6f5406d166ec4d46adb634784dc1e5a6 [CANDIDATE]: Term 1 pre-election: Election decided. Result: candidate lost. Election summary: received 3 responses out of 3 voters: 1 yes votes; 2 no votes. yes voters: 6f5406d166ec4d46adb634784dc1e5a6; no voters: 33579d53dd28474aaaf5943d34eb14ab, f3d9f899705748dcab7457361cc344c9
I20260709 13:11:12.892254 28599 raft_consensus.cc:2749] T 20432f1e2c8d49e7a8e420ac3d32b665 P 6f5406d166ec4d46adb634784dc1e5a6 [term 0 FOLLOWER]: Leader pre-election lost for term 1. Reason: could not achieve majority
I20260709 13:11:12.900508 28577 raft_consensus.cc:359] T 36dbb81d0dbd4a238b7746c213cee490 P 33579d53dd28474aaaf5943d34eb14ab [term 0 FOLLOWER]: Replica starting. Triggering 0 pending ops. Active config: opid_index: -1 OBSOLETE_local: false peers { permanent_uuid: "6f5406d166ec4d46adb634784dc1e5a6" member_type: VOTER last_known_addr { host: "127.27.150.129" port: 36787 } } peers { permanent_uuid: "f3d9f899705748dcab7457361cc344c9" member_type: VOTER last_known_addr { host: "127.27.150.130" port: 46417 } } peers { permanent_uuid: "33579d53dd28474aaaf5943d34eb14ab" member_type: VOTER last_known_addr { host: "127.27.150.131" port: 41931 } }
I20260709 13:11:12.901728 28599 raft_consensus.cc:493] T 17a148c8179a47d39e245217bb3af4b2 P 6f5406d166ec4d46adb634784dc1e5a6 [term 0 FOLLOWER]: Starting pre-election (no leader contacted us within the election timeout)
I20260709 13:11:12.902916 28599 raft_consensus.cc:515] T 17a148c8179a47d39e245217bb3af4b2 P 6f5406d166ec4d46adb634784dc1e5a6 [term 0 FOLLOWER]: Starting pre-election with config: opid_index: -1 OBSOLETE_local: false peers { permanent_uuid: "6f5406d166ec4d46adb634784dc1e5a6" member_type: VOTER last_known_addr { host: "127.27.150.129" port: 36787 } } peers { permanent_uuid: "f3d9f899705748dcab7457361cc344c9" member_type: VOTER last_known_addr { host: "127.27.150.130" port: 46417 } } peers { permanent_uuid: "33579d53dd28474aaaf5943d34eb14ab" member_type: VOTER last_known_addr { host: "127.27.150.131" port: 41931 } }
I20260709 13:11:12.905714 28599 leader_election.cc:290] T 17a148c8179a47d39e245217bb3af4b2 P 6f5406d166ec4d46adb634784dc1e5a6 [CANDIDATE]: Term 1 pre-election: Requested pre-vote from peers f3d9f899705748dcab7457361cc344c9 (127.27.150.130:46417), 33579d53dd28474aaaf5943d34eb14ab (127.27.150.131:41931)
I20260709 13:11:12.901465 28577 raft_consensus.cc:385] T 36dbb81d0dbd4a238b7746c213cee490 P 33579d53dd28474aaaf5943d34eb14ab [term 0 FOLLOWER]: Consensus starting up: Expiring failure detector timer to make a prompt election more likely
I20260709 13:11:12.909586 28459 tablet_service.cc:1917] Received RequestConsensusVote() RPC: tablet_id: "17a148c8179a47d39e245217bb3af4b2" candidate_uuid: "6f5406d166ec4d46adb634784dc1e5a6" candidate_term: 1 candidate_status { last_received { term: 0 index: 0 } } ignore_live_leader: false dest_uuid: "f3d9f899705748dcab7457361cc344c9" is_pre_election: true
I20260709 13:11:12.907711 28577 raft_consensus.cc:740] T 36dbb81d0dbd4a238b7746c213cee490 P 33579d53dd28474aaaf5943d34eb14ab [term 0 FOLLOWER]: Becoming Follower/Learner. State: Replica: 33579d53dd28474aaaf5943d34eb14ab, State: Initialized, Role: FOLLOWER
I20260709 13:11:12.910320 28459 raft_consensus.cc:2468] T 17a148c8179a47d39e245217bb3af4b2 P f3d9f899705748dcab7457361cc344c9 [term 0 FOLLOWER]: Leader pre-election vote request: Granting yes vote for candidate 6f5406d166ec4d46adb634784dc1e5a6 in term 0.
W20260709 13:11:12.907898 28329 auto_rebalancer.cc:288] Could not retrieve cluster info: Service unavailable: Tablet not running
I20260709 13:11:12.912190 28577 consensus_queue.cc:260] T 36dbb81d0dbd4a238b7746c213cee490 P 33579d53dd28474aaaf5943d34eb14ab [NON_LEADER]: Queue going to NON_LEADER mode. State: All replicated index: 0, Majority replicated index: 0, Committed index: 0, Last appended: 0.0, Last appended by leader: 0, Current term: 0, Majority size: -1, State: 0, Mode: NON_LEADER, active raft config: opid_index: -1 OBSOLETE_local: false peers { permanent_uuid: "6f5406d166ec4d46adb634784dc1e5a6" member_type: VOTER last_known_addr { host: "127.27.150.129" port: 36787 } } peers { permanent_uuid: "f3d9f899705748dcab7457361cc344c9" member_type: VOTER last_known_addr { host: "127.27.150.130" port: 46417 } } peers { permanent_uuid: "33579d53dd28474aaaf5943d34eb14ab" member_type: VOTER last_known_addr { host: "127.27.150.131" port: 41931 } }
I20260709 13:11:12.915241 28351 leader_election.cc:304] T 17a148c8179a47d39e245217bb3af4b2 P 6f5406d166ec4d46adb634784dc1e5a6 [CANDIDATE]: Term 1 pre-election: Election decided. Result: candidate won. Election summary: received 2 responses out of 3 voters: 2 yes votes; 0 no votes. yes voters: 6f5406d166ec4d46adb634784dc1e5a6, f3d9f899705748dcab7457361cc344c9; no voters: 
I20260709 13:11:12.922998 28532 tablet_service.cc:1917] Received RequestConsensusVote() RPC: tablet_id: "17a148c8179a47d39e245217bb3af4b2" candidate_uuid: "6f5406d166ec4d46adb634784dc1e5a6" candidate_term: 1 candidate_status { last_received { term: 0 index: 0 } } ignore_live_leader: false dest_uuid: "33579d53dd28474aaaf5943d34eb14ab" is_pre_election: true
I20260709 13:11:12.923758 28532 raft_consensus.cc:2468] T 17a148c8179a47d39e245217bb3af4b2 P 33579d53dd28474aaaf5943d34eb14ab [term 0 FOLLOWER]: Leader pre-election vote request: Granting yes vote for candidate 6f5406d166ec4d46adb634784dc1e5a6 in term 0.
I20260709 13:11:12.925256 28599 raft_consensus.cc:2804] T 17a148c8179a47d39e245217bb3af4b2 P 6f5406d166ec4d46adb634784dc1e5a6 [term 0 FOLLOWER]: Leader pre-election won for term 1
I20260709 13:11:12.925678 28599 raft_consensus.cc:493] T 17a148c8179a47d39e245217bb3af4b2 P 6f5406d166ec4d46adb634784dc1e5a6 [term 0 FOLLOWER]: Starting leader election (no leader contacted us within the election timeout)
I20260709 13:11:12.926028 28599 raft_consensus.cc:3060] T 17a148c8179a47d39e245217bb3af4b2 P 6f5406d166ec4d46adb634784dc1e5a6 [term 0 FOLLOWER]: Advancing to term 1
I20260709 13:11:12.930238 28598 raft_consensus.cc:493] T ff4c1465958e45bfbf651c23406a6714 P f3d9f899705748dcab7457361cc344c9 [term 0 FOLLOWER]: Starting pre-election (no leader contacted us within the election timeout)
I20260709 13:11:12.930816 28598 raft_consensus.cc:515] T ff4c1465958e45bfbf651c23406a6714 P f3d9f899705748dcab7457361cc344c9 [term 0 FOLLOWER]: Starting pre-election with config: opid_index: -1 OBSOLETE_local: false peers { permanent_uuid: "6f5406d166ec4d46adb634784dc1e5a6" member_type: VOTER last_known_addr { host: "127.27.150.129" port: 36787 } } peers { permanent_uuid: "f3d9f899705748dcab7457361cc344c9" member_type: VOTER last_known_addr { host: "127.27.150.130" port: 46417 } } peers { permanent_uuid: "33579d53dd28474aaaf5943d34eb14ab" member_type: VOTER last_known_addr { host: "127.27.150.131" port: 41931 } }
I20260709 13:11:12.933180 28598 leader_election.cc:290] T ff4c1465958e45bfbf651c23406a6714 P f3d9f899705748dcab7457361cc344c9 [CANDIDATE]: Term 1 pre-election: Requested pre-vote from peers 6f5406d166ec4d46adb634784dc1e5a6 (127.27.150.129:36787), 33579d53dd28474aaaf5943d34eb14ab (127.27.150.131:41931)
I20260709 13:11:12.933543 28577 ts_tablet_manager.cc:1434] T 36dbb81d0dbd4a238b7746c213cee490 P 33579d53dd28474aaaf5943d34eb14ab: Time spent starting tablet: real 0.043s	user 0.009s	sys 0.000s
I20260709 13:11:12.933295 28578 tablet_bootstrap.cc:654] T 36dbb81d0dbd4a238b7746c213cee490 P f3d9f899705748dcab7457361cc344c9: Neither blocks nor log segments found. Creating new log.
I20260709 13:11:12.934139 28385 tablet_service.cc:1917] Received RequestConsensusVote() RPC: tablet_id: "ff4c1465958e45bfbf651c23406a6714" candidate_uuid: "f3d9f899705748dcab7457361cc344c9" candidate_term: 1 candidate_status { last_received { term: 0 index: 0 } } ignore_live_leader: false dest_uuid: "6f5406d166ec4d46adb634784dc1e5a6" is_pre_election: true
W20260709 13:11:12.937340 28423 leader_election.cc:343] T ff4c1465958e45bfbf651c23406a6714 P f3d9f899705748dcab7457361cc344c9 [CANDIDATE]: Term 1 pre-election: Tablet error from VoteRequest() call to peer 6f5406d166ec4d46adb634784dc1e5a6 (127.27.150.129:36787): Illegal state: must be running to vote when last-logged opid is not known
I20260709 13:11:12.940464 28583 raft_consensus.cc:493] T 89b0d89010aa41f59e09ae005522e477 P 33579d53dd28474aaaf5943d34eb14ab [term 0 FOLLOWER]: Starting pre-election (no leader contacted us within the election timeout)
I20260709 13:11:12.940987 28583 raft_consensus.cc:515] T 89b0d89010aa41f59e09ae005522e477 P 33579d53dd28474aaaf5943d34eb14ab [term 0 FOLLOWER]: Starting pre-election with config: opid_index: -1 OBSOLETE_local: false peers { permanent_uuid: "6f5406d166ec4d46adb634784dc1e5a6" member_type: VOTER last_known_addr { host: "127.27.150.129" port: 36787 } } peers { permanent_uuid: "f3d9f899705748dcab7457361cc344c9" member_type: VOTER last_known_addr { host: "127.27.150.130" port: 46417 } } peers { permanent_uuid: "33579d53dd28474aaaf5943d34eb14ab" member_type: VOTER last_known_addr { host: "127.27.150.131" port: 41931 } }
I20260709 13:11:12.939348 28532 tablet_service.cc:1917] Received RequestConsensusVote() RPC: tablet_id: "ff4c1465958e45bfbf651c23406a6714" candidate_uuid: "f3d9f899705748dcab7457361cc344c9" candidate_term: 1 candidate_status { last_received { term: 0 index: 0 } } ignore_live_leader: false dest_uuid: "33579d53dd28474aaaf5943d34eb14ab" is_pre_election: true
I20260709 13:11:12.942612 28577 tablet_bootstrap.cc:492] T 20432f1e2c8d49e7a8e420ac3d32b665 P 33579d53dd28474aaaf5943d34eb14ab: Bootstrap starting.
I20260709 13:11:12.943111 28532 raft_consensus.cc:2468] T ff4c1465958e45bfbf651c23406a6714 P 33579d53dd28474aaaf5943d34eb14ab [term 0 FOLLOWER]: Leader pre-election vote request: Granting yes vote for candidate f3d9f899705748dcab7457361cc344c9 in term 0.
I20260709 13:11:12.943506 28583 leader_election.cc:290] T 89b0d89010aa41f59e09ae005522e477 P 33579d53dd28474aaaf5943d34eb14ab [CANDIDATE]: Term 1 pre-election: Requested pre-vote from peers 6f5406d166ec4d46adb634784dc1e5a6 (127.27.150.129:36787), f3d9f899705748dcab7457361cc344c9 (127.27.150.130:46417)
I20260709 13:11:12.945052 28426 leader_election.cc:304] T ff4c1465958e45bfbf651c23406a6714 P f3d9f899705748dcab7457361cc344c9 [CANDIDATE]: Term 1 pre-election: Election decided. Result: candidate won. Election summary: received 3 responses out of 3 voters: 2 yes votes; 1 no votes. yes voters: 33579d53dd28474aaaf5943d34eb14ab, f3d9f899705748dcab7457361cc344c9; no voters: 6f5406d166ec4d46adb634784dc1e5a6
I20260709 13:11:12.946498 28598 raft_consensus.cc:2804] T ff4c1465958e45bfbf651c23406a6714 P f3d9f899705748dcab7457361cc344c9 [term 0 FOLLOWER]: Leader pre-election won for term 1
I20260709 13:11:12.947258 28598 raft_consensus.cc:493] T ff4c1465958e45bfbf651c23406a6714 P f3d9f899705748dcab7457361cc344c9 [term 0 FOLLOWER]: Starting leader election (no leader contacted us within the election timeout)
I20260709 13:11:12.947665 28598 raft_consensus.cc:3060] T ff4c1465958e45bfbf651c23406a6714 P f3d9f899705748dcab7457361cc344c9 [term 0 FOLLOWER]: Advancing to term 1
I20260709 13:11:12.950156 28579 tablet_bootstrap.cc:654] T ff4c1465958e45bfbf651c23406a6714 P 6f5406d166ec4d46adb634784dc1e5a6: Neither blocks nor log segments found. Creating new log.
I20260709 13:11:12.954193 28385 tablet_service.cc:1917] Received RequestConsensusVote() RPC: tablet_id: "17a148c8179a47d39e245217bb3af4b2" candidate_uuid: "33579d53dd28474aaaf5943d34eb14ab" candidate_term: 1 candidate_status { last_received { term: 0 index: 0 } } ignore_live_leader: false dest_uuid: "6f5406d166ec4d46adb634784dc1e5a6" is_pre_election: true
I20260709 13:11:12.954674 28384 tablet_service.cc:1917] Received RequestConsensusVote() RPC: tablet_id: "89b0d89010aa41f59e09ae005522e477" candidate_uuid: "33579d53dd28474aaaf5943d34eb14ab" candidate_term: 1 candidate_status { last_received { term: 0 index: 0 } } ignore_live_leader: false dest_uuid: "6f5406d166ec4d46adb634784dc1e5a6" is_pre_election: true
I20260709 13:11:12.961783 28384 raft_consensus.cc:2468] T 89b0d89010aa41f59e09ae005522e477 P 6f5406d166ec4d46adb634784dc1e5a6 [term 0 FOLLOWER]: Leader pre-election vote request: Granting yes vote for candidate 33579d53dd28474aaaf5943d34eb14ab in term 0.
I20260709 13:11:12.966271 28497 leader_election.cc:304] T 89b0d89010aa41f59e09ae005522e477 P 33579d53dd28474aaaf5943d34eb14ab [CANDIDATE]: Term 1 pre-election: Election decided. Result: candidate won. Election summary: received 2 responses out of 3 voters: 2 yes votes; 0 no votes. yes voters: 33579d53dd28474aaaf5943d34eb14ab, 6f5406d166ec4d46adb634784dc1e5a6; no voters: 
I20260709 13:11:12.953786 28599 raft_consensus.cc:515] T 17a148c8179a47d39e245217bb3af4b2 P 6f5406d166ec4d46adb634784dc1e5a6 [term 1 FOLLOWER]: Starting leader election with config: opid_index: -1 OBSOLETE_local: false peers { permanent_uuid: "6f5406d166ec4d46adb634784dc1e5a6" member_type: VOTER last_known_addr { host: "127.27.150.129" port: 36787 } } peers { permanent_uuid: "f3d9f899705748dcab7457361cc344c9" member_type: VOTER last_known_addr { host: "127.27.150.130" port: 46417 } } peers { permanent_uuid: "33579d53dd28474aaaf5943d34eb14ab" member_type: VOTER last_known_addr { host: "127.27.150.131" port: 41931 } }
I20260709 13:11:12.969069 28583 raft_consensus.cc:2804] T 89b0d89010aa41f59e09ae005522e477 P 33579d53dd28474aaaf5943d34eb14ab [term 0 FOLLOWER]: Leader pre-election won for term 1
