I20260709 13:11:37.568224  3727 consensus_queue.cc:260] T 3a00d44d252344e8a87590daf18cf939 P f1d3bde0c9cf4d919f662a5013679d5a [NON_LEADER]: Queue going to NON_LEADER mode. State: All replicated index: 0, Majority replicated index: 0, Committed index: 0, Last appended: 0.0, Last appended by leader: 0, Current term: 0, Majority size: -1, State: 0, Mode: NON_LEADER, active raft config: opid_index: -1 OBSOLETE_local: false peers { permanent_uuid: "c3ba2802eb0d4f59b5229d3293587b3e" member_type: VOTER last_known_addr { host: "127.2.94.65" port: 43301 } } peers { permanent_uuid: "5f9acf62a21e45daac38f9673a4fe080" member_type: VOTER last_known_addr { host: "127.2.94.66" port: 46511 } } peers { permanent_uuid: "f1d3bde0c9cf4d919f662a5013679d5a" member_type: VOTER last_known_addr { host: "127.2.94.67" port: 35207 } }
I20260709 13:11:37.569643  3611 tablet_service.cc:1917] Received RequestConsensusVote() RPC: tablet_id: "7f7344a4b311438fa51be19565fb5451" candidate_uuid: "c3ba2802eb0d4f59b5229d3293587b3e" candidate_term: 1 candidate_status { last_received { term: 0 index: 0 } } ignore_live_leader: false dest_uuid: "5f9acf62a21e45daac38f9673a4fe080" is_pre_election: true
W20260709 13:11:37.570037  3650 leader_election.cc:343] T 15cdcb1aa7054a0e81d441afd580f773 P f1d3bde0c9cf4d919f662a5013679d5a [CANDIDATE]: Term 1 pre-election: Tablet error from VoteRequest() call to peer c3ba2802eb0d4f59b5229d3293587b3e (127.2.94.65:43301): Illegal state: must be running to vote when last-logged opid is not known
I20260709 13:11:37.570779  3727 ts_tablet_manager.cc:1434] T 3a00d44d252344e8a87590daf18cf939 P f1d3bde0c9cf4d919f662a5013679d5a: Time spent starting tablet: real 0.022s	user 0.005s	sys 0.001s
I20260709 13:11:37.570855  3650 leader_election.cc:304] T 15cdcb1aa7054a0e81d441afd580f773 P f1d3bde0c9cf4d919f662a5013679d5a [CANDIDATE]: Term 1 pre-election: Election decided. Result: candidate lost. Election summary: received 3 responses out of 3 voters: 1 yes votes; 2 no votes. yes voters: f1d3bde0c9cf4d919f662a5013679d5a; no voters: 5f9acf62a21e45daac38f9673a4fe080, c3ba2802eb0d4f59b5229d3293587b3e
I20260709 13:11:37.571072  3728 raft_consensus.cc:359] T 15cdcb1aa7054a0e81d441afd580f773 P c3ba2802eb0d4f59b5229d3293587b3e [term 0 FOLLOWER]: Replica starting. Triggering 0 pending ops. Active config: opid_index: -1 OBSOLETE_local: false peers { permanent_uuid: "c3ba2802eb0d4f59b5229d3293587b3e" member_type: VOTER last_known_addr { host: "127.2.94.65" port: 43301 } } peers { permanent_uuid: "5f9acf62a21e45daac38f9673a4fe080" member_type: VOTER last_known_addr { host: "127.2.94.66" port: 46511 } } peers { permanent_uuid: "f1d3bde0c9cf4d919f662a5013679d5a" member_type: VOTER last_known_addr { host: "127.2.94.67" port: 35207 } }
I20260709 13:11:37.571645  3863 raft_consensus.cc:2749] T 15cdcb1aa7054a0e81d441afd580f773 P f1d3bde0c9cf4d919f662a5013679d5a [term 0 FOLLOWER]: Leader pre-election lost for term 1. Reason: could not achieve majority
I20260709 13:11:37.572736  3727 tablet_bootstrap.cc:492] T ef8a964a65954cf5b7287ae25740579b P f1d3bde0c9cf4d919f662a5013679d5a: Bootstrap starting.
I20260709 13:11:37.573901  3682 tablet_service.cc:1917] Received RequestConsensusVote() RPC: tablet_id: "fc5f246c1eb647459f0f4fedf56e4336" candidate_uuid: "5f9acf62a21e45daac38f9673a4fe080" candidate_term: 1 candidate_status { last_received { term: 0 index: 0 } } ignore_live_leader: false dest_uuid: "f1d3bde0c9cf4d919f662a5013679d5a"
I20260709 13:11:37.574596  3682 raft_consensus.cc:3060] T fc5f246c1eb647459f0f4fedf56e4336 P f1d3bde0c9cf4d919f662a5013679d5a [term 0 FOLLOWER]: Advancing to term 1
I20260709 13:11:37.571712  3728 raft_consensus.cc:385] T 15cdcb1aa7054a0e81d441afd580f773 P c3ba2802eb0d4f59b5229d3293587b3e [term 0 FOLLOWER]: Consensus starting up: Expiring failure detector timer to make a prompt election more likely
I20260709 13:11:37.576625  3728 raft_consensus.cc:740] T 15cdcb1aa7054a0e81d441afd580f773 P c3ba2802eb0d4f59b5229d3293587b3e [term 0 FOLLOWER]: Becoming Follower/Learner. State: Replica: c3ba2802eb0d4f59b5229d3293587b3e, State: Initialized, Role: FOLLOWER
I20260709 13:11:37.571741  3535 tablet_service.cc:1917] Received RequestConsensusVote() RPC: tablet_id: "fc5f246c1eb647459f0f4fedf56e4336" candidate_uuid: "5f9acf62a21e45daac38f9673a4fe080" candidate_term: 1 candidate_status { last_received { term: 0 index: 0 } } ignore_live_leader: false dest_uuid: "c3ba2802eb0d4f59b5229d3293587b3e"
I20260709 13:11:37.577729  3535 raft_consensus.cc:3060] T fc5f246c1eb647459f0f4fedf56e4336 P c3ba2802eb0d4f59b5229d3293587b3e [term 0 FOLLOWER]: Advancing to term 1
I20260709 13:11:37.580636  3436 catalog_manager.cc:5697] T 2e745bfd069b4a41930f5353d491836b P 5f9acf62a21e45daac38f9673a4fe080 reported cstate change: term changed from 0 to 1, leader changed from <none> to 5f9acf62a21e45daac38f9673a4fe080 (127.2.94.66). New cstate: current_term: 1 leader_uuid: "5f9acf62a21e45daac38f9673a4fe080" committed_config { opid_index: -1 OBSOLETE_local: false peers { permanent_uuid: "c3ba2802eb0d4f59b5229d3293587b3e" member_type: VOTER last_known_addr { host: "127.2.94.65" port: 43301 } health_report { overall_health: UNKNOWN } } peers { permanent_uuid: "5f9acf62a21e45daac38f9673a4fe080" member_type: VOTER last_known_addr { host: "127.2.94.66" port: 46511 } health_report { overall_health: HEALTHY } } peers { permanent_uuid: "f1d3bde0c9cf4d919f662a5013679d5a" member_type: VOTER last_known_addr { host: "127.2.94.67" port: 35207 } health_report { overall_health: UNKNOWN } } }
I20260709 13:11:37.581749  3728 consensus_queue.cc:260] T 15cdcb1aa7054a0e81d441afd580f773 P c3ba2802eb0d4f59b5229d3293587b3e [NON_LEADER]: Queue going to NON_LEADER mode. State: All replicated index: 0, Majority replicated index: 0, Committed index: 0, Last appended: 0.0, Last appended by leader: 0, Current term: 0, Majority size: -1, State: 0, Mode: NON_LEADER, active raft config: opid_index: -1 OBSOLETE_local: false peers { permanent_uuid: "c3ba2802eb0d4f59b5229d3293587b3e" member_type: VOTER last_known_addr { host: "127.2.94.65" port: 43301 } } peers { permanent_uuid: "5f9acf62a21e45daac38f9673a4fe080" member_type: VOTER last_known_addr { host: "127.2.94.66" port: 46511 } } peers { permanent_uuid: "f1d3bde0c9cf4d919f662a5013679d5a" member_type: VOTER last_known_addr { host: "127.2.94.67" port: 35207 } }
I20260709 13:11:37.585403  3727 tablet_bootstrap.cc:654] T ef8a964a65954cf5b7287ae25740579b P f1d3bde0c9cf4d919f662a5013679d5a: Neither blocks nor log segments found. Creating new log.
I20260709 13:11:37.586659  3535 raft_consensus.cc:2468] T fc5f246c1eb647459f0f4fedf56e4336 P c3ba2802eb0d4f59b5229d3293587b3e [term 1 FOLLOWER]: Leader election vote request: Granting yes vote for candidate 5f9acf62a21e45daac38f9673a4fe080 in term 1.
I20260709 13:11:37.586508  3728 ts_tablet_manager.cc:1434] T 15cdcb1aa7054a0e81d441afd580f773 P c3ba2802eb0d4f59b5229d3293587b3e: Time spent starting tablet: real 0.037s	user 0.004s	sys 0.002s
I20260709 13:11:37.587719  3728 tablet_bootstrap.cc:492] T 1369622bee134718863150f8e1179ca5 P c3ba2802eb0d4f59b5229d3293587b3e: Bootstrap starting.
I20260709 13:11:37.587879  3576 leader_election.cc:304] T fc5f246c1eb647459f0f4fedf56e4336 P 5f9acf62a21e45daac38f9673a4fe080 [CANDIDATE]: Term 1 election: Election decided. Result: candidate won. Election summary: received 2 responses out of 3 voters: 2 yes votes; 0 no votes. yes voters: 5f9acf62a21e45daac38f9673a4fe080, c3ba2802eb0d4f59b5229d3293587b3e; no voters: 
I20260709 13:11:37.591823  3502 leader_election.cc:304] T 7f7344a4b311438fa51be19565fb5451 P c3ba2802eb0d4f59b5229d3293587b3e [CANDIDATE]: Term 1 pre-election: Election decided. Result: candidate lost. Election summary: received 3 responses out of 3 voters: 1 yes votes; 2 no votes. yes voters: c3ba2802eb0d4f59b5229d3293587b3e; no voters: 5f9acf62a21e45daac38f9673a4fe080, f1d3bde0c9cf4d919f662a5013679d5a
I20260709 13:11:37.592152  3729 tablet_bootstrap.cc:654] T f8dfba05143348978f70f6097a4a8cf9 P 5f9acf62a21e45daac38f9673a4fe080: Neither blocks nor log segments found. Creating new log.
I20260709 13:11:37.592340  3433 catalog_manager.cc:5697] T 2b1910df63db47158007913cbe18f6c8 P c3ba2802eb0d4f59b5229d3293587b3e reported cstate change: term changed from 0 to 1, leader changed from <none> to c3ba2802eb0d4f59b5229d3293587b3e (127.2.94.65). New cstate: current_term: 1 leader_uuid: "c3ba2802eb0d4f59b5229d3293587b3e" committed_config { opid_index: -1 OBSOLETE_local: false peers { permanent_uuid: "c3ba2802eb0d4f59b5229d3293587b3e" member_type: VOTER last_known_addr { host: "127.2.94.65" port: 43301 } health_report { overall_health: HEALTHY } } peers { permanent_uuid: "5f9acf62a21e45daac38f9673a4fe080" member_type: VOTER last_known_addr { host: "127.2.94.66" port: 46511 } health_report { overall_health: UNKNOWN } } peers { permanent_uuid: "f1d3bde0c9cf4d919f662a5013679d5a" member_type: VOTER last_known_addr { host: "127.2.94.67" port: 35207 } health_report { overall_health: UNKNOWN } } }
I20260709 13:11:37.594901  3963 raft_consensus.cc:3060] T 7f7344a4b311438fa51be19565fb5451 P c3ba2802eb0d4f59b5229d3293587b3e [term 0 FOLLOWER]: Advancing to term 1
I20260709 13:11:37.599372  3682 raft_consensus.cc:2468] T fc5f246c1eb647459f0f4fedf56e4336 P f1d3bde0c9cf4d919f662a5013679d5a [term 1 FOLLOWER]: Leader election vote request: Granting yes vote for candidate 5f9acf62a21e45daac38f9673a4fe080 in term 1.
I20260709 13:11:37.595134  3917 raft_consensus.cc:2804] T fc5f246c1eb647459f0f4fedf56e4336 P 5f9acf62a21e45daac38f9673a4fe080 [term 1 FOLLOWER]: Leader election won for term 1
I20260709 13:11:37.600478  3917 raft_consensus.cc:697] T fc5f246c1eb647459f0f4fedf56e4336 P 5f9acf62a21e45daac38f9673a4fe080 [term 1 LEADER]: Becoming Leader. State: Replica: 5f9acf62a21e45daac38f9673a4fe080, State: Running, Role: LEADER
I20260709 13:11:37.601117  3917 consensus_queue.cc:237] T fc5f246c1eb647459f0f4fedf56e4336 P 5f9acf62a21e45daac38f9673a4fe080 [LEADER]: Queue going to LEADER mode. State: All replicated index: 0, Majority replicated index: 0, Committed index: 0, Last appended: 0.0, Last appended by leader: 0, Current term: 1, Majority size: 2, State: 0, Mode: LEADER, active raft config: opid_index: -1 OBSOLETE_local: false peers { permanent_uuid: "c3ba2802eb0d4f59b5229d3293587b3e" member_type: VOTER last_known_addr { host: "127.2.94.65" port: 43301 } } peers { permanent_uuid: "5f9acf62a21e45daac38f9673a4fe080" member_type: VOTER last_known_addr { host: "127.2.94.66" port: 46511 } } peers { permanent_uuid: "f1d3bde0c9cf4d919f662a5013679d5a" member_type: VOTER last_known_addr { host: "127.2.94.67" port: 35207 } }
I20260709 13:11:37.612787  3963 raft_consensus.cc:2749] T 7f7344a4b311438fa51be19565fb5451 P c3ba2802eb0d4f59b5229d3293587b3e [term 1 FOLLOWER]: Leader pre-election lost for term 1. Reason: could not achieve majority
I20260709 13:11:37.625023  3728 tablet_bootstrap.cc:654] T 1369622bee134718863150f8e1179ca5 P c3ba2802eb0d4f59b5229d3293587b3e: Neither blocks nor log segments found. Creating new log.
I20260709 13:11:37.640592  3433 catalog_manager.cc:5697] T fc5f246c1eb647459f0f4fedf56e4336 P 5f9acf62a21e45daac38f9673a4fe080 reported cstate change: term changed from 0 to 1, leader changed from <none> to 5f9acf62a21e45daac38f9673a4fe080 (127.2.94.66). New cstate: current_term: 1 leader_uuid: "5f9acf62a21e45daac38f9673a4fe080" committed_config { opid_index: -1 OBSOLETE_local: false peers { permanent_uuid: "c3ba2802eb0d4f59b5229d3293587b3e" member_type: VOTER last_known_addr { host: "127.2.94.65" port: 43301 } health_report { overall_health: UNKNOWN } } peers { permanent_uuid: "5f9acf62a21e45daac38f9673a4fe080" member_type: VOTER last_known_addr { host: "127.2.94.66" port: 46511 } health_report { overall_health: HEALTHY } } peers { permanent_uuid: "f1d3bde0c9cf4d919f662a5013679d5a" member_type: VOTER last_known_addr { host: "127.2.94.67" port: 35207 } health_report { overall_health: UNKNOWN } } }
I20260709 13:11:37.649789  3729 tablet_bootstrap.cc:492] T f8dfba05143348978f70f6097a4a8cf9 P 5f9acf62a21e45daac38f9673a4fe080: No bootstrap required, opened a new log
I20260709 13:11:37.650440  3729 ts_tablet_manager.cc:1403] T f8dfba05143348978f70f6097a4a8cf9 P 5f9acf62a21e45daac38f9673a4fe080: Time spent bootstrapping tablet: real 0.107s	user 0.022s	sys 0.015s
I20260709 13:11:37.661427  3727 tablet_bootstrap.cc:492] T ef8a964a65954cf5b7287ae25740579b P f1d3bde0c9cf4d919f662a5013679d5a: No bootstrap required, opened a new log
I20260709 13:11:37.664354  3727 ts_tablet_manager.cc:1403] T ef8a964a65954cf5b7287ae25740579b P f1d3bde0c9cf4d919f662a5013679d5a: Time spent bootstrapping tablet: real 0.092s	user 0.014s	sys 0.008s
I20260709 13:11:37.665385  3998 raft_consensus.cc:493] T 68ee5c538b9949a8b2829541220d130f P 5f9acf62a21e45daac38f9673a4fe080 [term 0 FOLLOWER]: Starting pre-election (no leader contacted us within the election timeout)
I20260709 13:11:37.665894  3998 raft_consensus.cc:515] T 68ee5c538b9949a8b2829541220d130f P 5f9acf62a21e45daac38f9673a4fe080 [term 0 FOLLOWER]: Starting pre-election with config: opid_index: -1 OBSOLETE_local: false peers { permanent_uuid: "c3ba2802eb0d4f59b5229d3293587b3e" member_type: VOTER last_known_addr { host: "127.2.94.65" port: 43301 } } peers { permanent_uuid: "5f9acf62a21e45daac38f9673a4fe080" member_type: VOTER last_known_addr { host: "127.2.94.66" port: 46511 } } peers { permanent_uuid: "f1d3bde0c9cf4d919f662a5013679d5a" member_type: VOTER last_known_addr { host: "127.2.94.67" port: 35207 } }
I20260709 13:11:37.666431  3727 raft_consensus.cc:359] T ef8a964a65954cf5b7287ae25740579b P f1d3bde0c9cf4d919f662a5013679d5a [term 0 FOLLOWER]: Replica starting. Triggering 0 pending ops. Active config: opid_index: -1 OBSOLETE_local: false peers { permanent_uuid: "c3ba2802eb0d4f59b5229d3293587b3e" member_type: VOTER last_known_addr { host: "127.2.94.65" port: 43301 } } peers { permanent_uuid: "5f9acf62a21e45daac38f9673a4fe080" member_type: VOTER last_known_addr { host: "127.2.94.66" port: 46511 } } peers { permanent_uuid: "f1d3bde0c9cf4d919f662a5013679d5a" member_type: VOTER last_known_addr { host: "127.2.94.67" port: 35207 } }
I20260709 13:11:37.667040  3727 raft_consensus.cc:385] T ef8a964a65954cf5b7287ae25740579b P f1d3bde0c9cf4d919f662a5013679d5a [term 0 FOLLOWER]: Consensus starting up: Expiring failure detector timer to make a prompt election more likely
I20260709 13:11:37.667232  3727 raft_consensus.cc:740] T ef8a964a65954cf5b7287ae25740579b P f1d3bde0c9cf4d919f662a5013679d5a [term 0 FOLLOWER]: Becoming Follower/Learner. State: Replica: f1d3bde0c9cf4d919f662a5013679d5a, State: Initialized, Role: FOLLOWER
I20260709 13:11:37.668061  3998 leader_election.cc:290] T 68ee5c538b9949a8b2829541220d130f P 5f9acf62a21e45daac38f9673a4fe080 [CANDIDATE]: Term 1 pre-election: Requested pre-vote from peers c3ba2802eb0d4f59b5229d3293587b3e (127.2.94.65:43301), f1d3bde0c9cf4d919f662a5013679d5a (127.2.94.67:35207)
I20260709 13:11:37.667845  3727 consensus_queue.cc:260] T ef8a964a65954cf5b7287ae25740579b P f1d3bde0c9cf4d919f662a5013679d5a [NON_LEADER]: Queue going to NON_LEADER mode. State: All replicated index: 0, Majority replicated index: 0, Committed index: 0, Last appended: 0.0, Last appended by leader: 0, Current term: 0, Majority size: -1, State: 0, Mode: NON_LEADER, active raft config: opid_index: -1 OBSOLETE_local: false peers { permanent_uuid: "c3ba2802eb0d4f59b5229d3293587b3e" member_type: VOTER last_known_addr { host: "127.2.94.65" port: 43301 } } peers { permanent_uuid: "5f9acf62a21e45daac38f9673a4fe080" member_type: VOTER last_known_addr { host: "127.2.94.66" port: 46511 } } peers { permanent_uuid: "f1d3bde0c9cf4d919f662a5013679d5a" member_type: VOTER last_known_addr { host: "127.2.94.67" port: 35207 } }
I20260709 13:11:37.668740  3798 raft_consensus.cc:493] T 4e679f294bd941ea975637259c68582c P f1d3bde0c9cf4d919f662a5013679d5a [term 0 FOLLOWER]: Starting pre-election (no leader contacted us within the election timeout)
I20260709 13:11:37.669090  3798 raft_consensus.cc:515] T 4e679f294bd941ea975637259c68582c P f1d3bde0c9cf4d919f662a5013679d5a [term 0 FOLLOWER]: Starting pre-election with config: opid_index: -1 OBSOLETE_local: false peers { permanent_uuid: "c3ba2802eb0d4f59b5229d3293587b3e" member_type: VOTER last_known_addr { host: "127.2.94.65" port: 43301 } } peers { permanent_uuid: "5f9acf62a21e45daac38f9673a4fe080" member_type: VOTER last_known_addr { host: "127.2.94.66" port: 46511 } } peers { permanent_uuid: "f1d3bde0c9cf4d919f662a5013679d5a" member_type: VOTER last_known_addr { host: "127.2.94.67" port: 35207 } }
I20260709 13:11:37.669291  3536 tablet_service.cc:1917] Received RequestConsensusVote() RPC: tablet_id: "68ee5c538b9949a8b2829541220d130f" candidate_uuid: "5f9acf62a21e45daac38f9673a4fe080" candidate_term: 1 candidate_status { last_received { term: 0 index: 0 } } ignore_live_leader: false dest_uuid: "c3ba2802eb0d4f59b5229d3293587b3e" is_pre_election: true
I20260709 13:11:37.669909  3727 ts_tablet_manager.cc:1434] T ef8a964a65954cf5b7287ae25740579b P f1d3bde0c9cf4d919f662a5013679d5a: Time spent starting tablet: real 0.005s	user 0.002s	sys 0.000s
I20260709 13:11:37.663552  3728 tablet_bootstrap.cc:492] T 1369622bee134718863150f8e1179ca5 P c3ba2802eb0d4f59b5229d3293587b3e: No bootstrap required, opened a new log
I20260709 13:11:37.670766  3728 ts_tablet_manager.cc:1403] T 1369622bee134718863150f8e1179ca5 P c3ba2802eb0d4f59b5229d3293587b3e: Time spent bootstrapping tablet: real 0.083s	user 0.018s	sys 0.010s
I20260709 13:11:37.670885  3798 leader_election.cc:290] T 4e679f294bd941ea975637259c68582c P f1d3bde0c9cf4d919f662a5013679d5a [CANDIDATE]: Term 1 pre-election: Requested pre-vote from peers c3ba2802eb0d4f59b5229d3293587b3e (127.2.94.65:43301), 5f9acf62a21e45daac38f9673a4fe080 (127.2.94.66:46511)
I20260709 13:11:37.671644  3536 tablet_service.cc:1917] Received RequestConsensusVote() RPC: tablet_id: "4e679f294bd941ea975637259c68582c" candidate_uuid: "f1d3bde0c9cf4d919f662a5013679d5a" candidate_term: 1 candidate_status { last_received { term: 0 index: 0 } } ignore_live_leader: false dest_uuid: "c3ba2802eb0d4f59b5229d3293587b3e" is_pre_election: true
I20260709 13:11:37.672850  3685 tablet_service.cc:1917] Received RequestConsensusVote() RPC: tablet_id: "68ee5c538b9949a8b2829541220d130f" candidate_uuid: "5f9acf62a21e45daac38f9673a4fe080" candidate_term: 1 candidate_status { last_received { term: 0 index: 0 } } ignore_live_leader: false dest_uuid: "f1d3bde0c9cf4d919f662a5013679d5a" is_pre_election: true
I20260709 13:11:37.673281  3611 tablet_service.cc:1917] Received RequestConsensusVote() RPC: tablet_id: "4e679f294bd941ea975637259c68582c" candidate_uuid: "f1d3bde0c9cf4d919f662a5013679d5a" candidate_term: 1 candidate_status { last_received { term: 0 index: 0 } } ignore_live_leader: false dest_uuid: "5f9acf62a21e45daac38f9673a4fe080" is_pre_election: true
I20260709 13:11:37.663826  3729 raft_consensus.cc:359] T f8dfba05143348978f70f6097a4a8cf9 P 5f9acf62a21e45daac38f9673a4fe080 [term 0 FOLLOWER]: Replica starting. Triggering 0 pending ops. Active config: opid_index: -1 OBSOLETE_local: false peers { permanent_uuid: "c3ba2802eb0d4f59b5229d3293587b3e" member_type: VOTER last_known_addr { host: "127.2.94.65" port: 43301 } } peers { permanent_uuid: "5f9acf62a21e45daac38f9673a4fe080" member_type: VOTER last_known_addr { host: "127.2.94.66" port: 46511 } } peers { permanent_uuid: "f1d3bde0c9cf4d919f662a5013679d5a" member_type: VOTER last_known_addr { host: "127.2.94.67" port: 35207 } }
I20260709 13:11:37.674189  3729 raft_consensus.cc:385] T f8dfba05143348978f70f6097a4a8cf9 P 5f9acf62a21e45daac38f9673a4fe080 [term 0 FOLLOWER]: Consensus starting up: Expiring failure detector timer to make a prompt election more likely
W20260709 13:11:37.674352  3650 leader_election.cc:343] T 4e679f294bd941ea975637259c68582c P f1d3bde0c9cf4d919f662a5013679d5a [CANDIDATE]: Term 1 pre-election: Tablet error from VoteRequest() call to peer c3ba2802eb0d4f59b5229d3293587b3e (127.2.94.65:43301): Illegal state: must be running to vote when last-logged opid is not known
I20260709 13:11:37.674489  3729 raft_consensus.cc:740] T f8dfba05143348978f70f6097a4a8cf9 P 5f9acf62a21e45daac38f9673a4fe080 [term 0 FOLLOWER]: Becoming Follower/Learner. State: Replica: 5f9acf62a21e45daac38f9673a4fe080, State: Initialized, Role: FOLLOWER
I20260709 13:11:37.675354  3577 leader_election.cc:304] T 68ee5c538b9949a8b2829541220d130f P 5f9acf62a21e45daac38f9673a4fe080 [CANDIDATE]: Term 1 pre-election: Election decided. Result: candidate lost. Election summary: received 3 responses out of 3 voters: 1 yes votes; 2 no votes. yes voters: 5f9acf62a21e45daac38f9673a4fe080; no voters: c3ba2802eb0d4f59b5229d3293587b3e, f1d3bde0c9cf4d919f662a5013679d5a
I20260709 13:11:37.675252  3729 consensus_queue.cc:260] T f8dfba05143348978f70f6097a4a8cf9 P 5f9acf62a21e45daac38f9673a4fe080 [NON_LEADER]: Queue going to NON_LEADER mode. State: All replicated index: 0, Majority replicated index: 0, Committed index: 0, Last appended: 0.0, Last appended by leader: 0, Current term: 0, Majority size: -1, State: 0, Mode: NON_LEADER, active raft config: opid_index: -1 OBSOLETE_local: false peers { permanent_uuid: "c3ba2802eb0d4f59b5229d3293587b3e" member_type: VOTER last_known_addr { host: "127.2.94.65" port: 43301 } } peers { permanent_uuid: "5f9acf62a21e45daac38f9673a4fe080" member_type: VOTER last_known_addr { host: "127.2.94.66" port: 46511 } } peers { permanent_uuid: "f1d3bde0c9cf4d919f662a5013679d5a" member_type: VOTER last_known_addr { host: "127.2.94.67" port: 35207 } }
I20260709 13:11:37.676432  3917 raft_consensus.cc:2749] T 68ee5c538b9949a8b2829541220d130f P 5f9acf62a21e45daac38f9673a4fe080 [term 0 FOLLOWER]: Leader pre-election lost for term 1. Reason: could not achieve majority
I20260709 13:11:37.677790  3729 ts_tablet_manager.cc:1434] T f8dfba05143348978f70f6097a4a8cf9 P 5f9acf62a21e45daac38f9673a4fe080: Time spent starting tablet: real 0.027s	user 0.005s	sys 0.000s
I20260709 13:11:37.678537  3727 tablet_bootstrap.cc:492] T 7cd58382619145f7ae3df8e4c2eb9a8c P f1d3bde0c9cf4d919f662a5013679d5a: Bootstrap starting.
W20260709 13:11:37.679394  3651 leader_election.cc:343] T 4e679f294bd941ea975637259c68582c P f1d3bde0c9cf4d919f662a5013679d5a [CANDIDATE]: Term 1 pre-election: Tablet error from VoteRequest() call to peer 5f9acf62a21e45daac38f9673a4fe080 (127.2.94.66:46511): Illegal state: must be running to vote when last-logged opid is not known
I20260709 13:11:37.679788  3651 leader_election.cc:304] T 4e679f294bd941ea975637259c68582c P f1d3bde0c9cf4d919f662a5013679d5a [CANDIDATE]: Term 1 pre-election: Election decided. Result: candidate lost. Election summary: received 3 responses out of 3 voters: 1 yes votes; 2 no votes. yes voters: f1d3bde0c9cf4d919f662a5013679d5a; no voters: 5f9acf62a21e45daac38f9673a4fe080, c3ba2802eb0d4f59b5229d3293587b3e
I20260709 13:11:37.680404  3863 raft_consensus.cc:2749] T 4e679f294bd941ea975637259c68582c P f1d3bde0c9cf4d919f662a5013679d5a [term 0 FOLLOWER]: Leader pre-election lost for term 1. Reason: could not achieve majority
I20260709 13:11:37.683411  3780 consensus_queue.cc:1048] T 7f7344a4b311438fa51be19565fb5451 P 5f9acf62a21e45daac38f9673a4fe080 [LEADER]: Connected to new peer: Peer: permanent_uuid: "c3ba2802eb0d4f59b5229d3293587b3e" member_type: VOTER last_known_addr { host: "127.2.94.65" port: 43301 }, Status: LMP_MISMATCH, Last received: 0.0, Next index: 1, Last known committed idx: 0, Time since last communication: 0.000s
I20260709 13:11:37.683755  3963 raft_consensus.cc:493] T 15cdcb1aa7054a0e81d441afd580f773 P c3ba2802eb0d4f59b5229d3293587b3e [term 0 FOLLOWER]: Starting pre-election (no leader contacted us within the election timeout)
I20260709 13:11:37.684511  3729 tablet_bootstrap.cc:492] T 2b1910df63db47158007913cbe18f6c8 P 5f9acf62a21e45daac38f9673a4fe080: Bootstrap starting.
I20260709 13:11:37.684187  3963 raft_consensus.cc:515] T 15cdcb1aa7054a0e81d441afd580f773 P c3ba2802eb0d4f59b5229d3293587b3e [term 0 FOLLOWER]: Starting pre-election with config: opid_index: -1 OBSOLETE_local: false peers { permanent_uuid: "c3ba2802eb0d4f59b5229d3293587b3e" member_type: VOTER last_known_addr { host: "127.2.94.65" port: 43301 } } peers { permanent_uuid: "5f9acf62a21e45daac38f9673a4fe080" member_type: VOTER last_known_addr { host: "127.2.94.66" port: 46511 } } peers { permanent_uuid: "f1d3bde0c9cf4d919f662a5013679d5a" member_type: VOTER last_known_addr { host: "127.2.94.67" port: 35207 } }
I20260709 13:11:37.687716  3963 leader_election.cc:290] T 15cdcb1aa7054a0e81d441afd580f773 P c3ba2802eb0d4f59b5229d3293587b3e [CANDIDATE]: Term 1 pre-election: Requested pre-vote from peers 5f9acf62a21e45daac38f9673a4fe080 (127.2.94.66:46511), f1d3bde0c9cf4d919f662a5013679d5a (127.2.94.67:35207)
I20260709 13:11:37.687741  3798 consensus_queue.cc:1048] T f8dfba05143348978f70f6097a4a8cf9 P f1d3bde0c9cf4d919f662a5013679d5a [LEADER]: Connected to new peer: Peer: permanent_uuid: "c3ba2802eb0d4f59b5229d3293587b3e" member_type: VOTER last_known_addr { host: "127.2.94.65" port: 43301 }, Status: LMP_MISMATCH, Last received: 0.0, Next index: 1, Last known committed idx: 0, Time since last communication: 0.001s
I20260709 13:11:37.689708  3611 tablet_service.cc:1917] Received RequestConsensusVote() RPC: tablet_id: "15cdcb1aa7054a0e81d441afd580f773" candidate_uuid: "c3ba2802eb0d4f59b5229d3293587b3e" candidate_term: 1 candidate_status { last_received { term: 0 index: 0 } } ignore_live_leader: false dest_uuid: "5f9acf62a21e45daac38f9673a4fe080" is_pre_election: true
I20260709 13:11:37.691437  3685 tablet_service.cc:1917] Received RequestConsensusVote() RPC: tablet_id: "15cdcb1aa7054a0e81d441afd580f773" candidate_uuid: "c3ba2802eb0d4f59b5229d3293587b3e" candidate_term: 1 candidate_status { last_received { term: 0 index: 0 } } ignore_live_leader: false dest_uuid: "f1d3bde0c9cf4d919f662a5013679d5a" is_pre_election: true
I20260709 13:11:37.692063  3685 raft_consensus.cc:2468] T 15cdcb1aa7054a0e81d441afd580f773 P f1d3bde0c9cf4d919f662a5013679d5a [term 0 FOLLOWER]: Leader pre-election vote request: Granting yes vote for candidate c3ba2802eb0d4f59b5229d3293587b3e in term 0.
I20260709 13:11:37.673451  3728 raft_consensus.cc:359] T 1369622bee134718863150f8e1179ca5 P c3ba2802eb0d4f59b5229d3293587b3e [term 0 FOLLOWER]: Replica starting. Triggering 0 pending ops. Active config: opid_index: -1 OBSOLETE_local: false peers { permanent_uuid: "c3ba2802eb0d4f59b5229d3293587b3e" member_type: VOTER last_known_addr { host: "127.2.94.65" port: 43301 } } peers { permanent_uuid: "5f9acf62a21e45daac38f9673a4fe080" member_type: VOTER last_known_addr { host: "127.2.94.66" port: 46511 } } peers { permanent_uuid: "f1d3bde0c9cf4d919f662a5013679d5a" member_type: VOTER last_known_addr { host: "127.2.94.67" port: 35207 } }
I20260709 13:11:37.693534  3728 raft_consensus.cc:385] T 1369622bee134718863150f8e1179ca5 P c3ba2802eb0d4f59b5229d3293587b3e [term 0 FOLLOWER]: Consensus starting up: Expiring failure detector timer to make a prompt election more likely
I20260709 13:11:37.693818  3728 raft_consensus.cc:740] T 1369622bee134718863150f8e1179ca5 P c3ba2802eb0d4f59b5229d3293587b3e [term 0 FOLLOWER]: Becoming Follower/Learner. State: Replica: c3ba2802eb0d4f59b5229d3293587b3e, State: Initialized, Role: FOLLOWER
I20260709 13:11:37.694931  3502 leader_election.cc:304] T 15cdcb1aa7054a0e81d441afd580f773 P c3ba2802eb0d4f59b5229d3293587b3e [CANDIDATE]: Term 1 pre-election: Election decided. Result: candidate won. Election summary: received 2 responses out of 3 voters: 2 yes votes; 0 no votes. yes voters: c3ba2802eb0d4f59b5229d3293587b3e, f1d3bde0c9cf4d919f662a5013679d5a; no voters: 
I20260709 13:11:37.695103  3729 tablet_bootstrap.cc:654] T 2b1910df63db47158007913cbe18f6c8 P 5f9acf62a21e45daac38f9673a4fe080: Neither blocks nor log segments found. Creating new log.
I20260709 13:11:37.694701  3728 consensus_queue.cc:260] T 1369622bee134718863150f8e1179ca5 P c3ba2802eb0d4f59b5229d3293587b3e [NON_LEADER]: Queue going to NON_LEADER mode. State: All replicated index: 0, Majority replicated index: 0, Committed index: 0, Last appended: 0.0, Last appended by leader: 0, Current term: 0, Majority size: -1, State: 0, Mode: NON_LEADER, active raft config: opid_index: -1 OBSOLETE_local: false peers { permanent_uuid: "c3ba2802eb0d4f59b5229d3293587b3e" member_type: VOTER last_known_addr { host: "127.2.94.65" port: 43301 } } peers { permanent_uuid: "5f9acf62a21e45daac38f9673a4fe080" member_type: VOTER last_known_addr { host: "127.2.94.66" port: 46511 } } peers { permanent_uuid: "f1d3bde0c9cf4d919f662a5013679d5a" member_type: VOTER last_known_addr { host: "127.2.94.67" port: 35207 } }
I20260709 13:11:37.697484  3781 raft_consensus.cc:2804] T 15cdcb1aa7054a0e81d441afd580f773 P c3ba2802eb0d4f59b5229d3293587b3e [term 0 FOLLOWER]: Leader pre-election won for term 1
I20260709 13:11:37.697855  3781 raft_consensus.cc:493] T 15cdcb1aa7054a0e81d441afd580f773 P c3ba2802eb0d4f59b5229d3293587b3e [term 0 FOLLOWER]: Starting leader election (no leader contacted us within the election timeout)
I20260709 13:11:37.698164  3781 raft_consensus.cc:3060] T 15cdcb1aa7054a0e81d441afd580f773 P c3ba2802eb0d4f59b5229d3293587b3e [term 0 FOLLOWER]: Advancing to term 1
I20260709 13:11:37.698658  3728 ts_tablet_manager.cc:1434] T 1369622bee134718863150f8e1179ca5 P c3ba2802eb0d4f59b5229d3293587b3e: Time spent starting tablet: real 0.028s	user 0.006s	sys 0.000s
I20260709 13:11:37.699851  3728 tablet_bootstrap.cc:492] T 8b05d75de2634cffb848d835b2646913 P c3ba2802eb0d4f59b5229d3293587b3e: Bootstrap starting.
I20260709 13:11:37.703403  3798 consensus_queue.cc:1048] T 8828842d176e4972b464e49c8dd11625 P f1d3bde0c9cf4d919f662a5013679d5a [LEADER]: Connected to new peer: Peer: permanent_uuid: "5f9acf62a21e45daac38f9673a4fe080" member_type: VOTER last_known_addr { host: "127.2.94.66" port: 46511 }, Status: LMP_MISMATCH, Last received: 0.0, Next index: 1, Last known committed idx: 0, Time since last communication: 0.000s
I20260709 13:11:37.704221  3781 raft_consensus.cc:515] T 15cdcb1aa7054a0e81d441afd580f773 P c3ba2802eb0d4f59b5229d3293587b3e [term 1 FOLLOWER]: Starting leader election with config: opid_index: -1 OBSOLETE_local: false peers { permanent_uuid: "c3ba2802eb0d4f59b5229d3293587b3e" member_type: VOTER last_known_addr { host: "127.2.94.65" port: 43301 } } peers { permanent_uuid: "5f9acf62a21e45daac38f9673a4fe080" member_type: VOTER last_known_addr { host: "127.2.94.66" port: 46511 } } peers { permanent_uuid: "f1d3bde0c9cf4d919f662a5013679d5a" member_type: VOTER last_known_addr { host: "127.2.94.67" port: 35207 } }
W20260709 13:11:37.706818  3502 leader_election.cc:343] T 15cdcb1aa7054a0e81d441afd580f773 P c3ba2802eb0d4f59b5229d3293587b3e [CANDIDATE]: Term 1 pre-election: Tablet error from VoteRequest() call to peer 5f9acf62a21e45daac38f9673a4fe080 (127.2.94.66:46511): Illegal state: must be running to vote when last-logged opid is not known
I20260709 13:11:37.708083  3728 tablet_bootstrap.cc:654] T 8b05d75de2634cffb848d835b2646913 P c3ba2802eb0d4f59b5229d3293587b3e: Neither blocks nor log segments found. Creating new log.
I20260709 13:11:37.704658  3727 tablet_bootstrap.cc:654] T 7cd58382619145f7ae3df8e4c2eb9a8c P f1d3bde0c9cf4d919f662a5013679d5a: Neither blocks nor log segments found. Creating new log.
I20260709 13:11:37.709053  3608 tablet_service.cc:1917] Received RequestConsensusVote() RPC: tablet_id: "15cdcb1aa7054a0e81d441afd580f773" candidate_uuid: "c3ba2802eb0d4f59b5229d3293587b3e" candidate_term: 1 candidate_status { last_received { term: 0 index: 0 } } ignore_live_leader: false dest_uuid: "5f9acf62a21e45daac38f9673a4fe080"
I20260709 13:11:37.712183  3685 tablet_service.cc:1917] Received RequestConsensusVote() RPC: tablet_id: "15cdcb1aa7054a0e81d441afd580f773" candidate_uuid: "c3ba2802eb0d4f59b5229d3293587b3e" candidate_term: 1 candidate_status { last_received { term: 0 index: 0 } } ignore_live_leader: false dest_uuid: "f1d3bde0c9cf4d919f662a5013679d5a"
I20260709 13:11:37.712754  3685 raft_consensus.cc:3060] T 15cdcb1aa7054a0e81d441afd580f773 P f1d3bde0c9cf4d919f662a5013679d5a [term 0 FOLLOWER]: Advancing to term 1
I20260709 13:11:37.719393  3685 raft_consensus.cc:2468] T 15cdcb1aa7054a0e81d441afd580f773 P f1d3bde0c9cf4d919f662a5013679d5a [term 1 FOLLOWER]: Leader election vote request: Granting yes vote for candidate c3ba2802eb0d4f59b5229d3293587b3e in term 1.
I20260709 13:11:37.721679  3728 tablet_bootstrap.cc:492] T 8b05d75de2634cffb848d835b2646913 P c3ba2802eb0d4f59b5229d3293587b3e: No bootstrap required, opened a new log
I20260709 13:11:37.722199  3728 ts_tablet_manager.cc:1403] T 8b05d75de2634cffb848d835b2646913 P c3ba2802eb0d4f59b5229d3293587b3e: Time spent bootstrapping tablet: real 0.023s	user 0.011s	sys 0.000s
I20260709 13:11:37.723598  3998 raft_consensus.cc:493] T 6711b4903d3b473382a2bbcee67cfce4 P 5f9acf62a21e45daac38f9673a4fe080 [term 0 FOLLOWER]: Starting pre-election (no leader contacted us within the election timeout)
I20260709 13:11:37.725639  3998 raft_consensus.cc:515] T 6711b4903d3b473382a2bbcee67cfce4 P 5f9acf62a21e45daac38f9673a4fe080 [term 0 FOLLOWER]: Starting pre-election with config: opid_index: -1 OBSOLETE_local: false peers { permanent_uuid: "c3ba2802eb0d4f59b5229d3293587b3e" member_type: VOTER last_known_addr { host: "127.2.94.65" port: 43301 } } peers { permanent_uuid: "5f9acf62a21e45daac38f9673a4fe080" member_type: VOTER last_known_addr { host: "127.2.94.66" port: 46511 } } peers { permanent_uuid: "f1d3bde0c9cf4d919f662a5013679d5a" member_type: VOTER last_known_addr { host: "127.2.94.67" port: 35207 } }
I20260709 13:11:37.726356  3863 consensus_queue.cc:1048] T 8828842d176e4972b464e49c8dd11625 P f1d3bde0c9cf4d919f662a5013679d5a [LEADER]: Connected to new peer: Peer: permanent_uuid: "c3ba2802eb0d4f59b5229d3293587b3e" member_type: VOTER last_known_addr { host: "127.2.94.65" port: 43301 }, Status: LMP_MISMATCH, Last received: 0.0, Next index: 1, Last known committed idx: 0, Time since last communication: 0.000s
I20260709 13:11:37.726938  3729 tablet_bootstrap.cc:492] T 2b1910df63db47158007913cbe18f6c8 P 5f9acf62a21e45daac38f9673a4fe080: No bootstrap required, opened a new log
I20260709 13:11:37.727427  3729 ts_tablet_manager.cc:1403] T 2b1910df63db47158007913cbe18f6c8 P 5f9acf62a21e45daac38f9673a4fe080: Time spent bootstrapping tablet: real 0.043s	user 0.023s	sys 0.005s
I20260709 13:11:37.727715  3998 leader_election.cc:290] T 6711b4903d3b473382a2bbcee67cfce4 P 5f9acf62a21e45daac38f9673a4fe080 [CANDIDATE]: Term 1 pre-election: Requested pre-vote from peers c3ba2802eb0d4f59b5229d3293587b3e (127.2.94.65:43301), f1d3bde0c9cf4d919f662a5013679d5a (127.2.94.67:35207)
I20260709 13:11:37.725153  3727 tablet_bootstrap.cc:492] T 7cd58382619145f7ae3df8e4c2eb9a8c P f1d3bde0c9cf4d919f662a5013679d5a: No bootstrap required, opened a new log
I20260709 13:11:37.728863  3727 ts_tablet_manager.cc:1403] T 7cd58382619145f7ae3df8e4c2eb9a8c P f1d3bde0c9cf4d919f662a5013679d5a: Time spent bootstrapping tablet: real 0.051s	user 0.006s	sys 0.006s
I20260709 13:11:37.730759  3729 raft_consensus.cc:359] T 2b1910df63db47158007913cbe18f6c8 P 5f9acf62a21e45daac38f9673a4fe080 [term 0 FOLLOWER]: Replica starting. Triggering 0 pending ops. Active config: opid_index: -1 OBSOLETE_local: false peers { permanent_uuid: "c3ba2802eb0d4f59b5229d3293587b3e" member_type: VOTER last_known_addr { host: "127.2.94.65" port: 43301 } } peers { permanent_uuid: "5f9acf62a21e45daac38f9673a4fe080" member_type: VOTER last_known_addr { host: "127.2.94.66" port: 46511 } } peers { permanent_uuid: "f1d3bde0c9cf4d919f662a5013679d5a" member_type: VOTER last_known_addr { host: "127.2.94.67" port: 35207 } }
I20260709 13:11:37.731458  3729 raft_consensus.cc:385] T 2b1910df63db47158007913cbe18f6c8 P 5f9acf62a21e45daac38f9673a4fe080 [term 0 FOLLOWER]: Consensus starting up: Expiring failure detector timer to make a prompt election more likely
I20260709 13:11:37.731776  3729 raft_consensus.cc:740] T 2b1910df63db47158007913cbe18f6c8 P 5f9acf62a21e45daac38f9673a4fe080 [term 0 FOLLOWER]: Becoming Follower/Learner. State: Replica: 5f9acf62a21e45daac38f9673a4fe080, State: Initialized, Role: FOLLOWER
I20260709 13:11:37.732250  3727 raft_consensus.cc:359] T 7cd58382619145f7ae3df8e4c2eb9a8c P f1d3bde0c9cf4d919f662a5013679d5a [term 0 FOLLOWER]: Replica starting. Triggering 0 pending ops. Active config: opid_index: -1 OBSOLETE_local: false peers { permanent_uuid: "c3ba2802eb0d4f59b5229d3293587b3e" member_type: VOTER last_known_addr { host: "127.2.94.65" port: 43301 } } peers { permanent_uuid: "5f9acf62a21e45daac38f9673a4fe080" member_type: VOTER last_known_addr { host: "127.2.94.66" port: 46511 } } peers { permanent_uuid: "f1d3bde0c9cf4d919f662a5013679d5a" member_type: VOTER last_known_addr { host: "127.2.94.67" port: 35207 } }
I20260709 13:11:37.732878  3727 raft_consensus.cc:385] T 7cd58382619145f7ae3df8e4c2eb9a8c P f1d3bde0c9cf4d919f662a5013679d5a [term 0 FOLLOWER]: Consensus starting up: Expiring failure detector timer to make a prompt election more likely
I20260709 13:11:37.732539  3729 consensus_queue.cc:260] T 2b1910df63db47158007913cbe18f6c8 P 5f9acf62a21e45daac38f9673a4fe080 [NON_LEADER]: Queue going to NON_LEADER mode. State: All replicated index: 0, Majority replicated index: 0, Committed index: 0, Last appended: 0.0, Last appended by leader: 0, Current term: 0, Majority size: -1, State: 0, Mode: NON_LEADER, active raft config: opid_index: -1 OBSOLETE_local: false peers { permanent_uuid: "c3ba2802eb0d4f59b5229d3293587b3e" member_type: VOTER last_known_addr { host: "127.2.94.65" port: 43301 } } peers { permanent_uuid: "5f9acf62a21e45daac38f9673a4fe080" member_type: VOTER last_known_addr { host: "127.2.94.66" port: 46511 } } peers { permanent_uuid: "f1d3bde0c9cf4d919f662a5013679d5a" member_type: VOTER last_known_addr { host: "127.2.94.67" port: 35207 } }
I20260709 13:11:37.733152  3727 raft_consensus.cc:740] T 7cd58382619145f7ae3df8e4c2eb9a8c P f1d3bde0c9cf4d919f662a5013679d5a [term 0 FOLLOWER]: Becoming Follower/Learner. State: Replica: f1d3bde0c9cf4d919f662a5013679d5a, State: Initialized, Role: FOLLOWER
I20260709 13:11:37.733762  3727 consensus_queue.cc:260] T 7cd58382619145f7ae3df8e4c2eb9a8c P f1d3bde0c9cf4d919f662a5013679d5a [NON_LEADER]: Queue going to NON_LEADER mode. State: All replicated index: 0, Majority replicated index: 0, Committed index: 0, Last appended: 0.0, Last appended by leader: 0, Current term: 0, Majority size: -1, State: 0, Mode: NON_LEADER, active raft config: opid_index: -1 OBSOLETE_local: false peers { permanent_uuid: "c3ba2802eb0d4f59b5229d3293587b3e" member_type: VOTER last_known_addr { host: "127.2.94.65" port: 43301 } } peers { permanent_uuid: "5f9acf62a21e45daac38f9673a4fe080" member_type: VOTER last_known_addr { host: "127.2.94.66" port: 46511 } } peers { permanent_uuid: "f1d3bde0c9cf4d919f662a5013679d5a" member_type: VOTER last_known_addr { host: "127.2.94.67" port: 35207 } }
I20260709 13:11:37.734091  3608 raft_consensus.cc:3060] T f8dfba05143348978f70f6097a4a8cf9 P 5f9acf62a21e45daac38f9673a4fe080 [term 0 FOLLOWER]: Advancing to term 1
I20260709 13:11:37.734217  3729 ts_tablet_manager.cc:1434] T 2b1910df63db47158007913cbe18f6c8 P 5f9acf62a21e45daac38f9673a4fe080: Time spent starting tablet: real 0.006s	user 0.005s	sys 0.000s
I20260709 13:11:37.735294  3729 tablet_bootstrap.cc:492] T 28c2b9135f5e44cdb9df18e9d68f1a7b P 5f9acf62a21e45daac38f9673a4fe080: Bootstrap starting.
I20260709 13:11:37.735405  3682 tablet_service.cc:1917] Received RequestConsensusVote() RPC: tablet_id: "6711b4903d3b473382a2bbcee67cfce4" candidate_uuid: "5f9acf62a21e45daac38f9673a4fe080" candidate_term: 1 candidate_status { last_received { term: 0 index: 0 } } ignore_live_leader: false dest_uuid: "f1d3bde0c9cf4d919f662a5013679d5a" is_pre_election: true
I20260709 13:11:37.741390  3729 tablet_bootstrap.cc:654] T 28c2b9135f5e44cdb9df18e9d68f1a7b P 5f9acf62a21e45daac38f9673a4fe080: Neither blocks nor log segments found. Creating new log.
I20260709 13:11:37.742271  3782 raft_consensus.cc:493] T 9cf82b9579b84e10921ee62ef72d2244 P c3ba2802eb0d4f59b5229d3293587b3e [term 0 FOLLOWER]: Starting pre-election (no leader contacted us within the election timeout)
I20260709 13:11:37.742782  3782 raft_consensus.cc:515] T 9cf82b9579b84e10921ee62ef72d2244 P c3ba2802eb0d4f59b5229d3293587b3e [term 0 FOLLOWER]: Starting pre-election with config: opid_index: -1 OBSOLETE_local: false peers { permanent_uuid: "c3ba2802eb0d4f59b5229d3293587b3e" member_type: VOTER last_known_addr { host: "127.2.94.65" port: 43301 } } peers { permanent_uuid: "5f9acf62a21e45daac38f9673a4fe080" member_type: VOTER last_known_addr { host: "127.2.94.66" port: 46511 } } peers { permanent_uuid: "f1d3bde0c9cf4d919f662a5013679d5a" member_type: VOTER last_known_addr { host: "127.2.94.67" port: 35207 } }
I20260709 13:11:37.744746  3782 leader_election.cc:290] T 9cf82b9579b84e10921ee62ef72d2244 P c3ba2802eb0d4f59b5229d3293587b3e [CANDIDATE]: Term 1 pre-election: Requested pre-vote from peers 5f9acf62a21e45daac38f9673a4fe080 (127.2.94.66:46511), f1d3bde0c9cf4d919f662a5013679d5a (127.2.94.67:35207)
I20260709 13:11:37.746686  3863 consensus_queue.cc:1048] T f8dfba05143348978f70f6097a4a8cf9 P f1d3bde0c9cf4d919f662a5013679d5a [LEADER]: Connected to new peer: Peer: permanent_uuid: "5f9acf62a21e45daac38f9673a4fe080" member_type: VOTER last_known_addr { host: "127.2.94.66" port: 46511 }, Status: LMP_MISMATCH, Last received: 0.0, Next index: 1, Last known committed idx: 0, Time since last communication: 0.000s
I20260709 13:11:37.748117  3728 raft_consensus.cc:359] T 8b05d75de2634cffb848d835b2646913 P c3ba2802eb0d4f59b5229d3293587b3e [term 0 FOLLOWER]: Replica starting. Triggering 0 pending ops. Active config: opid_index: -1 OBSOLETE_local: false peers { permanent_uuid: "c3ba2802eb0d4f59b5229d3293587b3e" member_type: VOTER last_known_addr { host: "127.2.94.65" port: 43301 } } peers { permanent_uuid: "5f9acf62a21e45daac38f9673a4fe080" member_type: VOTER last_known_addr { host: "127.2.94.66" port: 46511 } } peers { permanent_uuid: "f1d3bde0c9cf4d919f662a5013679d5a" member_type: VOTER last_known_addr { host: "127.2.94.67" port: 35207 } }
I20260709 13:11:37.748811  3728 raft_consensus.cc:385] T 8b05d75de2634cffb848d835b2646913 P c3ba2802eb0d4f59b5229d3293587b3e [term 0 FOLLOWER]: Consensus starting up: Expiring failure detector timer to make a prompt election more likely
I20260709 13:11:37.722039  3502 leader_election.cc:304] T 15cdcb1aa7054a0e81d441afd580f773 P c3ba2802eb0d4f59b5229d3293587b3e [CANDIDATE]: Term 1 election: Election decided. Result: candidate won. Election summary: received 2 responses out of 3 voters: 2 yes votes; 0 no votes. yes voters: c3ba2802eb0d4f59b5229d3293587b3e, f1d3bde0c9cf4d919f662a5013679d5a; no voters: 
I20260709 13:11:37.749512  3782 raft_consensus.cc:2804] T 15cdcb1aa7054a0e81d441afd580f773 P c3ba2802eb0d4f59b5229d3293587b3e [term 1 FOLLOWER]: Leader election won for term 1
W20260709 13:11:37.749600  3502 leader_election.cc:343] T 15cdcb1aa7054a0e81d441afd580f773 P c3ba2802eb0d4f59b5229d3293587b3e [CANDIDATE]: Term 1 election: Tablet error from VoteRequest() call to peer 5f9acf62a21e45daac38f9673a4fe080 (127.2.94.66:46511): Illegal state: must be running to vote when last-logged opid is not known
I20260709 13:11:37.750034  3782 raft_consensus.cc:697] T 15cdcb1aa7054a0e81d441afd580f773 P c3ba2802eb0d4f59b5229d3293587b3e [term 1 LEADER]: Becoming Leader. State: Replica: c3ba2802eb0d4f59b5229d3293587b3e, State: Running, Role: LEADER
I20260709 13:11:37.750906  3782 consensus_queue.cc:237] T 15cdcb1aa7054a0e81d441afd580f773 P c3ba2802eb0d4f59b5229d3293587b3e [LEADER]: Queue going to LEADER mode. State: All replicated index: 0, Majority replicated index: 0, Committed index: 0, Last appended: 0.0, Last appended by leader: 0, Current term: 1, Majority size: 2, State: 0, Mode: LEADER, active raft config: opid_index: -1 OBSOLETE_local: false peers { permanent_uuid: "c3ba2802eb0d4f59b5229d3293587b3e" member_type: VOTER last_known_addr { host: "127.2.94.65" port: 43301 } } peers { permanent_uuid: "5f9acf62a21e45daac38f9673a4fe080" member_type: VOTER last_known_addr { host: "127.2.94.66" port: 46511 } } peers { permanent_uuid: "f1d3bde0c9cf4d919f662a5013679d5a" member_type: VOTER last_known_addr { host: "127.2.94.67" port: 35207 } }
I20260709 13:11:37.753259  3729 tablet_bootstrap.cc:492] T 28c2b9135f5e44cdb9df18e9d68f1a7b P 5f9acf62a21e45daac38f9673a4fe080: No bootstrap required, opened a new log
I20260709 13:11:37.753752  3729 ts_tablet_manager.cc:1403] T 28c2b9135f5e44cdb9df18e9d68f1a7b P 5f9acf62a21e45daac38f9673a4fe080: Time spent bootstrapping tablet: real 0.019s	user 0.008s	sys 0.008s
I20260709 13:11:37.759176  3728 raft_consensus.cc:740] T 8b05d75de2634cffb848d835b2646913 P c3ba2802eb0d4f59b5229d3293587b3e [term 0 FOLLOWER]: Becoming Follower/Learner. State: Replica: c3ba2802eb0d4f59b5229d3293587b3e, State: Initialized, Role: FOLLOWER
I20260709 13:11:37.760622  3727 ts_tablet_manager.cc:1434] T 7cd58382619145f7ae3df8e4c2eb9a8c P f1d3bde0c9cf4d919f662a5013679d5a: Time spent starting tablet: real 0.031s	user 0.006s	sys 0.001s
I20260709 13:11:37.761566  3727 tablet_bootstrap.cc:492] T 531c77e0085f41448cf86ffb7e837bdf P f1d3bde0c9cf4d919f662a5013679d5a: Bootstrap starting.
I20260709 13:11:37.706069  3781 leader_election.cc:290] T 15cdcb1aa7054a0e81d441afd580f773 P c3ba2802eb0d4f59b5229d3293587b3e [CANDIDATE]: Term 1 election: Requested vote from peers 5f9acf62a21e45daac38f9673a4fe080 (127.2.94.66:46511), f1d3bde0c9cf4d919f662a5013679d5a (127.2.94.67:35207)
I20260709 13:11:37.762511  3729 raft_consensus.cc:359] T 28c2b9135f5e44cdb9df18e9d68f1a7b P 5f9acf62a21e45daac38f9673a4fe080 [term 0 FOLLOWER]: Replica starting. Triggering 0 pending ops. Active config: opid_index: -1 OBSOLETE_local: false peers { permanent_uuid: "c3ba2802eb0d4f59b5229d3293587b3e" member_type: VOTER last_known_addr { host: "127.2.94.65" port: 43301 } } peers { permanent_uuid: "5f9acf62a21e45daac38f9673a4fe080" member_type: VOTER last_known_addr { host: "127.2.94.66" port: 46511 } } peers { permanent_uuid: "f1d3bde0c9cf4d919f662a5013679d5a" member_type: VOTER last_known_addr { host: "127.2.94.67" port: 35207 } }
I20260709 13:11:37.763242  3729 raft_consensus.cc:385] T 28c2b9135f5e44cdb9df18e9d68f1a7b P 5f9acf62a21e45daac38f9673a4fe080 [term 0 FOLLOWER]: Consensus starting up: Expiring failure detector timer to make a prompt election more likely
I20260709 13:11:37.763355  3607 tablet_service.cc:1917] Received RequestConsensusVote() RPC: tablet_id: "9cf82b9579b84e10921ee62ef72d2244" candidate_uuid: "c3ba2802eb0d4f59b5229d3293587b3e" candidate_term: 1 candidate_status { last_received { term: 0 index: 0 } } ignore_live_leader: false dest_uuid: "5f9acf62a21e45daac38f9673a4fe080" is_pre_election: true
I20260709 13:11:37.763594  3729 raft_consensus.cc:740] T 28c2b9135f5e44cdb9df18e9d68f1a7b P 5f9acf62a21e45daac38f9673a4fe080 [term 0 FOLLOWER]: Becoming Follower/Learner. State: Replica: 5f9acf62a21e45daac38f9673a4fe080, State: Initialized, Role: FOLLOWER
I20260709 13:11:37.764410  3729 consensus_queue.cc:260] T 28c2b9135f5e44cdb9df18e9d68f1a7b P 5f9acf62a21e45daac38f9673a4fe080 [NON_LEADER]: Queue going to NON_LEADER mode. State: All replicated index: 0, Majority replicated index: 0, Committed index: 0, Last appended: 0.0, Last appended by leader: 0, Current term: 0, Majority size: -1, State: 0, Mode: NON_LEADER, active raft config: opid_index: -1 OBSOLETE_local: false peers { permanent_uuid: "c3ba2802eb0d4f59b5229d3293587b3e" member_type: VOTER last_known_addr { host: "127.2.94.65" port: 43301 } } peers { permanent_uuid: "5f9acf62a21e45daac38f9673a4fe080" member_type: VOTER last_known_addr { host: "127.2.94.66" port: 46511 } } peers { permanent_uuid: "f1d3bde0c9cf4d919f662a5013679d5a" member_type: VOTER last_known_addr { host: "127.2.94.67" port: 35207 } }
I20260709 13:11:37.765758  3536 tablet_service.cc:1917] Received RequestConsensusVote() RPC: tablet_id: "6711b4903d3b473382a2bbcee67cfce4" candidate_uuid: "5f9acf62a21e45daac38f9673a4fe080" candidate_term: 1 candidate_status { last_received { term: 0 index: 0 } } ignore_live_leader: false dest_uuid: "c3ba2802eb0d4f59b5229d3293587b3e" is_pre_election: true
I20260709 13:11:37.766717  3729 ts_tablet_manager.cc:1434] T 28c2b9135f5e44cdb9df18e9d68f1a7b P 5f9acf62a21e45daac38f9673a4fe080: Time spent starting tablet: real 0.013s	user 0.003s	sys 0.003s
I20260709 13:11:37.767071  3682 tablet_service.cc:1917] Received RequestConsensusVote() RPC: tablet_id: "9cf82b9579b84e10921ee62ef72d2244" candidate_uuid: "c3ba2802eb0d4f59b5229d3293587b3e" candidate_term: 1 candidate_status { last_received { term: 0 index: 0 } } ignore_live_leader: false dest_uuid: "f1d3bde0c9cf4d919f662a5013679d5a" is_pre_election: true
I20260709 13:11:37.766877  3728 consensus_queue.cc:260] T 8b05d75de2634cffb848d835b2646913 P c3ba2802eb0d4f59b5229d3293587b3e [NON_LEADER]: Queue going to NON_LEADER mode. State: All replicated index: 0, Majority replicated index: 0, Committed index: 0, Last appended: 0.0, Last appended by leader: 0, Current term: 0, Majority size: -1, State: 0, Mode: NON_LEADER, active raft config: opid_index: -1 OBSOLETE_local: false peers { permanent_uuid: "c3ba2802eb0d4f59b5229d3293587b3e" member_type: VOTER last_known_addr { host: "127.2.94.65" port: 43301 } } peers { permanent_uuid: "5f9acf62a21e45daac38f9673a4fe080" member_type: VOTER last_known_addr { host: "127.2.94.66" port: 46511 } } peers { permanent_uuid: "f1d3bde0c9cf4d919f662a5013679d5a" member_type: VOTER last_known_addr { host: "127.2.94.67" port: 35207 } }
I20260709 13:11:37.767799  3729 tablet_bootstrap.cc:492] T 3645dc6bc24c46638d5912652042a074 P 5f9acf62a21e45daac38f9673a4fe080: Bootstrap starting.
