I20260709 13:11:33.665480  5425 raft_consensus.cc:515] T f10c2beb64214f71b3d53953a65dad07 P 5040220263b44311bbc7ae40bb532422 [term 0 FOLLOWER]: Starting pre-election with config: opid_index: -1 OBSOLETE_local: false peers { permanent_uuid: "02dbc228b4554c74b720118571a00746" member_type: VOTER last_known_addr { host: "127.4.6.129" port: 33261 } } peers { permanent_uuid: "304a379f0d3c49388d1613a90ec3c7f2" member_type: VOTER last_known_addr { host: "127.4.6.130" port: 40833 } } peers { permanent_uuid: "5040220263b44311bbc7ae40bb532422" member_type: VOTER last_known_addr { host: "127.4.6.131" port: 43231 } }
I20260709 13:11:33.666447  5229 tablet_service.cc:1917] Received RequestConsensusVote() RPC: tablet_id: "bd7f76ae85ed4376ae777809fb53509a" candidate_uuid: "304a379f0d3c49388d1613a90ec3c7f2" candidate_term: 1 candidate_status { last_received { term: 0 index: 0 } } ignore_live_leader: false dest_uuid: "02dbc228b4554c74b720118571a00746" is_pre_election: true
I20260709 13:11:33.667472  5425 leader_election.cc:290] T f10c2beb64214f71b3d53953a65dad07 P 5040220263b44311bbc7ae40bb532422 [CANDIDATE]: Term 1 pre-election: Requested pre-vote from peers 02dbc228b4554c74b720118571a00746 (127.4.6.129:33261), 304a379f0d3c49388d1613a90ec3c7f2 (127.4.6.130:40833)
I20260709 13:11:33.668200  5419 tablet_bootstrap.cc:492] T 4f8ada76ec8747a9b72256830c922121 P 304a379f0d3c49388d1613a90ec3c7f2: Bootstrap starting.
I20260709 13:11:33.668779  5229 tablet_service.cc:1917] Received RequestConsensusVote() RPC: tablet_id: "f10c2beb64214f71b3d53953a65dad07" candidate_uuid: "5040220263b44311bbc7ae40bb532422" candidate_term: 1 candidate_status { last_received { term: 0 index: 0 } } ignore_live_leader: false dest_uuid: "02dbc228b4554c74b720118571a00746" is_pre_election: true
I20260709 13:11:33.669495  5610 leader_election.cc:290] T 4f8ada76ec8747a9b72256830c922121 P 5040220263b44311bbc7ae40bb532422 [CANDIDATE]: Term 1 election: Requested vote from peers 02dbc228b4554c74b720118571a00746 (127.4.6.129:33261), 304a379f0d3c49388d1613a90ec3c7f2 (127.4.6.130:40833)
I20260709 13:11:33.670084  5226 tablet_service.cc:1917] Received RequestConsensusVote() RPC: tablet_id: "dc485c551789490c8e063eb0ecac7a52" candidate_uuid: "304a379f0d3c49388d1613a90ec3c7f2" candidate_term: 1 candidate_status { last_received { term: 0 index: 0 } } ignore_live_leader: false dest_uuid: "02dbc228b4554c74b720118571a00746" is_pre_election: true
I20260709 13:11:33.670140  5566 raft_consensus.cc:515] T e54f371e03104d11a13923e3f1f0e1d9 P 304a379f0d3c49388d1613a90ec3c7f2 [term 1 FOLLOWER]: Starting leader election with config: opid_index: -1 OBSOLETE_local: false peers { permanent_uuid: "02dbc228b4554c74b720118571a00746" member_type: VOTER last_known_addr { host: "127.4.6.129" port: 33261 } } peers { permanent_uuid: "304a379f0d3c49388d1613a90ec3c7f2" member_type: VOTER last_known_addr { host: "127.4.6.130" port: 40833 } } peers { permanent_uuid: "5040220263b44311bbc7ae40bb532422" member_type: VOTER last_known_addr { host: "127.4.6.131" port: 43231 } }
I20260709 13:11:33.670796  5229 tablet_service.cc:1917] Received RequestConsensusVote() RPC: tablet_id: "4f8ada76ec8747a9b72256830c922121" candidate_uuid: "5040220263b44311bbc7ae40bb532422" candidate_term: 1 candidate_status { last_received { term: 0 index: 0 } } ignore_live_leader: false dest_uuid: "02dbc228b4554c74b720118571a00746"
I20260709 13:11:33.671329  5229 raft_consensus.cc:3060] T 4f8ada76ec8747a9b72256830c922121 P 02dbc228b4554c74b720118571a00746 [term 0 FOLLOWER]: Advancing to term 1
I20260709 13:11:33.672354  5566 leader_election.cc:290] T e54f371e03104d11a13923e3f1f0e1d9 P 304a379f0d3c49388d1613a90ec3c7f2 [CANDIDATE]: Term 1 election: Requested vote from peers 02dbc228b4554c74b720118571a00746 (127.4.6.129:33261), 5040220263b44311bbc7ae40bb532422 (127.4.6.131:43231)
I20260709 13:11:33.673126  5304 tablet_service.cc:1917] Received RequestConsensusVote() RPC: tablet_id: "4f8ada76ec8747a9b72256830c922121" candidate_uuid: "5040220263b44311bbc7ae40bb532422" candidate_term: 1 candidate_status { last_received { term: 0 index: 0 } } ignore_live_leader: false dest_uuid: "304a379f0d3c49388d1613a90ec3c7f2" is_pre_election: true
I20260709 13:11:33.674777  5299 tablet_service.cc:1917] Received RequestConsensusVote() RPC: tablet_id: "8f079485e4734768801fa891953f2c2f" candidate_uuid: "5040220263b44311bbc7ae40bb532422" candidate_term: 1 candidate_status { last_received { term: 0 index: 0 } } ignore_live_leader: false dest_uuid: "304a379f0d3c49388d1613a90ec3c7f2" is_pre_election: true
W20260709 13:11:33.678390  5342 leader_election.cc:343] T f10c2beb64214f71b3d53953a65dad07 P 5040220263b44311bbc7ae40bb532422 [CANDIDATE]: Term 1 pre-election: Tablet error from VoteRequest() call to peer 02dbc228b4554c74b720118571a00746 (127.4.6.129:33261): Illegal state: must be running to vote when last-logged opid is not known
I20260709 13:11:33.680202  5229 raft_consensus.cc:2468] T 4f8ada76ec8747a9b72256830c922121 P 02dbc228b4554c74b720118571a00746 [term 1 FOLLOWER]: Leader election vote request: Granting yes vote for candidate 5040220263b44311bbc7ae40bb532422 in term 1.
I20260709 13:11:33.681282  5342 leader_election.cc:304] T 4f8ada76ec8747a9b72256830c922121 P 5040220263b44311bbc7ae40bb532422 [CANDIDATE]: Term 1 election: Election decided. Result: candidate won. Election summary: received 2 responses out of 3 voters: 2 yes votes; 0 no votes. yes voters: 02dbc228b4554c74b720118571a00746, 5040220263b44311bbc7ae40bb532422; no voters: 
I20260709 13:11:33.682030  5610 raft_consensus.cc:2804] T 4f8ada76ec8747a9b72256830c922121 P 5040220263b44311bbc7ae40bb532422 [term 1 FOLLOWER]: Leader election won for term 1
I20260709 13:11:33.682508  5610 raft_consensus.cc:697] T 4f8ada76ec8747a9b72256830c922121 P 5040220263b44311bbc7ae40bb532422 [term 1 LEADER]: Becoming Leader. State: Replica: 5040220263b44311bbc7ae40bb532422, State: Running, Role: LEADER
I20260709 13:11:33.683270  5610 consensus_queue.cc:237] T 4f8ada76ec8747a9b72256830c922121 P 5040220263b44311bbc7ae40bb532422 [LEADER]: Queue going to LEADER mode. State: All replicated index: 0, Majority replicated index: 0, Committed index: 0, Last appended: 0.0, Last appended by leader: 0, Current term: 1, Majority size: 2, State: 0, Mode: LEADER, active raft config: opid_index: -1 OBSOLETE_local: false peers { permanent_uuid: "02dbc228b4554c74b720118571a00746" member_type: VOTER last_known_addr { host: "127.4.6.129" port: 33261 } } peers { permanent_uuid: "304a379f0d3c49388d1613a90ec3c7f2" member_type: VOTER last_known_addr { host: "127.4.6.130" port: 40833 } } peers { permanent_uuid: "5040220263b44311bbc7ae40bb532422" member_type: VOTER last_known_addr { host: "127.4.6.131" port: 43231 } }
I20260709 13:11:33.684332  5421 ts_tablet_manager.cc:1434] T 9abfe2a40b4c4e829f6b8a257206a783 P 5040220263b44311bbc7ae40bb532422: Time spent starting tablet: real 0.029s	user 0.005s	sys 0.001s
I20260709 13:11:33.685765  5299 tablet_service.cc:1917] Received RequestConsensusVote() RPC: tablet_id: "74d564b97c0a4d619d43cc0393aea7fe" candidate_uuid: "02dbc228b4554c74b720118571a00746" candidate_term: 1 candidate_status { last_received { term: 0 index: 0 } } ignore_live_leader: false dest_uuid: "304a379f0d3c49388d1613a90ec3c7f2"
I20260709 13:11:33.686375  5299 raft_consensus.cc:3060] T 74d564b97c0a4d619d43cc0393aea7fe P 304a379f0d3c49388d1613a90ec3c7f2 [term 0 FOLLOWER]: Advancing to term 1
I20260709 13:11:33.685783  5421 tablet_bootstrap.cc:492] T ebf64184f1f6441b914f82737668b9db P 5040220263b44311bbc7ae40bb532422: Bootstrap starting.
I20260709 13:11:33.689890  5566 raft_consensus.cc:493] T 982b1457444f45008b0f95c65d733807 P 304a379f0d3c49388d1613a90ec3c7f2 [term 0 FOLLOWER]: Starting pre-election (no leader contacted us within the election timeout)
I20260709 13:11:33.692365  5566 raft_consensus.cc:515] T 982b1457444f45008b0f95c65d733807 P 304a379f0d3c49388d1613a90ec3c7f2 [term 0 FOLLOWER]: Starting pre-election with config: opid_index: -1 OBSOLETE_local: false peers { permanent_uuid: "02dbc228b4554c74b720118571a00746" member_type: VOTER last_known_addr { host: "127.4.6.129" port: 33261 } } peers { permanent_uuid: "304a379f0d3c49388d1613a90ec3c7f2" member_type: VOTER last_known_addr { host: "127.4.6.130" port: 40833 } } peers { permanent_uuid: "5040220263b44311bbc7ae40bb532422" member_type: VOTER last_known_addr { host: "127.4.6.131" port: 43231 } }
I20260709 13:11:33.693140  5299 raft_consensus.cc:2468] T 74d564b97c0a4d619d43cc0393aea7fe P 304a379f0d3c49388d1613a90ec3c7f2 [term 1 FOLLOWER]: Leader election vote request: Granting yes vote for candidate 02dbc228b4554c74b720118571a00746 in term 1.
I20260709 13:11:33.695379  5374 tablet_service.cc:1917] Received RequestConsensusVote() RPC: tablet_id: "e54f371e03104d11a13923e3f1f0e1d9" candidate_uuid: "304a379f0d3c49388d1613a90ec3c7f2" candidate_term: 1 candidate_status { last_received { term: 0 index: 0 } } ignore_live_leader: false dest_uuid: "5040220263b44311bbc7ae40bb532422"
I20260709 13:11:33.695930  5374 raft_consensus.cc:3060] T e54f371e03104d11a13923e3f1f0e1d9 P 5040220263b44311bbc7ae40bb532422 [term 0 FOLLOWER]: Advancing to term 1
I20260709 13:11:33.698163  5225 tablet_service.cc:1917] Received RequestConsensusVote() RPC: tablet_id: "e54f371e03104d11a13923e3f1f0e1d9" candidate_uuid: "304a379f0d3c49388d1613a90ec3c7f2" candidate_term: 1 candidate_status { last_received { term: 0 index: 0 } } ignore_live_leader: false dest_uuid: "02dbc228b4554c74b720118571a00746"
I20260709 13:11:33.703738  5374 raft_consensus.cc:2468] T e54f371e03104d11a13923e3f1f0e1d9 P 5040220263b44311bbc7ae40bb532422 [term 1 FOLLOWER]: Leader election vote request: Granting yes vote for candidate 304a379f0d3c49388d1613a90ec3c7f2 in term 1.
I20260709 13:11:33.707659  5421 tablet_bootstrap.cc:654] T ebf64184f1f6441b914f82737668b9db P 5040220263b44311bbc7ae40bb532422: Neither blocks nor log segments found. Creating new log.
W20260709 13:11:33.710251  5341 leader_election.cc:343] T 4f8ada76ec8747a9b72256830c922121 P 5040220263b44311bbc7ae40bb532422 [CANDIDATE]: Term 1 pre-election: Tablet error from VoteRequest() call to peer 304a379f0d3c49388d1613a90ec3c7f2 (127.4.6.130:40833): Illegal state: must be running to vote when last-logged opid is not known
W20260709 13:11:33.711165  5341 leader_election.cc:343] T 8f079485e4734768801fa891953f2c2f P 5040220263b44311bbc7ae40bb532422 [CANDIDATE]: Term 1 pre-election: Tablet error from VoteRequest() call to peer 304a379f0d3c49388d1613a90ec3c7f2 (127.4.6.130:40833): Illegal state: must be running to vote when last-logged opid is not known
I20260709 13:11:33.711556  5341 leader_election.cc:304] T 8f079485e4734768801fa891953f2c2f P 5040220263b44311bbc7ae40bb532422 [CANDIDATE]: Term 1 pre-election: Election decided. Result: candidate lost. Election summary: received 3 responses out of 3 voters: 1 yes votes; 2 no votes. yes voters: 5040220263b44311bbc7ae40bb532422; no voters: 02dbc228b4554c74b720118571a00746, 304a379f0d3c49388d1613a90ec3c7f2
I20260709 13:11:33.712226  5610 raft_consensus.cc:2749] T 8f079485e4734768801fa891953f2c2f P 5040220263b44311bbc7ae40bb532422 [term 0 FOLLOWER]: Leader pre-election lost for term 1. Reason: could not achieve majority
I20260709 13:11:33.708752  5566 leader_election.cc:290] T 982b1457444f45008b0f95c65d733807 P 304a379f0d3c49388d1613a90ec3c7f2 [CANDIDATE]: Term 1 pre-election: Requested pre-vote from peers 02dbc228b4554c74b720118571a00746 (127.4.6.129:33261), 5040220263b44311bbc7ae40bb532422 (127.4.6.131:43231)
I20260709 13:11:33.715240  5227 tablet_service.cc:1917] Received RequestConsensusVote() RPC: tablet_id: "982b1457444f45008b0f95c65d733807" candidate_uuid: "304a379f0d3c49388d1613a90ec3c7f2" candidate_term: 1 candidate_status { last_received { term: 0 index: 0 } } ignore_live_leader: false dest_uuid: "02dbc228b4554c74b720118571a00746" is_pre_election: true
W20260709 13:11:33.718267  5268 leader_election.cc:343] T e54f371e03104d11a13923e3f1f0e1d9 P 304a379f0d3c49388d1613a90ec3c7f2 [CANDIDATE]: Term 1 pre-election: Tablet error from VoteRequest() call to peer 02dbc228b4554c74b720118571a00746 (127.4.6.129:33261): Illegal state: must be running to vote when last-logged opid is not known
W20260709 13:11:33.719127  5268 leader_election.cc:343] T bd7f76ae85ed4376ae777809fb53509a P 304a379f0d3c49388d1613a90ec3c7f2 [CANDIDATE]: Term 1 pre-election: Tablet error from VoteRequest() call to peer 02dbc228b4554c74b720118571a00746 (127.4.6.129:33261): Illegal state: must be running to vote when last-logged opid is not known
I20260709 13:11:33.719511  5268 leader_election.cc:304] T bd7f76ae85ed4376ae777809fb53509a P 304a379f0d3c49388d1613a90ec3c7f2 [CANDIDATE]: Term 1 pre-election: Election decided. Result: candidate lost. Election summary: received 3 responses out of 3 voters: 1 yes votes; 2 no votes. yes voters: 304a379f0d3c49388d1613a90ec3c7f2; no voters: 02dbc228b4554c74b720118571a00746, 5040220263b44311bbc7ae40bb532422
W20260709 13:11:33.720448  5268 leader_election.cc:343] T dc485c551789490c8e063eb0ecac7a52 P 304a379f0d3c49388d1613a90ec3c7f2 [CANDIDATE]: Term 1 pre-election: Tablet error from VoteRequest() call to peer 02dbc228b4554c74b720118571a00746 (127.4.6.129:33261): Illegal state: must be running to vote when last-logged opid is not known
I20260709 13:11:33.721066  5644 raft_consensus.cc:2749] T bd7f76ae85ed4376ae777809fb53509a P 304a379f0d3c49388d1613a90ec3c7f2 [term 0 FOLLOWER]: Leader pre-election lost for term 1. Reason: could not achieve majority
I20260709 13:11:33.721952  5419 tablet_bootstrap.cc:654] T 4f8ada76ec8747a9b72256830c922121 P 304a379f0d3c49388d1613a90ec3c7f2: Neither blocks nor log segments found. Creating new log.
I20260709 13:11:33.722806  5375 tablet_service.cc:1917] Received RequestConsensusVote() RPC: tablet_id: "982b1457444f45008b0f95c65d733807" candidate_uuid: "304a379f0d3c49388d1613a90ec3c7f2" candidate_term: 1 candidate_status { last_received { term: 0 index: 0 } } ignore_live_leader: false dest_uuid: "5040220263b44311bbc7ae40bb532422" is_pre_election: true
I20260709 13:11:33.723481  5375 raft_consensus.cc:2393] T 982b1457444f45008b0f95c65d733807 P 5040220263b44311bbc7ae40bb532422 [term 1 FOLLOWER]: Leader pre-election vote request: Denying vote to candidate 304a379f0d3c49388d1613a90ec3c7f2 in current term 1: Already voted for candidate 02dbc228b4554c74b720118571a00746 in this term.
I20260709 13:11:33.720803  5268 leader_election.cc:304] T dc485c551789490c8e063eb0ecac7a52 P 304a379f0d3c49388d1613a90ec3c7f2 [CANDIDATE]: Term 1 pre-election: Election decided. Result: candidate lost. Election summary: received 3 responses out of 3 voters: 1 yes votes; 2 no votes. yes voters: 304a379f0d3c49388d1613a90ec3c7f2; no voters: 02dbc228b4554c74b720118571a00746, 5040220263b44311bbc7ae40bb532422
I20260709 13:11:33.727650  5421 tablet_bootstrap.cc:492] T ebf64184f1f6441b914f82737668b9db P 5040220263b44311bbc7ae40bb532422: No bootstrap required, opened a new log
I20260709 13:11:33.728111  5421 ts_tablet_manager.cc:1403] T ebf64184f1f6441b914f82737668b9db P 5040220263b44311bbc7ae40bb532422: Time spent bootstrapping tablet: real 0.043s	user 0.010s	sys 0.004s
I20260709 13:11:33.728066  5644 raft_consensus.cc:2749] T dc485c551789490c8e063eb0ecac7a52 P 304a379f0d3c49388d1613a90ec3c7f2 [term 0 FOLLOWER]: Leader pre-election lost for term 1. Reason: could not achieve majority
I20260709 13:11:33.729200  5418 tablet_bootstrap.cc:492] T 30fc86d0500c4738a56c5a9c8f162df8 P 02dbc228b4554c74b720118571a00746: No bootstrap required, opened a new log
I20260709 13:11:33.729628  5418 ts_tablet_manager.cc:1403] T 30fc86d0500c4738a56c5a9c8f162df8 P 02dbc228b4554c74b720118571a00746: Time spent bootstrapping tablet: real 0.138s	user 0.018s	sys 0.031s
I20260709 13:11:33.731091  5421 raft_consensus.cc:359] T ebf64184f1f6441b914f82737668b9db P 5040220263b44311bbc7ae40bb532422 [term 0 FOLLOWER]: Replica starting. Triggering 0 pending ops. Active config: opid_index: -1 OBSOLETE_local: false peers { permanent_uuid: "02dbc228b4554c74b720118571a00746" member_type: VOTER last_known_addr { host: "127.4.6.129" port: 33261 } } peers { permanent_uuid: "304a379f0d3c49388d1613a90ec3c7f2" member_type: VOTER last_known_addr { host: "127.4.6.130" port: 40833 } } peers { permanent_uuid: "5040220263b44311bbc7ae40bb532422" member_type: VOTER last_known_addr { host: "127.4.6.131" port: 43231 } }
I20260709 13:11:33.731868  5421 raft_consensus.cc:385] T ebf64184f1f6441b914f82737668b9db P 5040220263b44311bbc7ae40bb532422 [term 0 FOLLOWER]: Consensus starting up: Expiring failure detector timer to make a prompt election more likely
I20260709 13:11:33.732194  5421 raft_consensus.cc:740] T ebf64184f1f6441b914f82737668b9db P 5040220263b44311bbc7ae40bb532422 [term 0 FOLLOWER]: Becoming Follower/Learner. State: Replica: 5040220263b44311bbc7ae40bb532422, State: Initialized, Role: FOLLOWER
I20260709 13:11:33.731961  5418 raft_consensus.cc:359] T 30fc86d0500c4738a56c5a9c8f162df8 P 02dbc228b4554c74b720118571a00746 [term 0 FOLLOWER]: Replica starting. Triggering 0 pending ops. Active config: opid_index: -1 OBSOLETE_local: false peers { permanent_uuid: "02dbc228b4554c74b720118571a00746" member_type: VOTER last_known_addr { host: "127.4.6.129" port: 33261 } } peers { permanent_uuid: "304a379f0d3c49388d1613a90ec3c7f2" member_type: VOTER last_known_addr { host: "127.4.6.130" port: 40833 } } peers { permanent_uuid: "5040220263b44311bbc7ae40bb532422" member_type: VOTER last_known_addr { host: "127.4.6.131" port: 43231 } }
I20260709 13:11:33.732774  5418 raft_consensus.cc:385] T 30fc86d0500c4738a56c5a9c8f162df8 P 02dbc228b4554c74b720118571a00746 [term 0 FOLLOWER]: Consensus starting up: Expiring failure detector timer to make a prompt election more likely
I20260709 13:11:33.733178  5418 raft_consensus.cc:740] T 30fc86d0500c4738a56c5a9c8f162df8 P 02dbc228b4554c74b720118571a00746 [term 0 FOLLOWER]: Becoming Follower/Learner. State: Replica: 02dbc228b4554c74b720118571a00746, State: Initialized, Role: FOLLOWER
W20260709 13:11:33.733395  5268 leader_election.cc:343] T e54f371e03104d11a13923e3f1f0e1d9 P 304a379f0d3c49388d1613a90ec3c7f2 [CANDIDATE]: Term 1 election: Tablet error from VoteRequest() call to peer 02dbc228b4554c74b720118571a00746 (127.4.6.129:33261): Illegal state: must be running to vote when last-logged opid is not known
I20260709 13:11:33.733052  5421 consensus_queue.cc:260] T ebf64184f1f6441b914f82737668b9db P 5040220263b44311bbc7ae40bb532422 [NON_LEADER]: Queue going to NON_LEADER mode. State: All replicated index: 0, Majority replicated index: 0, Committed index: 0, Last appended: 0.0, Last appended by leader: 0, Current term: 0, Majority size: -1, State: 0, Mode: NON_LEADER, active raft config: opid_index: -1 OBSOLETE_local: false peers { permanent_uuid: "02dbc228b4554c74b720118571a00746" member_type: VOTER last_known_addr { host: "127.4.6.129" port: 33261 } } peers { permanent_uuid: "304a379f0d3c49388d1613a90ec3c7f2" member_type: VOTER last_known_addr { host: "127.4.6.130" port: 40833 } } peers { permanent_uuid: "5040220263b44311bbc7ae40bb532422" member_type: VOTER last_known_addr { host: "127.4.6.131" port: 43231 } }
I20260709 13:11:33.733877  5418 consensus_queue.cc:260] T 30fc86d0500c4738a56c5a9c8f162df8 P 02dbc228b4554c74b720118571a00746 [NON_LEADER]: Queue going to NON_LEADER mode. State: All replicated index: 0, Majority replicated index: 0, Committed index: 0, Last appended: 0.0, Last appended by leader: 0, Current term: 0, Majority size: -1, State: 0, Mode: NON_LEADER, active raft config: opid_index: -1 OBSOLETE_local: false peers { permanent_uuid: "02dbc228b4554c74b720118571a00746" member_type: VOTER last_known_addr { host: "127.4.6.129" port: 33261 } } peers { permanent_uuid: "304a379f0d3c49388d1613a90ec3c7f2" member_type: VOTER last_known_addr { host: "127.4.6.130" port: 40833 } } peers { permanent_uuid: "5040220263b44311bbc7ae40bb532422" member_type: VOTER last_known_addr { host: "127.4.6.131" port: 43231 } }
I20260709 13:11:33.735560  5421 ts_tablet_manager.cc:1434] T ebf64184f1f6441b914f82737668b9db P 5040220263b44311bbc7ae40bb532422: Time spent starting tablet: real 0.007s	user 0.004s	sys 0.001s
I20260709 13:11:33.736701  5268 leader_election.cc:304] T e54f371e03104d11a13923e3f1f0e1d9 P 304a379f0d3c49388d1613a90ec3c7f2 [CANDIDATE]: Term 1 election: Election decided. Result: candidate won. Election summary: received 3 responses out of 3 voters: 2 yes votes; 1 no votes. yes voters: 304a379f0d3c49388d1613a90ec3c7f2, 5040220263b44311bbc7ae40bb532422; no voters: 02dbc228b4554c74b720118571a00746
I20260709 13:11:33.739112  5458 raft_consensus.cc:2804] T e54f371e03104d11a13923e3f1f0e1d9 P 304a379f0d3c49388d1613a90ec3c7f2 [term 1 FOLLOWER]: Leader election won for term 1
I20260709 13:11:33.739498  5458 raft_consensus.cc:697] T e54f371e03104d11a13923e3f1f0e1d9 P 304a379f0d3c49388d1613a90ec3c7f2 [term 1 LEADER]: Becoming Leader. State: Replica: 304a379f0d3c49388d1613a90ec3c7f2, State: Running, Role: LEADER
I20260709 13:11:33.740163  5458 consensus_queue.cc:237] T e54f371e03104d11a13923e3f1f0e1d9 P 304a379f0d3c49388d1613a90ec3c7f2 [LEADER]: Queue going to LEADER mode. State: All replicated index: 0, Majority replicated index: 0, Committed index: 0, Last appended: 0.0, Last appended by leader: 0, Current term: 1, Majority size: 2, State: 0, Mode: LEADER, active raft config: opid_index: -1 OBSOLETE_local: false peers { permanent_uuid: "02dbc228b4554c74b720118571a00746" member_type: VOTER last_known_addr { host: "127.4.6.129" port: 33261 } } peers { permanent_uuid: "304a379f0d3c49388d1613a90ec3c7f2" member_type: VOTER last_known_addr { host: "127.4.6.130" port: 40833 } } peers { permanent_uuid: "5040220263b44311bbc7ae40bb532422" member_type: VOTER last_known_addr { host: "127.4.6.131" port: 43231 } }
I20260709 13:11:33.744889  5418 ts_tablet_manager.cc:1434] T 30fc86d0500c4738a56c5a9c8f162df8 P 02dbc228b4554c74b720118571a00746: Time spent starting tablet: real 0.015s	user 0.007s	sys 0.000s
I20260709 13:11:33.746459  5421 tablet_bootstrap.cc:492] T d86962b48e8e428ba4f671985e8c275b P 5040220263b44311bbc7ae40bb532422: Bootstrap starting.
I20260709 13:11:33.748453  5304 tablet_service.cc:1917] Received RequestConsensusVote() RPC: tablet_id: "4f8ada76ec8747a9b72256830c922121" candidate_uuid: "5040220263b44311bbc7ae40bb532422" candidate_term: 1 candidate_status { last_received { term: 0 index: 0 } } ignore_live_leader: false dest_uuid: "304a379f0d3c49388d1613a90ec3c7f2"
W20260709 13:11:33.749795  5341 leader_election.cc:343] T 4f8ada76ec8747a9b72256830c922121 P 5040220263b44311bbc7ae40bb532422 [CANDIDATE]: Term 1 election: Tablet error from VoteRequest() call to peer 304a379f0d3c49388d1613a90ec3c7f2 (127.4.6.130:40833): Illegal state: must be running to vote when last-logged opid is not known
I20260709 13:11:33.750824  5566 consensus_queue.cc:1048] T ca6eba1f90b3484fa5ce470f53d51dea P 304a379f0d3c49388d1613a90ec3c7f2 [LEADER]: Connected to new peer: Peer: permanent_uuid: "5040220263b44311bbc7ae40bb532422" member_type: VOTER last_known_addr { host: "127.4.6.131" port: 43231 }, Status: LMP_MISMATCH, Last received: 0.0, Next index: 1, Last known committed idx: 0, Time since last communication: 0.001s
I20260709 13:11:33.753593  5299 tablet_service.cc:1917] Received RequestConsensusVote() RPC: tablet_id: "f10c2beb64214f71b3d53953a65dad07" candidate_uuid: "5040220263b44311bbc7ae40bb532422" candidate_term: 1 candidate_status { last_received { term: 0 index: 0 } } ignore_live_leader: false dest_uuid: "304a379f0d3c49388d1613a90ec3c7f2" is_pre_election: true
I20260709 13:11:33.754878  5299 raft_consensus.cc:2468] T f10c2beb64214f71b3d53953a65dad07 P 304a379f0d3c49388d1613a90ec3c7f2 [term 0 FOLLOWER]: Leader pre-election vote request: Granting yes vote for candidate 5040220263b44311bbc7ae40bb532422 in term 0.
I20260709 13:11:33.755895  5341 leader_election.cc:304] T f10c2beb64214f71b3d53953a65dad07 P 5040220263b44311bbc7ae40bb532422 [CANDIDATE]: Term 1 pre-election: Election decided. Result: candidate won. Election summary: received 3 responses out of 3 voters: 2 yes votes; 1 no votes. yes voters: 304a379f0d3c49388d1613a90ec3c7f2, 5040220263b44311bbc7ae40bb532422; no voters: 02dbc228b4554c74b720118571a00746
I20260709 13:11:33.756840  5610 raft_consensus.cc:2804] T f10c2beb64214f71b3d53953a65dad07 P 5040220263b44311bbc7ae40bb532422 [term 0 FOLLOWER]: Leader pre-election won for term 1
I20260709 13:11:33.757180  5610 raft_consensus.cc:493] T f10c2beb64214f71b3d53953a65dad07 P 5040220263b44311bbc7ae40bb532422 [term 0 FOLLOWER]: Starting leader election (no leader contacted us within the election timeout)
I20260709 13:11:33.757500  5610 raft_consensus.cc:3060] T f10c2beb64214f71b3d53953a65dad07 P 5040220263b44311bbc7ae40bb532422 [term 0 FOLLOWER]: Advancing to term 1
I20260709 13:11:33.758543  5418 tablet_bootstrap.cc:492] T 3f4597a31d5b4c12a8c5755df6e3ee84 P 02dbc228b4554c74b720118571a00746: Bootstrap starting.
I20260709 13:11:33.758769  5421 tablet_bootstrap.cc:654] T d86962b48e8e428ba4f671985e8c275b P 5040220263b44311bbc7ae40bb532422: Neither blocks nor log segments found. Creating new log.
I20260709 13:11:33.769191  5418 tablet_bootstrap.cc:654] T 3f4597a31d5b4c12a8c5755df6e3ee84 P 02dbc228b4554c74b720118571a00746: Neither blocks nor log segments found. Creating new log.
I20260709 13:11:33.771874  5610 raft_consensus.cc:515] T f10c2beb64214f71b3d53953a65dad07 P 5040220263b44311bbc7ae40bb532422 [term 1 FOLLOWER]: Starting leader election with config: opid_index: -1 OBSOLETE_local: false peers { permanent_uuid: "02dbc228b4554c74b720118571a00746" member_type: VOTER last_known_addr { host: "127.4.6.129" port: 33261 } } peers { permanent_uuid: "304a379f0d3c49388d1613a90ec3c7f2" member_type: VOTER last_known_addr { host: "127.4.6.130" port: 40833 } } peers { permanent_uuid: "5040220263b44311bbc7ae40bb532422" member_type: VOTER last_known_addr { host: "127.4.6.131" port: 43231 } }
I20260709 13:11:33.783028  5418 tablet_bootstrap.cc:492] T 3f4597a31d5b4c12a8c5755df6e3ee84 P 02dbc228b4554c74b720118571a00746: No bootstrap required, opened a new log
I20260709 13:11:33.783515  5418 ts_tablet_manager.cc:1403] T 3f4597a31d5b4c12a8c5755df6e3ee84 P 02dbc228b4554c74b720118571a00746: Time spent bootstrapping tablet: real 0.025s	user 0.007s	sys 0.003s
I20260709 13:11:33.784175  5227 tablet_service.cc:1917] Received RequestConsensusVote() RPC: tablet_id: "f10c2beb64214f71b3d53953a65dad07" candidate_uuid: "5040220263b44311bbc7ae40bb532422" candidate_term: 1 candidate_status { last_received { term: 0 index: 0 } } ignore_live_leader: false dest_uuid: "02dbc228b4554c74b720118571a00746"
W20260709 13:11:33.785554  5342 leader_election.cc:343] T f10c2beb64214f71b3d53953a65dad07 P 5040220263b44311bbc7ae40bb532422 [CANDIDATE]: Term 1 election: Tablet error from VoteRequest() call to peer 02dbc228b4554c74b720118571a00746 (127.4.6.129:33261): Illegal state: must be running to vote when last-logged opid is not known
I20260709 13:11:33.785967  5418 raft_consensus.cc:359] T 3f4597a31d5b4c12a8c5755df6e3ee84 P 02dbc228b4554c74b720118571a00746 [term 0 FOLLOWER]: Replica starting. Triggering 0 pending ops. Active config: opid_index: -1 OBSOLETE_local: false peers { permanent_uuid: "02dbc228b4554c74b720118571a00746" member_type: VOTER last_known_addr { host: "127.4.6.129" port: 33261 } } peers { permanent_uuid: "304a379f0d3c49388d1613a90ec3c7f2" member_type: VOTER last_known_addr { host: "127.4.6.130" port: 40833 } } peers { permanent_uuid: "5040220263b44311bbc7ae40bb532422" member_type: VOTER last_known_addr { host: "127.4.6.131" port: 43231 } }
I20260709 13:11:33.786681  5418 raft_consensus.cc:385] T 3f4597a31d5b4c12a8c5755df6e3ee84 P 02dbc228b4554c74b720118571a00746 [term 0 FOLLOWER]: Consensus starting up: Expiring failure detector timer to make a prompt election more likely
I20260709 13:11:33.786949  5418 raft_consensus.cc:740] T 3f4597a31d5b4c12a8c5755df6e3ee84 P 02dbc228b4554c74b720118571a00746 [term 0 FOLLOWER]: Becoming Follower/Learner. State: Replica: 02dbc228b4554c74b720118571a00746, State: Initialized, Role: FOLLOWER
I20260709 13:11:33.787559  5418 consensus_queue.cc:260] T 3f4597a31d5b4c12a8c5755df6e3ee84 P 02dbc228b4554c74b720118571a00746 [NON_LEADER]: Queue going to NON_LEADER mode. State: All replicated index: 0, Majority replicated index: 0, Committed index: 0, Last appended: 0.0, Last appended by leader: 0, Current term: 0, Majority size: -1, State: 0, Mode: NON_LEADER, active raft config: opid_index: -1 OBSOLETE_local: false peers { permanent_uuid: "02dbc228b4554c74b720118571a00746" member_type: VOTER last_known_addr { host: "127.4.6.129" port: 33261 } } peers { permanent_uuid: "304a379f0d3c49388d1613a90ec3c7f2" member_type: VOTER last_known_addr { host: "127.4.6.130" port: 40833 } } peers { permanent_uuid: "5040220263b44311bbc7ae40bb532422" member_type: VOTER last_known_addr { host: "127.4.6.131" port: 43231 } }
I20260709 13:11:33.789498  5418 ts_tablet_manager.cc:1434] T 3f4597a31d5b4c12a8c5755df6e3ee84 P 02dbc228b4554c74b720118571a00746: Time spent starting tablet: real 0.006s	user 0.004s	sys 0.000s
I20260709 13:11:33.791260  5418 tablet_bootstrap.cc:492] T 02a00b5706c4488a8c3fa5c8470f754e P 02dbc228b4554c74b720118571a00746: Bootstrap starting.
I20260709 13:11:33.791982  5610 leader_election.cc:290] T f10c2beb64214f71b3d53953a65dad07 P 5040220263b44311bbc7ae40bb532422 [CANDIDATE]: Term 1 election: Requested vote from peers 02dbc228b4554c74b720118571a00746 (127.4.6.129:33261), 304a379f0d3c49388d1613a90ec3c7f2 (127.4.6.130:40833)
I20260709 13:11:33.794770  5299 tablet_service.cc:1917] Received RequestConsensusVote() RPC: tablet_id: "f10c2beb64214f71b3d53953a65dad07" candidate_uuid: "5040220263b44311bbc7ae40bb532422" candidate_term: 1 candidate_status { last_received { term: 0 index: 0 } } ignore_live_leader: false dest_uuid: "304a379f0d3c49388d1613a90ec3c7f2"
I20260709 13:11:33.796710  5418 tablet_bootstrap.cc:654] T 02a00b5706c4488a8c3fa5c8470f754e P 02dbc228b4554c74b720118571a00746: Neither blocks nor log segments found. Creating new log.
I20260709 13:11:33.798393  5610 raft_consensus.cc:493] T 9abfe2a40b4c4e829f6b8a257206a783 P 5040220263b44311bbc7ae40bb532422 [term 0 FOLLOWER]: Starting pre-election (no leader contacted us within the election timeout)
I20260709 13:11:33.801829  5610 raft_consensus.cc:515] T 9abfe2a40b4c4e829f6b8a257206a783 P 5040220263b44311bbc7ae40bb532422 [term 0 FOLLOWER]: Starting pre-election with config: opid_index: -1 OBSOLETE_local: false peers { permanent_uuid: "02dbc228b4554c74b720118571a00746" member_type: VOTER last_known_addr { host: "127.4.6.129" port: 33261 } } peers { permanent_uuid: "304a379f0d3c49388d1613a90ec3c7f2" member_type: VOTER last_known_addr { host: "127.4.6.130" port: 40833 } } peers { permanent_uuid: "5040220263b44311bbc7ae40bb532422" member_type: VOTER last_known_addr { host: "127.4.6.131" port: 43231 } }
I20260709 13:11:33.804339  5610 leader_election.cc:290] T 9abfe2a40b4c4e829f6b8a257206a783 P 5040220263b44311bbc7ae40bb532422 [CANDIDATE]: Term 1 pre-election: Requested pre-vote from peers 02dbc228b4554c74b720118571a00746 (127.4.6.129:33261), 304a379f0d3c49388d1613a90ec3c7f2 (127.4.6.130:40833)
I20260709 13:11:33.809257  5125 catalog_manager.cc:5697] T e54f371e03104d11a13923e3f1f0e1d9 P 304a379f0d3c49388d1613a90ec3c7f2 reported cstate change: term changed from 0 to 1, leader changed from <none> to 304a379f0d3c49388d1613a90ec3c7f2 (127.4.6.130). New cstate: current_term: 1 leader_uuid: "304a379f0d3c49388d1613a90ec3c7f2" committed_config { opid_index: -1 OBSOLETE_local: false peers { permanent_uuid: "02dbc228b4554c74b720118571a00746" member_type: VOTER last_known_addr { host: "127.4.6.129" port: 33261 } health_report { overall_health: UNKNOWN } } peers { permanent_uuid: "304a379f0d3c49388d1613a90ec3c7f2" member_type: VOTER last_known_addr { host: "127.4.6.130" port: 40833 } health_report { overall_health: HEALTHY } } peers { permanent_uuid: "5040220263b44311bbc7ae40bb532422" member_type: VOTER last_known_addr { host: "127.4.6.131" port: 43231 } health_report { overall_health: UNKNOWN } } }
I20260709 13:11:33.811877  5227 tablet_service.cc:1917] Received RequestConsensusVote() RPC: tablet_id: "9abfe2a40b4c4e829f6b8a257206a783" candidate_uuid: "5040220263b44311bbc7ae40bb532422" candidate_term: 1 candidate_status { last_received { term: 0 index: 0 } } ignore_live_leader: false dest_uuid: "02dbc228b4554c74b720118571a00746" is_pre_election: true
I20260709 13:11:33.823663  5375 raft_consensus.cc:3060] T 9abfe2a40b4c4e829f6b8a257206a783 P 5040220263b44311bbc7ae40bb532422 [term 0 FOLLOWER]: Advancing to term 1
I20260709 13:11:33.832100  5624 consensus_queue.cc:1048] T 982b1457444f45008b0f95c65d733807 P 02dbc228b4554c74b720118571a00746 [LEADER]: Connected to new peer: Peer: permanent_uuid: "5040220263b44311bbc7ae40bb532422" member_type: VOTER last_known_addr { host: "127.4.6.131" port: 43231 }, Status: LMP_MISMATCH, Last received: 0.0, Next index: 1, Last known committed idx: 0, Time since last communication: 0.000s
I20260709 13:11:33.843361  5123 catalog_manager.cc:5697] T 4f8ada76ec8747a9b72256830c922121 P 5040220263b44311bbc7ae40bb532422 reported cstate change: term changed from 0 to 1, leader changed from <none> to 5040220263b44311bbc7ae40bb532422 (127.4.6.131). New cstate: current_term: 1 leader_uuid: "5040220263b44311bbc7ae40bb532422" committed_config { opid_index: -1 OBSOLETE_local: false peers { permanent_uuid: "02dbc228b4554c74b720118571a00746" member_type: VOTER last_known_addr { host: "127.4.6.129" port: 33261 } health_report { overall_health: UNKNOWN } } peers { permanent_uuid: "304a379f0d3c49388d1613a90ec3c7f2" member_type: VOTER last_known_addr { host: "127.4.6.130" port: 40833 } health_report { overall_health: UNKNOWN } } peers { permanent_uuid: "5040220263b44311bbc7ae40bb532422" member_type: VOTER last_known_addr { host: "127.4.6.131" port: 43231 } health_report { overall_health: HEALTHY } } }
I20260709 13:11:33.845417  5304 tablet_service.cc:1917] Received RequestConsensusVote() RPC: tablet_id: "9abfe2a40b4c4e829f6b8a257206a783" candidate_uuid: "5040220263b44311bbc7ae40bb532422" candidate_term: 1 candidate_status { last_received { term: 0 index: 0 } } ignore_live_leader: false dest_uuid: "304a379f0d3c49388d1613a90ec3c7f2" is_pre_election: true
I20260709 13:11:33.843896  5299 raft_consensus.cc:3060] T f10c2beb64214f71b3d53953a65dad07 P 304a379f0d3c49388d1613a90ec3c7f2 [term 0 FOLLOWER]: Advancing to term 1
W20260709 13:11:33.848513  5192 outbound_call.cc:321] RPC callback for RPC call kudu.consensus.ConsensusService.UpdateConsensus -> {remote=127.4.6.130:40833, user_credentials={real_user=slave}} blocked reactor thread for 65831.4us
I20260709 13:11:33.850508  5192 leader_election.cc:304] T 74d564b97c0a4d619d43cc0393aea7fe P 02dbc228b4554c74b720118571a00746 [CANDIDATE]: Term 1 election: Election decided. Result: candidate won. Election summary: received 3 responses out of 3 voters: 2 yes votes; 1 no votes. yes voters: 02dbc228b4554c74b720118571a00746, 304a379f0d3c49388d1613a90ec3c7f2; no voters: 5040220263b44311bbc7ae40bb532422
I20260709 13:11:33.851027  5341 leader_election.cc:304] T 9abfe2a40b4c4e829f6b8a257206a783 P 5040220263b44311bbc7ae40bb532422 [CANDIDATE]: Term 1 pre-election: Election decided. Result: candidate lost. Election summary: received 3 responses out of 3 voters: 1 yes votes; 2 no votes. yes voters: 5040220263b44311bbc7ae40bb532422; no voters: 02dbc228b4554c74b720118571a00746, 304a379f0d3c49388d1613a90ec3c7f2
I20260709 13:11:33.851403  5624 raft_consensus.cc:2804] T 74d564b97c0a4d619d43cc0393aea7fe P 02dbc228b4554c74b720118571a00746 [term 1 FOLLOWER]: Leader election won for term 1
I20260709 13:11:33.851670  5610 raft_consensus.cc:2749] T 9abfe2a40b4c4e829f6b8a257206a783 P 5040220263b44311bbc7ae40bb532422 [term 1 FOLLOWER]: Leader pre-election lost for term 1. Reason: could not achieve majority
I20260709 13:11:33.851838  5624 raft_consensus.cc:697] T 74d564b97c0a4d619d43cc0393aea7fe P 02dbc228b4554c74b720118571a00746 [term 1 LEADER]: Becoming Leader. State: Replica: 02dbc228b4554c74b720118571a00746, State: Running, Role: LEADER
I20260709 13:11:33.852648  5624 consensus_queue.cc:237] T 74d564b97c0a4d619d43cc0393aea7fe P 02dbc228b4554c74b720118571a00746 [LEADER]: Queue going to LEADER mode. State: All replicated index: 0, Majority replicated index: 0, Committed index: 0, Last appended: 0.0, Last appended by leader: 0, Current term: 1, Majority size: 2, State: 0, Mode: LEADER, active raft config: opid_index: -1 OBSOLETE_local: false peers { permanent_uuid: "02dbc228b4554c74b720118571a00746" member_type: VOTER last_known_addr { host: "127.4.6.129" port: 33261 } } peers { permanent_uuid: "304a379f0d3c49388d1613a90ec3c7f2" member_type: VOTER last_known_addr { host: "127.4.6.130" port: 40833 } } peers { permanent_uuid: "5040220263b44311bbc7ae40bb532422" member_type: VOTER last_known_addr { host: "127.4.6.131" port: 43231 } }
I20260709 13:11:33.866581  5268 leader_election.cc:304] T 982b1457444f45008b0f95c65d733807 P 304a379f0d3c49388d1613a90ec3c7f2 [CANDIDATE]: Term 1 pre-election: Election decided. Result: candidate lost. Election summary: received 3 responses out of 3 voters: 1 yes votes; 2 no votes. yes voters: 304a379f0d3c49388d1613a90ec3c7f2; no voters: 02dbc228b4554c74b720118571a00746, 5040220263b44311bbc7ae40bb532422
I20260709 13:11:33.869928  5566 raft_consensus.cc:3060] T 982b1457444f45008b0f95c65d733807 P 304a379f0d3c49388d1613a90ec3c7f2 [term 0 FOLLOWER]: Advancing to term 1
I20260709 13:11:33.874091  5441 raft_consensus.cc:493] T cfe7332416e349c193a85fbc8f8268ad P 02dbc228b4554c74b720118571a00746 [term 0 FOLLOWER]: Starting pre-election (no leader contacted us within the election timeout)
I20260709 13:11:33.874701  5441 raft_consensus.cc:515] T cfe7332416e349c193a85fbc8f8268ad P 02dbc228b4554c74b720118571a00746 [term 0 FOLLOWER]: Starting pre-election with config: opid_index: -1 OBSOLETE_local: false peers { permanent_uuid: "02dbc228b4554c74b720118571a00746" member_type: VOTER last_known_addr { host: "127.4.6.129" port: 33261 } } peers { permanent_uuid: "304a379f0d3c49388d1613a90ec3c7f2" member_type: VOTER last_known_addr { host: "127.4.6.130" port: 40833 } } peers { permanent_uuid: "5040220263b44311bbc7ae40bb532422" member_type: VOTER last_known_addr { host: "127.4.6.131" port: 43231 } }
I20260709 13:11:33.876811  5441 leader_election.cc:290] T cfe7332416e349c193a85fbc8f8268ad P 02dbc228b4554c74b720118571a00746 [CANDIDATE]: Term 1 pre-election: Requested pre-vote from peers 304a379f0d3c49388d1613a90ec3c7f2 (127.4.6.130:40833), 5040220263b44311bbc7ae40bb532422 (127.4.6.131:43231)
I20260709 13:11:33.877770  5419 tablet_bootstrap.cc:492] T 4f8ada76ec8747a9b72256830c922121 P 304a379f0d3c49388d1613a90ec3c7f2: No bootstrap required, opened a new log
I20260709 13:11:33.878077  5376 tablet_service.cc:1917] Received RequestConsensusVote() RPC: tablet_id: "cfe7332416e349c193a85fbc8f8268ad" candidate_uuid: "02dbc228b4554c74b720118571a00746" candidate_term: 1 candidate_status { last_received { term: 0 index: 0 } } ignore_live_leader: false dest_uuid: "5040220263b44311bbc7ae40bb532422" is_pre_election: true
I20260709 13:11:33.882694  5376 raft_consensus.cc:2393] T cfe7332416e349c193a85fbc8f8268ad P 5040220263b44311bbc7ae40bb532422 [term 1 FOLLOWER]: Leader pre-election vote request: Denying vote to candidate 02dbc228b4554c74b720118571a00746 in current term 1: Already voted for candidate 5040220263b44311bbc7ae40bb532422 in this term.
I20260709 13:11:33.879420  5418 tablet_bootstrap.cc:492] T 02a00b5706c4488a8c3fa5c8470f754e P 02dbc228b4554c74b720118571a00746: No bootstrap required, opened a new log
I20260709 13:11:33.883173  5419 ts_tablet_manager.cc:1403] T 4f8ada76ec8747a9b72256830c922121 P 304a379f0d3c49388d1613a90ec3c7f2: Time spent bootstrapping tablet: real 0.215s	user 0.010s	sys 0.022s
I20260709 13:11:33.885427  5421 tablet_bootstrap.cc:492] T d86962b48e8e428ba4f671985e8c275b P 5040220263b44311bbc7ae40bb532422: No bootstrap required, opened a new log
I20260709 13:11:33.883971  5418 ts_tablet_manager.cc:1403] T 02a00b5706c4488a8c3fa5c8470f754e P 02dbc228b4554c74b720118571a00746: Time spent bootstrapping tablet: real 0.094s	user 0.031s	sys 0.044s
I20260709 13:11:33.885846  5421 ts_tablet_manager.cc:1403] T d86962b48e8e428ba4f671985e8c275b P 5040220263b44311bbc7ae40bb532422: Time spent bootstrapping tablet: real 0.149s	user 0.051s	sys 0.069s
I20260709 13:11:33.881692  5458 consensus_queue.cc:1048] T ca6eba1f90b3484fa5ce470f53d51dea P 304a379f0d3c49388d1613a90ec3c7f2 [LEADER]: Connected to new peer: Peer: permanent_uuid: "02dbc228b4554c74b720118571a00746" member_type: VOTER last_known_addr { host: "127.4.6.129" port: 33261 }, Status: LMP_MISMATCH, Last received: 0.0, Next index: 1, Last known committed idx: 0, Time since last communication: 0.006s
I20260709 13:11:33.888199  5421 raft_consensus.cc:359] T d86962b48e8e428ba4f671985e8c275b P 5040220263b44311bbc7ae40bb532422 [term 0 FOLLOWER]: Replica starting. Triggering 0 pending ops. Active config: opid_index: -1 OBSOLETE_local: false peers { permanent_uuid: "02dbc228b4554c74b720118571a00746" member_type: VOTER last_known_addr { host: "127.4.6.129" port: 33261 } } peers { permanent_uuid: "304a379f0d3c49388d1613a90ec3c7f2" member_type: VOTER last_known_addr { host: "127.4.6.130" port: 40833 } } peers { permanent_uuid: "5040220263b44311bbc7ae40bb532422" member_type: VOTER last_known_addr { host: "127.4.6.131" port: 43231 } }
I20260709 13:11:33.888808  5421 raft_consensus.cc:385] T d86962b48e8e428ba4f671985e8c275b P 5040220263b44311bbc7ae40bb532422 [term 0 FOLLOWER]: Consensus starting up: Expiring failure detector timer to make a prompt election more likely
I20260709 13:11:33.889087  5421 raft_consensus.cc:740] T d86962b48e8e428ba4f671985e8c275b P 5040220263b44311bbc7ae40bb532422 [term 0 FOLLOWER]: Becoming Follower/Learner. State: Replica: 5040220263b44311bbc7ae40bb532422, State: Initialized, Role: FOLLOWER
I20260709 13:11:33.888901  5418 raft_consensus.cc:359] T 02a00b5706c4488a8c3fa5c8470f754e P 02dbc228b4554c74b720118571a00746 [term 0 FOLLOWER]: Replica starting. Triggering 0 pending ops. Active config: opid_index: -1 OBSOLETE_local: false peers { permanent_uuid: "02dbc228b4554c74b720118571a00746" member_type: VOTER last_known_addr { host: "127.4.6.129" port: 33261 } } peers { permanent_uuid: "304a379f0d3c49388d1613a90ec3c7f2" member_type: VOTER last_known_addr { host: "127.4.6.130" port: 40833 } } peers { permanent_uuid: "5040220263b44311bbc7ae40bb532422" member_type: VOTER last_known_addr { host: "127.4.6.131" port: 43231 } }
I20260709 13:11:33.889528  5418 raft_consensus.cc:385] T 02a00b5706c4488a8c3fa5c8470f754e P 02dbc228b4554c74b720118571a00746 [term 0 FOLLOWER]: Consensus starting up: Expiring failure detector timer to make a prompt election more likely
I20260709 13:11:33.889791  5418 raft_consensus.cc:740] T 02a00b5706c4488a8c3fa5c8470f754e P 02dbc228b4554c74b720118571a00746 [term 0 FOLLOWER]: Becoming Follower/Learner. State: Replica: 02dbc228b4554c74b720118571a00746, State: Initialized, Role: FOLLOWER
I20260709 13:11:33.889720  5421 consensus_queue.cc:260] T d86962b48e8e428ba4f671985e8c275b P 5040220263b44311bbc7ae40bb532422 [NON_LEADER]: Queue going to NON_LEADER mode. State: All replicated index: 0, Majority replicated index: 0, Committed index: 0, Last appended: 0.0, Last appended by leader: 0, Current term: 0, Majority size: -1, State: 0, Mode: NON_LEADER, active raft config: opid_index: -1 OBSOLETE_local: false peers { permanent_uuid: "02dbc228b4554c74b720118571a00746" member_type: VOTER last_known_addr { host: "127.4.6.129" port: 33261 } } peers { permanent_uuid: "304a379f0d3c49388d1613a90ec3c7f2" member_type: VOTER last_known_addr { host: "127.4.6.130" port: 40833 } } peers { permanent_uuid: "5040220263b44311bbc7ae40bb532422" member_type: VOTER last_known_addr { host: "127.4.6.131" port: 43231 } }
I20260709 13:11:33.890453  5418 consensus_queue.cc:260] T 02a00b5706c4488a8c3fa5c8470f754e P 02dbc228b4554c74b720118571a00746 [NON_LEADER]: Queue going to NON_LEADER mode. State: All replicated index: 0, Majority replicated index: 0, Committed index: 0, Last appended: 0.0, Last appended by leader: 0, Current term: 0, Majority size: -1, State: 0, Mode: NON_LEADER, active raft config: opid_index: -1 OBSOLETE_local: false peers { permanent_uuid: "02dbc228b4554c74b720118571a00746" member_type: VOTER last_known_addr { host: "127.4.6.129" port: 33261 } } peers { permanent_uuid: "304a379f0d3c49388d1613a90ec3c7f2" member_type: VOTER last_known_addr { host: "127.4.6.130" port: 40833 } } peers { permanent_uuid: "5040220263b44311bbc7ae40bb532422" member_type: VOTER last_known_addr { host: "127.4.6.131" port: 43231 } }
I20260709 13:11:33.890793  5419 raft_consensus.cc:359] T 4f8ada76ec8747a9b72256830c922121 P 304a379f0d3c49388d1613a90ec3c7f2 [term 0 FOLLOWER]: Replica starting. Triggering 0 pending ops. Active config: opid_index: -1 OBSOLETE_local: false peers { permanent_uuid: "02dbc228b4554c74b720118571a00746" member_type: VOTER last_known_addr { host: "127.4.6.129" port: 33261 } } peers { permanent_uuid: "304a379f0d3c49388d1613a90ec3c7f2" member_type: VOTER last_known_addr { host: "127.4.6.130" port: 40833 } } peers { permanent_uuid: "5040220263b44311bbc7ae40bb532422" member_type: VOTER last_known_addr { host: "127.4.6.131" port: 43231 } }
I20260709 13:11:33.892381  5419 raft_consensus.cc:385] T 4f8ada76ec8747a9b72256830c922121 P 304a379f0d3c49388d1613a90ec3c7f2 [term 0 FOLLOWER]: Consensus starting up: Expiring failure detector timer to make a prompt election more likely
I20260709 13:11:33.892887  5418 ts_tablet_manager.cc:1434] T 02a00b5706c4488a8c3fa5c8470f754e P 02dbc228b4554c74b720118571a00746: Time spent starting tablet: real 0.007s	user 0.005s	sys 0.000s
I20260709 13:11:33.893078  5419 raft_consensus.cc:740] T 4f8ada76ec8747a9b72256830c922121 P 304a379f0d3c49388d1613a90ec3c7f2 [term 0 FOLLOWER]: Becoming Follower/Learner. State: Replica: 304a379f0d3c49388d1613a90ec3c7f2, State: Initialized, Role: FOLLOWER
I20260709 13:11:33.893409  5421 ts_tablet_manager.cc:1434] T d86962b48e8e428ba4f671985e8c275b P 5040220263b44311bbc7ae40bb532422: Time spent starting tablet: real 0.007s	user 0.007s	sys 0.000s
I20260709 13:11:33.893712  5418 tablet_bootstrap.cc:492] T f10c2beb64214f71b3d53953a65dad07 P 02dbc228b4554c74b720118571a00746: Bootstrap starting.
I20260709 13:11:33.894560  5421 tablet_bootstrap.cc:492] T bd7f76ae85ed4376ae777809fb53509a P 5040220263b44311bbc7ae40bb532422: Bootstrap starting.
I20260709 13:11:33.898874  5419 consensus_queue.cc:260] T 4f8ada76ec8747a9b72256830c922121 P 304a379f0d3c49388d1613a90ec3c7f2 [NON_LEADER]: Queue going to NON_LEADER mode. State: All replicated index: 0, Majority replicated index: 0, Committed index: 0, Last appended: 0.0, Last appended by leader: 0, Current term: 0, Majority size: -1, State: 0, Mode: NON_LEADER, active raft config: opid_index: -1 OBSOLETE_local: false peers { permanent_uuid: "02dbc228b4554c74b720118571a00746" member_type: VOTER last_known_addr { host: "127.4.6.129" port: 33261 } } peers { permanent_uuid: "304a379f0d3c49388d1613a90ec3c7f2" member_type: VOTER last_known_addr { host: "127.4.6.130" port: 40833 } } peers { permanent_uuid: "5040220263b44311bbc7ae40bb532422" member_type: VOTER last_known_addr { host: "127.4.6.131" port: 43231 } }
I20260709 13:11:33.899878  5418 tablet_bootstrap.cc:654] T f10c2beb64214f71b3d53953a65dad07 P 02dbc228b4554c74b720118571a00746: Neither blocks nor log segments found. Creating new log.
I20260709 13:11:33.901750  5419 ts_tablet_manager.cc:1434] T 4f8ada76ec8747a9b72256830c922121 P 304a379f0d3c49388d1613a90ec3c7f2: Time spent starting tablet: real 0.017s	user 0.003s	sys 0.002s
I20260709 13:11:33.904861  5419 tablet_bootstrap.cc:492] T 02a00b5706c4488a8c3fa5c8470f754e P 304a379f0d3c49388d1613a90ec3c7f2: Bootstrap starting.
I20260709 13:11:33.947732  5304 tablet_service.cc:1917] Received RequestConsensusVote() RPC: tablet_id: "cfe7332416e349c193a85fbc8f8268ad" candidate_uuid: "02dbc228b4554c74b720118571a00746" candidate_term: 1 candidate_status { last_received { term: 0 index: 0 } } ignore_live_leader: false dest_uuid: "304a379f0d3c49388d1613a90ec3c7f2" is_pre_election: true
I20260709 13:11:33.906270  5421 tablet_bootstrap.cc:654] T bd7f76ae85ed4376ae777809fb53509a P 5040220263b44311bbc7ae40bb532422: Neither blocks nor log segments found. Creating new log.
I20260709 13:11:33.910101  5441 raft_consensus.cc:493] T 3f4597a31d5b4c12a8c5755df6e3ee84 P 02dbc228b4554c74b720118571a00746 [term 0 FOLLOWER]: Starting pre-election (no leader contacted us within the election timeout)
I20260709 13:11:33.949247  5441 raft_consensus.cc:515] T 3f4597a31d5b4c12a8c5755df6e3ee84 P 02dbc228b4554c74b720118571a00746 [term 0 FOLLOWER]: Starting pre-election with config: opid_index: -1 OBSOLETE_local: false peers { permanent_uuid: "02dbc228b4554c74b720118571a00746" member_type: VOTER last_known_addr { host: "127.4.6.129" port: 33261 } } peers { permanent_uuid: "304a379f0d3c49388d1613a90ec3c7f2" member_type: VOTER last_known_addr { host: "127.4.6.130" port: 40833 } } peers { permanent_uuid: "5040220263b44311bbc7ae40bb532422" member_type: VOTER last_known_addr { host: "127.4.6.131" port: 43231 } }
I20260709 13:11:33.951162  5441 leader_election.cc:290] T 3f4597a31d5b4c12a8c5755df6e3ee84 P 02dbc228b4554c74b720118571a00746 [CANDIDATE]: Term 1 pre-election: Requested pre-vote from peers 304a379f0d3c49388d1613a90ec3c7f2 (127.4.6.130:40833), 5040220263b44311bbc7ae40bb532422 (127.4.6.131:43231)
I20260709 13:11:33.948498  5304 raft_consensus.cc:2393] T cfe7332416e349c193a85fbc8f8268ad P 304a379f0d3c49388d1613a90ec3c7f2 [term 1 FOLLOWER]: Leader pre-election vote request: Denying vote to candidate 02dbc228b4554c74b720118571a00746 in current term 1: Already voted for candidate 304a379f0d3c49388d1613a90ec3c7f2 in this term.
