I20260709 13:11:19.202308 32185 tablet_service.cc:1917] Received RequestConsensusVote() RPC: tablet_id: "f515e6118ee04d639435acd9844af64f" candidate_uuid: "dfae4233fb044916b236b97bce6dd99f" candidate_term: 1 candidate_status { last_received { term: 0 index: 0 } } ignore_live_leader: false dest_uuid: "203d19625d8844a4ae795f5fa05f7ae5"
I20260709 13:11:19.202880 32185 raft_consensus.cc:3060] T f515e6118ee04d639435acd9844af64f P 203d19625d8844a4ae795f5fa05f7ae5 [term 0 FOLLOWER]: Advancing to term 1
I20260709 13:11:19.199082 32374 consensus_queue.cc:260] T 44a95735dd4a4417b69611a3cc18a40e P 203d19625d8844a4ae795f5fa05f7ae5 [NON_LEADER]: Queue going to NON_LEADER mode. State: All replicated index: 0, Majority replicated index: 0, Committed index: 0, Last appended: 0.0, Last appended by leader: 0, Current term: 0, Majority size: -1, State: 0, Mode: NON_LEADER, active raft config: opid_index: -1 OBSOLETE_local: false peers { permanent_uuid: "203d19625d8844a4ae795f5fa05f7ae5" member_type: VOTER last_known_addr { host: "127.30.211.1" port: 41205 } } peers { permanent_uuid: "dfae4233fb044916b236b97bce6dd99f" member_type: VOTER last_known_addr { host: "127.30.211.2" port: 34857 } } peers { permanent_uuid: "128a8496ea4e4ac9ad2fe557944904e6" member_type: VOTER last_known_addr { host: "127.30.211.3" port: 35313 } }
I20260709 13:11:19.208305 32374 ts_tablet_manager.cc:1434] T 44a95735dd4a4417b69611a3cc18a40e P 203d19625d8844a4ae795f5fa05f7ae5: Time spent starting tablet: real 0.019s	user 0.001s	sys 0.005s
I20260709 13:11:19.211854 32389 leader_election.cc:290] T f515e6118ee04d639435acd9844af64f P dfae4233fb044916b236b97bce6dd99f [CANDIDATE]: Term 1 election: Requested vote from peers 203d19625d8844a4ae795f5fa05f7ae5 (127.30.211.1:41205), 128a8496ea4e4ac9ad2fe557944904e6 (127.30.211.3:35313)
I20260709 13:11:19.213359 32334 tablet_service.cc:1917] Received RequestConsensusVote() RPC: tablet_id: "f515e6118ee04d639435acd9844af64f" candidate_uuid: "dfae4233fb044916b236b97bce6dd99f" candidate_term: 1 candidate_status { last_received { term: 0 index: 0 } } ignore_live_leader: false dest_uuid: "128a8496ea4e4ac9ad2fe557944904e6"
I20260709 13:11:19.214125 32334 raft_consensus.cc:3060] T f515e6118ee04d639435acd9844af64f P 128a8496ea4e4ac9ad2fe557944904e6 [term 0 FOLLOWER]: Advancing to term 1
I20260709 13:11:19.214684 32389 raft_consensus.cc:493] T 6fff9459c06a420f94fd0d7506524cc7 P dfae4233fb044916b236b97bce6dd99f [term 0 FOLLOWER]: Starting pre-election (no leader contacted us within the election timeout)
I20260709 13:11:19.215320 32389 raft_consensus.cc:515] T 6fff9459c06a420f94fd0d7506524cc7 P dfae4233fb044916b236b97bce6dd99f [term 0 FOLLOWER]: Starting pre-election with config: opid_index: -1 OBSOLETE_local: false peers { permanent_uuid: "203d19625d8844a4ae795f5fa05f7ae5" member_type: VOTER last_known_addr { host: "127.30.211.1" port: 41205 } } peers { permanent_uuid: "dfae4233fb044916b236b97bce6dd99f" member_type: VOTER last_known_addr { host: "127.30.211.2" port: 34857 } } peers { permanent_uuid: "128a8496ea4e4ac9ad2fe557944904e6" member_type: VOTER last_known_addr { host: "127.30.211.3" port: 35313 } }
I20260709 13:11:19.218912 32184 tablet_service.cc:1917] Received RequestConsensusVote() RPC: tablet_id: "6fff9459c06a420f94fd0d7506524cc7" candidate_uuid: "dfae4233fb044916b236b97bce6dd99f" candidate_term: 1 candidate_status { last_received { term: 0 index: 0 } } ignore_live_leader: false dest_uuid: "203d19625d8844a4ae795f5fa05f7ae5" is_pre_election: true
I20260709 13:11:19.220698 32374 tablet_bootstrap.cc:492] T d0a9564f42dd419cb2ae816cc224fe12 P 203d19625d8844a4ae795f5fa05f7ae5: Bootstrap starting.
I20260709 13:11:19.221871 32184 raft_consensus.cc:2468] T 6fff9459c06a420f94fd0d7506524cc7 P 203d19625d8844a4ae795f5fa05f7ae5 [term 0 FOLLOWER]: Leader pre-election vote request: Granting yes vote for candidate dfae4233fb044916b236b97bce6dd99f in term 0.
I20260709 13:11:19.222188 32376 ts_tablet_manager.cc:1434] T 6fff9459c06a420f94fd0d7506524cc7 P dfae4233fb044916b236b97bce6dd99f: Time spent starting tablet: real 0.030s	user 0.011s	sys 0.017s
I20260709 13:11:19.223214 32376 tablet_bootstrap.cc:492] T d0a9564f42dd419cb2ae816cc224fe12 P dfae4233fb044916b236b97bce6dd99f: Bootstrap starting.
I20260709 13:11:19.226912 32224 leader_election.cc:304] T 6fff9459c06a420f94fd0d7506524cc7 P dfae4233fb044916b236b97bce6dd99f [CANDIDATE]: Term 1 pre-election: Election decided. Result: candidate won. Election summary: received 2 responses out of 3 voters: 2 yes votes; 0 no votes. yes voters: 203d19625d8844a4ae795f5fa05f7ae5, dfae4233fb044916b236b97bce6dd99f; no voters: 
I20260709 13:11:19.229573 32389 leader_election.cc:290] T 6fff9459c06a420f94fd0d7506524cc7 P dfae4233fb044916b236b97bce6dd99f [CANDIDATE]: Term 1 pre-election: Requested pre-vote from peers 203d19625d8844a4ae795f5fa05f7ae5 (127.30.211.1:41205), 128a8496ea4e4ac9ad2fe557944904e6 (127.30.211.3:35313)
I20260709 13:11:19.232803 32333 tablet_service.cc:1917] Received RequestConsensusVote() RPC: tablet_id: "6fff9459c06a420f94fd0d7506524cc7" candidate_uuid: "dfae4233fb044916b236b97bce6dd99f" candidate_term: 1 candidate_status { last_received { term: 0 index: 0 } } ignore_live_leader: false dest_uuid: "128a8496ea4e4ac9ad2fe557944904e6" is_pre_election: true
I20260709 13:11:19.233672 32333 raft_consensus.cc:2468] T 6fff9459c06a420f94fd0d7506524cc7 P 128a8496ea4e4ac9ad2fe557944904e6 [term 0 FOLLOWER]: Leader pre-election vote request: Granting yes vote for candidate dfae4233fb044916b236b97bce6dd99f in term 0.
I20260709 13:11:19.228988 32383 raft_consensus.cc:697] T 83eef0b2d0bc46d08328072447235968 P dfae4233fb044916b236b97bce6dd99f [term 1 LEADER]: Becoming Leader. State: Replica: dfae4233fb044916b236b97bce6dd99f, State: Running, Role: LEADER
I20260709 13:11:19.235466 32383 consensus_queue.cc:237] T 83eef0b2d0bc46d08328072447235968 P dfae4233fb044916b236b97bce6dd99f [LEADER]: Queue going to LEADER mode. State: All replicated index: 0, Majority replicated index: 0, Committed index: 0, Last appended: 0.0, Last appended by leader: 0, Current term: 1, Majority size: 2, State: 0, Mode: LEADER, active raft config: opid_index: -1 OBSOLETE_local: false peers { permanent_uuid: "203d19625d8844a4ae795f5fa05f7ae5" member_type: VOTER last_known_addr { host: "127.30.211.1" port: 41205 } } peers { permanent_uuid: "dfae4233fb044916b236b97bce6dd99f" member_type: VOTER last_known_addr { host: "127.30.211.2" port: 34857 } } peers { permanent_uuid: "128a8496ea4e4ac9ad2fe557944904e6" member_type: VOTER last_known_addr { host: "127.30.211.3" port: 35313 } }
I20260709 13:11:19.241478 32334 raft_consensus.cc:2468] T f515e6118ee04d639435acd9844af64f P 128a8496ea4e4ac9ad2fe557944904e6 [term 1 FOLLOWER]: Leader election vote request: Granting yes vote for candidate dfae4233fb044916b236b97bce6dd99f in term 1.
I20260709 13:11:19.242398 32376 tablet_bootstrap.cc:654] T d0a9564f42dd419cb2ae816cc224fe12 P dfae4233fb044916b236b97bce6dd99f: Neither blocks nor log segments found. Creating new log.
I20260709 13:11:19.242823 32224 leader_election.cc:304] T f515e6118ee04d639435acd9844af64f P dfae4233fb044916b236b97bce6dd99f [CANDIDATE]: Term 1 election: Election decided. Result: candidate won. Election summary: received 2 responses out of 3 voters: 2 yes votes; 0 no votes. yes voters: 128a8496ea4e4ac9ad2fe557944904e6, dfae4233fb044916b236b97bce6dd99f; no voters: 
I20260709 13:11:19.244796 32374 tablet_bootstrap.cc:654] T d0a9564f42dd419cb2ae816cc224fe12 P 203d19625d8844a4ae795f5fa05f7ae5: Neither blocks nor log segments found. Creating new log.
I20260709 13:11:19.232842 32185 raft_consensus.cc:2468] T f515e6118ee04d639435acd9844af64f P 203d19625d8844a4ae795f5fa05f7ae5 [term 1 FOLLOWER]: Leader election vote request: Granting yes vote for candidate dfae4233fb044916b236b97bce6dd99f in term 1.
I20260709 13:11:19.250515 32420 raft_consensus.cc:2804] T 6fff9459c06a420f94fd0d7506524cc7 P dfae4233fb044916b236b97bce6dd99f [term 0 FOLLOWER]: Leader pre-election won for term 1
I20260709 13:11:19.251250 32420 raft_consensus.cc:493] T 6fff9459c06a420f94fd0d7506524cc7 P dfae4233fb044916b236b97bce6dd99f [term 0 FOLLOWER]: Starting leader election (no leader contacted us within the election timeout)
I20260709 13:11:19.252023 32420 raft_consensus.cc:3060] T 6fff9459c06a420f94fd0d7506524cc7 P dfae4233fb044916b236b97bce6dd99f [term 0 FOLLOWER]: Advancing to term 1
I20260709 13:11:19.253453 32410 raft_consensus.cc:493] T 0a54650ca132459085fe189f4e6eb7bb P 128a8496ea4e4ac9ad2fe557944904e6 [term 0 FOLLOWER]: Starting pre-election (no leader contacted us within the election timeout)
I20260709 13:11:19.255066 32389 raft_consensus.cc:2804] T f515e6118ee04d639435acd9844af64f P dfae4233fb044916b236b97bce6dd99f [term 1 FOLLOWER]: Leader election won for term 1
I20260709 13:11:19.255656 32410 raft_consensus.cc:515] T 0a54650ca132459085fe189f4e6eb7bb P 128a8496ea4e4ac9ad2fe557944904e6 [term 0 FOLLOWER]: Starting pre-election with config: opid_index: -1 OBSOLETE_local: false peers { permanent_uuid: "203d19625d8844a4ae795f5fa05f7ae5" member_type: VOTER last_known_addr { host: "127.30.211.1" port: 41205 } } peers { permanent_uuid: "dfae4233fb044916b236b97bce6dd99f" member_type: VOTER last_known_addr { host: "127.30.211.2" port: 34857 } } peers { permanent_uuid: "128a8496ea4e4ac9ad2fe557944904e6" member_type: VOTER last_known_addr { host: "127.30.211.3" port: 35313 } }
I20260709 13:11:19.257717 32410 leader_election.cc:290] T 0a54650ca132459085fe189f4e6eb7bb P 128a8496ea4e4ac9ad2fe557944904e6 [CANDIDATE]: Term 1 pre-election: Requested pre-vote from peers 203d19625d8844a4ae795f5fa05f7ae5 (127.30.211.1:41205), dfae4233fb044916b236b97bce6dd99f (127.30.211.2:34857)
I20260709 13:11:19.259482 32375 tablet_bootstrap.cc:492] T 5920617afaac40b9bcb53a14f13c9540 P 128a8496ea4e4ac9ad2fe557944904e6: No bootstrap required, opened a new log
I20260709 13:11:19.259490 32185 tablet_service.cc:1917] Received RequestConsensusVote() RPC: tablet_id: "0a54650ca132459085fe189f4e6eb7bb" candidate_uuid: "128a8496ea4e4ac9ad2fe557944904e6" candidate_term: 1 candidate_status { last_received { term: 0 index: 0 } } ignore_live_leader: false dest_uuid: "203d19625d8844a4ae795f5fa05f7ae5" is_pre_election: true
I20260709 13:11:19.260082 32375 ts_tablet_manager.cc:1403] T 5920617afaac40b9bcb53a14f13c9540 P 128a8496ea4e4ac9ad2fe557944904e6: Time spent bootstrapping tablet: real 0.065s	user 0.008s	sys 0.016s
I20260709 13:11:19.260231 32185 raft_consensus.cc:2468] T 0a54650ca132459085fe189f4e6eb7bb P 203d19625d8844a4ae795f5fa05f7ae5 [term 0 FOLLOWER]: Leader pre-election vote request: Granting yes vote for candidate 128a8496ea4e4ac9ad2fe557944904e6 in term 0.
I20260709 13:11:19.261216 32260 tablet_service.cc:1917] Received RequestConsensusVote() RPC: tablet_id: "0a54650ca132459085fe189f4e6eb7bb" candidate_uuid: "128a8496ea4e4ac9ad2fe557944904e6" candidate_term: 1 candidate_status { last_received { term: 0 index: 0 } } ignore_live_leader: false dest_uuid: "dfae4233fb044916b236b97bce6dd99f" is_pre_election: true
W20260709 13:11:19.263006 32298 leader_election.cc:343] T 0a54650ca132459085fe189f4e6eb7bb P 128a8496ea4e4ac9ad2fe557944904e6 [CANDIDATE]: Term 1 pre-election: Tablet error from VoteRequest() call to peer dfae4233fb044916b236b97bce6dd99f (127.30.211.2:34857): Illegal state: must be running to vote when last-logged opid is not known
I20260709 13:11:19.262844 32375 raft_consensus.cc:359] T 5920617afaac40b9bcb53a14f13c9540 P 128a8496ea4e4ac9ad2fe557944904e6 [term 0 FOLLOWER]: Replica starting. Triggering 0 pending ops. Active config: opid_index: -1 OBSOLETE_local: false peers { permanent_uuid: "203d19625d8844a4ae795f5fa05f7ae5" member_type: VOTER last_known_addr { host: "127.30.211.1" port: 41205 } } peers { permanent_uuid: "128a8496ea4e4ac9ad2fe557944904e6" member_type: VOTER last_known_addr { host: "127.30.211.3" port: 35313 } } peers { permanent_uuid: "dfae4233fb044916b236b97bce6dd99f" member_type: VOTER last_known_addr { host: "127.30.211.2" port: 34857 } }
I20260709 13:11:19.263499 32375 raft_consensus.cc:385] T 5920617afaac40b9bcb53a14f13c9540 P 128a8496ea4e4ac9ad2fe557944904e6 [term 0 FOLLOWER]: Consensus starting up: Expiring failure detector timer to make a prompt election more likely
I20260709 13:11:19.263767 32375 raft_consensus.cc:740] T 5920617afaac40b9bcb53a14f13c9540 P 128a8496ea4e4ac9ad2fe557944904e6 [term 0 FOLLOWER]: Becoming Follower/Learner. State: Replica: 128a8496ea4e4ac9ad2fe557944904e6, State: Initialized, Role: FOLLOWER
I20260709 13:11:19.263698 32298 leader_election.cc:304] T 0a54650ca132459085fe189f4e6eb7bb P 128a8496ea4e4ac9ad2fe557944904e6 [CANDIDATE]: Term 1 pre-election: Election decided. Result: candidate won. Election summary: received 3 responses out of 3 voters: 2 yes votes; 1 no votes. yes voters: 128a8496ea4e4ac9ad2fe557944904e6, 203d19625d8844a4ae795f5fa05f7ae5; no voters: dfae4233fb044916b236b97bce6dd99f
I20260709 13:11:19.264518 32410 raft_consensus.cc:2804] T 0a54650ca132459085fe189f4e6eb7bb P 128a8496ea4e4ac9ad2fe557944904e6 [term 0 FOLLOWER]: Leader pre-election won for term 1
I20260709 13:11:19.264878 32410 raft_consensus.cc:493] T 0a54650ca132459085fe189f4e6eb7bb P 128a8496ea4e4ac9ad2fe557944904e6 [term 0 FOLLOWER]: Starting leader election (no leader contacted us within the election timeout)
I20260709 13:11:19.265213 32410 raft_consensus.cc:3060] T 0a54650ca132459085fe189f4e6eb7bb P 128a8496ea4e4ac9ad2fe557944904e6 [term 0 FOLLOWER]: Advancing to term 1
I20260709 13:11:19.267975 32420 raft_consensus.cc:515] T 6fff9459c06a420f94fd0d7506524cc7 P dfae4233fb044916b236b97bce6dd99f [term 1 FOLLOWER]: Starting leader election with config: opid_index: -1 OBSOLETE_local: false peers { permanent_uuid: "203d19625d8844a4ae795f5fa05f7ae5" member_type: VOTER last_known_addr { host: "127.30.211.1" port: 41205 } } peers { permanent_uuid: "dfae4233fb044916b236b97bce6dd99f" member_type: VOTER last_known_addr { host: "127.30.211.2" port: 34857 } } peers { permanent_uuid: "128a8496ea4e4ac9ad2fe557944904e6" member_type: VOTER last_known_addr { host: "127.30.211.3" port: 35313 } }
I20260709 13:11:19.270027 32375 consensus_queue.cc:260] T 5920617afaac40b9bcb53a14f13c9540 P 128a8496ea4e4ac9ad2fe557944904e6 [NON_LEADER]: Queue going to NON_LEADER mode. State: All replicated index: 0, Majority replicated index: 0, Committed index: 0, Last appended: 0.0, Last appended by leader: 0, Current term: 0, Majority size: -1, State: 0, Mode: NON_LEADER, active raft config: opid_index: -1 OBSOLETE_local: false peers { permanent_uuid: "203d19625d8844a4ae795f5fa05f7ae5" member_type: VOTER last_known_addr { host: "127.30.211.1" port: 41205 } } peers { permanent_uuid: "128a8496ea4e4ac9ad2fe557944904e6" member_type: VOTER last_known_addr { host: "127.30.211.3" port: 35313 } } peers { permanent_uuid: "dfae4233fb044916b236b97bce6dd99f" member_type: VOTER last_known_addr { host: "127.30.211.2" port: 34857 } }
I20260709 13:11:19.270918 32185 tablet_service.cc:1917] Received RequestConsensusVote() RPC: tablet_id: "6fff9459c06a420f94fd0d7506524cc7" candidate_uuid: "dfae4233fb044916b236b97bce6dd99f" candidate_term: 1 candidate_status { last_received { term: 0 index: 0 } } ignore_live_leader: false dest_uuid: "203d19625d8844a4ae795f5fa05f7ae5"
I20260709 13:11:19.271459 32185 raft_consensus.cc:3060] T 6fff9459c06a420f94fd0d7506524cc7 P 203d19625d8844a4ae795f5fa05f7ae5 [term 0 FOLLOWER]: Advancing to term 1
I20260709 13:11:19.275223 32375 ts_tablet_manager.cc:1434] T 5920617afaac40b9bcb53a14f13c9540 P 128a8496ea4e4ac9ad2fe557944904e6: Time spent starting tablet: real 0.015s	user 0.005s	sys 0.001s
I20260709 13:11:19.276157 32375 tablet_bootstrap.cc:492] T 58360074a10d444f8f3233e0bb3bb56a P 128a8496ea4e4ac9ad2fe557944904e6: Bootstrap starting.
I20260709 13:11:19.278510 32185 raft_consensus.cc:2468] T 6fff9459c06a420f94fd0d7506524cc7 P 203d19625d8844a4ae795f5fa05f7ae5 [term 1 FOLLOWER]: Leader election vote request: Granting yes vote for candidate dfae4233fb044916b236b97bce6dd99f in term 1.
I20260709 13:11:19.279716 32224 leader_election.cc:304] T 6fff9459c06a420f94fd0d7506524cc7 P dfae4233fb044916b236b97bce6dd99f [CANDIDATE]: Term 1 election: Election decided. Result: candidate won. Election summary: received 2 responses out of 3 voters: 2 yes votes; 0 no votes. yes voters: 203d19625d8844a4ae795f5fa05f7ae5, dfae4233fb044916b236b97bce6dd99f; no voters: 
I20260709 13:11:19.280277 32410 raft_consensus.cc:515] T 0a54650ca132459085fe189f4e6eb7bb P 128a8496ea4e4ac9ad2fe557944904e6 [term 1 FOLLOWER]: Starting leader election with config: opid_index: -1 OBSOLETE_local: false peers { permanent_uuid: "203d19625d8844a4ae795f5fa05f7ae5" member_type: VOTER last_known_addr { host: "127.30.211.1" port: 41205 } } peers { permanent_uuid: "dfae4233fb044916b236b97bce6dd99f" member_type: VOTER last_known_addr { host: "127.30.211.2" port: 34857 } } peers { permanent_uuid: "128a8496ea4e4ac9ad2fe557944904e6" member_type: VOTER last_known_addr { host: "127.30.211.3" port: 35313 } }
I20260709 13:11:19.281483 32389 raft_consensus.cc:697] T f515e6118ee04d639435acd9844af64f P dfae4233fb044916b236b97bce6dd99f [term 1 LEADER]: Becoming Leader. State: Replica: dfae4233fb044916b236b97bce6dd99f, State: Running, Role: LEADER
I20260709 13:11:19.284184 32389 consensus_queue.cc:237] T f515e6118ee04d639435acd9844af64f P dfae4233fb044916b236b97bce6dd99f [LEADER]: Queue going to LEADER mode. State: All replicated index: 0, Majority replicated index: 0, Committed index: 0, Last appended: 0.0, Last appended by leader: 0, Current term: 1, Majority size: 2, State: 0, Mode: LEADER, active raft config: opid_index: -1 OBSOLETE_local: false peers { permanent_uuid: "203d19625d8844a4ae795f5fa05f7ae5" member_type: VOTER last_known_addr { host: "127.30.211.1" port: 41205 } } peers { permanent_uuid: "dfae4233fb044916b236b97bce6dd99f" member_type: VOTER last_known_addr { host: "127.30.211.2" port: 34857 } } peers { permanent_uuid: "128a8496ea4e4ac9ad2fe557944904e6" member_type: VOTER last_known_addr { host: "127.30.211.3" port: 35313 } }
I20260709 13:11:19.284868 32410 leader_election.cc:290] T 0a54650ca132459085fe189f4e6eb7bb P 128a8496ea4e4ac9ad2fe557944904e6 [CANDIDATE]: Term 1 election: Requested vote from peers 203d19625d8844a4ae795f5fa05f7ae5 (127.30.211.1:41205), dfae4233fb044916b236b97bce6dd99f (127.30.211.2:34857)
I20260709 13:11:19.285199 32412 raft_consensus.cc:493] T 5920617afaac40b9bcb53a14f13c9540 P 128a8496ea4e4ac9ad2fe557944904e6 [term 0 FOLLOWER]: Starting pre-election (no leader contacted us within the election timeout)
I20260709 13:11:19.285655 32412 raft_consensus.cc:515] T 5920617afaac40b9bcb53a14f13c9540 P 128a8496ea4e4ac9ad2fe557944904e6 [term 0 FOLLOWER]: Starting pre-election with config: opid_index: -1 OBSOLETE_local: false peers { permanent_uuid: "203d19625d8844a4ae795f5fa05f7ae5" member_type: VOTER last_known_addr { host: "127.30.211.1" port: 41205 } } peers { permanent_uuid: "128a8496ea4e4ac9ad2fe557944904e6" member_type: VOTER last_known_addr { host: "127.30.211.3" port: 35313 } } peers { permanent_uuid: "dfae4233fb044916b236b97bce6dd99f" member_type: VOTER last_known_addr { host: "127.30.211.2" port: 34857 } }
I20260709 13:11:19.286012 32185 tablet_service.cc:1917] Received RequestConsensusVote() RPC: tablet_id: "0a54650ca132459085fe189f4e6eb7bb" candidate_uuid: "128a8496ea4e4ac9ad2fe557944904e6" candidate_term: 1 candidate_status { last_received { term: 0 index: 0 } } ignore_live_leader: false dest_uuid: "203d19625d8844a4ae795f5fa05f7ae5"
I20260709 13:11:19.286428 32260 tablet_service.cc:1917] Received RequestConsensusVote() RPC: tablet_id: "0a54650ca132459085fe189f4e6eb7bb" candidate_uuid: "128a8496ea4e4ac9ad2fe557944904e6" candidate_term: 1 candidate_status { last_received { term: 0 index: 0 } } ignore_live_leader: false dest_uuid: "dfae4233fb044916b236b97bce6dd99f"
I20260709 13:11:19.286697 32185 raft_consensus.cc:3060] T 0a54650ca132459085fe189f4e6eb7bb P 203d19625d8844a4ae795f5fa05f7ae5 [term 0 FOLLOWER]: Advancing to term 1
I20260709 13:11:19.289021 32412 leader_election.cc:290] T 5920617afaac40b9bcb53a14f13c9540 P 128a8496ea4e4ac9ad2fe557944904e6 [CANDIDATE]: Term 1 pre-election: Requested pre-vote from peers 203d19625d8844a4ae795f5fa05f7ae5 (127.30.211.1:41205), dfae4233fb044916b236b97bce6dd99f (127.30.211.2:34857)
W20260709 13:11:19.289858 32298 leader_election.cc:343] T 0a54650ca132459085fe189f4e6eb7bb P 128a8496ea4e4ac9ad2fe557944904e6 [CANDIDATE]: Term 1 election: Tablet error from VoteRequest() call to peer dfae4233fb044916b236b97bce6dd99f (127.30.211.2:34857): Illegal state: must be running to vote when last-logged opid is not known
I20260709 13:11:19.291136 32383 raft_consensus.cc:493] T 0e1f3657f4ca42628e6c7b3bd2efb07f P dfae4233fb044916b236b97bce6dd99f [term 0 FOLLOWER]: Starting pre-election (no leader contacted us within the election timeout)
I20260709 13:11:19.291599 32260 tablet_service.cc:1917] Received RequestConsensusVote() RPC: tablet_id: "5920617afaac40b9bcb53a14f13c9540" candidate_uuid: "128a8496ea4e4ac9ad2fe557944904e6" candidate_term: 1 candidate_status { last_received { term: 0 index: 0 } } ignore_live_leader: false dest_uuid: "dfae4233fb044916b236b97bce6dd99f" is_pre_election: true
I20260709 13:11:19.291678 32383 raft_consensus.cc:515] T 0e1f3657f4ca42628e6c7b3bd2efb07f P dfae4233fb044916b236b97bce6dd99f [term 0 FOLLOWER]: Starting pre-election with config: opid_index: -1 OBSOLETE_local: false peers { permanent_uuid: "203d19625d8844a4ae795f5fa05f7ae5" member_type: VOTER last_known_addr { host: "127.30.211.1" port: 41205 } } peers { permanent_uuid: "dfae4233fb044916b236b97bce6dd99f" member_type: VOTER last_known_addr { host: "127.30.211.2" port: 34857 } } peers { permanent_uuid: "128a8496ea4e4ac9ad2fe557944904e6" member_type: VOTER last_known_addr { host: "127.30.211.3" port: 35313 } }
I20260709 13:11:19.292594 32260 raft_consensus.cc:2468] T 5920617afaac40b9bcb53a14f13c9540 P dfae4233fb044916b236b97bce6dd99f [term 0 FOLLOWER]: Leader pre-election vote request: Granting yes vote for candidate 128a8496ea4e4ac9ad2fe557944904e6 in term 0.
I20260709 13:11:19.294546 32184 tablet_service.cc:1917] Received RequestConsensusVote() RPC: tablet_id: "5920617afaac40b9bcb53a14f13c9540" candidate_uuid: "128a8496ea4e4ac9ad2fe557944904e6" candidate_term: 1 candidate_status { last_received { term: 0 index: 0 } } ignore_live_leader: false dest_uuid: "203d19625d8844a4ae795f5fa05f7ae5" is_pre_election: true
I20260709 13:11:19.296490 32383 leader_election.cc:290] T 0e1f3657f4ca42628e6c7b3bd2efb07f P dfae4233fb044916b236b97bce6dd99f [CANDIDATE]: Term 1 pre-election: Requested pre-vote from peers 203d19625d8844a4ae795f5fa05f7ae5 (127.30.211.1:41205), 128a8496ea4e4ac9ad2fe557944904e6 (127.30.211.3:35313)
I20260709 13:11:19.297881 32184 raft_consensus.cc:2468] T 5920617afaac40b9bcb53a14f13c9540 P 203d19625d8844a4ae795f5fa05f7ae5 [term 0 FOLLOWER]: Leader pre-election vote request: Granting yes vote for candidate 128a8496ea4e4ac9ad2fe557944904e6 in term 0.
I20260709 13:11:19.299424 32183 tablet_service.cc:1917] Received RequestConsensusVote() RPC: tablet_id: "0e1f3657f4ca42628e6c7b3bd2efb07f" candidate_uuid: "dfae4233fb044916b236b97bce6dd99f" candidate_term: 1 candidate_status { last_received { term: 0 index: 0 } } ignore_live_leader: false dest_uuid: "203d19625d8844a4ae795f5fa05f7ae5" is_pre_election: true
I20260709 13:11:19.300079 32298 leader_election.cc:304] T 5920617afaac40b9bcb53a14f13c9540 P 128a8496ea4e4ac9ad2fe557944904e6 [CANDIDATE]: Term 1 pre-election: Election decided. Result: candidate won. Election summary: received 2 responses out of 3 voters: 2 yes votes; 0 no votes. yes voters: 128a8496ea4e4ac9ad2fe557944904e6, dfae4233fb044916b236b97bce6dd99f; no voters: 
I20260709 13:11:19.302305 32183 raft_consensus.cc:2393] T 0e1f3657f4ca42628e6c7b3bd2efb07f P 203d19625d8844a4ae795f5fa05f7ae5 [term 1 FOLLOWER]: Leader pre-election vote request: Denying vote to candidate dfae4233fb044916b236b97bce6dd99f in current term 1: Already voted for candidate 128a8496ea4e4ac9ad2fe557944904e6 in this term.
I20260709 13:11:19.300200 32334 tablet_service.cc:1917] Received RequestConsensusVote() RPC: tablet_id: "0e1f3657f4ca42628e6c7b3bd2efb07f" candidate_uuid: "dfae4233fb044916b236b97bce6dd99f" candidate_term: 1 candidate_status { last_received { term: 0 index: 0 } } ignore_live_leader: false dest_uuid: "128a8496ea4e4ac9ad2fe557944904e6" is_pre_election: true
I20260709 13:11:19.303046 32376 tablet_bootstrap.cc:492] T d0a9564f42dd419cb2ae816cc224fe12 P dfae4233fb044916b236b97bce6dd99f: No bootstrap required, opened a new log
I20260709 13:11:19.303582 32376 ts_tablet_manager.cc:1403] T d0a9564f42dd419cb2ae816cc224fe12 P dfae4233fb044916b236b97bce6dd99f: Time spent bootstrapping tablet: real 0.081s	user 0.011s	sys 0.032s
I20260709 13:11:19.304286 32419 raft_consensus.cc:2804] T 6fff9459c06a420f94fd0d7506524cc7 P dfae4233fb044916b236b97bce6dd99f [term 1 FOLLOWER]: Leader election won for term 1
I20260709 13:11:19.301334 32420 leader_election.cc:290] T 6fff9459c06a420f94fd0d7506524cc7 P dfae4233fb044916b236b97bce6dd99f [CANDIDATE]: Term 1 election: Requested vote from peers 203d19625d8844a4ae795f5fa05f7ae5 (127.30.211.1:41205), 128a8496ea4e4ac9ad2fe557944904e6 (127.30.211.3:35313)
I20260709 13:11:19.305220 32082 catalog_manager.cc:5697] T 83eef0b2d0bc46d08328072447235968 P dfae4233fb044916b236b97bce6dd99f reported cstate change: term changed from 0 to 1, leader changed from <none> to dfae4233fb044916b236b97bce6dd99f (127.30.211.2). New cstate: current_term: 1 leader_uuid: "dfae4233fb044916b236b97bce6dd99f" committed_config { opid_index: -1 OBSOLETE_local: false peers { permanent_uuid: "203d19625d8844a4ae795f5fa05f7ae5" member_type: VOTER last_known_addr { host: "127.30.211.1" port: 41205 } health_report { overall_health: UNKNOWN } } peers { permanent_uuid: "dfae4233fb044916b236b97bce6dd99f" member_type: VOTER last_known_addr { host: "127.30.211.2" port: 34857 } health_report { overall_health: HEALTHY } } peers { permanent_uuid: "128a8496ea4e4ac9ad2fe557944904e6" member_type: VOTER last_known_addr { host: "127.30.211.3" port: 35313 } health_report { overall_health: UNKNOWN } } }
I20260709 13:11:19.307046 32412 raft_consensus.cc:2804] T 5920617afaac40b9bcb53a14f13c9540 P 128a8496ea4e4ac9ad2fe557944904e6 [term 0 FOLLOWER]: Leader pre-election won for term 1
I20260709 13:11:19.307433 32412 raft_consensus.cc:493] T 5920617afaac40b9bcb53a14f13c9540 P 128a8496ea4e4ac9ad2fe557944904e6 [term 0 FOLLOWER]: Starting leader election (no leader contacted us within the election timeout)
I20260709 13:11:19.306111 32419 raft_consensus.cc:697] T 6fff9459c06a420f94fd0d7506524cc7 P dfae4233fb044916b236b97bce6dd99f [term 1 LEADER]: Becoming Leader. State: Replica: dfae4233fb044916b236b97bce6dd99f, State: Running, Role: LEADER
I20260709 13:11:19.307767 32412 raft_consensus.cc:3060] T 5920617afaac40b9bcb53a14f13c9540 P 128a8496ea4e4ac9ad2fe557944904e6 [term 0 FOLLOWER]: Advancing to term 1
I20260709 13:11:19.298055 32185 raft_consensus.cc:2468] T 0a54650ca132459085fe189f4e6eb7bb P 203d19625d8844a4ae795f5fa05f7ae5 [term 1 FOLLOWER]: Leader election vote request: Granting yes vote for candidate 128a8496ea4e4ac9ad2fe557944904e6 in term 1.
I20260709 13:11:19.310907 32224 leader_election.cc:304] T 0e1f3657f4ca42628e6c7b3bd2efb07f P dfae4233fb044916b236b97bce6dd99f [CANDIDATE]: Term 1 pre-election: Election decided. Result: candidate lost. Election summary: received 3 responses out of 3 voters: 1 yes votes; 2 no votes. yes voters: dfae4233fb044916b236b97bce6dd99f; no voters: 128a8496ea4e4ac9ad2fe557944904e6, 203d19625d8844a4ae795f5fa05f7ae5
I20260709 13:11:19.310895 32376 raft_consensus.cc:359] T d0a9564f42dd419cb2ae816cc224fe12 P dfae4233fb044916b236b97bce6dd99f [term 0 FOLLOWER]: Replica starting. Triggering 0 pending ops. Active config: opid_index: -1 OBSOLETE_local: false peers { permanent_uuid: "203d19625d8844a4ae795f5fa05f7ae5" member_type: VOTER last_known_addr { host: "127.30.211.1" port: 41205 } } peers { permanent_uuid: "dfae4233fb044916b236b97bce6dd99f" member_type: VOTER last_known_addr { host: "127.30.211.2" port: 34857 } } peers { permanent_uuid: "128a8496ea4e4ac9ad2fe557944904e6" member_type: VOTER last_known_addr { host: "127.30.211.3" port: 35313 } }
I20260709 13:11:19.312191 32376 raft_consensus.cc:385] T d0a9564f42dd419cb2ae816cc224fe12 P dfae4233fb044916b236b97bce6dd99f [term 0 FOLLOWER]: Consensus starting up: Expiring failure detector timer to make a prompt election more likely
I20260709 13:11:19.312472 32376 raft_consensus.cc:740] T d0a9564f42dd419cb2ae816cc224fe12 P dfae4233fb044916b236b97bce6dd99f [term 0 FOLLOWER]: Becoming Follower/Learner. State: Replica: dfae4233fb044916b236b97bce6dd99f, State: Initialized, Role: FOLLOWER
I20260709 13:11:19.312605 32334 tablet_service.cc:1917] Received RequestConsensusVote() RPC: tablet_id: "6fff9459c06a420f94fd0d7506524cc7" candidate_uuid: "dfae4233fb044916b236b97bce6dd99f" candidate_term: 1 candidate_status { last_received { term: 0 index: 0 } } ignore_live_leader: false dest_uuid: "128a8496ea4e4ac9ad2fe557944904e6"
I20260709 13:11:19.313262 32376 consensus_queue.cc:260] T d0a9564f42dd419cb2ae816cc224fe12 P dfae4233fb044916b236b97bce6dd99f [NON_LEADER]: Queue going to NON_LEADER mode. State: All replicated index: 0, Majority replicated index: 0, Committed index: 0, Last appended: 0.0, Last appended by leader: 0, Current term: 0, Majority size: -1, State: 0, Mode: NON_LEADER, active raft config: opid_index: -1 OBSOLETE_local: false peers { permanent_uuid: "203d19625d8844a4ae795f5fa05f7ae5" member_type: VOTER last_known_addr { host: "127.30.211.1" port: 41205 } } peers { permanent_uuid: "dfae4233fb044916b236b97bce6dd99f" member_type: VOTER last_known_addr { host: "127.30.211.2" port: 34857 } } peers { permanent_uuid: "128a8496ea4e4ac9ad2fe557944904e6" member_type: VOTER last_known_addr { host: "127.30.211.3" port: 35313 } }
I20260709 13:11:19.314610 32334 raft_consensus.cc:3060] T 6fff9459c06a420f94fd0d7506524cc7 P 128a8496ea4e4ac9ad2fe557944904e6 [term 0 FOLLOWER]: Advancing to term 1
I20260709 13:11:19.316442 32376 ts_tablet_manager.cc:1434] T d0a9564f42dd419cb2ae816cc224fe12 P dfae4233fb044916b236b97bce6dd99f: Time spent starting tablet: real 0.013s	user 0.008s	sys 0.000s
I20260709 13:11:19.317152 32376 tablet_bootstrap.cc:492] T 58360074a10d444f8f3233e0bb3bb56a P dfae4233fb044916b236b97bce6dd99f: Bootstrap starting.
I20260709 13:11:19.317904 32389 raft_consensus.cc:3060] T 0e1f3657f4ca42628e6c7b3bd2efb07f P dfae4233fb044916b236b97bce6dd99f [term 0 FOLLOWER]: Advancing to term 1
I20260709 13:11:19.320828 32298 leader_election.cc:304] T 0a54650ca132459085fe189f4e6eb7bb P 128a8496ea4e4ac9ad2fe557944904e6 [CANDIDATE]: Term 1 election: Election decided. Result: candidate won. Election summary: received 3 responses out of 3 voters: 2 yes votes; 1 no votes. yes voters: 128a8496ea4e4ac9ad2fe557944904e6, 203d19625d8844a4ae795f5fa05f7ae5; no voters: dfae4233fb044916b236b97bce6dd99f
I20260709 13:11:19.321672 32410 raft_consensus.cc:2804] T 0a54650ca132459085fe189f4e6eb7bb P 128a8496ea4e4ac9ad2fe557944904e6 [term 1 FOLLOWER]: Leader election won for term 1
I20260709 13:11:19.322446 32410 raft_consensus.cc:697] T 0a54650ca132459085fe189f4e6eb7bb P 128a8496ea4e4ac9ad2fe557944904e6 [term 1 LEADER]: Becoming Leader. State: Replica: 128a8496ea4e4ac9ad2fe557944904e6, State: Running, Role: LEADER
I20260709 13:11:19.324687 32374 tablet_bootstrap.cc:492] T d0a9564f42dd419cb2ae816cc224fe12 P 203d19625d8844a4ae795f5fa05f7ae5: No bootstrap required, opened a new log
I20260709 13:11:19.325332 32374 ts_tablet_manager.cc:1403] T d0a9564f42dd419cb2ae816cc224fe12 P 203d19625d8844a4ae795f5fa05f7ae5: Time spent bootstrapping tablet: real 0.106s	user 0.013s	sys 0.025s
I20260709 13:11:19.308436 32419 consensus_queue.cc:237] T 6fff9459c06a420f94fd0d7506524cc7 P dfae4233fb044916b236b97bce6dd99f [LEADER]: Queue going to LEADER mode. State: All replicated index: 0, Majority replicated index: 0, Committed index: 0, Last appended: 0.0, Last appended by leader: 0, Current term: 1, Majority size: 2, State: 0, Mode: LEADER, active raft config: opid_index: -1 OBSOLETE_local: false peers { permanent_uuid: "203d19625d8844a4ae795f5fa05f7ae5" member_type: VOTER last_known_addr { host: "127.30.211.1" port: 41205 } } peers { permanent_uuid: "dfae4233fb044916b236b97bce6dd99f" member_type: VOTER last_known_addr { host: "127.30.211.2" port: 34857 } } peers { permanent_uuid: "128a8496ea4e4ac9ad2fe557944904e6" member_type: VOTER last_known_addr { host: "127.30.211.3" port: 35313 } }
I20260709 13:11:19.324728 32334 raft_consensus.cc:2468] T 6fff9459c06a420f94fd0d7506524cc7 P 128a8496ea4e4ac9ad2fe557944904e6 [term 1 FOLLOWER]: Leader election vote request: Granting yes vote for candidate dfae4233fb044916b236b97bce6dd99f in term 1.
I20260709 13:11:19.329296 32374 raft_consensus.cc:359] T d0a9564f42dd419cb2ae816cc224fe12 P 203d19625d8844a4ae795f5fa05f7ae5 [term 0 FOLLOWER]: Replica starting. Triggering 0 pending ops. Active config: opid_index: -1 OBSOLETE_local: false peers { permanent_uuid: "203d19625d8844a4ae795f5fa05f7ae5" member_type: VOTER last_known_addr { host: "127.30.211.1" port: 41205 } } peers { permanent_uuid: "dfae4233fb044916b236b97bce6dd99f" member_type: VOTER last_known_addr { host: "127.30.211.2" port: 34857 } } peers { permanent_uuid: "128a8496ea4e4ac9ad2fe557944904e6" member_type: VOTER last_known_addr { host: "127.30.211.3" port: 35313 } }
I20260709 13:11:19.330277 32374 raft_consensus.cc:385] T d0a9564f42dd419cb2ae816cc224fe12 P 203d19625d8844a4ae795f5fa05f7ae5 [term 0 FOLLOWER]: Consensus starting up: Expiring failure detector timer to make a prompt election more likely
I20260709 13:11:19.330616 32374 raft_consensus.cc:740] T d0a9564f42dd419cb2ae816cc224fe12 P 203d19625d8844a4ae795f5fa05f7ae5 [term 0 FOLLOWER]: Becoming Follower/Learner. State: Replica: 203d19625d8844a4ae795f5fa05f7ae5, State: Initialized, Role: FOLLOWER
I20260709 13:11:19.330886 32389 raft_consensus.cc:2749] T 0e1f3657f4ca42628e6c7b3bd2efb07f P dfae4233fb044916b236b97bce6dd99f [term 1 FOLLOWER]: Leader pre-election lost for term 1. Reason: could not achieve majority
I20260709 13:11:19.328850 32410 consensus_queue.cc:237] T 0a54650ca132459085fe189f4e6eb7bb P 128a8496ea4e4ac9ad2fe557944904e6 [LEADER]: Queue going to LEADER mode. State: All replicated index: 0, Majority replicated index: 0, Committed index: 0, Last appended: 0.0, Last appended by leader: 0, Current term: 1, Majority size: 2, State: 0, Mode: LEADER, active raft config: opid_index: -1 OBSOLETE_local: false peers { permanent_uuid: "203d19625d8844a4ae795f5fa05f7ae5" member_type: VOTER last_known_addr { host: "127.30.211.1" port: 41205 } } peers { permanent_uuid: "dfae4233fb044916b236b97bce6dd99f" member_type: VOTER last_known_addr { host: "127.30.211.2" port: 34857 } } peers { permanent_uuid: "128a8496ea4e4ac9ad2fe557944904e6" member_type: VOTER last_known_addr { host: "127.30.211.3" port: 35313 } }
I20260709 13:11:19.332844 32374 consensus_queue.cc:260] T d0a9564f42dd419cb2ae816cc224fe12 P 203d19625d8844a4ae795f5fa05f7ae5 [NON_LEADER]: Queue going to NON_LEADER mode. State: All replicated index: 0, Majority replicated index: 0, Committed index: 0, Last appended: 0.0, Last appended by leader: 0, Current term: 0, Majority size: -1, State: 0, Mode: NON_LEADER, active raft config: opid_index: -1 OBSOLETE_local: false peers { permanent_uuid: "203d19625d8844a4ae795f5fa05f7ae5" member_type: VOTER last_known_addr { host: "127.30.211.1" port: 41205 } } peers { permanent_uuid: "dfae4233fb044916b236b97bce6dd99f" member_type: VOTER last_known_addr { host: "127.30.211.2" port: 34857 } } peers { permanent_uuid: "128a8496ea4e4ac9ad2fe557944904e6" member_type: VOTER last_known_addr { host: "127.30.211.3" port: 35313 } }
I20260709 13:11:19.336800 32376 tablet_bootstrap.cc:654] T 58360074a10d444f8f3233e0bb3bb56a P dfae4233fb044916b236b97bce6dd99f: Neither blocks nor log segments found. Creating new log.
I20260709 13:11:19.338303 32374 ts_tablet_manager.cc:1434] T d0a9564f42dd419cb2ae816cc224fe12 P 203d19625d8844a4ae795f5fa05f7ae5: Time spent starting tablet: real 0.013s	user 0.007s	sys 0.000s
I20260709 13:11:19.339217 32374 tablet_bootstrap.cc:492] T 83eef0b2d0bc46d08328072447235968 P 203d19625d8844a4ae795f5fa05f7ae5: Bootstrap starting.
I20260709 13:11:19.348127 32375 tablet_bootstrap.cc:654] T 58360074a10d444f8f3233e0bb3bb56a P 128a8496ea4e4ac9ad2fe557944904e6: Neither blocks nor log segments found. Creating new log.
I20260709 13:11:19.347333 32081 catalog_manager.cc:5697] T 6fff9459c06a420f94fd0d7506524cc7 P dfae4233fb044916b236b97bce6dd99f reported cstate change: term changed from 0 to 1, leader changed from <none> to dfae4233fb044916b236b97bce6dd99f (127.30.211.2). New cstate: current_term: 1 leader_uuid: "dfae4233fb044916b236b97bce6dd99f" committed_config { opid_index: -1 OBSOLETE_local: false peers { permanent_uuid: "203d19625d8844a4ae795f5fa05f7ae5" member_type: VOTER last_known_addr { host: "127.30.211.1" port: 41205 } health_report { overall_health: UNKNOWN } } peers { permanent_uuid: "dfae4233fb044916b236b97bce6dd99f" member_type: VOTER last_known_addr { host: "127.30.211.2" port: 34857 } health_report { overall_health: HEALTHY } } peers { permanent_uuid: "128a8496ea4e4ac9ad2fe557944904e6" member_type: VOTER last_known_addr { host: "127.30.211.3" port: 35313 } health_report { overall_health: UNKNOWN } } }
I20260709 13:11:19.349936 32081 catalog_manager.cc:5697] T f515e6118ee04d639435acd9844af64f P dfae4233fb044916b236b97bce6dd99f reported cstate change: term changed from 0 to 1, leader changed from <none> to dfae4233fb044916b236b97bce6dd99f (127.30.211.2). New cstate: current_term: 1 leader_uuid: "dfae4233fb044916b236b97bce6dd99f" committed_config { opid_index: -1 OBSOLETE_local: false peers { permanent_uuid: "203d19625d8844a4ae795f5fa05f7ae5" member_type: VOTER last_known_addr { host: "127.30.211.1" port: 41205 } health_report { overall_health: UNKNOWN } } peers { permanent_uuid: "dfae4233fb044916b236b97bce6dd99f" member_type: VOTER last_known_addr { host: "127.30.211.2" port: 34857 } health_report { overall_health: HEALTHY } } peers { permanent_uuid: "128a8496ea4e4ac9ad2fe557944904e6" member_type: VOTER last_known_addr { host: "127.30.211.3" port: 35313 } health_report { overall_health: UNKNOWN } } }
I20260709 13:11:19.352631 32412 raft_consensus.cc:515] T 5920617afaac40b9bcb53a14f13c9540 P 128a8496ea4e4ac9ad2fe557944904e6 [term 1 FOLLOWER]: Starting leader election with config: opid_index: -1 OBSOLETE_local: false peers { permanent_uuid: "203d19625d8844a4ae795f5fa05f7ae5" member_type: VOTER last_known_addr { host: "127.30.211.1" port: 41205 } } peers { permanent_uuid: "128a8496ea4e4ac9ad2fe557944904e6" member_type: VOTER last_known_addr { host: "127.30.211.3" port: 35313 } } peers { permanent_uuid: "dfae4233fb044916b236b97bce6dd99f" member_type: VOTER last_known_addr { host: "127.30.211.2" port: 34857 } }
I20260709 13:11:19.358675 32374 tablet_bootstrap.cc:654] T 83eef0b2d0bc46d08328072447235968 P 203d19625d8844a4ae795f5fa05f7ae5: Neither blocks nor log segments found. Creating new log.
I20260709 13:11:19.358835 32185 tablet_service.cc:1917] Received RequestConsensusVote() RPC: tablet_id: "5920617afaac40b9bcb53a14f13c9540" candidate_uuid: "128a8496ea4e4ac9ad2fe557944904e6" candidate_term: 1 candidate_status { last_received { term: 0 index: 0 } } ignore_live_leader: false dest_uuid: "203d19625d8844a4ae795f5fa05f7ae5"
I20260709 13:11:19.359515 32185 raft_consensus.cc:3060] T 5920617afaac40b9bcb53a14f13c9540 P 203d19625d8844a4ae795f5fa05f7ae5 [term 0 FOLLOWER]: Advancing to term 1
I20260709 13:11:19.361850 32412 leader_election.cc:290] T 5920617afaac40b9bcb53a14f13c9540 P 128a8496ea4e4ac9ad2fe557944904e6 [CANDIDATE]: Term 1 election: Requested vote from peers 203d19625d8844a4ae795f5fa05f7ae5 (127.30.211.1:41205), dfae4233fb044916b236b97bce6dd99f (127.30.211.2:34857)
I20260709 13:11:19.363189 32260 tablet_service.cc:1917] Received RequestConsensusVote() RPC: tablet_id: "5920617afaac40b9bcb53a14f13c9540" candidate_uuid: "128a8496ea4e4ac9ad2fe557944904e6" candidate_term: 1 candidate_status { last_received { term: 0 index: 0 } } ignore_live_leader: false dest_uuid: "dfae4233fb044916b236b97bce6dd99f"
I20260709 13:11:19.363965 32260 raft_consensus.cc:3060] T 5920617afaac40b9bcb53a14f13c9540 P dfae4233fb044916b236b97bce6dd99f [term 0 FOLLOWER]: Advancing to term 1
I20260709 13:11:19.366082 32374 tablet_bootstrap.cc:492] T 83eef0b2d0bc46d08328072447235968 P 203d19625d8844a4ae795f5fa05f7ae5: No bootstrap required, opened a new log
I20260709 13:11:19.367177 32374 ts_tablet_manager.cc:1403] T 83eef0b2d0bc46d08328072447235968 P 203d19625d8844a4ae795f5fa05f7ae5: Time spent bootstrapping tablet: real 0.028s	user 0.004s	sys 0.007s
I20260709 13:11:19.370347 32185 raft_consensus.cc:2468] T 5920617afaac40b9bcb53a14f13c9540 P 203d19625d8844a4ae795f5fa05f7ae5 [term 1 FOLLOWER]: Leader election vote request: Granting yes vote for candidate 128a8496ea4e4ac9ad2fe557944904e6 in term 1.
I20260709 13:11:19.370560 32374 raft_consensus.cc:359] T 83eef0b2d0bc46d08328072447235968 P 203d19625d8844a4ae795f5fa05f7ae5 [term 0 FOLLOWER]: Replica starting. Triggering 0 pending ops. Active config: opid_index: -1 OBSOLETE_local: false peers { permanent_uuid: "203d19625d8844a4ae795f5fa05f7ae5" member_type: VOTER last_known_addr { host: "127.30.211.1" port: 41205 } } peers { permanent_uuid: "dfae4233fb044916b236b97bce6dd99f" member_type: VOTER last_known_addr { host: "127.30.211.2" port: 34857 } } peers { permanent_uuid: "128a8496ea4e4ac9ad2fe557944904e6" member_type: VOTER last_known_addr { host: "127.30.211.3" port: 35313 } }
I20260709 13:11:19.371227 32374 raft_consensus.cc:385] T 83eef0b2d0bc46d08328072447235968 P 203d19625d8844a4ae795f5fa05f7ae5 [term 0 FOLLOWER]: Consensus starting up: Expiring failure detector timer to make a prompt election more likely
I20260709 13:11:19.371500 32374 raft_consensus.cc:740] T 83eef0b2d0bc46d08328072447235968 P 203d19625d8844a4ae795f5fa05f7ae5 [term 0 FOLLOWER]: Becoming Follower/Learner. State: Replica: 203d19625d8844a4ae795f5fa05f7ae5, State: Initialized, Role: FOLLOWER
I20260709 13:11:19.371610 32298 leader_election.cc:304] T 5920617afaac40b9bcb53a14f13c9540 P 128a8496ea4e4ac9ad2fe557944904e6 [CANDIDATE]: Term 1 election: Election decided. Result: candidate won. Election summary: received 2 responses out of 3 voters: 2 yes votes; 0 no votes. yes voters: 128a8496ea4e4ac9ad2fe557944904e6, 203d19625d8844a4ae795f5fa05f7ae5; no voters: 
I20260709 13:11:19.372193 32374 consensus_queue.cc:260] T 83eef0b2d0bc46d08328072447235968 P 203d19625d8844a4ae795f5fa05f7ae5 [NON_LEADER]: Queue going to NON_LEADER mode. State: All replicated index: 0, Majority replicated index: 0, Committed index: 0, Last appended: 0.0, Last appended by leader: 0, Current term: 0, Majority size: -1, State: 0, Mode: NON_LEADER, active raft config: opid_index: -1 OBSOLETE_local: false peers { permanent_uuid: "203d19625d8844a4ae795f5fa05f7ae5" member_type: VOTER last_known_addr { host: "127.30.211.1" port: 41205 } } peers { permanent_uuid: "dfae4233fb044916b236b97bce6dd99f" member_type: VOTER last_known_addr { host: "127.30.211.2" port: 34857 } } peers { permanent_uuid: "128a8496ea4e4ac9ad2fe557944904e6" member_type: VOTER last_known_addr { host: "127.30.211.3" port: 35313 } }
I20260709 13:11:19.372557 32412 raft_consensus.cc:2804] T 5920617afaac40b9bcb53a14f13c9540 P 128a8496ea4e4ac9ad2fe557944904e6 [term 1 FOLLOWER]: Leader election won for term 1
I20260709 13:11:19.373328 32412 raft_consensus.cc:697] T 5920617afaac40b9bcb53a14f13c9540 P 128a8496ea4e4ac9ad2fe557944904e6 [term 1 LEADER]: Becoming Leader. State: Replica: 128a8496ea4e4ac9ad2fe557944904e6, State: Running, Role: LEADER
I20260709 13:11:19.374313 32374 ts_tablet_manager.cc:1434] T 83eef0b2d0bc46d08328072447235968 P 203d19625d8844a4ae795f5fa05f7ae5: Time spent starting tablet: real 0.007s	user 0.006s	sys 0.000s
I20260709 13:11:19.374207 32412 consensus_queue.cc:237] T 5920617afaac40b9bcb53a14f13c9540 P 128a8496ea4e4ac9ad2fe557944904e6 [LEADER]: Queue going to LEADER mode. State: All replicated index: 0, Majority replicated index: 0, Committed index: 0, Last appended: 0.0, Last appended by leader: 0, Current term: 1, Majority size: 2, State: 0, Mode: LEADER, active raft config: opid_index: -1 OBSOLETE_local: false peers { permanent_uuid: "203d19625d8844a4ae795f5fa05f7ae5" member_type: VOTER last_known_addr { host: "127.30.211.1" port: 41205 } } peers { permanent_uuid: "128a8496ea4e4ac9ad2fe557944904e6" member_type: VOTER last_known_addr { host: "127.30.211.3" port: 35313 } } peers { permanent_uuid: "dfae4233fb044916b236b97bce6dd99f" member_type: VOTER last_known_addr { host: "127.30.211.2" port: 34857 } }
I20260709 13:11:19.382249 32260 raft_consensus.cc:2468] T 5920617afaac40b9bcb53a14f13c9540 P dfae4233fb044916b236b97bce6dd99f [term 1 FOLLOWER]: Leader election vote request: Granting yes vote for candidate 128a8496ea4e4ac9ad2fe557944904e6 in term 1.
I20260709 13:11:19.386287 32376 tablet_bootstrap.cc:492] T 58360074a10d444f8f3233e0bb3bb56a P dfae4233fb044916b236b97bce6dd99f: No bootstrap required, opened a new log
I20260709 13:11:19.386871 32376 ts_tablet_manager.cc:1403] T 58360074a10d444f8f3233e0bb3bb56a P dfae4233fb044916b236b97bce6dd99f: Time spent bootstrapping tablet: real 0.070s	user 0.014s	sys 0.016s
I20260709 13:11:19.390100 32376 raft_consensus.cc:359] T 58360074a10d444f8f3233e0bb3bb56a P dfae4233fb044916b236b97bce6dd99f [term 0 FOLLOWER]: Replica starting. Triggering 0 pending ops. Active config: opid_index: -1 OBSOLETE_local: false peers { permanent_uuid: "203d19625d8844a4ae795f5fa05f7ae5" member_type: VOTER last_known_addr { host: "127.30.211.1" port: 41205 } } peers { permanent_uuid: "dfae4233fb044916b236b97bce6dd99f" member_type: VOTER last_known_addr { host: "127.30.211.2" port: 34857 } } peers { permanent_uuid: "128a8496ea4e4ac9ad2fe557944904e6" member_type: VOTER last_known_addr { host: "127.30.211.3" port: 35313 } }
I20260709 13:11:19.390851 32376 raft_consensus.cc:385] T 58360074a10d444f8f3233e0bb3bb56a P dfae4233fb044916b236b97bce6dd99f [term 0 FOLLOWER]: Consensus starting up: Expiring failure detector timer to make a prompt election more likely
I20260709 13:11:19.391111 32376 raft_consensus.cc:740] T 58360074a10d444f8f3233e0bb3bb56a P dfae4233fb044916b236b97bce6dd99f [term 0 FOLLOWER]: Becoming Follower/Learner. State: Replica: dfae4233fb044916b236b97bce6dd99f, State: Initialized, Role: FOLLOWER
I20260709 13:11:19.391790 32376 consensus_queue.cc:260] T 58360074a10d444f8f3233e0bb3bb56a P dfae4233fb044916b236b97bce6dd99f [NON_LEADER]: Queue going to NON_LEADER mode. State: All replicated index: 0, Majority replicated index: 0, Committed index: 0, Last appended: 0.0, Last appended by leader: 0, Current term: 0, Majority size: -1, State: 0, Mode: NON_LEADER, active raft config: opid_index: -1 OBSOLETE_local: false peers { permanent_uuid: "203d19625d8844a4ae795f5fa05f7ae5" member_type: VOTER last_known_addr { host: "127.30.211.1" port: 41205 } } peers { permanent_uuid: "dfae4233fb044916b236b97bce6dd99f" member_type: VOTER last_known_addr { host: "127.30.211.2" port: 34857 } } peers { permanent_uuid: "128a8496ea4e4ac9ad2fe557944904e6" member_type: VOTER last_known_addr { host: "127.30.211.3" port: 35313 } }
I20260709 13:11:19.393945 32376 ts_tablet_manager.cc:1434] T 58360074a10d444f8f3233e0bb3bb56a P dfae4233fb044916b236b97bce6dd99f: Time spent starting tablet: real 0.007s	user 0.006s	sys 0.000s
I20260709 13:11:19.393993 32375 tablet_bootstrap.cc:492] T 58360074a10d444f8f3233e0bb3bb56a P 128a8496ea4e4ac9ad2fe557944904e6: No bootstrap required, opened a new log
I20260709 13:11:19.394937 32376 tablet_bootstrap.cc:492] T 0a54650ca132459085fe189f4e6eb7bb P dfae4233fb044916b236b97bce6dd99f: Bootstrap starting.
I20260709 13:11:19.395011 32375 ts_tablet_manager.cc:1403] T 58360074a10d444f8f3233e0bb3bb56a P 128a8496ea4e4ac9ad2fe557944904e6: Time spent bootstrapping tablet: real 0.119s	user 0.011s	sys 0.005s
I20260709 13:11:19.396232 32081 catalog_manager.cc:5697] T 0a54650ca132459085fe189f4e6eb7bb P 128a8496ea4e4ac9ad2fe557944904e6 reported cstate change: term changed from 0 to 1, leader changed from <none> to 128a8496ea4e4ac9ad2fe557944904e6 (127.30.211.3). New cstate: current_term: 1 leader_uuid: "128a8496ea4e4ac9ad2fe557944904e6" committed_config { opid_index: -1 OBSOLETE_local: false peers { permanent_uuid: "203d19625d8844a4ae795f5fa05f7ae5" member_type: VOTER last_known_addr { host: "127.30.211.1" port: 41205 } health_report { overall_health: UNKNOWN } } peers { permanent_uuid: "dfae4233fb044916b236b97bce6dd99f" member_type: VOTER last_known_addr { host: "127.30.211.2" port: 34857 } health_report { overall_health: UNKNOWN } } peers { permanent_uuid: "128a8496ea4e4ac9ad2fe557944904e6" member_type: VOTER last_known_addr { host: "127.30.211.3" port: 35313 } health_report { overall_health: HEALTHY } } }
I20260709 13:11:19.398515 32375 raft_consensus.cc:359] T 58360074a10d444f8f3233e0bb3bb56a P 128a8496ea4e4ac9ad2fe557944904e6 [term 0 FOLLOWER]: Replica starting. Triggering 0 pending ops. Active config: opid_index: -1 OBSOLETE_local: false peers { permanent_uuid: "203d19625d8844a4ae795f5fa05f7ae5" member_type: VOTER last_known_addr { host: "127.30.211.1" port: 41205 } } peers { permanent_uuid: "dfae4233fb044916b236b97bce6dd99f" member_type: VOTER last_known_addr { host: "127.30.211.2" port: 34857 } } peers { permanent_uuid: "128a8496ea4e4ac9ad2fe557944904e6" member_type: VOTER last_known_addr { host: "127.30.211.3" port: 35313 } }
I20260709 13:11:19.399173 32375 raft_consensus.cc:385] T 58360074a10d444f8f3233e0bb3bb56a P 128a8496ea4e4ac9ad2fe557944904e6 [term 0 FOLLOWER]: Consensus starting up: Expiring failure detector timer to make a prompt election more likely
