I20260709 13:11:07.584887 31891 raft_consensus.cc:359] T 04b97b72adde4e9aa0967d5339a90b35 P 8cc78201c8f0417bb88d98fb056e17f2 [term 0 FOLLOWER]: Replica starting. Triggering 0 pending ops. Active config: opid_index: -1 OBSOLETE_local: false peers { permanent_uuid: "8cc78201c8f0417bb88d98fb056e17f2" member_type: VOTER last_known_addr { host: "127.30.211.1" port: 40813 } } peers { permanent_uuid: "e940da63e3bb479ca2989dc8746eda2e" member_type: VOTER last_known_addr { host: "127.30.211.2" port: 41167 } } peers { permanent_uuid: "d03631b3f7714c49a3ffcdb3b4820fb7" member_type: VOTER last_known_addr { host: "127.30.211.3" port: 46501 } }
I20260709 13:11:07.585487 31891 raft_consensus.cc:385] T 04b97b72adde4e9aa0967d5339a90b35 P 8cc78201c8f0417bb88d98fb056e17f2 [term 0 FOLLOWER]: Consensus starting up: Expiring failure detector timer to make a prompt election more likely
I20260709 13:11:07.585773 31891 raft_consensus.cc:740] T 04b97b72adde4e9aa0967d5339a90b35 P 8cc78201c8f0417bb88d98fb056e17f2 [term 0 FOLLOWER]: Becoming Follower/Learner. State: Replica: 8cc78201c8f0417bb88d98fb056e17f2, State: Initialized, Role: FOLLOWER
I20260709 13:11:07.586086 31774 raft_consensus.cc:3060] T 2a68641b073047578055d6eef0ef8e3e P e940da63e3bb479ca2989dc8746eda2e [term 0 FOLLOWER]: Advancing to term 1
I20260709 13:11:07.586473 31891 consensus_queue.cc:260] T 04b97b72adde4e9aa0967d5339a90b35 P 8cc78201c8f0417bb88d98fb056e17f2 [NON_LEADER]: Queue going to NON_LEADER mode. State: All replicated index: 0, Majority replicated index: 0, Committed index: 0, Last appended: 0.0, Last appended by leader: 0, Current term: 0, Majority size: -1, State: 0, Mode: NON_LEADER, active raft config: opid_index: -1 OBSOLETE_local: false peers { permanent_uuid: "8cc78201c8f0417bb88d98fb056e17f2" member_type: VOTER last_known_addr { host: "127.30.211.1" port: 40813 } } peers { permanent_uuid: "e940da63e3bb479ca2989dc8746eda2e" member_type: VOTER last_known_addr { host: "127.30.211.2" port: 41167 } } peers { permanent_uuid: "d03631b3f7714c49a3ffcdb3b4820fb7" member_type: VOTER last_known_addr { host: "127.30.211.3" port: 46501 } }
I20260709 13:11:07.588644 31891 ts_tablet_manager.cc:1434] T 04b97b72adde4e9aa0967d5339a90b35 P 8cc78201c8f0417bb88d98fb056e17f2: Time spent starting tablet: real 0.007s	user 0.004s	sys 0.000s
I20260709 13:11:07.589614 31891 tablet_bootstrap.cc:492] T 4e80e5b0bfca46cc91193c55fee6daf0 P 8cc78201c8f0417bb88d98fb056e17f2: Bootstrap starting.
I20260709 13:11:07.595136 31773 raft_consensus.cc:2468] T 0dcd87e5376c4645932ee967c7c5fec1 P e940da63e3bb479ca2989dc8746eda2e [term 1 FOLLOWER]: Leader election vote request: Granting yes vote for candidate d03631b3f7714c49a3ffcdb3b4820fb7 in term 1.
I20260709 13:11:07.595769 31891 tablet_bootstrap.cc:654] T 4e80e5b0bfca46cc91193c55fee6daf0 P 8cc78201c8f0417bb88d98fb056e17f2: Neither blocks nor log segments found. Creating new log.
I20260709 13:11:07.596791 31915 consensus_queue.cc:1048] T 2a68641b073047578055d6eef0ef8e3e P 8cc78201c8f0417bb88d98fb056e17f2 [LEADER]: Connected to new peer: Peer: permanent_uuid: "e940da63e3bb479ca2989dc8746eda2e" member_type: VOTER last_known_addr { host: "127.30.211.2" port: 41167 }, Status: LMP_MISMATCH, Last received: 0.0, Next index: 1, Last known committed idx: 0, Time since last communication: 0.000s
I20260709 13:11:07.607077 31595 catalog_manager.cc:5697] T 0dcd87e5376c4645932ee967c7c5fec1 P d03631b3f7714c49a3ffcdb3b4820fb7 reported cstate change: term changed from 0 to 1, leader changed from <none> to d03631b3f7714c49a3ffcdb3b4820fb7 (127.30.211.3). New cstate: current_term: 1 leader_uuid: "d03631b3f7714c49a3ffcdb3b4820fb7" committed_config { opid_index: -1 OBSOLETE_local: false peers { permanent_uuid: "8cc78201c8f0417bb88d98fb056e17f2" member_type: VOTER last_known_addr { host: "127.30.211.1" port: 40813 } health_report { overall_health: UNKNOWN } } peers { permanent_uuid: "e940da63e3bb479ca2989dc8746eda2e" member_type: VOTER last_known_addr { host: "127.30.211.2" port: 41167 } health_report { overall_health: UNKNOWN } } peers { permanent_uuid: "d03631b3f7714c49a3ffcdb3b4820fb7" member_type: VOTER last_known_addr { host: "127.30.211.3" port: 46501 } health_report { overall_health: HEALTHY } } }
I20260709 13:11:07.616575 31891 tablet_bootstrap.cc:492] T 4e80e5b0bfca46cc91193c55fee6daf0 P 8cc78201c8f0417bb88d98fb056e17f2: No bootstrap required, opened a new log
I20260709 13:11:07.617084 31891 ts_tablet_manager.cc:1403] T 4e80e5b0bfca46cc91193c55fee6daf0 P 8cc78201c8f0417bb88d98fb056e17f2: Time spent bootstrapping tablet: real 0.028s	user 0.015s	sys 0.006s
I20260709 13:11:07.619772 31891 raft_consensus.cc:359] T 4e80e5b0bfca46cc91193c55fee6daf0 P 8cc78201c8f0417bb88d98fb056e17f2 [term 0 FOLLOWER]: Replica starting. Triggering 0 pending ops. Active config: opid_index: -1 OBSOLETE_local: false peers { permanent_uuid: "8cc78201c8f0417bb88d98fb056e17f2" member_type: VOTER last_known_addr { host: "127.30.211.1" port: 40813 } } peers { permanent_uuid: "e940da63e3bb479ca2989dc8746eda2e" member_type: VOTER last_known_addr { host: "127.30.211.2" port: 41167 } } peers { permanent_uuid: "d03631b3f7714c49a3ffcdb3b4820fb7" member_type: VOTER last_known_addr { host: "127.30.211.3" port: 46501 } }
I20260709 13:11:07.620514 31891 raft_consensus.cc:385] T 4e80e5b0bfca46cc91193c55fee6daf0 P 8cc78201c8f0417bb88d98fb056e17f2 [term 0 FOLLOWER]: Consensus starting up: Expiring failure detector timer to make a prompt election more likely
I20260709 13:11:07.620785 31891 raft_consensus.cc:740] T 4e80e5b0bfca46cc91193c55fee6daf0 P 8cc78201c8f0417bb88d98fb056e17f2 [term 0 FOLLOWER]: Becoming Follower/Learner. State: Replica: 8cc78201c8f0417bb88d98fb056e17f2, State: Initialized, Role: FOLLOWER
I20260709 13:11:07.621465 31891 consensus_queue.cc:260] T 4e80e5b0bfca46cc91193c55fee6daf0 P 8cc78201c8f0417bb88d98fb056e17f2 [NON_LEADER]: Queue going to NON_LEADER mode. State: All replicated index: 0, Majority replicated index: 0, Committed index: 0, Last appended: 0.0, Last appended by leader: 0, Current term: 0, Majority size: -1, State: 0, Mode: NON_LEADER, active raft config: opid_index: -1 OBSOLETE_local: false peers { permanent_uuid: "8cc78201c8f0417bb88d98fb056e17f2" member_type: VOTER last_known_addr { host: "127.30.211.1" port: 40813 } } peers { permanent_uuid: "e940da63e3bb479ca2989dc8746eda2e" member_type: VOTER last_known_addr { host: "127.30.211.2" port: 41167 } } peers { permanent_uuid: "d03631b3f7714c49a3ffcdb3b4820fb7" member_type: VOTER last_known_addr { host: "127.30.211.3" port: 46501 } }
I20260709 13:11:07.627488 31891 ts_tablet_manager.cc:1434] T 4e80e5b0bfca46cc91193c55fee6daf0 P 8cc78201c8f0417bb88d98fb056e17f2: Time spent starting tablet: real 0.010s	user 0.007s	sys 0.000s
I20260709 13:11:07.638669 31897 consensus_queue.cc:1048] T 2a68641b073047578055d6eef0ef8e3e P 8cc78201c8f0417bb88d98fb056e17f2 [LEADER]: Connected to new peer: Peer: permanent_uuid: "d03631b3f7714c49a3ffcdb3b4820fb7" member_type: VOTER last_known_addr { host: "127.30.211.3" port: 46501 }, Status: LMP_MISMATCH, Last received: 0.0, Next index: 1, Last known committed idx: 0, Time since last communication: 0.000s
I20260709 13:11:07.640997 31937 consensus_queue.cc:1048] T 839a46f2abeb410fadea5e0dc3f1eb67 P d03631b3f7714c49a3ffcdb3b4820fb7 [LEADER]: Connected to new peer: Peer: permanent_uuid: "8cc78201c8f0417bb88d98fb056e17f2" member_type: VOTER last_known_addr { host: "127.30.211.1" port: 40813 }, Status: LMP_MISMATCH, Last received: 0.0, Next index: 1, Last known committed idx: 0, Time since last communication: 0.000s
I20260709 13:11:07.649480 31595 catalog_manager.cc:5697] T 4e80e5b0bfca46cc91193c55fee6daf0 P e940da63e3bb479ca2989dc8746eda2e reported cstate change: term changed from 0 to 1, leader changed from <none> to e940da63e3bb479ca2989dc8746eda2e (127.30.211.2). New cstate: current_term: 1 leader_uuid: "e940da63e3bb479ca2989dc8746eda2e" committed_config { opid_index: -1 OBSOLETE_local: false peers { permanent_uuid: "8cc78201c8f0417bb88d98fb056e17f2" member_type: VOTER last_known_addr { host: "127.30.211.1" port: 40813 } health_report { overall_health: UNKNOWN } } peers { permanent_uuid: "e940da63e3bb479ca2989dc8746eda2e" member_type: VOTER last_known_addr { host: "127.30.211.2" port: 41167 } health_report { overall_health: HEALTHY } } peers { permanent_uuid: "d03631b3f7714c49a3ffcdb3b4820fb7" member_type: VOTER last_known_addr { host: "127.30.211.3" port: 46501 } health_report { overall_health: UNKNOWN } } }
I20260709 13:11:07.660576 31897 raft_consensus.cc:493] T 4e80e5b0bfca46cc91193c55fee6daf0 P 8cc78201c8f0417bb88d98fb056e17f2 [term 0 FOLLOWER]: Starting pre-election (no leader contacted us within the election timeout)
I20260709 13:11:07.661078 31897 raft_consensus.cc:515] T 4e80e5b0bfca46cc91193c55fee6daf0 P 8cc78201c8f0417bb88d98fb056e17f2 [term 0 FOLLOWER]: Starting pre-election with config: opid_index: -1 OBSOLETE_local: false peers { permanent_uuid: "8cc78201c8f0417bb88d98fb056e17f2" member_type: VOTER last_known_addr { host: "127.30.211.1" port: 40813 } } peers { permanent_uuid: "e940da63e3bb479ca2989dc8746eda2e" member_type: VOTER last_known_addr { host: "127.30.211.2" port: 41167 } } peers { permanent_uuid: "d03631b3f7714c49a3ffcdb3b4820fb7" member_type: VOTER last_known_addr { host: "127.30.211.3" port: 46501 } }
I20260709 13:11:07.663195 31897 leader_election.cc:290] T 4e80e5b0bfca46cc91193c55fee6daf0 P 8cc78201c8f0417bb88d98fb056e17f2 [CANDIDATE]: Term 1 pre-election: Requested pre-vote from peers e940da63e3bb479ca2989dc8746eda2e (127.30.211.2:41167), d03631b3f7714c49a3ffcdb3b4820fb7 (127.30.211.3:46501)
I20260709 13:11:07.665410 31847 tablet_service.cc:1917] Received RequestConsensusVote() RPC: tablet_id: "4e80e5b0bfca46cc91193c55fee6daf0" candidate_uuid: "8cc78201c8f0417bb88d98fb056e17f2" candidate_term: 1 candidate_status { last_received { term: 0 index: 0 } } ignore_live_leader: false dest_uuid: "d03631b3f7714c49a3ffcdb3b4820fb7" is_pre_election: true
I20260709 13:11:07.666437 31847 raft_consensus.cc:2393] T 4e80e5b0bfca46cc91193c55fee6daf0 P d03631b3f7714c49a3ffcdb3b4820fb7 [term 1 FOLLOWER]: Leader pre-election vote request: Denying vote to candidate 8cc78201c8f0417bb88d98fb056e17f2 in current term 1: Already voted for candidate e940da63e3bb479ca2989dc8746eda2e in this term.
I20260709 13:11:07.677071 31773 tablet_service.cc:1917] Received RequestConsensusVote() RPC: tablet_id: "4e80e5b0bfca46cc91193c55fee6daf0" candidate_uuid: "8cc78201c8f0417bb88d98fb056e17f2" candidate_term: 1 candidate_status { last_received { term: 0 index: 0 } } ignore_live_leader: false dest_uuid: "e940da63e3bb479ca2989dc8746eda2e" is_pre_election: true
I20260709 13:11:07.678930 31663 leader_election.cc:304] T 4e80e5b0bfca46cc91193c55fee6daf0 P 8cc78201c8f0417bb88d98fb056e17f2 [CANDIDATE]: Term 1 pre-election: Election decided. Result: candidate lost. Election summary: received 3 responses out of 3 voters: 1 yes votes; 2 no votes. yes voters: 8cc78201c8f0417bb88d98fb056e17f2; no voters: d03631b3f7714c49a3ffcdb3b4820fb7, e940da63e3bb479ca2989dc8746eda2e
I20260709 13:11:07.679807 31897 raft_consensus.cc:3060] T 4e80e5b0bfca46cc91193c55fee6daf0 P 8cc78201c8f0417bb88d98fb056e17f2 [term 0 FOLLOWER]: Advancing to term 1
I20260709 13:11:07.678715 31937 consensus_queue.cc:1048] T 839a46f2abeb410fadea5e0dc3f1eb67 P d03631b3f7714c49a3ffcdb3b4820fb7 [LEADER]: Connected to new peer: Peer: permanent_uuid: "e940da63e3bb479ca2989dc8746eda2e" member_type: VOTER last_known_addr { host: "127.30.211.2" port: 41167 }, Status: LMP_MISMATCH, Last received: 0.0, Next index: 1, Last known committed idx: 0, Time since last communication: 0.000s
I20260709 13:11:07.688757 31897 raft_consensus.cc:2749] T 4e80e5b0bfca46cc91193c55fee6daf0 P 8cc78201c8f0417bb88d98fb056e17f2 [term 1 FOLLOWER]: Leader pre-election lost for term 1. Reason: could not achieve majority
I20260709 13:11:07.740841 31897 raft_consensus.cc:493] T 04b97b72adde4e9aa0967d5339a90b35 P 8cc78201c8f0417bb88d98fb056e17f2 [term 0 FOLLOWER]: Starting pre-election (no leader contacted us within the election timeout)
I20260709 13:11:07.741456 31897 raft_consensus.cc:515] T 04b97b72adde4e9aa0967d5339a90b35 P 8cc78201c8f0417bb88d98fb056e17f2 [term 0 FOLLOWER]: Starting pre-election with config: opid_index: -1 OBSOLETE_local: false peers { permanent_uuid: "8cc78201c8f0417bb88d98fb056e17f2" member_type: VOTER last_known_addr { host: "127.30.211.1" port: 40813 } } peers { permanent_uuid: "e940da63e3bb479ca2989dc8746eda2e" member_type: VOTER last_known_addr { host: "127.30.211.2" port: 41167 } } peers { permanent_uuid: "d03631b3f7714c49a3ffcdb3b4820fb7" member_type: VOTER last_known_addr { host: "127.30.211.3" port: 46501 } }
I20260709 13:11:07.742771 31915 consensus_queue.cc:1048] T f2d35082e8a048ebb24f4f22c65b0379 P 8cc78201c8f0417bb88d98fb056e17f2 [LEADER]: Connected to new peer: Peer: permanent_uuid: "d03631b3f7714c49a3ffcdb3b4820fb7" member_type: VOTER last_known_addr { host: "127.30.211.3" port: 46501 }, Status: LMP_MISMATCH, Last received: 0.0, Next index: 1, Last known committed idx: 0, Time since last communication: 0.000s
I20260709 13:11:07.743996 31897 leader_election.cc:290] T 04b97b72adde4e9aa0967d5339a90b35 P 8cc78201c8f0417bb88d98fb056e17f2 [CANDIDATE]: Term 1 pre-election: Requested pre-vote from peers e940da63e3bb479ca2989dc8746eda2e (127.30.211.2:41167), d03631b3f7714c49a3ffcdb3b4820fb7 (127.30.211.3:46501)
I20260709 13:11:07.744812 31773 tablet_service.cc:1917] Received RequestConsensusVote() RPC: tablet_id: "04b97b72adde4e9aa0967d5339a90b35" candidate_uuid: "8cc78201c8f0417bb88d98fb056e17f2" candidate_term: 1 candidate_status { last_received { term: 0 index: 0 } } ignore_live_leader: false dest_uuid: "e940da63e3bb479ca2989dc8746eda2e" is_pre_election: true
I20260709 13:11:07.745769 31773 raft_consensus.cc:2393] T 04b97b72adde4e9aa0967d5339a90b35 P e940da63e3bb479ca2989dc8746eda2e [term 1 FOLLOWER]: Leader pre-election vote request: Denying vote to candidate 8cc78201c8f0417bb88d98fb056e17f2 in current term 1: Already voted for candidate d03631b3f7714c49a3ffcdb3b4820fb7 in this term.
I20260709 13:11:07.745918 31847 tablet_service.cc:1917] Received RequestConsensusVote() RPC: tablet_id: "04b97b72adde4e9aa0967d5339a90b35" candidate_uuid: "8cc78201c8f0417bb88d98fb056e17f2" candidate_term: 1 candidate_status { last_received { term: 0 index: 0 } } ignore_live_leader: false dest_uuid: "d03631b3f7714c49a3ffcdb3b4820fb7" is_pre_election: true
I20260709 13:11:07.747782 31664 leader_election.cc:304] T 04b97b72adde4e9aa0967d5339a90b35 P 8cc78201c8f0417bb88d98fb056e17f2 [CANDIDATE]: Term 1 pre-election: Election decided. Result: candidate lost. Election summary: received 3 responses out of 3 voters: 1 yes votes; 2 no votes. yes voters: 8cc78201c8f0417bb88d98fb056e17f2; no voters: d03631b3f7714c49a3ffcdb3b4820fb7, e940da63e3bb479ca2989dc8746eda2e
I20260709 13:11:07.749065 31897 raft_consensus.cc:3060] T 04b97b72adde4e9aa0967d5339a90b35 P 8cc78201c8f0417bb88d98fb056e17f2 [term 0 FOLLOWER]: Advancing to term 1
I20260709 13:11:07.760437 31897 raft_consensus.cc:2749] T 04b97b72adde4e9aa0967d5339a90b35 P 8cc78201c8f0417bb88d98fb056e17f2 [term 1 FOLLOWER]: Leader pre-election lost for term 1. Reason: could not achieve majority
I20260709 13:11:07.764814 31915 consensus_queue.cc:1048] T f2d35082e8a048ebb24f4f22c65b0379 P 8cc78201c8f0417bb88d98fb056e17f2 [LEADER]: Connected to new peer: Peer: permanent_uuid: "e940da63e3bb479ca2989dc8746eda2e" member_type: VOTER last_known_addr { host: "127.30.211.2" port: 41167 }, Status: LMP_MISMATCH, Last received: 0.0, Next index: 1, Last known committed idx: 0, Time since last communication: 0.000s
I20260709 13:11:07.832311 31773 tablet_service.cc:2072] Received LeaderStepDown RPC: tablet_id: "8dc8c3eb68234ab09f1fcfc99d4ae199"
dest_uuid: "e940da63e3bb479ca2989dc8746eda2e"
mode: GRACEFUL
new_leader_uuid: "8cc78201c8f0417bb88d98fb056e17f2"
 from {username='slave'} at 127.0.0.1:44806
I20260709 13:11:07.833098 31773 raft_consensus.cc:606] T 8dc8c3eb68234ab09f1fcfc99d4ae199 P e940da63e3bb479ca2989dc8746eda2e [term 1 LEADER]: Received request to transfer leadership to TS 8cc78201c8f0417bb88d98fb056e17f2
I20260709 13:11:07.833747 31937 consensus_queue.cc:1048] T 199aaf34f3ea49088a9f508baccd5721 P d03631b3f7714c49a3ffcdb3b4820fb7 [LEADER]: Connected to new peer: Peer: permanent_uuid: "8cc78201c8f0417bb88d98fb056e17f2" member_type: VOTER last_known_addr { host: "127.30.211.1" port: 40813 }, Status: LMP_MISMATCH, Last received: 0.0, Next index: 1, Last known committed idx: 0, Time since last communication: 0.000s
I20260709 13:11:07.859501 31916 consensus_queue.cc:1048] T 199aaf34f3ea49088a9f508baccd5721 P d03631b3f7714c49a3ffcdb3b4820fb7 [LEADER]: Connected to new peer: Peer: permanent_uuid: "e940da63e3bb479ca2989dc8746eda2e" member_type: VOTER last_known_addr { host: "127.30.211.2" port: 41167 }, Status: LMP_MISMATCH, Last received: 0.0, Next index: 1, Last known committed idx: 0, Time since last communication: 0.000s
I20260709 13:11:07.867614 31919 consensus_queue.cc:1048] T 8dc8c3eb68234ab09f1fcfc99d4ae199 P e940da63e3bb479ca2989dc8746eda2e [LEADER]: Connected to new peer: Peer: permanent_uuid: "d03631b3f7714c49a3ffcdb3b4820fb7" member_type: VOTER last_known_addr { host: "127.30.211.3" port: 46501 }, Status: LMP_MISMATCH, Last received: 0.0, Next index: 1, Last known committed idx: 0, Time since last communication: 0.000s
I20260709 13:11:07.869117 31848 tablet_service.cc:2072] Received LeaderStepDown RPC: tablet_id: "0dcd87e5376c4645932ee967c7c5fec1"
dest_uuid: "d03631b3f7714c49a3ffcdb3b4820fb7"
mode: GRACEFUL
new_leader_uuid: "8cc78201c8f0417bb88d98fb056e17f2"
 from {username='slave'} at 127.0.0.1:60604
I20260709 13:11:07.869764 31848 raft_consensus.cc:606] T 0dcd87e5376c4645932ee967c7c5fec1 P d03631b3f7714c49a3ffcdb3b4820fb7 [term 1 LEADER]: Received request to transfer leadership to TS 8cc78201c8f0417bb88d98fb056e17f2
I20260709 13:11:07.885895 31847 tablet_service.cc:2072] Received LeaderStepDown RPC: tablet_id: "839a46f2abeb410fadea5e0dc3f1eb67"
dest_uuid: "d03631b3f7714c49a3ffcdb3b4820fb7"
mode: GRACEFUL
new_leader_uuid: "8cc78201c8f0417bb88d98fb056e17f2"
 from {username='slave'} at 127.0.0.1:60604
I20260709 13:11:07.886531 31847 raft_consensus.cc:606] T 839a46f2abeb410fadea5e0dc3f1eb67 P d03631b3f7714c49a3ffcdb3b4820fb7 [term 1 LEADER]: Received request to transfer leadership to TS 8cc78201c8f0417bb88d98fb056e17f2
I20260709 13:11:07.895983 31916 consensus_queue.cc:1048] T 04b97b72adde4e9aa0967d5339a90b35 P d03631b3f7714c49a3ffcdb3b4820fb7 [LEADER]: Connected to new peer: Peer: permanent_uuid: "8cc78201c8f0417bb88d98fb056e17f2" member_type: VOTER last_known_addr { host: "127.30.211.1" port: 40813 }, Status: LMP_MISMATCH, Last received: 0.0, Next index: 1, Last known committed idx: 0, Time since last communication: 0.000s
I20260709 13:11:07.898249 31935 consensus_queue.cc:1048] T 8dc8c3eb68234ab09f1fcfc99d4ae199 P e940da63e3bb479ca2989dc8746eda2e [LEADER]: Connected to new peer: Peer: permanent_uuid: "8cc78201c8f0417bb88d98fb056e17f2" member_type: VOTER last_known_addr { host: "127.30.211.1" port: 40813 }, Status: LMP_MISMATCH, Last received: 0.0, Next index: 1, Last known committed idx: 0, Time since last communication: 0.000s
I20260709 13:11:07.905158 31935 consensus_queue.cc:1048] T e3c04ed05cdc49d8838ea2d434a35df7 P e940da63e3bb479ca2989dc8746eda2e [LEADER]: Connected to new peer: Peer: permanent_uuid: "d03631b3f7714c49a3ffcdb3b4820fb7" member_type: VOTER last_known_addr { host: "127.30.211.3" port: 46501 }, Status: LMP_MISMATCH, Last received: 0.0, Next index: 1, Last known committed idx: 0, Time since last communication: 0.001s
I20260709 13:11:07.908596 31848 tablet_service.cc:2072] Received LeaderStepDown RPC: tablet_id: "199aaf34f3ea49088a9f508baccd5721"
dest_uuid: "d03631b3f7714c49a3ffcdb3b4820fb7"
mode: GRACEFUL
new_leader_uuid: "e940da63e3bb479ca2989dc8746eda2e"
 from {username='slave'} at 127.0.0.1:60604
I20260709 13:11:07.910063 31848 raft_consensus.cc:606] T 199aaf34f3ea49088a9f508baccd5721 P d03631b3f7714c49a3ffcdb3b4820fb7 [term 1 LEADER]: Received request to transfer leadership to TS e940da63e3bb479ca2989dc8746eda2e
I20260709 13:11:07.913007 31900 raft_consensus.cc:993] T 8dc8c3eb68234ab09f1fcfc99d4ae199 P e940da63e3bb479ca2989dc8746eda2e: : Instructing follower 8cc78201c8f0417bb88d98fb056e17f2 to start an election
I20260709 13:11:07.913437 31900 raft_consensus.cc:1081] T 8dc8c3eb68234ab09f1fcfc99d4ae199 P e940da63e3bb479ca2989dc8746eda2e [term 1 LEADER]: Signalling peer 8cc78201c8f0417bb88d98fb056e17f2 to start an election
I20260709 13:11:07.915256 31698 tablet_service.cc:2044] Received Run Leader Election RPC: tablet_id: "8dc8c3eb68234ab09f1fcfc99d4ae199"
dest_uuid: "8cc78201c8f0417bb88d98fb056e17f2"
 from {username='slave'} at 127.0.0.1:37430
I20260709 13:11:07.920588 31937 consensus_queue.cc:1048] T 04b97b72adde4e9aa0967d5339a90b35 P d03631b3f7714c49a3ffcdb3b4820fb7 [LEADER]: Connected to new peer: Peer: permanent_uuid: "e940da63e3bb479ca2989dc8746eda2e" member_type: VOTER last_known_addr { host: "127.30.211.2" port: 41167 }, Status: LMP_MISMATCH, Last received: 0.0, Next index: 1, Last known committed idx: 0, Time since last communication: 0.000s
I20260709 13:11:07.915817 31698 raft_consensus.cc:493] T 8dc8c3eb68234ab09f1fcfc99d4ae199 P 8cc78201c8f0417bb88d98fb056e17f2 [term 1 FOLLOWER]: Starting forced leader election (received explicit request)
I20260709 13:11:07.935007 31698 raft_consensus.cc:3060] T 8dc8c3eb68234ab09f1fcfc99d4ae199 P 8cc78201c8f0417bb88d98fb056e17f2 [term 1 FOLLOWER]: Advancing to term 2
I20260709 13:11:07.943571 31919 consensus_queue.cc:1048] T 4e80e5b0bfca46cc91193c55fee6daf0 P e940da63e3bb479ca2989dc8746eda2e [LEADER]: Connected to new peer: Peer: permanent_uuid: "d03631b3f7714c49a3ffcdb3b4820fb7" member_type: VOTER last_known_addr { host: "127.30.211.3" port: 46501 }, Status: LMP_MISMATCH, Last received: 0.0, Next index: 1, Last known committed idx: 0, Time since last communication: 0.000s
I20260709 13:11:07.958668 31919 consensus_queue.cc:1048] T e3c04ed05cdc49d8838ea2d434a35df7 P e940da63e3bb479ca2989dc8746eda2e [LEADER]: Connected to new peer: Peer: permanent_uuid: "8cc78201c8f0417bb88d98fb056e17f2" member_type: VOTER last_known_addr { host: "127.30.211.1" port: 40813 }, Status: LMP_MISMATCH, Last received: 0.0, Next index: 1, Last known committed idx: 0, Time since last communication: 0.000s
I20260709 13:11:07.964120 31698 raft_consensus.cc:515] T 8dc8c3eb68234ab09f1fcfc99d4ae199 P 8cc78201c8f0417bb88d98fb056e17f2 [term 2 FOLLOWER]: Starting forced leader election with config: opid_index: -1 OBSOLETE_local: false peers { permanent_uuid: "8cc78201c8f0417bb88d98fb056e17f2" member_type: VOTER last_known_addr { host: "127.30.211.1" port: 40813 } } peers { permanent_uuid: "d03631b3f7714c49a3ffcdb3b4820fb7" member_type: VOTER last_known_addr { host: "127.30.211.3" port: 46501 } } peers { permanent_uuid: "e940da63e3bb479ca2989dc8746eda2e" member_type: VOTER last_known_addr { host: "127.30.211.2" port: 41167 } }
I20260709 13:11:07.970825 31847 tablet_service.cc:1917] Received RequestConsensusVote() RPC: tablet_id: "8dc8c3eb68234ab09f1fcfc99d4ae199" candidate_uuid: "8cc78201c8f0417bb88d98fb056e17f2" candidate_term: 2 candidate_status { last_received { term: 1 index: 1 } } ignore_live_leader: true dest_uuid: "d03631b3f7714c49a3ffcdb3b4820fb7"
I20260709 13:11:07.971464 31847 raft_consensus.cc:3060] T 8dc8c3eb68234ab09f1fcfc99d4ae199 P d03631b3f7714c49a3ffcdb3b4820fb7 [term 1 FOLLOWER]: Advancing to term 2
I20260709 13:11:07.982535 31698 leader_election.cc:290] T 8dc8c3eb68234ab09f1fcfc99d4ae199 P 8cc78201c8f0417bb88d98fb056e17f2 [CANDIDATE]: Term 2 election: Requested vote from peers d03631b3f7714c49a3ffcdb3b4820fb7 (127.30.211.3:46501), e940da63e3bb479ca2989dc8746eda2e (127.30.211.2:41167)
I20260709 13:11:07.983218 31774 tablet_service.cc:1917] Received RequestConsensusVote() RPC: tablet_id: "8dc8c3eb68234ab09f1fcfc99d4ae199" candidate_uuid: "8cc78201c8f0417bb88d98fb056e17f2" candidate_term: 2 candidate_status { last_received { term: 1 index: 1 } } ignore_live_leader: true dest_uuid: "e940da63e3bb479ca2989dc8746eda2e"
I20260709 13:11:07.983806 31774 raft_consensus.cc:3055] T 8dc8c3eb68234ab09f1fcfc99d4ae199 P e940da63e3bb479ca2989dc8746eda2e [term 1 LEADER]: Stepping down as leader of term 1
I20260709 13:11:07.984110 31774 raft_consensus.cc:740] T 8dc8c3eb68234ab09f1fcfc99d4ae199 P e940da63e3bb479ca2989dc8746eda2e [term 1 LEADER]: Becoming Follower/Learner. State: Replica: e940da63e3bb479ca2989dc8746eda2e, State: Running, Role: LEADER
I20260709 13:11:07.984948 31774 consensus_queue.cc:260] T 8dc8c3eb68234ab09f1fcfc99d4ae199 P e940da63e3bb479ca2989dc8746eda2e [NON_LEADER]: Queue going to NON_LEADER mode. State: All replicated index: 0, Majority replicated index: 1, Committed index: 1, Last appended: 1.1, Last appended by leader: 1, Current term: 1, Majority size: -1, State: 0, Mode: NON_LEADER, active raft config: opid_index: -1 OBSOLETE_local: false peers { permanent_uuid: "8cc78201c8f0417bb88d98fb056e17f2" member_type: VOTER last_known_addr { host: "127.30.211.1" port: 40813 } } peers { permanent_uuid: "d03631b3f7714c49a3ffcdb3b4820fb7" member_type: VOTER last_known_addr { host: "127.30.211.3" port: 46501 } } peers { permanent_uuid: "e940da63e3bb479ca2989dc8746eda2e" member_type: VOTER last_known_addr { host: "127.30.211.2" port: 41167 } }
I20260709 13:11:07.985659 31847 raft_consensus.cc:2468] T 8dc8c3eb68234ab09f1fcfc99d4ae199 P d03631b3f7714c49a3ffcdb3b4820fb7 [term 2 FOLLOWER]: Leader election vote request: Granting yes vote for candidate 8cc78201c8f0417bb88d98fb056e17f2 in term 2.
I20260709 13:11:07.986194 31774 raft_consensus.cc:3060] T 8dc8c3eb68234ab09f1fcfc99d4ae199 P e940da63e3bb479ca2989dc8746eda2e [term 1 FOLLOWER]: Advancing to term 2
I20260709 13:11:07.986901 31664 leader_election.cc:304] T 8dc8c3eb68234ab09f1fcfc99d4ae199 P 8cc78201c8f0417bb88d98fb056e17f2 [CANDIDATE]: Term 2 election: Election decided. Result: candidate won. Election summary: received 2 responses out of 3 voters: 2 yes votes; 0 no votes. yes voters: 8cc78201c8f0417bb88d98fb056e17f2, d03631b3f7714c49a3ffcdb3b4820fb7; no voters: 
I20260709 13:11:07.987701 31958 raft_consensus.cc:2804] T 8dc8c3eb68234ab09f1fcfc99d4ae199 P 8cc78201c8f0417bb88d98fb056e17f2 [term 2 FOLLOWER]: Leader election won for term 2
I20260709 13:11:07.988446 31958 raft_consensus.cc:697] T 8dc8c3eb68234ab09f1fcfc99d4ae199 P 8cc78201c8f0417bb88d98fb056e17f2 [term 2 LEADER]: Becoming Leader. State: Replica: 8cc78201c8f0417bb88d98fb056e17f2, State: Running, Role: LEADER
I20260709 13:11:07.989538 31697 tablet_service.cc:2072] Received LeaderStepDown RPC: tablet_id: "2a68641b073047578055d6eef0ef8e3e"
dest_uuid: "8cc78201c8f0417bb88d98fb056e17f2"
mode: GRACEFUL
new_leader_uuid: "e940da63e3bb479ca2989dc8746eda2e"
 from {username='slave'} at 127.0.0.1:37436
I20260709 13:11:07.989308 31958 consensus_queue.cc:237] T 8dc8c3eb68234ab09f1fcfc99d4ae199 P 8cc78201c8f0417bb88d98fb056e17f2 [LEADER]: Queue going to LEADER mode. State: All replicated index: 0, Majority replicated index: 1, Committed index: 1, Last appended: 1.1, Last appended by leader: 1, Current term: 2, Majority size: 2, State: 0, Mode: LEADER, active raft config: opid_index: -1 OBSOLETE_local: false peers { permanent_uuid: "8cc78201c8f0417bb88d98fb056e17f2" member_type: VOTER last_known_addr { host: "127.30.211.1" port: 40813 } } peers { permanent_uuid: "d03631b3f7714c49a3ffcdb3b4820fb7" member_type: VOTER last_known_addr { host: "127.30.211.3" port: 46501 } } peers { permanent_uuid: "e940da63e3bb479ca2989dc8746eda2e" member_type: VOTER last_known_addr { host: "127.30.211.2" port: 41167 } }
I20260709 13:11:07.990173 31697 raft_consensus.cc:606] T 2a68641b073047578055d6eef0ef8e3e P 8cc78201c8f0417bb88d98fb056e17f2 [term 1 LEADER]: Received request to transfer leadership to TS e940da63e3bb479ca2989dc8746eda2e
I20260709 13:11:07.991577 31935 consensus_queue.cc:1048] T 4e80e5b0bfca46cc91193c55fee6daf0 P e940da63e3bb479ca2989dc8746eda2e [LEADER]: Connected to new peer: Peer: permanent_uuid: "8cc78201c8f0417bb88d98fb056e17f2" member_type: VOTER last_known_addr { host: "127.30.211.1" port: 40813 }, Status: LMP_MISMATCH, Last received: 0.0, Next index: 1, Last known committed idx: 0, Time since last communication: 0.003s
I20260709 13:11:08.014348 31596 catalog_manager.cc:5697] T 8dc8c3eb68234ab09f1fcfc99d4ae199 P 8cc78201c8f0417bb88d98fb056e17f2 reported cstate change: term changed from 1 to 2, leader changed from e940da63e3bb479ca2989dc8746eda2e (127.30.211.2) to 8cc78201c8f0417bb88d98fb056e17f2 (127.30.211.1). New cstate: current_term: 2 leader_uuid: "8cc78201c8f0417bb88d98fb056e17f2" committed_config { opid_index: -1 OBSOLETE_local: false peers { permanent_uuid: "8cc78201c8f0417bb88d98fb056e17f2" member_type: VOTER last_known_addr { host: "127.30.211.1" port: 40813 } health_report { overall_health: HEALTHY } } peers { permanent_uuid: "d03631b3f7714c49a3ffcdb3b4820fb7" member_type: VOTER last_known_addr { host: "127.30.211.3" port: 46501 } health_report { overall_health: UNKNOWN } } peers { permanent_uuid: "e940da63e3bb479ca2989dc8746eda2e" member_type: VOTER last_known_addr { host: "127.30.211.2" port: 41167 } health_report { overall_health: UNKNOWN } } }
I20260709 13:11:08.018453 31774 raft_consensus.cc:2468] T 8dc8c3eb68234ab09f1fcfc99d4ae199 P e940da63e3bb479ca2989dc8746eda2e [term 2 FOLLOWER]: Leader election vote request: Granting yes vote for candidate 8cc78201c8f0417bb88d98fb056e17f2 in term 2.
I20260709 13:11:08.030879 31970 consensus_queue.cc:1048] T 0dcd87e5376c4645932ee967c7c5fec1 P d03631b3f7714c49a3ffcdb3b4820fb7 [LEADER]: Connected to new peer: Peer: permanent_uuid: "e940da63e3bb479ca2989dc8746eda2e" member_type: VOTER last_known_addr { host: "127.30.211.2" port: 41167 }, Status: LMP_MISMATCH, Last received: 0.0, Next index: 1, Last known committed idx: 0, Time since last communication: 0.001s
I20260709 13:11:08.043802 31970 consensus_queue.cc:1048] T 0dcd87e5376c4645932ee967c7c5fec1 P d03631b3f7714c49a3ffcdb3b4820fb7 [LEADER]: Connected to new peer: Peer: permanent_uuid: "8cc78201c8f0417bb88d98fb056e17f2" member_type: VOTER last_known_addr { host: "127.30.211.1" port: 40813 }, Status: LMP_MISMATCH, Last received: 0.0, Next index: 1, Last known committed idx: 0, Time since last communication: 0.000s
I20260709 13:11:08.055064 31937 raft_consensus.cc:993] T 0dcd87e5376c4645932ee967c7c5fec1 P d03631b3f7714c49a3ffcdb3b4820fb7: : Instructing follower 8cc78201c8f0417bb88d98fb056e17f2 to start an election
I20260709 13:11:08.055615 31970 raft_consensus.cc:1081] T 0dcd87e5376c4645932ee967c7c5fec1 P d03631b3f7714c49a3ffcdb3b4820fb7 [term 1 LEADER]: Signalling peer 8cc78201c8f0417bb88d98fb056e17f2 to start an election
I20260709 13:11:08.057565 31697 tablet_service.cc:2044] Received Run Leader Election RPC: tablet_id: "0dcd87e5376c4645932ee967c7c5fec1"
dest_uuid: "8cc78201c8f0417bb88d98fb056e17f2"
 from {username='slave'} at 127.0.0.1:37418
I20260709 13:11:08.058197 31697 raft_consensus.cc:493] T 0dcd87e5376c4645932ee967c7c5fec1 P 8cc78201c8f0417bb88d98fb056e17f2 [term 1 FOLLOWER]: Starting forced leader election (received explicit request)
I20260709 13:11:08.058604 31697 raft_consensus.cc:3060] T 0dcd87e5376c4645932ee967c7c5fec1 P 8cc78201c8f0417bb88d98fb056e17f2 [term 1 FOLLOWER]: Advancing to term 2
I20260709 13:11:08.065653 31697 raft_consensus.cc:515] T 0dcd87e5376c4645932ee967c7c5fec1 P 8cc78201c8f0417bb88d98fb056e17f2 [term 2 FOLLOWER]: Starting forced leader election with config: opid_index: -1 OBSOLETE_local: false peers { permanent_uuid: "8cc78201c8f0417bb88d98fb056e17f2" member_type: VOTER last_known_addr { host: "127.30.211.1" port: 40813 } } peers { permanent_uuid: "e940da63e3bb479ca2989dc8746eda2e" member_type: VOTER last_known_addr { host: "127.30.211.2" port: 41167 } } peers { permanent_uuid: "d03631b3f7714c49a3ffcdb3b4820fb7" member_type: VOTER last_known_addr { host: "127.30.211.3" port: 46501 } }
I20260709 13:11:08.068799 31774 tablet_service.cc:1917] Received RequestConsensusVote() RPC: tablet_id: "0dcd87e5376c4645932ee967c7c5fec1" candidate_uuid: "8cc78201c8f0417bb88d98fb056e17f2" candidate_term: 2 candidate_status { last_received { term: 1 index: 1 } } ignore_live_leader: true dest_uuid: "e940da63e3bb479ca2989dc8746eda2e"
I20260709 13:11:08.068940 31847 tablet_service.cc:1917] Received RequestConsensusVote() RPC: tablet_id: "0dcd87e5376c4645932ee967c7c5fec1" candidate_uuid: "8cc78201c8f0417bb88d98fb056e17f2" candidate_term: 2 candidate_status { last_received { term: 1 index: 1 } } ignore_live_leader: true dest_uuid: "d03631b3f7714c49a3ffcdb3b4820fb7"
I20260709 13:11:08.069396 31774 raft_consensus.cc:3060] T 0dcd87e5376c4645932ee967c7c5fec1 P e940da63e3bb479ca2989dc8746eda2e [term 1 FOLLOWER]: Advancing to term 2
I20260709 13:11:08.069525 31847 raft_consensus.cc:3055] T 0dcd87e5376c4645932ee967c7c5fec1 P d03631b3f7714c49a3ffcdb3b4820fb7 [term 1 LEADER]: Stepping down as leader of term 1
I20260709 13:11:08.069941 31847 raft_consensus.cc:740] T 0dcd87e5376c4645932ee967c7c5fec1 P d03631b3f7714c49a3ffcdb3b4820fb7 [term 1 LEADER]: Becoming Follower/Learner. State: Replica: d03631b3f7714c49a3ffcdb3b4820fb7, State: Running, Role: LEADER
I20260709 13:11:08.070741 31847 consensus_queue.cc:260] T 0dcd87e5376c4645932ee967c7c5fec1 P d03631b3f7714c49a3ffcdb3b4820fb7 [NON_LEADER]: Queue going to NON_LEADER mode. State: All replicated index: 0, Majority replicated index: 1, Committed index: 1, Last appended: 1.1, Last appended by leader: 1, Current term: 1, Majority size: -1, State: 0, Mode: NON_LEADER, active raft config: opid_index: -1 OBSOLETE_local: false peers { permanent_uuid: "8cc78201c8f0417bb88d98fb056e17f2" member_type: VOTER last_known_addr { host: "127.30.211.1" port: 40813 } } peers { permanent_uuid: "e940da63e3bb479ca2989dc8746eda2e" member_type: VOTER last_known_addr { host: "127.30.211.2" port: 41167 } } peers { permanent_uuid: "d03631b3f7714c49a3ffcdb3b4820fb7" member_type: VOTER last_known_addr { host: "127.30.211.3" port: 46501 } }
I20260709 13:11:08.071818 31847 raft_consensus.cc:3060] T 0dcd87e5376c4645932ee967c7c5fec1 P d03631b3f7714c49a3ffcdb3b4820fb7 [term 1 FOLLOWER]: Advancing to term 2
I20260709 13:11:08.076404 31774 raft_consensus.cc:2468] T 0dcd87e5376c4645932ee967c7c5fec1 P e940da63e3bb479ca2989dc8746eda2e [term 2 FOLLOWER]: Leader election vote request: Granting yes vote for candidate 8cc78201c8f0417bb88d98fb056e17f2 in term 2.
I20260709 13:11:08.077272 31697 leader_election.cc:290] T 0dcd87e5376c4645932ee967c7c5fec1 P 8cc78201c8f0417bb88d98fb056e17f2 [CANDIDATE]: Term 2 election: Requested vote from peers e940da63e3bb479ca2989dc8746eda2e (127.30.211.2:41167), d03631b3f7714c49a3ffcdb3b4820fb7 (127.30.211.3:46501)
I20260709 13:11:08.077852 31663 leader_election.cc:304] T 0dcd87e5376c4645932ee967c7c5fec1 P 8cc78201c8f0417bb88d98fb056e17f2 [CANDIDATE]: Term 2 election: Election decided. Result: candidate won. Election summary: received 2 responses out of 3 voters: 2 yes votes; 0 no votes. yes voters: 8cc78201c8f0417bb88d98fb056e17f2, e940da63e3bb479ca2989dc8746eda2e; no voters: 
I20260709 13:11:08.078689 31958 raft_consensus.cc:2804] T 0dcd87e5376c4645932ee967c7c5fec1 P 8cc78201c8f0417bb88d98fb056e17f2 [term 2 FOLLOWER]: Leader election won for term 2
I20260709 13:11:08.079224 31958 raft_consensus.cc:697] T 0dcd87e5376c4645932ee967c7c5fec1 P 8cc78201c8f0417bb88d98fb056e17f2 [term 2 LEADER]: Becoming Leader. State: Replica: 8cc78201c8f0417bb88d98fb056e17f2, State: Running, Role: LEADER
I20260709 13:11:08.079083 31847 raft_consensus.cc:2468] T 0dcd87e5376c4645932ee967c7c5fec1 P d03631b3f7714c49a3ffcdb3b4820fb7 [term 2 FOLLOWER]: Leader election vote request: Granting yes vote for candidate 8cc78201c8f0417bb88d98fb056e17f2 in term 2.
I20260709 13:11:08.080040 31958 consensus_queue.cc:237] T 0dcd87e5376c4645932ee967c7c5fec1 P 8cc78201c8f0417bb88d98fb056e17f2 [LEADER]: Queue going to LEADER mode. State: All replicated index: 0, Majority replicated index: 1, Committed index: 1, Last appended: 1.1, Last appended by leader: 1, Current term: 2, Majority size: 2, State: 0, Mode: LEADER, active raft config: opid_index: -1 OBSOLETE_local: false peers { permanent_uuid: "8cc78201c8f0417bb88d98fb056e17f2" member_type: VOTER last_known_addr { host: "127.30.211.1" port: 40813 } } peers { permanent_uuid: "e940da63e3bb479ca2989dc8746eda2e" member_type: VOTER last_known_addr { host: "127.30.211.2" port: 41167 } } peers { permanent_uuid: "d03631b3f7714c49a3ffcdb3b4820fb7" member_type: VOTER last_known_addr { host: "127.30.211.3" port: 46501 } }
I20260709 13:11:08.086630 31595 catalog_manager.cc:5697] T 0dcd87e5376c4645932ee967c7c5fec1 P 8cc78201c8f0417bb88d98fb056e17f2 reported cstate change: term changed from 1 to 2, leader changed from d03631b3f7714c49a3ffcdb3b4820fb7 (127.30.211.3) to 8cc78201c8f0417bb88d98fb056e17f2 (127.30.211.1). New cstate: current_term: 2 leader_uuid: "8cc78201c8f0417bb88d98fb056e17f2" committed_config { opid_index: -1 OBSOLETE_local: false peers { permanent_uuid: "8cc78201c8f0417bb88d98fb056e17f2" member_type: VOTER last_known_addr { host: "127.30.211.1" port: 40813 } health_report { overall_health: HEALTHY } } peers { permanent_uuid: "e940da63e3bb479ca2989dc8746eda2e" member_type: VOTER last_known_addr { host: "127.30.211.2" port: 41167 } health_report { overall_health: UNKNOWN } } peers { permanent_uuid: "d03631b3f7714c49a3ffcdb3b4820fb7" member_type: VOTER last_known_addr { host: "127.30.211.3" port: 46501 } health_report { overall_health: UNKNOWN } } }
I20260709 13:11:08.145337 31970 raft_consensus.cc:993] T 839a46f2abeb410fadea5e0dc3f1eb67 P d03631b3f7714c49a3ffcdb3b4820fb7: : Instructing follower 8cc78201c8f0417bb88d98fb056e17f2 to start an election
I20260709 13:11:08.145856 31937 raft_consensus.cc:1081] T 839a46f2abeb410fadea5e0dc3f1eb67 P d03631b3f7714c49a3ffcdb3b4820fb7 [term 1 LEADER]: Signalling peer 8cc78201c8f0417bb88d98fb056e17f2 to start an election
I20260709 13:11:08.147454 31697 tablet_service.cc:2044] Received Run Leader Election RPC: tablet_id: "839a46f2abeb410fadea5e0dc3f1eb67"
dest_uuid: "8cc78201c8f0417bb88d98fb056e17f2"
 from {username='slave'} at 127.0.0.1:37418
I20260709 13:11:08.147980 31697 raft_consensus.cc:493] T 839a46f2abeb410fadea5e0dc3f1eb67 P 8cc78201c8f0417bb88d98fb056e17f2 [term 1 FOLLOWER]: Starting forced leader election (received explicit request)
I20260709 13:11:08.148307 31697 raft_consensus.cc:3060] T 839a46f2abeb410fadea5e0dc3f1eb67 P 8cc78201c8f0417bb88d98fb056e17f2 [term 1 FOLLOWER]: Advancing to term 2
I20260709 13:11:08.152987 31697 raft_consensus.cc:515] T 839a46f2abeb410fadea5e0dc3f1eb67 P 8cc78201c8f0417bb88d98fb056e17f2 [term 2 FOLLOWER]: Starting forced leader election with config: opid_index: -1 OBSOLETE_local: false peers { permanent_uuid: "8cc78201c8f0417bb88d98fb056e17f2" member_type: VOTER last_known_addr { host: "127.30.211.1" port: 40813 } } peers { permanent_uuid: "e940da63e3bb479ca2989dc8746eda2e" member_type: VOTER last_known_addr { host: "127.30.211.2" port: 41167 } } peers { permanent_uuid: "d03631b3f7714c49a3ffcdb3b4820fb7" member_type: VOTER last_known_addr { host: "127.30.211.3" port: 46501 } }
I20260709 13:11:08.154738 31697 leader_election.cc:290] T 839a46f2abeb410fadea5e0dc3f1eb67 P 8cc78201c8f0417bb88d98fb056e17f2 [CANDIDATE]: Term 2 election: Requested vote from peers e940da63e3bb479ca2989dc8746eda2e (127.30.211.2:41167), d03631b3f7714c49a3ffcdb3b4820fb7 (127.30.211.3:46501)
I20260709 13:11:08.155851 31774 tablet_service.cc:1917] Received RequestConsensusVote() RPC: tablet_id: "839a46f2abeb410fadea5e0dc3f1eb67" candidate_uuid: "8cc78201c8f0417bb88d98fb056e17f2" candidate_term: 2 candidate_status { last_received { term: 1 index: 1 } } ignore_live_leader: true dest_uuid: "e940da63e3bb479ca2989dc8746eda2e"
I20260709 13:11:08.156001 31847 tablet_service.cc:1917] Received RequestConsensusVote() RPC: tablet_id: "839a46f2abeb410fadea5e0dc3f1eb67" candidate_uuid: "8cc78201c8f0417bb88d98fb056e17f2" candidate_term: 2 candidate_status { last_received { term: 1 index: 1 } } ignore_live_leader: true dest_uuid: "d03631b3f7714c49a3ffcdb3b4820fb7"
I20260709 13:11:08.156440 31774 raft_consensus.cc:3060] T 839a46f2abeb410fadea5e0dc3f1eb67 P e940da63e3bb479ca2989dc8746eda2e [term 1 FOLLOWER]: Advancing to term 2
I20260709 13:11:08.156625 31847 raft_consensus.cc:3055] T 839a46f2abeb410fadea5e0dc3f1eb67 P d03631b3f7714c49a3ffcdb3b4820fb7 [term 1 LEADER]: Stepping down as leader of term 1
I20260709 13:11:08.157006 31847 raft_consensus.cc:740] T 839a46f2abeb410fadea5e0dc3f1eb67 P d03631b3f7714c49a3ffcdb3b4820fb7 [term 1 LEADER]: Becoming Follower/Learner. State: Replica: d03631b3f7714c49a3ffcdb3b4820fb7, State: Running, Role: LEADER
I20260709 13:11:08.157831 31847 consensus_queue.cc:260] T 839a46f2abeb410fadea5e0dc3f1eb67 P d03631b3f7714c49a3ffcdb3b4820fb7 [NON_LEADER]: Queue going to NON_LEADER mode. State: All replicated index: 0, Majority replicated index: 1, Committed index: 1, Last appended: 1.1, Last appended by leader: 1, Current term: 1, Majority size: -1, State: 0, Mode: NON_LEADER, active raft config: opid_index: -1 OBSOLETE_local: false peers { permanent_uuid: "8cc78201c8f0417bb88d98fb056e17f2" member_type: VOTER last_known_addr { host: "127.30.211.1" port: 40813 } } peers { permanent_uuid: "e940da63e3bb479ca2989dc8746eda2e" member_type: VOTER last_known_addr { host: "127.30.211.2" port: 41167 } } peers { permanent_uuid: "d03631b3f7714c49a3ffcdb3b4820fb7" member_type: VOTER last_known_addr { host: "127.30.211.3" port: 46501 } }
I20260709 13:11:08.159090 31847 raft_consensus.cc:3060] T 839a46f2abeb410fadea5e0dc3f1eb67 P d03631b3f7714c49a3ffcdb3b4820fb7 [term 1 FOLLOWER]: Advancing to term 2
I20260709 13:11:08.161604 31774 raft_consensus.cc:2468] T 839a46f2abeb410fadea5e0dc3f1eb67 P e940da63e3bb479ca2989dc8746eda2e [term 2 FOLLOWER]: Leader election vote request: Granting yes vote for candidate 8cc78201c8f0417bb88d98fb056e17f2 in term 2.
I20260709 13:11:08.162720 31663 leader_election.cc:304] T 839a46f2abeb410fadea5e0dc3f1eb67 P 8cc78201c8f0417bb88d98fb056e17f2 [CANDIDATE]: Term 2 election: Election decided. Result: candidate won. Election summary: received 2 responses out of 3 voters: 2 yes votes; 0 no votes. yes voters: 8cc78201c8f0417bb88d98fb056e17f2, e940da63e3bb479ca2989dc8746eda2e; no voters: 
I20260709 13:11:08.163419 31958 raft_consensus.cc:2804] T 839a46f2abeb410fadea5e0dc3f1eb67 P 8cc78201c8f0417bb88d98fb056e17f2 [term 2 FOLLOWER]: Leader election won for term 2
I20260709 13:11:08.163923 31958 raft_consensus.cc:697] T 839a46f2abeb410fadea5e0dc3f1eb67 P 8cc78201c8f0417bb88d98fb056e17f2 [term 2 LEADER]: Becoming Leader. State: Replica: 8cc78201c8f0417bb88d98fb056e17f2, State: Running, Role: LEADER
I20260709 13:11:08.164784 31958 consensus_queue.cc:237] T 839a46f2abeb410fadea5e0dc3f1eb67 P 8cc78201c8f0417bb88d98fb056e17f2 [LEADER]: Queue going to LEADER mode. State: All replicated index: 0, Majority replicated index: 1, Committed index: 1, Last appended: 1.1, Last appended by leader: 1, Current term: 2, Majority size: 2, State: 0, Mode: LEADER, active raft config: opid_index: -1 OBSOLETE_local: false peers { permanent_uuid: "8cc78201c8f0417bb88d98fb056e17f2" member_type: VOTER last_known_addr { host: "127.30.211.1" port: 40813 } } peers { permanent_uuid: "e940da63e3bb479ca2989dc8746eda2e" member_type: VOTER last_known_addr { host: "127.30.211.2" port: 41167 } } peers { permanent_uuid: "d03631b3f7714c49a3ffcdb3b4820fb7" member_type: VOTER last_known_addr { host: "127.30.211.3" port: 46501 } }
I20260709 13:11:08.165943 31847 raft_consensus.cc:2468] T 839a46f2abeb410fadea5e0dc3f1eb67 P d03631b3f7714c49a3ffcdb3b4820fb7 [term 2 FOLLOWER]: Leader election vote request: Granting yes vote for candidate 8cc78201c8f0417bb88d98fb056e17f2 in term 2.
I20260709 13:11:08.172514 31595 catalog_manager.cc:5697] T 839a46f2abeb410fadea5e0dc3f1eb67 P 8cc78201c8f0417bb88d98fb056e17f2 reported cstate change: term changed from 1 to 2, leader changed from d03631b3f7714c49a3ffcdb3b4820fb7 (127.30.211.3) to 8cc78201c8f0417bb88d98fb056e17f2 (127.30.211.1). New cstate: current_term: 2 leader_uuid: "8cc78201c8f0417bb88d98fb056e17f2" committed_config { opid_index: -1 OBSOLETE_local: false peers { permanent_uuid: "8cc78201c8f0417bb88d98fb056e17f2" member_type: VOTER last_known_addr { host: "127.30.211.1" port: 40813 } health_report { overall_health: HEALTHY } } peers { permanent_uuid: "e940da63e3bb479ca2989dc8746eda2e" member_type: VOTER last_known_addr { host: "127.30.211.2" port: 41167 } health_report { overall_health: UNKNOWN } } peers { permanent_uuid: "d03631b3f7714c49a3ffcdb3b4820fb7" member_type: VOTER last_known_addr { host: "127.30.211.3" port: 46501 } health_report { overall_health: UNKNOWN } } }
I20260709 13:11:08.240319 31917 raft_consensus.cc:993] T 2a68641b073047578055d6eef0ef8e3e P 8cc78201c8f0417bb88d98fb056e17f2: : Instructing follower e940da63e3bb479ca2989dc8746eda2e to start an election
I20260709 13:11:08.240842 31958 raft_consensus.cc:1081] T 2a68641b073047578055d6eef0ef8e3e P 8cc78201c8f0417bb88d98fb056e17f2 [term 1 LEADER]: Signalling peer e940da63e3bb479ca2989dc8746eda2e to start an election
I20260709 13:11:08.242468 31774 tablet_service.cc:2044] Received Run Leader Election RPC: tablet_id: "2a68641b073047578055d6eef0ef8e3e"
dest_uuid: "e940da63e3bb479ca2989dc8746eda2e"
 from {username='slave'} at 127.0.0.1:44794
I20260709 13:11:08.242988 31774 raft_consensus.cc:493] T 2a68641b073047578055d6eef0ef8e3e P e940da63e3bb479ca2989dc8746eda2e [term 1 FOLLOWER]: Starting forced leader election (received explicit request)
I20260709 13:11:08.243306 31774 raft_consensus.cc:3060] T 2a68641b073047578055d6eef0ef8e3e P e940da63e3bb479ca2989dc8746eda2e [term 1 FOLLOWER]: Advancing to term 2
I20260709 13:11:08.248234 31774 raft_consensus.cc:515] T 2a68641b073047578055d6eef0ef8e3e P e940da63e3bb479ca2989dc8746eda2e [term 2 FOLLOWER]: Starting forced leader election with config: opid_index: -1 OBSOLETE_local: false peers { permanent_uuid: "8cc78201c8f0417bb88d98fb056e17f2" member_type: VOTER last_known_addr { host: "127.30.211.1" port: 40813 } } peers { permanent_uuid: "e940da63e3bb479ca2989dc8746eda2e" member_type: VOTER last_known_addr { host: "127.30.211.2" port: 41167 } } peers { permanent_uuid: "d03631b3f7714c49a3ffcdb3b4820fb7" member_type: VOTER last_known_addr { host: "127.30.211.3" port: 46501 } }
I20260709 13:11:08.249869 31774 leader_election.cc:290] T 2a68641b073047578055d6eef0ef8e3e P e940da63e3bb479ca2989dc8746eda2e [CANDIDATE]: Term 2 election: Requested vote from peers 8cc78201c8f0417bb88d98fb056e17f2 (127.30.211.1:40813), d03631b3f7714c49a3ffcdb3b4820fb7 (127.30.211.3:46501)
I20260709 13:11:08.250978 31847 tablet_service.cc:1917] Received RequestConsensusVote() RPC: tablet_id: "2a68641b073047578055d6eef0ef8e3e" candidate_uuid: "e940da63e3bb479ca2989dc8746eda2e" candidate_term: 2 candidate_status { last_received { term: 1 index: 1 } } ignore_live_leader: true dest_uuid: "d03631b3f7714c49a3ffcdb3b4820fb7"
I20260709 13:11:08.250911 31697 tablet_service.cc:1917] Received RequestConsensusVote() RPC: tablet_id: "2a68641b073047578055d6eef0ef8e3e" candidate_uuid: "e940da63e3bb479ca2989dc8746eda2e" candidate_term: 2 candidate_status { last_received { term: 1 index: 1 } } ignore_live_leader: true dest_uuid: "8cc78201c8f0417bb88d98fb056e17f2"
I20260709 13:11:08.251627 31847 raft_consensus.cc:3060] T 2a68641b073047578055d6eef0ef8e3e P d03631b3f7714c49a3ffcdb3b4820fb7 [term 1 FOLLOWER]: Advancing to term 2
I20260709 13:11:08.251683 31697 raft_consensus.cc:3055] T 2a68641b073047578055d6eef0ef8e3e P 8cc78201c8f0417bb88d98fb056e17f2 [term 1 LEADER]: Stepping down as leader of term 1
I20260709 13:11:08.252185 31697 raft_consensus.cc:740] T 2a68641b073047578055d6eef0ef8e3e P 8cc78201c8f0417bb88d98fb056e17f2 [term 1 LEADER]: Becoming Follower/Learner. State: Replica: 8cc78201c8f0417bb88d98fb056e17f2, State: Running, Role: LEADER
I20260709 13:11:08.253971 31697 consensus_queue.cc:260] T 2a68641b073047578055d6eef0ef8e3e P 8cc78201c8f0417bb88d98fb056e17f2 [NON_LEADER]: Queue going to NON_LEADER mode. State: All replicated index: 0, Majority replicated index: 1, Committed index: 1, Last appended: 1.1, Last appended by leader: 1, Current term: 1, Majority size: -1, State: 0, Mode: NON_LEADER, active raft config: opid_index: -1 OBSOLETE_local: false peers { permanent_uuid: "8cc78201c8f0417bb88d98fb056e17f2" member_type: VOTER last_known_addr { host: "127.30.211.1" port: 40813 } } peers { permanent_uuid: "e940da63e3bb479ca2989dc8746eda2e" member_type: VOTER last_known_addr { host: "127.30.211.2" port: 41167 } } peers { permanent_uuid: "d03631b3f7714c49a3ffcdb3b4820fb7" member_type: VOTER last_known_addr { host: "127.30.211.3" port: 46501 } }
I20260709 13:11:08.255180 31697 raft_consensus.cc:3060] T 2a68641b073047578055d6eef0ef8e3e P 8cc78201c8f0417bb88d98fb056e17f2 [term 1 FOLLOWER]: Advancing to term 2
I20260709 13:11:08.258985 31847 raft_consensus.cc:2468] T 2a68641b073047578055d6eef0ef8e3e P d03631b3f7714c49a3ffcdb3b4820fb7 [term 2 FOLLOWER]: Leader election vote request: Granting yes vote for candidate e940da63e3bb479ca2989dc8746eda2e in term 2.
I20260709 13:11:08.260376 31739 leader_election.cc:304] T 2a68641b073047578055d6eef0ef8e3e P e940da63e3bb479ca2989dc8746eda2e [CANDIDATE]: Term 2 election: Election decided. Result: candidate won. Election summary: received 2 responses out of 3 voters: 2 yes votes; 0 no votes. yes voters: d03631b3f7714c49a3ffcdb3b4820fb7, e940da63e3bb479ca2989dc8746eda2e; no voters: 
I20260709 13:11:08.261289 31935 raft_consensus.cc:2804] T 2a68641b073047578055d6eef0ef8e3e P e940da63e3bb479ca2989dc8746eda2e [term 2 FOLLOWER]: Leader election won for term 2
