I20260709 13:11:05.787312 21345 raft_consensus.cc:359] T 300a8cbbd7cf444fa4ac543ebc4dd1eb P 72083703761d414bbc593109be099b0f [term 0 FOLLOWER]: Replica starting. Triggering 0 pending ops. Active config: opid_index: -1 OBSOLETE_local: false peers { permanent_uuid: "e373d0505c384008b613fbe136364e31" member_type: VOTER last_known_addr { host: "127.20.134.129" port: 40729 } } peers { permanent_uuid: "8734f5af8f704e05a627f05e95e7a989" member_type: VOTER last_known_addr { host: "127.20.134.130" port: 37879 } } peers { permanent_uuid: "72083703761d414bbc593109be099b0f" member_type: VOTER last_known_addr { host: "127.20.134.131" port: 37453 } }
I20260709 13:11:05.788040 21345 raft_consensus.cc:385] T 300a8cbbd7cf444fa4ac543ebc4dd1eb P 72083703761d414bbc593109be099b0f [term 0 FOLLOWER]: Consensus starting up: Expiring failure detector timer to make a prompt election more likely
I20260709 13:11:05.788367 21345 raft_consensus.cc:740] T 300a8cbbd7cf444fa4ac543ebc4dd1eb P 72083703761d414bbc593109be099b0f [term 0 FOLLOWER]: Becoming Follower/Learner. State: Replica: 72083703761d414bbc593109be099b0f, State: Initialized, Role: FOLLOWER
I20260709 13:11:05.789105 21345 consensus_queue.cc:260] T 300a8cbbd7cf444fa4ac543ebc4dd1eb P 72083703761d414bbc593109be099b0f [NON_LEADER]: Queue going to NON_LEADER mode. State: All replicated index: 0, Majority replicated index: 0, Committed index: 0, Last appended: 0.0, Last appended by leader: 0, Current term: 0, Majority size: -1, State: 0, Mode: NON_LEADER, active raft config: opid_index: -1 OBSOLETE_local: false peers { permanent_uuid: "e373d0505c384008b613fbe136364e31" member_type: VOTER last_known_addr { host: "127.20.134.129" port: 40729 } } peers { permanent_uuid: "8734f5af8f704e05a627f05e95e7a989" member_type: VOTER last_known_addr { host: "127.20.134.130" port: 37879 } } peers { permanent_uuid: "72083703761d414bbc593109be099b0f" member_type: VOTER last_known_addr { host: "127.20.134.131" port: 37453 } }
I20260709 13:11:05.791230 21347 tablet_bootstrap.cc:654] T a1b62d79b4534c6e9c8576f18c6a95a1 P e373d0505c384008b613fbe136364e31: Neither blocks nor log segments found. Creating new log.
I20260709 13:11:05.796476 21327 heartbeater.cc:499] Master 127.20.134.190:33181 was elected leader, sending a full tablet report...
I20260709 13:11:05.797529 21345 ts_tablet_manager.cc:1434] T 300a8cbbd7cf444fa4ac543ebc4dd1eb P 72083703761d414bbc593109be099b0f: Time spent starting tablet: real 0.013s	user 0.010s	sys 0.000s
I20260709 13:11:05.798514 21345 tablet_bootstrap.cc:492] T d13bfd8e5a5e418aba4009da7665f79d P 72083703761d414bbc593109be099b0f: Bootstrap starting.
I20260709 13:11:05.811661 21345 tablet_bootstrap.cc:654] T d13bfd8e5a5e418aba4009da7665f79d P 72083703761d414bbc593109be099b0f: Neither blocks nor log segments found. Creating new log.
I20260709 13:11:05.819509 21347 tablet_bootstrap.cc:492] T a1b62d79b4534c6e9c8576f18c6a95a1 P e373d0505c384008b613fbe136364e31: No bootstrap required, opened a new log
I20260709 13:11:05.819991 21347 ts_tablet_manager.cc:1403] T a1b62d79b4534c6e9c8576f18c6a95a1 P e373d0505c384008b613fbe136364e31: Time spent bootstrapping tablet: real 0.036s	user 0.013s	sys 0.015s
I20260709 13:11:05.823071 21347 raft_consensus.cc:359] T a1b62d79b4534c6e9c8576f18c6a95a1 P e373d0505c384008b613fbe136364e31 [term 0 FOLLOWER]: Replica starting. Triggering 0 pending ops. Active config: opid_index: -1 OBSOLETE_local: false peers { permanent_uuid: "e373d0505c384008b613fbe136364e31" member_type: VOTER last_known_addr { host: "127.20.134.129" port: 40729 } } peers { permanent_uuid: "8734f5af8f704e05a627f05e95e7a989" member_type: VOTER last_known_addr { host: "127.20.134.130" port: 37879 } } peers { permanent_uuid: "72083703761d414bbc593109be099b0f" member_type: VOTER last_known_addr { host: "127.20.134.131" port: 37453 } }
I20260709 13:11:05.823796 21347 raft_consensus.cc:385] T a1b62d79b4534c6e9c8576f18c6a95a1 P e373d0505c384008b613fbe136364e31 [term 0 FOLLOWER]: Consensus starting up: Expiring failure detector timer to make a prompt election more likely
I20260709 13:11:05.824105 21347 raft_consensus.cc:740] T a1b62d79b4534c6e9c8576f18c6a95a1 P e373d0505c384008b613fbe136364e31 [term 0 FOLLOWER]: Becoming Follower/Learner. State: Replica: e373d0505c384008b613fbe136364e31, State: Initialized, Role: FOLLOWER
I20260709 13:11:05.824739 21346 ts_tablet_manager.cc:1434] T 6d34eeae1d4c446f9229b8cde95c98ca P 8734f5af8f704e05a627f05e95e7a989: Time spent starting tablet: real 0.052s	user 0.006s	sys 0.006s
I20260709 13:11:05.824862 21347 consensus_queue.cc:260] T a1b62d79b4534c6e9c8576f18c6a95a1 P e373d0505c384008b613fbe136364e31 [NON_LEADER]: Queue going to NON_LEADER mode. State: All replicated index: 0, Majority replicated index: 0, Committed index: 0, Last appended: 0.0, Last appended by leader: 0, Current term: 0, Majority size: -1, State: 0, Mode: NON_LEADER, active raft config: opid_index: -1 OBSOLETE_local: false peers { permanent_uuid: "e373d0505c384008b613fbe136364e31" member_type: VOTER last_known_addr { host: "127.20.134.129" port: 40729 } } peers { permanent_uuid: "8734f5af8f704e05a627f05e95e7a989" member_type: VOTER last_known_addr { host: "127.20.134.130" port: 37879 } } peers { permanent_uuid: "72083703761d414bbc593109be099b0f" member_type: VOTER last_known_addr { host: "127.20.134.131" port: 37453 } }
I20260709 13:11:05.825469 21253 heartbeater.cc:499] Master 127.20.134.190:33181 was elected leader, sending a full tablet report...
I20260709 13:11:05.827001 21347 ts_tablet_manager.cc:1434] T a1b62d79b4534c6e9c8576f18c6a95a1 P e373d0505c384008b613fbe136364e31: Time spent starting tablet: real 0.007s	user 0.008s	sys 0.000s
I20260709 13:11:05.827279 21345 tablet_bootstrap.cc:492] T d13bfd8e5a5e418aba4009da7665f79d P 72083703761d414bbc593109be099b0f: No bootstrap required, opened a new log
I20260709 13:11:05.827723 21345 ts_tablet_manager.cc:1403] T d13bfd8e5a5e418aba4009da7665f79d P 72083703761d414bbc593109be099b0f: Time spent bootstrapping tablet: real 0.029s	user 0.014s	sys 0.000s
I20260709 13:11:05.827921 21347 tablet_bootstrap.cc:492] T af026c5e569d44b7ad7c5b6eff13ad02 P e373d0505c384008b613fbe136364e31: Bootstrap starting.
I20260709 13:11:05.830546 21345 raft_consensus.cc:359] T d13bfd8e5a5e418aba4009da7665f79d P 72083703761d414bbc593109be099b0f [term 0 FOLLOWER]: Replica starting. Triggering 0 pending ops. Active config: opid_index: -1 OBSOLETE_local: false peers { permanent_uuid: "72083703761d414bbc593109be099b0f" member_type: VOTER last_known_addr { host: "127.20.134.131" port: 37453 } } peers { permanent_uuid: "8734f5af8f704e05a627f05e95e7a989" member_type: VOTER last_known_addr { host: "127.20.134.130" port: 37879 } } peers { permanent_uuid: "e373d0505c384008b613fbe136364e31" member_type: VOTER last_known_addr { host: "127.20.134.129" port: 40729 } }
I20260709 13:11:05.831305 21345 raft_consensus.cc:385] T d13bfd8e5a5e418aba4009da7665f79d P 72083703761d414bbc593109be099b0f [term 0 FOLLOWER]: Consensus starting up: Expiring failure detector timer to make a prompt election more likely
I20260709 13:11:05.831609 21345 raft_consensus.cc:740] T d13bfd8e5a5e418aba4009da7665f79d P 72083703761d414bbc593109be099b0f [term 0 FOLLOWER]: Becoming Follower/Learner. State: Replica: 72083703761d414bbc593109be099b0f, State: Initialized, Role: FOLLOWER
I20260709 13:11:05.835428 21347 tablet_bootstrap.cc:654] T af026c5e569d44b7ad7c5b6eff13ad02 P e373d0505c384008b613fbe136364e31: Neither blocks nor log segments found. Creating new log.
I20260709 13:11:05.837059 21346 tablet_bootstrap.cc:492] T e2ae687d48a34117bf6922895f05099f P 8734f5af8f704e05a627f05e95e7a989: Bootstrap starting.
I20260709 13:11:05.843883 21346 tablet_bootstrap.cc:654] T e2ae687d48a34117bf6922895f05099f P 8734f5af8f704e05a627f05e95e7a989: Neither blocks nor log segments found. Creating new log.
I20260709 13:11:05.832340 21345 consensus_queue.cc:260] T d13bfd8e5a5e418aba4009da7665f79d P 72083703761d414bbc593109be099b0f [NON_LEADER]: Queue going to NON_LEADER mode. State: All replicated index: 0, Majority replicated index: 0, Committed index: 0, Last appended: 0.0, Last appended by leader: 0, Current term: 0, Majority size: -1, State: 0, Mode: NON_LEADER, active raft config: opid_index: -1 OBSOLETE_local: false peers { permanent_uuid: "72083703761d414bbc593109be099b0f" member_type: VOTER last_known_addr { host: "127.20.134.131" port: 37453 } } peers { permanent_uuid: "8734f5af8f704e05a627f05e95e7a989" member_type: VOTER last_known_addr { host: "127.20.134.130" port: 37879 } } peers { permanent_uuid: "e373d0505c384008b613fbe136364e31" member_type: VOTER last_known_addr { host: "127.20.134.129" port: 40729 } }
I20260709 13:11:05.847225 21347 tablet_bootstrap.cc:492] T af026c5e569d44b7ad7c5b6eff13ad02 P e373d0505c384008b613fbe136364e31: No bootstrap required, opened a new log
I20260709 13:11:05.847734 21347 ts_tablet_manager.cc:1403] T af026c5e569d44b7ad7c5b6eff13ad02 P e373d0505c384008b613fbe136364e31: Time spent bootstrapping tablet: real 0.020s	user 0.013s	sys 0.004s
I20260709 13:11:05.849324 21345 ts_tablet_manager.cc:1434] T d13bfd8e5a5e418aba4009da7665f79d P 72083703761d414bbc593109be099b0f: Time spent starting tablet: real 0.021s	user 0.007s	sys 0.000s
I20260709 13:11:05.850428 21345 tablet_bootstrap.cc:492] T 52af4e2ff31d4f2f88796af407d782e1 P 72083703761d414bbc593109be099b0f: Bootstrap starting.
I20260709 13:11:05.851043 21347 raft_consensus.cc:359] T af026c5e569d44b7ad7c5b6eff13ad02 P e373d0505c384008b613fbe136364e31 [term 0 FOLLOWER]: Replica starting. Triggering 0 pending ops. Active config: opid_index: -1 OBSOLETE_local: false peers { permanent_uuid: "e373d0505c384008b613fbe136364e31" member_type: VOTER last_known_addr { host: "127.20.134.129" port: 40729 } } peers { permanent_uuid: "8734f5af8f704e05a627f05e95e7a989" member_type: VOTER last_known_addr { host: "127.20.134.130" port: 37879 } } peers { permanent_uuid: "72083703761d414bbc593109be099b0f" member_type: VOTER last_known_addr { host: "127.20.134.131" port: 37453 } }
I20260709 13:11:05.851792 21347 raft_consensus.cc:385] T af026c5e569d44b7ad7c5b6eff13ad02 P e373d0505c384008b613fbe136364e31 [term 0 FOLLOWER]: Consensus starting up: Expiring failure detector timer to make a prompt election more likely
I20260709 13:11:05.852087 21347 raft_consensus.cc:740] T af026c5e569d44b7ad7c5b6eff13ad02 P e373d0505c384008b613fbe136364e31 [term 0 FOLLOWER]: Becoming Follower/Learner. State: Replica: e373d0505c384008b613fbe136364e31, State: Initialized, Role: FOLLOWER
I20260709 13:11:05.852803 21347 consensus_queue.cc:260] T af026c5e569d44b7ad7c5b6eff13ad02 P e373d0505c384008b613fbe136364e31 [NON_LEADER]: Queue going to NON_LEADER mode. State: All replicated index: 0, Majority replicated index: 0, Committed index: 0, Last appended: 0.0, Last appended by leader: 0, Current term: 0, Majority size: -1, State: 0, Mode: NON_LEADER, active raft config: opid_index: -1 OBSOLETE_local: false peers { permanent_uuid: "e373d0505c384008b613fbe136364e31" member_type: VOTER last_known_addr { host: "127.20.134.129" port: 40729 } } peers { permanent_uuid: "8734f5af8f704e05a627f05e95e7a989" member_type: VOTER last_known_addr { host: "127.20.134.130" port: 37879 } } peers { permanent_uuid: "72083703761d414bbc593109be099b0f" member_type: VOTER last_known_addr { host: "127.20.134.131" port: 37453 } }
W20260709 13:11:05.857236 21179 tablet.cc:2406] T 6d34eeae1d4c446f9229b8cde95c98ca P e373d0505c384008b613fbe136364e31: Can't schedule compaction. Clean time has not been advanced past its initial value.
I20260709 13:11:05.860008 21347 ts_tablet_manager.cc:1434] T af026c5e569d44b7ad7c5b6eff13ad02 P e373d0505c384008b613fbe136364e31: Time spent starting tablet: real 0.012s	user 0.010s	sys 0.001s
I20260709 13:11:05.861047 21347 tablet_bootstrap.cc:492] T e2ae687d48a34117bf6922895f05099f P e373d0505c384008b613fbe136364e31: Bootstrap starting.
I20260709 13:11:05.867671 21347 tablet_bootstrap.cc:654] T e2ae687d48a34117bf6922895f05099f P e373d0505c384008b613fbe136364e31: Neither blocks nor log segments found. Creating new log.
I20260709 13:11:05.869460 21345 tablet_bootstrap.cc:654] T 52af4e2ff31d4f2f88796af407d782e1 P 72083703761d414bbc593109be099b0f: Neither blocks nor log segments found. Creating new log.
I20260709 13:11:05.876775 21346 tablet_bootstrap.cc:492] T e2ae687d48a34117bf6922895f05099f P 8734f5af8f704e05a627f05e95e7a989: No bootstrap required, opened a new log
I20260709 13:11:05.877271 21346 ts_tablet_manager.cc:1403] T e2ae687d48a34117bf6922895f05099f P 8734f5af8f704e05a627f05e95e7a989: Time spent bootstrapping tablet: real 0.041s	user 0.005s	sys 0.010s
I20260709 13:11:05.878996 21353 raft_consensus.cc:493] T 300a8cbbd7cf444fa4ac543ebc4dd1eb P 72083703761d414bbc593109be099b0f [term 0 FOLLOWER]: Starting pre-election (no leader contacted us within the election timeout)
I20260709 13:11:05.879606 21353 raft_consensus.cc:515] T 300a8cbbd7cf444fa4ac543ebc4dd1eb P 72083703761d414bbc593109be099b0f [term 0 FOLLOWER]: Starting pre-election with config: opid_index: -1 OBSOLETE_local: false peers { permanent_uuid: "e373d0505c384008b613fbe136364e31" member_type: VOTER last_known_addr { host: "127.20.134.129" port: 40729 } } peers { permanent_uuid: "8734f5af8f704e05a627f05e95e7a989" member_type: VOTER last_known_addr { host: "127.20.134.130" port: 37879 } } peers { permanent_uuid: "72083703761d414bbc593109be099b0f" member_type: VOTER last_known_addr { host: "127.20.134.131" port: 37453 } }
I20260709 13:11:05.880381 21346 raft_consensus.cc:359] T e2ae687d48a34117bf6922895f05099f P 8734f5af8f704e05a627f05e95e7a989 [term 0 FOLLOWER]: Replica starting. Triggering 0 pending ops. Active config: opid_index: -1 OBSOLETE_local: false peers { permanent_uuid: "e373d0505c384008b613fbe136364e31" member_type: VOTER last_known_addr { host: "127.20.134.129" port: 40729 } } peers { permanent_uuid: "8734f5af8f704e05a627f05e95e7a989" member_type: VOTER last_known_addr { host: "127.20.134.130" port: 37879 } } peers { permanent_uuid: "72083703761d414bbc593109be099b0f" member_type: VOTER last_known_addr { host: "127.20.134.131" port: 37453 } }
I20260709 13:11:05.881098 21346 raft_consensus.cc:385] T e2ae687d48a34117bf6922895f05099f P 8734f5af8f704e05a627f05e95e7a989 [term 0 FOLLOWER]: Consensus starting up: Expiring failure detector timer to make a prompt election more likely
I20260709 13:11:05.881386 21346 raft_consensus.cc:740] T e2ae687d48a34117bf6922895f05099f P 8734f5af8f704e05a627f05e95e7a989 [term 0 FOLLOWER]: Becoming Follower/Learner. State: Replica: 8734f5af8f704e05a627f05e95e7a989, State: Initialized, Role: FOLLOWER
I20260709 13:11:05.882313 21346 consensus_queue.cc:260] T e2ae687d48a34117bf6922895f05099f P 8734f5af8f704e05a627f05e95e7a989 [NON_LEADER]: Queue going to NON_LEADER mode. State: All replicated index: 0, Majority replicated index: 0, Committed index: 0, Last appended: 0.0, Last appended by leader: 0, Current term: 0, Majority size: -1, State: 0, Mode: NON_LEADER, active raft config: opid_index: -1 OBSOLETE_local: false peers { permanent_uuid: "e373d0505c384008b613fbe136364e31" member_type: VOTER last_known_addr { host: "127.20.134.129" port: 40729 } } peers { permanent_uuid: "8734f5af8f704e05a627f05e95e7a989" member_type: VOTER last_known_addr { host: "127.20.134.130" port: 37879 } } peers { permanent_uuid: "72083703761d414bbc593109be099b0f" member_type: VOTER last_known_addr { host: "127.20.134.131" port: 37453 } }
I20260709 13:11:05.885206 21353 leader_election.cc:290] T 300a8cbbd7cf444fa4ac543ebc4dd1eb P 72083703761d414bbc593109be099b0f [CANDIDATE]: Term 1 pre-election: Requested pre-vote from peers e373d0505c384008b613fbe136364e31 (127.20.134.129:40729), 8734f5af8f704e05a627f05e95e7a989 (127.20.134.130:37879)
I20260709 13:11:05.888868 21345 tablet_bootstrap.cc:492] T 52af4e2ff31d4f2f88796af407d782e1 P 72083703761d414bbc593109be099b0f: No bootstrap required, opened a new log
I20260709 13:11:05.889360 21345 ts_tablet_manager.cc:1403] T 52af4e2ff31d4f2f88796af407d782e1 P 72083703761d414bbc593109be099b0f: Time spent bootstrapping tablet: real 0.039s	user 0.013s	sys 0.000s
I20260709 13:11:05.892822 21345 raft_consensus.cc:359] T 52af4e2ff31d4f2f88796af407d782e1 P 72083703761d414bbc593109be099b0f [term 0 FOLLOWER]: Replica starting. Triggering 0 pending ops. Active config: opid_index: -1 OBSOLETE_local: false peers { permanent_uuid: "e373d0505c384008b613fbe136364e31" member_type: VOTER last_known_addr { host: "127.20.134.129" port: 40729 } } peers { permanent_uuid: "8734f5af8f704e05a627f05e95e7a989" member_type: VOTER last_known_addr { host: "127.20.134.130" port: 37879 } } peers { permanent_uuid: "72083703761d414bbc593109be099b0f" member_type: VOTER last_known_addr { host: "127.20.134.131" port: 37453 } }
I20260709 13:11:05.893363 21346 ts_tablet_manager.cc:1434] T e2ae687d48a34117bf6922895f05099f P 8734f5af8f704e05a627f05e95e7a989: Time spent starting tablet: real 0.016s	user 0.006s	sys 0.000s
I20260709 13:11:05.893625 21345 raft_consensus.cc:385] T 52af4e2ff31d4f2f88796af407d782e1 P 72083703761d414bbc593109be099b0f [term 0 FOLLOWER]: Consensus starting up: Expiring failure detector timer to make a prompt election more likely
I20260709 13:11:05.894011 21345 raft_consensus.cc:740] T 52af4e2ff31d4f2f88796af407d782e1 P 72083703761d414bbc593109be099b0f [term 0 FOLLOWER]: Becoming Follower/Learner. State: Replica: 72083703761d414bbc593109be099b0f, State: Initialized, Role: FOLLOWER
I20260709 13:11:05.894840 21345 consensus_queue.cc:260] T 52af4e2ff31d4f2f88796af407d782e1 P 72083703761d414bbc593109be099b0f [NON_LEADER]: Queue going to NON_LEADER mode. State: All replicated index: 0, Majority replicated index: 0, Committed index: 0, Last appended: 0.0, Last appended by leader: 0, Current term: 0, Majority size: -1, State: 0, Mode: NON_LEADER, active raft config: opid_index: -1 OBSOLETE_local: false peers { permanent_uuid: "e373d0505c384008b613fbe136364e31" member_type: VOTER last_known_addr { host: "127.20.134.129" port: 40729 } } peers { permanent_uuid: "8734f5af8f704e05a627f05e95e7a989" member_type: VOTER last_known_addr { host: "127.20.134.130" port: 37879 } } peers { permanent_uuid: "72083703761d414bbc593109be099b0f" member_type: VOTER last_known_addr { host: "127.20.134.131" port: 37453 } }
I20260709 13:11:05.897482 21347 tablet_bootstrap.cc:492] T e2ae687d48a34117bf6922895f05099f P e373d0505c384008b613fbe136364e31: No bootstrap required, opened a new log
I20260709 13:11:05.898048 21347 ts_tablet_manager.cc:1403] T e2ae687d48a34117bf6922895f05099f P e373d0505c384008b613fbe136364e31: Time spent bootstrapping tablet: real 0.037s	user 0.014s	sys 0.013s
I20260709 13:11:05.901368 21347 raft_consensus.cc:359] T e2ae687d48a34117bf6922895f05099f P e373d0505c384008b613fbe136364e31 [term 0 FOLLOWER]: Replica starting. Triggering 0 pending ops. Active config: opid_index: -1 OBSOLETE_local: false peers { permanent_uuid: "e373d0505c384008b613fbe136364e31" member_type: VOTER last_known_addr { host: "127.20.134.129" port: 40729 } } peers { permanent_uuid: "8734f5af8f704e05a627f05e95e7a989" member_type: VOTER last_known_addr { host: "127.20.134.130" port: 37879 } } peers { permanent_uuid: "72083703761d414bbc593109be099b0f" member_type: VOTER last_known_addr { host: "127.20.134.131" port: 37453 } }
I20260709 13:11:05.907155 21353 raft_consensus.cc:493] T 52af4e2ff31d4f2f88796af407d782e1 P 72083703761d414bbc593109be099b0f [term 0 FOLLOWER]: Starting pre-election (no leader contacted us within the election timeout)
I20260709 13:11:05.907902 21153 tablet_service.cc:1917] Received RequestConsensusVote() RPC: tablet_id: "300a8cbbd7cf444fa4ac543ebc4dd1eb" candidate_uuid: "72083703761d414bbc593109be099b0f" candidate_term: 1 candidate_status { last_received { term: 0 index: 0 } } ignore_live_leader: false dest_uuid: "e373d0505c384008b613fbe136364e31" is_pre_election: true
I20260709 13:11:05.908052 21347 raft_consensus.cc:385] T e2ae687d48a34117bf6922895f05099f P e373d0505c384008b613fbe136364e31 [term 0 FOLLOWER]: Consensus starting up: Expiring failure detector timer to make a prompt election more likely
I20260709 13:11:05.914505 21347 raft_consensus.cc:740] T e2ae687d48a34117bf6922895f05099f P e373d0505c384008b613fbe136364e31 [term 0 FOLLOWER]: Becoming Follower/Learner. State: Replica: e373d0505c384008b613fbe136364e31, State: Initialized, Role: FOLLOWER
I20260709 13:11:05.908073 21353 raft_consensus.cc:515] T 52af4e2ff31d4f2f88796af407d782e1 P 72083703761d414bbc593109be099b0f [term 0 FOLLOWER]: Starting pre-election with config: opid_index: -1 OBSOLETE_local: false peers { permanent_uuid: "e373d0505c384008b613fbe136364e31" member_type: VOTER last_known_addr { host: "127.20.134.129" port: 40729 } } peers { permanent_uuid: "8734f5af8f704e05a627f05e95e7a989" member_type: VOTER last_known_addr { host: "127.20.134.130" port: 37879 } } peers { permanent_uuid: "72083703761d414bbc593109be099b0f" member_type: VOTER last_known_addr { host: "127.20.134.131" port: 37453 } }
W20260709 13:11:05.914804 21266 leader_election.cc:343] T 300a8cbbd7cf444fa4ac543ebc4dd1eb P 72083703761d414bbc593109be099b0f [CANDIDATE]: Term 1 pre-election: Tablet error from VoteRequest() call to peer e373d0505c384008b613fbe136364e31 (127.20.134.129:40729): Illegal state: must be running to vote when last-logged opid is not known
I20260709 13:11:05.916953 21353 leader_election.cc:290] T 52af4e2ff31d4f2f88796af407d782e1 P 72083703761d414bbc593109be099b0f [CANDIDATE]: Term 1 pre-election: Requested pre-vote from peers e373d0505c384008b613fbe136364e31 (127.20.134.129:40729), 8734f5af8f704e05a627f05e95e7a989 (127.20.134.130:37879)
I20260709 13:11:05.917972 21347 consensus_queue.cc:260] T e2ae687d48a34117bf6922895f05099f P e373d0505c384008b613fbe136364e31 [NON_LEADER]: Queue going to NON_LEADER mode. State: All replicated index: 0, Majority replicated index: 0, Committed index: 0, Last appended: 0.0, Last appended by leader: 0, Current term: 0, Majority size: -1, State: 0, Mode: NON_LEADER, active raft config: opid_index: -1 OBSOLETE_local: false peers { permanent_uuid: "e373d0505c384008b613fbe136364e31" member_type: VOTER last_known_addr { host: "127.20.134.129" port: 40729 } } peers { permanent_uuid: "8734f5af8f704e05a627f05e95e7a989" member_type: VOTER last_known_addr { host: "127.20.134.130" port: 37879 } } peers { permanent_uuid: "72083703761d414bbc593109be099b0f" member_type: VOTER last_known_addr { host: "127.20.134.131" port: 37453 } }
I20260709 13:11:05.920454 21347 ts_tablet_manager.cc:1434] T e2ae687d48a34117bf6922895f05099f P e373d0505c384008b613fbe136364e31: Time spent starting tablet: real 0.022s	user 0.006s	sys 0.000s
I20260709 13:11:05.921921 21347 tablet_bootstrap.cc:492] T f2446d4aa9de4b3bb88d291ec2f98165 P e373d0505c384008b613fbe136364e31: Bootstrap starting.
I20260709 13:11:05.922122 21227 tablet_service.cc:1917] Received RequestConsensusVote() RPC: tablet_id: "52af4e2ff31d4f2f88796af407d782e1" candidate_uuid: "72083703761d414bbc593109be099b0f" candidate_term: 1 candidate_status { last_received { term: 0 index: 0 } } ignore_live_leader: false dest_uuid: "8734f5af8f704e05a627f05e95e7a989" is_pre_election: true
I20260709 13:11:05.921444 21228 tablet_service.cc:1917] Received RequestConsensusVote() RPC: tablet_id: "300a8cbbd7cf444fa4ac543ebc4dd1eb" candidate_uuid: "72083703761d414bbc593109be099b0f" candidate_term: 1 candidate_status { last_received { term: 0 index: 0 } } ignore_live_leader: false dest_uuid: "8734f5af8f704e05a627f05e95e7a989" is_pre_election: true
W20260709 13:11:05.924687 21267 leader_election.cc:343] T 52af4e2ff31d4f2f88796af407d782e1 P 72083703761d414bbc593109be099b0f [CANDIDATE]: Term 1 pre-election: Tablet error from VoteRequest() call to peer 8734f5af8f704e05a627f05e95e7a989 (127.20.134.130:37879): Illegal state: must be running to vote when last-logged opid is not known
I20260709 13:11:05.924831 21351 raft_consensus.cc:493] T 6d34eeae1d4c446f9229b8cde95c98ca P 8734f5af8f704e05a627f05e95e7a989 [term 0 FOLLOWER]: Starting pre-election (no leader contacted us within the election timeout)
W20260709 13:11:05.925390 21267 leader_election.cc:343] T 300a8cbbd7cf444fa4ac543ebc4dd1eb P 72083703761d414bbc593109be099b0f [CANDIDATE]: Term 1 pre-election: Tablet error from VoteRequest() call to peer 8734f5af8f704e05a627f05e95e7a989 (127.20.134.130:37879): Illegal state: must be running to vote when last-logged opid is not known
I20260709 13:11:05.925347 21351 raft_consensus.cc:515] T 6d34eeae1d4c446f9229b8cde95c98ca P 8734f5af8f704e05a627f05e95e7a989 [term 0 FOLLOWER]: Starting pre-election with config: opid_index: -1 OBSOLETE_local: false peers { permanent_uuid: "e373d0505c384008b613fbe136364e31" member_type: VOTER last_known_addr { host: "127.20.134.129" port: 40729 } } peers { permanent_uuid: "8734f5af8f704e05a627f05e95e7a989" member_type: VOTER last_known_addr { host: "127.20.134.130" port: 37879 } } peers { permanent_uuid: "72083703761d414bbc593109be099b0f" member_type: VOTER last_known_addr { host: "127.20.134.131" port: 37453 } }
I20260709 13:11:05.925926 21267 leader_election.cc:304] T 300a8cbbd7cf444fa4ac543ebc4dd1eb P 72083703761d414bbc593109be099b0f [CANDIDATE]: Term 1 pre-election: Election decided. Result: candidate lost. Election summary: received 3 responses out of 3 voters: 1 yes votes; 2 no votes. yes voters: 72083703761d414bbc593109be099b0f; no voters: 8734f5af8f704e05a627f05e95e7a989, e373d0505c384008b613fbe136364e31
I20260709 13:11:05.926734 21353 raft_consensus.cc:2749] T 300a8cbbd7cf444fa4ac543ebc4dd1eb P 72083703761d414bbc593109be099b0f [term 0 FOLLOWER]: Leader pre-election lost for term 1. Reason: could not achieve majority
I20260709 13:11:05.902922 21346 tablet_bootstrap.cc:492] T 52af4e2ff31d4f2f88796af407d782e1 P 8734f5af8f704e05a627f05e95e7a989: Bootstrap starting.
I20260709 13:11:05.927863 21351 leader_election.cc:290] T 6d34eeae1d4c446f9229b8cde95c98ca P 8734f5af8f704e05a627f05e95e7a989 [CANDIDATE]: Term 1 pre-election: Requested pre-vote from peers e373d0505c384008b613fbe136364e31 (127.20.134.129:40729), 72083703761d414bbc593109be099b0f (127.20.134.131:37453)
I20260709 13:11:05.928647 21345 ts_tablet_manager.cc:1434] T 52af4e2ff31d4f2f88796af407d782e1 P 72083703761d414bbc593109be099b0f: Time spent starting tablet: real 0.039s	user 0.007s	sys 0.000s
I20260709 13:11:05.930480 21347 tablet_bootstrap.cc:654] T f2446d4aa9de4b3bb88d291ec2f98165 P e373d0505c384008b613fbe136364e31: Neither blocks nor log segments found. Creating new log.
I20260709 13:11:05.934175 21153 tablet_service.cc:1917] Received RequestConsensusVote() RPC: tablet_id: "52af4e2ff31d4f2f88796af407d782e1" candidate_uuid: "72083703761d414bbc593109be099b0f" candidate_term: 1 candidate_status { last_received { term: 0 index: 0 } } ignore_live_leader: false dest_uuid: "e373d0505c384008b613fbe136364e31" is_pre_election: true
I20260709 13:11:05.931262 21345 tablet_bootstrap.cc:492] T 6d34eeae1d4c446f9229b8cde95c98ca P 72083703761d414bbc593109be099b0f: Bootstrap starting.
W20260709 13:11:05.935573 21266 leader_election.cc:343] T 52af4e2ff31d4f2f88796af407d782e1 P 72083703761d414bbc593109be099b0f [CANDIDATE]: Term 1 pre-election: Tablet error from VoteRequest() call to peer e373d0505c384008b613fbe136364e31 (127.20.134.129:40729): Illegal state: must be running to vote when last-logged opid is not known
I20260709 13:11:05.936012 21266 leader_election.cc:304] T 52af4e2ff31d4f2f88796af407d782e1 P 72083703761d414bbc593109be099b0f [CANDIDATE]: Term 1 pre-election: Election decided. Result: candidate lost. Election summary: received 3 responses out of 3 voters: 1 yes votes; 2 no votes. yes voters: 72083703761d414bbc593109be099b0f; no voters: 8734f5af8f704e05a627f05e95e7a989, e373d0505c384008b613fbe136364e31
I20260709 13:11:05.937072 21353 raft_consensus.cc:2749] T 52af4e2ff31d4f2f88796af407d782e1 P 72083703761d414bbc593109be099b0f [term 0 FOLLOWER]: Leader pre-election lost for term 1. Reason: could not achieve majority
I20260709 13:11:05.943406 21352 raft_consensus.cc:493] T af026c5e569d44b7ad7c5b6eff13ad02 P e373d0505c384008b613fbe136364e31 [term 0 FOLLOWER]: Starting pre-election (no leader contacted us within the election timeout)
I20260709 13:11:05.943902 21352 raft_consensus.cc:515] T af026c5e569d44b7ad7c5b6eff13ad02 P e373d0505c384008b613fbe136364e31 [term 0 FOLLOWER]: Starting pre-election with config: opid_index: -1 OBSOLETE_local: false peers { permanent_uuid: "e373d0505c384008b613fbe136364e31" member_type: VOTER last_known_addr { host: "127.20.134.129" port: 40729 } } peers { permanent_uuid: "8734f5af8f704e05a627f05e95e7a989" member_type: VOTER last_known_addr { host: "127.20.134.130" port: 37879 } } peers { permanent_uuid: "72083703761d414bbc593109be099b0f" member_type: VOTER last_known_addr { host: "127.20.134.131" port: 37453 } }
I20260709 13:11:05.946722 21351 raft_consensus.cc:493] T e2ae687d48a34117bf6922895f05099f P 8734f5af8f704e05a627f05e95e7a989 [term 0 FOLLOWER]: Starting pre-election (no leader contacted us within the election timeout)
I20260709 13:11:05.947319 21351 raft_consensus.cc:515] T e2ae687d48a34117bf6922895f05099f P 8734f5af8f704e05a627f05e95e7a989 [term 0 FOLLOWER]: Starting pre-election with config: opid_index: -1 OBSOLETE_local: false peers { permanent_uuid: "e373d0505c384008b613fbe136364e31" member_type: VOTER last_known_addr { host: "127.20.134.129" port: 40729 } } peers { permanent_uuid: "8734f5af8f704e05a627f05e95e7a989" member_type: VOTER last_known_addr { host: "127.20.134.130" port: 37879 } } peers { permanent_uuid: "72083703761d414bbc593109be099b0f" member_type: VOTER last_known_addr { host: "127.20.134.131" port: 37453 } }
I20260709 13:11:05.949177 21351 leader_election.cc:290] T e2ae687d48a34117bf6922895f05099f P 8734f5af8f704e05a627f05e95e7a989 [CANDIDATE]: Term 1 pre-election: Requested pre-vote from peers e373d0505c384008b613fbe136364e31 (127.20.134.129:40729), 72083703761d414bbc593109be099b0f (127.20.134.131:37453)
I20260709 13:11:05.956018 21362 raft_consensus.cc:493] T d13bfd8e5a5e418aba4009da7665f79d P 72083703761d414bbc593109be099b0f [term 0 FOLLOWER]: Starting pre-election (no leader contacted us within the election timeout)
I20260709 13:11:05.957240 21362 raft_consensus.cc:515] T d13bfd8e5a5e418aba4009da7665f79d P 72083703761d414bbc593109be099b0f [term 0 FOLLOWER]: Starting pre-election with config: opid_index: -1 OBSOLETE_local: false peers { permanent_uuid: "72083703761d414bbc593109be099b0f" member_type: VOTER last_known_addr { host: "127.20.134.131" port: 37453 } } peers { permanent_uuid: "8734f5af8f704e05a627f05e95e7a989" member_type: VOTER last_known_addr { host: "127.20.134.130" port: 37879 } } peers { permanent_uuid: "e373d0505c384008b613fbe136364e31" member_type: VOTER last_known_addr { host: "127.20.134.129" port: 40729 } }
I20260709 13:11:05.967257 21347 tablet_bootstrap.cc:492] T f2446d4aa9de4b3bb88d291ec2f98165 P e373d0505c384008b613fbe136364e31: No bootstrap required, opened a new log
I20260709 13:11:05.968804 21347 ts_tablet_manager.cc:1403] T f2446d4aa9de4b3bb88d291ec2f98165 P e373d0505c384008b613fbe136364e31: Time spent bootstrapping tablet: real 0.047s	user 0.013s	sys 0.000s
I20260709 13:11:05.959973 21352 leader_election.cc:290] T af026c5e569d44b7ad7c5b6eff13ad02 P e373d0505c384008b613fbe136364e31 [CANDIDATE]: Term 1 pre-election: Requested pre-vote from peers 8734f5af8f704e05a627f05e95e7a989 (127.20.134.130:37879), 72083703761d414bbc593109be099b0f (127.20.134.131:37453)
I20260709 13:11:05.970019 21352 raft_consensus.cc:493] T a1b62d79b4534c6e9c8576f18c6a95a1 P e373d0505c384008b613fbe136364e31 [term 0 FOLLOWER]: Starting pre-election (no leader contacted us within the election timeout)
I20260709 13:11:05.970548 21352 raft_consensus.cc:515] T a1b62d79b4534c6e9c8576f18c6a95a1 P e373d0505c384008b613fbe136364e31 [term 0 FOLLOWER]: Starting pre-election with config: opid_index: -1 OBSOLETE_local: false peers { permanent_uuid: "e373d0505c384008b613fbe136364e31" member_type: VOTER last_known_addr { host: "127.20.134.129" port: 40729 } } peers { permanent_uuid: "8734f5af8f704e05a627f05e95e7a989" member_type: VOTER last_known_addr { host: "127.20.134.130" port: 37879 } } peers { permanent_uuid: "72083703761d414bbc593109be099b0f" member_type: VOTER last_known_addr { host: "127.20.134.131" port: 37453 } }
I20260709 13:11:05.972949 21352 leader_election.cc:290] T a1b62d79b4534c6e9c8576f18c6a95a1 P e373d0505c384008b613fbe136364e31 [CANDIDATE]: Term 1 pre-election: Requested pre-vote from peers 8734f5af8f704e05a627f05e95e7a989 (127.20.134.130:37879), 72083703761d414bbc593109be099b0f (127.20.134.131:37453)
I20260709 13:11:05.987779 21228 tablet_service.cc:1917] Received RequestConsensusVote() RPC: tablet_id: "d13bfd8e5a5e418aba4009da7665f79d" candidate_uuid: "72083703761d414bbc593109be099b0f" candidate_term: 1 candidate_status { last_received { term: 0 index: 0 } } ignore_live_leader: false dest_uuid: "8734f5af8f704e05a627f05e95e7a989" is_pre_election: true
I20260709 13:11:05.990038 21346 tablet_bootstrap.cc:654] T 52af4e2ff31d4f2f88796af407d782e1 P 8734f5af8f704e05a627f05e95e7a989: Neither blocks nor log segments found. Creating new log.
W20260709 13:11:05.990005 21267 leader_election.cc:343] T d13bfd8e5a5e418aba4009da7665f79d P 72083703761d414bbc593109be099b0f [CANDIDATE]: Term 1 pre-election: Tablet error from VoteRequest() call to peer 8734f5af8f704e05a627f05e95e7a989 (127.20.134.130:37879): Illegal state: must be running to vote when last-logged opid is not known
I20260709 13:11:05.991931 21362 leader_election.cc:290] T d13bfd8e5a5e418aba4009da7665f79d P 72083703761d414bbc593109be099b0f [CANDIDATE]: Term 1 pre-election: Requested pre-vote from peers 8734f5af8f704e05a627f05e95e7a989 (127.20.134.130:37879), e373d0505c384008b613fbe136364e31 (127.20.134.129:40729)
I20260709 13:11:05.993180 21347 raft_consensus.cc:359] T f2446d4aa9de4b3bb88d291ec2f98165 P e373d0505c384008b613fbe136364e31 [term 0 FOLLOWER]: Replica starting. Triggering 0 pending ops. Active config: opid_index: -1 OBSOLETE_local: false peers { permanent_uuid: "e373d0505c384008b613fbe136364e31" member_type: VOTER last_known_addr { host: "127.20.134.129" port: 40729 } } peers { permanent_uuid: "8734f5af8f704e05a627f05e95e7a989" member_type: VOTER last_known_addr { host: "127.20.134.130" port: 37879 } } peers { permanent_uuid: "72083703761d414bbc593109be099b0f" member_type: VOTER last_known_addr { host: "127.20.134.131" port: 37453 } }
I20260709 13:11:05.994155 21347 raft_consensus.cc:385] T f2446d4aa9de4b3bb88d291ec2f98165 P e373d0505c384008b613fbe136364e31 [term 0 FOLLOWER]: Consensus starting up: Expiring failure detector timer to make a prompt election more likely
I20260709 13:11:05.994445 21347 raft_consensus.cc:740] T f2446d4aa9de4b3bb88d291ec2f98165 P e373d0505c384008b613fbe136364e31 [term 0 FOLLOWER]: Becoming Follower/Learner. State: Replica: e373d0505c384008b613fbe136364e31, State: Initialized, Role: FOLLOWER
I20260709 13:11:05.994858 21153 tablet_service.cc:1917] Received RequestConsensusVote() RPC: tablet_id: "d13bfd8e5a5e418aba4009da7665f79d" candidate_uuid: "72083703761d414bbc593109be099b0f" candidate_term: 1 candidate_status { last_received { term: 0 index: 0 } } ignore_live_leader: false dest_uuid: "e373d0505c384008b613fbe136364e31" is_pre_election: true
I20260709 13:11:06.005688 21345 tablet_bootstrap.cc:654] T 6d34eeae1d4c446f9229b8cde95c98ca P 72083703761d414bbc593109be099b0f: Neither blocks nor log segments found. Creating new log.
I20260709 13:11:06.002764 21347 consensus_queue.cc:260] T f2446d4aa9de4b3bb88d291ec2f98165 P e373d0505c384008b613fbe136364e31 [NON_LEADER]: Queue going to NON_LEADER mode. State: All replicated index: 0, Majority replicated index: 0, Committed index: 0, Last appended: 0.0, Last appended by leader: 0, Current term: 0, Majority size: -1, State: 0, Mode: NON_LEADER, active raft config: opid_index: -1 OBSOLETE_local: false peers { permanent_uuid: "e373d0505c384008b613fbe136364e31" member_type: VOTER last_known_addr { host: "127.20.134.129" port: 40729 } } peers { permanent_uuid: "8734f5af8f704e05a627f05e95e7a989" member_type: VOTER last_known_addr { host: "127.20.134.130" port: 37879 } } peers { permanent_uuid: "72083703761d414bbc593109be099b0f" member_type: VOTER last_known_addr { host: "127.20.134.131" port: 37453 } }
W20260709 13:11:06.007149 21266 leader_election.cc:343] T d13bfd8e5a5e418aba4009da7665f79d P 72083703761d414bbc593109be099b0f [CANDIDATE]: Term 1 pre-election: Tablet error from VoteRequest() call to peer e373d0505c384008b613fbe136364e31 (127.20.134.129:40729): Illegal state: must be running to vote when last-logged opid is not known
I20260709 13:11:06.009858 21347 ts_tablet_manager.cc:1434] T f2446d4aa9de4b3bb88d291ec2f98165 P e373d0505c384008b613fbe136364e31: Time spent starting tablet: real 0.041s	user 0.009s	sys 0.000s
I20260709 13:11:06.010030 21266 leader_election.cc:304] T d13bfd8e5a5e418aba4009da7665f79d P 72083703761d414bbc593109be099b0f [CANDIDATE]: Term 1 pre-election: Election decided. Result: candidate lost. Election summary: received 3 responses out of 3 voters: 1 yes votes; 2 no votes. yes voters: 72083703761d414bbc593109be099b0f; no voters: 8734f5af8f704e05a627f05e95e7a989, e373d0505c384008b613fbe136364e31
I20260709 13:11:06.013151 21362 raft_consensus.cc:2749] T d13bfd8e5a5e418aba4009da7665f79d P 72083703761d414bbc593109be099b0f [term 0 FOLLOWER]: Leader pre-election lost for term 1. Reason: could not achieve majority
I20260709 13:11:06.015990 21347 tablet_bootstrap.cc:492] T 300a8cbbd7cf444fa4ac543ebc4dd1eb P e373d0505c384008b613fbe136364e31: Bootstrap starting.
I20260709 13:11:06.044777 21153 tablet_service.cc:1917] Received RequestConsensusVote() RPC: tablet_id: "6d34eeae1d4c446f9229b8cde95c98ca" candidate_uuid: "8734f5af8f704e05a627f05e95e7a989" candidate_term: 1 candidate_status { last_received { term: 0 index: 0 } } ignore_live_leader: false dest_uuid: "e373d0505c384008b613fbe136364e31" is_pre_election: true
I20260709 13:11:06.048367 21152 tablet_service.cc:1917] Received RequestConsensusVote() RPC: tablet_id: "e2ae687d48a34117bf6922895f05099f" candidate_uuid: "8734f5af8f704e05a627f05e95e7a989" candidate_term: 1 candidate_status { last_received { term: 0 index: 0 } } ignore_live_leader: false dest_uuid: "e373d0505c384008b613fbe136364e31" is_pre_election: true
I20260709 13:11:06.047670 21153 raft_consensus.cc:2468] T 6d34eeae1d4c446f9229b8cde95c98ca P e373d0505c384008b613fbe136364e31 [term 0 FOLLOWER]: Leader pre-election vote request: Granting yes vote for candidate 8734f5af8f704e05a627f05e95e7a989 in term 0.
I20260709 13:11:06.048954 21228 tablet_service.cc:1917] Received RequestConsensusVote() RPC: tablet_id: "af026c5e569d44b7ad7c5b6eff13ad02" candidate_uuid: "e373d0505c384008b613fbe136364e31" candidate_term: 1 candidate_status { last_received { term: 0 index: 0 } } ignore_live_leader: false dest_uuid: "8734f5af8f704e05a627f05e95e7a989" is_pre_election: true
I20260709 13:11:06.049731 21152 raft_consensus.cc:2468] T e2ae687d48a34117bf6922895f05099f P e373d0505c384008b613fbe136364e31 [term 0 FOLLOWER]: Leader pre-election vote request: Granting yes vote for candidate 8734f5af8f704e05a627f05e95e7a989 in term 0.
I20260709 13:11:06.051856 21227 tablet_service.cc:1917] Received RequestConsensusVote() RPC: tablet_id: "a1b62d79b4534c6e9c8576f18c6a95a1" candidate_uuid: "e373d0505c384008b613fbe136364e31" candidate_term: 1 candidate_status { last_received { term: 0 index: 0 } } ignore_live_leader: false dest_uuid: "8734f5af8f704e05a627f05e95e7a989" is_pre_election: true
I20260709 13:11:06.052333 21345 tablet_bootstrap.cc:492] T 6d34eeae1d4c446f9229b8cde95c98ca P 72083703761d414bbc593109be099b0f: No bootstrap required, opened a new log
I20260709 13:11:06.052815 21345 ts_tablet_manager.cc:1403] T 6d34eeae1d4c446f9229b8cde95c98ca P 72083703761d414bbc593109be099b0f: Time spent bootstrapping tablet: real 0.123s	user 0.017s	sys 0.010s
W20260709 13:11:06.057495 21118 leader_election.cc:343] T a1b62d79b4534c6e9c8576f18c6a95a1 P e373d0505c384008b613fbe136364e31 [CANDIDATE]: Term 1 pre-election: Tablet error from VoteRequest() call to peer 8734f5af8f704e05a627f05e95e7a989 (127.20.134.130:37879): Illegal state: must be running to vote when last-logged opid is not known
I20260709 13:11:06.059129 21346 tablet_bootstrap.cc:492] T 52af4e2ff31d4f2f88796af407d782e1 P 8734f5af8f704e05a627f05e95e7a989: No bootstrap required, opened a new log
I20260709 13:11:06.061066 21192 leader_election.cc:304] T 6d34eeae1d4c446f9229b8cde95c98ca P 8734f5af8f704e05a627f05e95e7a989 [CANDIDATE]: Term 1 pre-election: Election decided. Result: candidate won. Election summary: received 2 responses out of 3 voters: 2 yes votes; 0 no votes. yes voters: 8734f5af8f704e05a627f05e95e7a989, e373d0505c384008b613fbe136364e31; no voters: 
W20260709 13:11:06.061371 21118 leader_election.cc:343] T af026c5e569d44b7ad7c5b6eff13ad02 P e373d0505c384008b613fbe136364e31 [CANDIDATE]: Term 1 pre-election: Tablet error from VoteRequest() call to peer 8734f5af8f704e05a627f05e95e7a989 (127.20.134.130:37879): Illegal state: must be running to vote when last-logged opid is not known
I20260709 13:11:06.062352 21351 raft_consensus.cc:2804] T 6d34eeae1d4c446f9229b8cde95c98ca P 8734f5af8f704e05a627f05e95e7a989 [term 0 FOLLOWER]: Leader pre-election won for term 1
I20260709 13:11:06.062471 21346 ts_tablet_manager.cc:1403] T 52af4e2ff31d4f2f88796af407d782e1 P 8734f5af8f704e05a627f05e95e7a989: Time spent bootstrapping tablet: real 0.160s	user 0.010s	sys 0.031s
I20260709 13:11:06.063050 21351 raft_consensus.cc:493] T 6d34eeae1d4c446f9229b8cde95c98ca P 8734f5af8f704e05a627f05e95e7a989 [term 0 FOLLOWER]: Starting leader election (no leader contacted us within the election timeout)
I20260709 13:11:06.065750 21351 raft_consensus.cc:3060] T 6d34eeae1d4c446f9229b8cde95c98ca P 8734f5af8f704e05a627f05e95e7a989 [term 0 FOLLOWER]: Advancing to term 1
I20260709 13:11:06.065426 21192 leader_election.cc:304] T e2ae687d48a34117bf6922895f05099f P 8734f5af8f704e05a627f05e95e7a989 [CANDIDATE]: Term 1 pre-election: Election decided. Result: candidate won. Election summary: received 2 responses out of 3 voters: 2 yes votes; 0 no votes. yes voters: 8734f5af8f704e05a627f05e95e7a989, e373d0505c384008b613fbe136364e31; no voters: 
I20260709 13:11:06.065171 21299 tablet_service.cc:1917] Received RequestConsensusVote() RPC: tablet_id: "e2ae687d48a34117bf6922895f05099f" candidate_uuid: "8734f5af8f704e05a627f05e95e7a989" candidate_term: 1 candidate_status { last_received { term: 0 index: 0 } } ignore_live_leader: false dest_uuid: "72083703761d414bbc593109be099b0f" is_pre_election: true
I20260709 13:11:06.069410 21347 tablet_bootstrap.cc:654] T 300a8cbbd7cf444fa4ac543ebc4dd1eb P e373d0505c384008b613fbe136364e31: Neither blocks nor log segments found. Creating new log.
I20260709 13:11:06.065874 21301 tablet_service.cc:1917] Received RequestConsensusVote() RPC: tablet_id: "6d34eeae1d4c446f9229b8cde95c98ca" candidate_uuid: "8734f5af8f704e05a627f05e95e7a989" candidate_term: 1 candidate_status { last_received { term: 0 index: 0 } } ignore_live_leader: false dest_uuid: "72083703761d414bbc593109be099b0f" is_pre_election: true
I20260709 13:11:06.067123 21300 tablet_service.cc:1917] Received RequestConsensusVote() RPC: tablet_id: "a1b62d79b4534c6e9c8576f18c6a95a1" candidate_uuid: "e373d0505c384008b613fbe136364e31" candidate_term: 1 candidate_status { last_received { term: 0 index: 0 } } ignore_live_leader: false dest_uuid: "72083703761d414bbc593109be099b0f" is_pre_election: true
I20260709 13:11:06.066603 21302 tablet_service.cc:1917] Received RequestConsensusVote() RPC: tablet_id: "af026c5e569d44b7ad7c5b6eff13ad02" candidate_uuid: "e373d0505c384008b613fbe136364e31" candidate_term: 1 candidate_status { last_received { term: 0 index: 0 } } ignore_live_leader: false dest_uuid: "72083703761d414bbc593109be099b0f" is_pre_election: true
W20260709 13:11:06.071512 21194 leader_election.cc:343] T e2ae687d48a34117bf6922895f05099f P 8734f5af8f704e05a627f05e95e7a989 [CANDIDATE]: Term 1 pre-election: Tablet error from VoteRequest() call to peer 72083703761d414bbc593109be099b0f (127.20.134.131:37453): Illegal state: must be running to vote when last-logged opid is not known
W20260709 13:11:06.075670 21194 leader_election.cc:343] T 6d34eeae1d4c446f9229b8cde95c98ca P 8734f5af8f704e05a627f05e95e7a989 [CANDIDATE]: Term 1 pre-election: Tablet error from VoteRequest() call to peer 72083703761d414bbc593109be099b0f (127.20.134.131:37453): Illegal state: must be running to vote when last-logged opid is not known
I20260709 13:11:06.078720 21345 raft_consensus.cc:359] T 6d34eeae1d4c446f9229b8cde95c98ca P 72083703761d414bbc593109be099b0f [term 0 FOLLOWER]: Replica starting. Triggering 0 pending ops. Active config: opid_index: -1 OBSOLETE_local: false peers { permanent_uuid: "e373d0505c384008b613fbe136364e31" member_type: VOTER last_known_addr { host: "127.20.134.129" port: 40729 } } peers { permanent_uuid: "8734f5af8f704e05a627f05e95e7a989" member_type: VOTER last_known_addr { host: "127.20.134.130" port: 37879 } } peers { permanent_uuid: "72083703761d414bbc593109be099b0f" member_type: VOTER last_known_addr { host: "127.20.134.131" port: 37453 } }
W20260709 13:11:06.079613 21119 leader_election.cc:343] T af026c5e569d44b7ad7c5b6eff13ad02 P e373d0505c384008b613fbe136364e31 [CANDIDATE]: Term 1 pre-election: Tablet error from VoteRequest() call to peer 72083703761d414bbc593109be099b0f (127.20.134.131:37453): Illegal state: must be running to vote when last-logged opid is not known
I20260709 13:11:06.080597 21345 raft_consensus.cc:385] T 6d34eeae1d4c446f9229b8cde95c98ca P 72083703761d414bbc593109be099b0f [term 0 FOLLOWER]: Consensus starting up: Expiring failure detector timer to make a prompt election more likely
I20260709 13:11:06.080982 21373 raft_consensus.cc:2804] T e2ae687d48a34117bf6922895f05099f P 8734f5af8f704e05a627f05e95e7a989 [term 0 FOLLOWER]: Leader pre-election won for term 1
I20260709 13:11:06.081677 21345 raft_consensus.cc:740] T 6d34eeae1d4c446f9229b8cde95c98ca P 72083703761d414bbc593109be099b0f [term 0 FOLLOWER]: Becoming Follower/Learner. State: Replica: 72083703761d414bbc593109be099b0f, State: Initialized, Role: FOLLOWER
I20260709 13:11:06.081336 21119 leader_election.cc:304] T af026c5e569d44b7ad7c5b6eff13ad02 P e373d0505c384008b613fbe136364e31 [CANDIDATE]: Term 1 pre-election: Election decided. Result: candidate lost. Election summary: received 3 responses out of 3 voters: 1 yes votes; 2 no votes. yes voters: e373d0505c384008b613fbe136364e31; no voters: 72083703761d414bbc593109be099b0f, 8734f5af8f704e05a627f05e95e7a989
I20260709 13:11:06.082253 21373 raft_consensus.cc:493] T e2ae687d48a34117bf6922895f05099f P 8734f5af8f704e05a627f05e95e7a989 [term 0 FOLLOWER]: Starting leader election (no leader contacted us within the election timeout)
I20260709 13:11:06.083828 21373 raft_consensus.cc:3060] T e2ae687d48a34117bf6922895f05099f P 8734f5af8f704e05a627f05e95e7a989 [term 0 FOLLOWER]: Advancing to term 1
I20260709 13:11:06.084264 21368 raft_consensus.cc:2749] T af026c5e569d44b7ad7c5b6eff13ad02 P e373d0505c384008b613fbe136364e31 [term 0 FOLLOWER]: Leader pre-election lost for term 1. Reason: could not achieve majority
I20260709 13:11:06.083714 21346 raft_consensus.cc:359] T 52af4e2ff31d4f2f88796af407d782e1 P 8734f5af8f704e05a627f05e95e7a989 [term 0 FOLLOWER]: Replica starting. Triggering 0 pending ops. Active config: opid_index: -1 OBSOLETE_local: false peers { permanent_uuid: "e373d0505c384008b613fbe136364e31" member_type: VOTER last_known_addr { host: "127.20.134.129" port: 40729 } } peers { permanent_uuid: "8734f5af8f704e05a627f05e95e7a989" member_type: VOTER last_known_addr { host: "127.20.134.130" port: 37879 } } peers { permanent_uuid: "72083703761d414bbc593109be099b0f" member_type: VOTER last_known_addr { host: "127.20.134.131" port: 37453 } }
W20260709 13:11:06.085812 21119 leader_election.cc:343] T a1b62d79b4534c6e9c8576f18c6a95a1 P e373d0505c384008b613fbe136364e31 [CANDIDATE]: Term 1 pre-election: Tablet error from VoteRequest() call to peer 72083703761d414bbc593109be099b0f (127.20.134.131:37453): Illegal state: must be running to vote when last-logged opid is not known
I20260709 13:11:06.086786 21346 raft_consensus.cc:385] T 52af4e2ff31d4f2f88796af407d782e1 P 8734f5af8f704e05a627f05e95e7a989 [term 0 FOLLOWER]: Consensus starting up: Expiring failure detector timer to make a prompt election more likely
I20260709 13:11:06.084461 21345 consensus_queue.cc:260] T 6d34eeae1d4c446f9229b8cde95c98ca P 72083703761d414bbc593109be099b0f [NON_LEADER]: Queue going to NON_LEADER mode. State: All replicated index: 0, Majority replicated index: 0, Committed index: 0, Last appended: 0.0, Last appended by leader: 0, Current term: 0, Majority size: -1, State: 0, Mode: NON_LEADER, active raft config: opid_index: -1 OBSOLETE_local: false peers { permanent_uuid: "e373d0505c384008b613fbe136364e31" member_type: VOTER last_known_addr { host: "127.20.134.129" port: 40729 } } peers { permanent_uuid: "8734f5af8f704e05a627f05e95e7a989" member_type: VOTER last_known_addr { host: "127.20.134.130" port: 37879 } } peers { permanent_uuid: "72083703761d414bbc593109be099b0f" member_type: VOTER last_known_addr { host: "127.20.134.131" port: 37453 } }
I20260709 13:11:06.092736 21351 raft_consensus.cc:515] T 6d34eeae1d4c446f9229b8cde95c98ca P 8734f5af8f704e05a627f05e95e7a989 [term 1 FOLLOWER]: Starting leader election with config: opid_index: -1 OBSOLETE_local: false peers { permanent_uuid: "e373d0505c384008b613fbe136364e31" member_type: VOTER last_known_addr { host: "127.20.134.129" port: 40729 } } peers { permanent_uuid: "8734f5af8f704e05a627f05e95e7a989" member_type: VOTER last_known_addr { host: "127.20.134.130" port: 37879 } } peers { permanent_uuid: "72083703761d414bbc593109be099b0f" member_type: VOTER last_known_addr { host: "127.20.134.131" port: 37453 } }
