I20260709 12:58:02.364288  1210 raft_consensus.cc:2468] T b2b6012bf755496db410a6b49f3fb8b8 P a7a283bae238462fb745396236978b3b [term 1 FOLLOWER]: Leader election vote request: Granting yes vote for candidate f930a9cd49604d128dace5ad780c0e0b in term 1.
I20260709 12:58:02.364933  1101 leader_election.cc:304] T f05cbe56eeb746d280f759c491b2eb14 P 812d8c0a9be049b39cd5e09b7ca7f477 [CANDIDATE]: Term 1 pre-election: Election decided. Result: candidate won. Election summary: received 3 responses out of 3 voters: 2 yes votes; 1 no votes. yes voters: 812d8c0a9be049b39cd5e09b7ca7f477, a7a283bae238462fb745396236978b3b; no voters: f930a9cd49604d128dace5ad780c0e0b
I20260709 12:58:02.365427  1026 leader_election.cc:304] T b2b6012bf755496db410a6b49f3fb8b8 P f930a9cd49604d128dace5ad780c0e0b [CANDIDATE]: Term 1 election: Election decided. Result: candidate won. Election summary: received 3 responses out of 3 voters: 2 yes votes; 1 no votes. yes voters: a7a283bae238462fb745396236978b3b, f930a9cd49604d128dace5ad780c0e0b; no voters: 812d8c0a9be049b39cd5e09b7ca7f477
I20260709 12:58:02.365726  1259 raft_consensus.cc:2804] T 21503694d0e140a68fd9c7dfb3765adc P 812d8c0a9be049b39cd5e09b7ca7f477 [term 1 FOLLOWER]: Leader election won for term 1
I20260709 12:58:02.366536  1277 raft_consensus.cc:2804] T b2b6012bf755496db410a6b49f3fb8b8 P f930a9cd49604d128dace5ad780c0e0b [term 1 FOLLOWER]: Leader election won for term 1
I20260709 12:58:02.367094  1277 raft_consensus.cc:697] T b2b6012bf755496db410a6b49f3fb8b8 P f930a9cd49604d128dace5ad780c0e0b [term 1 LEADER]: Becoming Leader. State: Replica: f930a9cd49604d128dace5ad780c0e0b, State: Running, Role: LEADER
I20260709 12:58:02.368302  1277 consensus_queue.cc:237] T b2b6012bf755496db410a6b49f3fb8b8 P f930a9cd49604d128dace5ad780c0e0b [LEADER]: Queue going to LEADER mode. State: All replicated index: 0, Majority replicated index: 0, Committed index: 0, Last appended: 0.0, Last appended by leader: 0, Current term: 1, Majority size: 2, State: 0, Mode: LEADER, active raft config: opid_index: -1 OBSOLETE_local: false peers { permanent_uuid: "f930a9cd49604d128dace5ad780c0e0b" member_type: VOTER last_known_addr { host: "127.0.107.193" port: 41257 } } peers { permanent_uuid: "812d8c0a9be049b39cd5e09b7ca7f477" member_type: VOTER last_known_addr { host: "127.0.107.194" port: 45815 } } peers { permanent_uuid: "a7a283bae238462fb745396236978b3b" member_type: VOTER last_known_addr { host: "127.0.107.195" port: 43603 } }
I20260709 12:58:02.369557  1286 raft_consensus.cc:2804] T f05cbe56eeb746d280f759c491b2eb14 P 812d8c0a9be049b39cd5e09b7ca7f477 [term 0 FOLLOWER]: Leader pre-election won for term 1
I20260709 12:58:02.369942  1286 raft_consensus.cc:493] T f05cbe56eeb746d280f759c491b2eb14 P 812d8c0a9be049b39cd5e09b7ca7f477 [term 0 FOLLOWER]: Starting leader election (no leader contacted us within the election timeout)
I20260709 12:58:02.370431  1286 raft_consensus.cc:3060] T f05cbe56eeb746d280f759c491b2eb14 P 812d8c0a9be049b39cd5e09b7ca7f477 [term 0 FOLLOWER]: Advancing to term 1
I20260709 12:58:02.373457  1259 raft_consensus.cc:697] T 21503694d0e140a68fd9c7dfb3765adc P 812d8c0a9be049b39cd5e09b7ca7f477 [term 1 LEADER]: Becoming Leader. State: Replica: 812d8c0a9be049b39cd5e09b7ca7f477, State: Running, Role: LEADER
I20260709 12:58:02.374753  1259 consensus_queue.cc:237] T 21503694d0e140a68fd9c7dfb3765adc P 812d8c0a9be049b39cd5e09b7ca7f477 [LEADER]: Queue going to LEADER mode. State: All replicated index: 0, Majority replicated index: 0, Committed index: 0, Last appended: 0.0, Last appended by leader: 0, Current term: 1, Majority size: 2, State: 0, Mode: LEADER, active raft config: opid_index: -1 OBSOLETE_local: false peers { permanent_uuid: "f930a9cd49604d128dace5ad780c0e0b" member_type: VOTER last_known_addr { host: "127.0.107.193" port: 41257 } } peers { permanent_uuid: "812d8c0a9be049b39cd5e09b7ca7f477" member_type: VOTER last_known_addr { host: "127.0.107.194" port: 45815 } } peers { permanent_uuid: "a7a283bae238462fb745396236978b3b" member_type: VOTER last_known_addr { host: "127.0.107.195" port: 43603 } }
I20260709 12:58:02.378559  1260 raft_consensus.cc:697] T 35dc391983f34784b3c20546a3152dfd P f930a9cd49604d128dace5ad780c0e0b [term 1 LEADER]: Becoming Leader. State: Replica: f930a9cd49604d128dace5ad780c0e0b, State: Running, Role: LEADER
I20260709 12:58:02.379436  1260 consensus_queue.cc:237] T 35dc391983f34784b3c20546a3152dfd P f930a9cd49604d128dace5ad780c0e0b [LEADER]: Queue going to LEADER mode. State: All replicated index: 0, Majority replicated index: 0, Committed index: 0, Last appended: 0.0, Last appended by leader: 0, Current term: 1, Majority size: 2, State: 0, Mode: LEADER, active raft config: opid_index: -1 OBSOLETE_local: false peers { permanent_uuid: "f930a9cd49604d128dace5ad780c0e0b" member_type: VOTER last_known_addr { host: "127.0.107.193" port: 41257 } } peers { permanent_uuid: "812d8c0a9be049b39cd5e09b7ca7f477" member_type: VOTER last_known_addr { host: "127.0.107.194" port: 45815 } } peers { permanent_uuid: "a7a283bae238462fb745396236978b3b" member_type: VOTER last_known_addr { host: "127.0.107.195" port: 43603 } }
I20260709 12:58:02.380337  1278 raft_consensus.cc:515] T dc40951158d64be1abe866a76c42ee51 P 812d8c0a9be049b39cd5e09b7ca7f477 [term 1 FOLLOWER]: Starting leader election with config: opid_index: -1 OBSOLETE_local: false peers { permanent_uuid: "f930a9cd49604d128dace5ad780c0e0b" member_type: VOTER last_known_addr { host: "127.0.107.193" port: 41257 } } peers { permanent_uuid: "812d8c0a9be049b39cd5e09b7ca7f477" member_type: VOTER last_known_addr { host: "127.0.107.194" port: 45815 } } peers { permanent_uuid: "a7a283bae238462fb745396236978b3b" member_type: VOTER last_known_addr { host: "127.0.107.195" port: 43603 } }
I20260709 12:58:02.382321  1285 leader_election.cc:290] T 21503694d0e140a68fd9c7dfb3765adc P 812d8c0a9be049b39cd5e09b7ca7f477 [CANDIDATE]: Term 1 election: Requested vote from peers f930a9cd49604d128dace5ad780c0e0b (127.0.107.193:41257), a7a283bae238462fb745396236978b3b (127.0.107.195:43603)
I20260709 12:58:02.384352  1210 tablet_service.cc:1917] Received RequestConsensusVote() RPC: tablet_id: "21503694d0e140a68fd9c7dfb3765adc" candidate_uuid: "812d8c0a9be049b39cd5e09b7ca7f477" candidate_term: 1 candidate_status { last_received { term: 0 index: 0 } } ignore_live_leader: false dest_uuid: "a7a283bae238462fb745396236978b3b"
I20260709 12:58:02.385035  1210 raft_consensus.cc:3060] T 21503694d0e140a68fd9c7dfb3765adc P a7a283bae238462fb745396236978b3b [term 0 FOLLOWER]: Advancing to term 1
I20260709 12:58:02.389746  1277 raft_consensus.cc:493] T a039fe5380714afdba72244effcabcad P f930a9cd49604d128dace5ad780c0e0b [term 0 FOLLOWER]: Starting pre-election (no leader contacted us within the election timeout)
I20260709 12:58:02.390399  1277 raft_consensus.cc:515] T a039fe5380714afdba72244effcabcad P f930a9cd49604d128dace5ad780c0e0b [term 0 FOLLOWER]: Starting pre-election with config: opid_index: -1 OBSOLETE_local: false peers { permanent_uuid: "f930a9cd49604d128dace5ad780c0e0b" member_type: VOTER last_known_addr { host: "127.0.107.193" port: 41257 } } peers { permanent_uuid: "a7a283bae238462fb745396236978b3b" member_type: VOTER last_known_addr { host: "127.0.107.195" port: 43603 } } peers { permanent_uuid: "812d8c0a9be049b39cd5e09b7ca7f477" member_type: VOTER last_known_addr { host: "127.0.107.194" port: 45815 } }
I20260709 12:58:02.392299  1252 tablet_bootstrap.cc:492] T dc40951158d64be1abe866a76c42ee51 P a7a283bae238462fb745396236978b3b: Bootstrap starting.
I20260709 12:58:02.393993  1211 tablet_service.cc:1917] Received RequestConsensusVote() RPC: tablet_id: "a039fe5380714afdba72244effcabcad" candidate_uuid: "f930a9cd49604d128dace5ad780c0e0b" candidate_term: 1 candidate_status { last_received { term: 0 index: 0 } } ignore_live_leader: false dest_uuid: "a7a283bae238462fb745396236978b3b" is_pre_election: true
I20260709 12:58:02.394722  1211 raft_consensus.cc:2468] T a039fe5380714afdba72244effcabcad P a7a283bae238462fb745396236978b3b [term 0 FOLLOWER]: Leader pre-election vote request: Granting yes vote for candidate f930a9cd49604d128dace5ad780c0e0b in term 0.
I20260709 12:58:02.395437  1278 leader_election.cc:290] T dc40951158d64be1abe866a76c42ee51 P 812d8c0a9be049b39cd5e09b7ca7f477 [CANDIDATE]: Term 1 election: Requested vote from peers f930a9cd49604d128dace5ad780c0e0b (127.0.107.193:41257), a7a283bae238462fb745396236978b3b (127.0.107.195:43603)
I20260709 12:58:02.396107  1026 leader_election.cc:304] T a039fe5380714afdba72244effcabcad P f930a9cd49604d128dace5ad780c0e0b [CANDIDATE]: Term 1 pre-election: Election decided. Result: candidate won. Election summary: received 2 responses out of 3 voters: 2 yes votes; 0 no votes. yes voters: a7a283bae238462fb745396236978b3b, f930a9cd49604d128dace5ad780c0e0b; no voters: 
I20260709 12:58:02.396974  1209 tablet_service.cc:1917] Received RequestConsensusVote() RPC: tablet_id: "dc40951158d64be1abe866a76c42ee51" candidate_uuid: "812d8c0a9be049b39cd5e09b7ca7f477" candidate_term: 1 candidate_status { last_received { term: 0 index: 0 } } ignore_live_leader: false dest_uuid: "a7a283bae238462fb745396236978b3b"
I20260709 12:58:02.396205  1062 tablet_service.cc:1917] Received RequestConsensusVote() RPC: tablet_id: "dc40951158d64be1abe866a76c42ee51" candidate_uuid: "812d8c0a9be049b39cd5e09b7ca7f477" candidate_term: 1 candidate_status { last_received { term: 0 index: 0 } } ignore_live_leader: false dest_uuid: "f930a9cd49604d128dace5ad780c0e0b"
I20260709 12:58:02.400429  1277 leader_election.cc:290] T a039fe5380714afdba72244effcabcad P f930a9cd49604d128dace5ad780c0e0b [CANDIDATE]: Term 1 pre-election: Requested pre-vote from peers a7a283bae238462fb745396236978b3b (127.0.107.195:43603), 812d8c0a9be049b39cd5e09b7ca7f477 (127.0.107.194:45815)
I20260709 12:58:02.400797  1136 tablet_service.cc:1917] Received RequestConsensusVote() RPC: tablet_id: "a039fe5380714afdba72244effcabcad" candidate_uuid: "f930a9cd49604d128dace5ad780c0e0b" candidate_term: 1 candidate_status { last_received { term: 0 index: 0 } } ignore_live_leader: false dest_uuid: "812d8c0a9be049b39cd5e09b7ca7f477" is_pre_election: true
I20260709 12:58:02.400944  1062 raft_consensus.cc:3060] T dc40951158d64be1abe866a76c42ee51 P f930a9cd49604d128dace5ad780c0e0b [term 0 FOLLOWER]: Advancing to term 1
I20260709 12:58:02.401103  1277 raft_consensus.cc:493] T 0854bc8927c4416082258bf659b4f322 P f930a9cd49604d128dace5ad780c0e0b [term 0 FOLLOWER]: Starting pre-election (no leader contacted us within the election timeout)
I20260709 12:58:02.401893  1136 raft_consensus.cc:2468] T a039fe5380714afdba72244effcabcad P 812d8c0a9be049b39cd5e09b7ca7f477 [term 0 FOLLOWER]: Leader pre-election vote request: Granting yes vote for candidate f930a9cd49604d128dace5ad780c0e0b in term 0.
I20260709 12:58:02.400352  1289 raft_consensus.cc:2804] T a039fe5380714afdba72244effcabcad P f930a9cd49604d128dace5ad780c0e0b [term 0 FOLLOWER]: Leader pre-election won for term 1
I20260709 12:58:02.402441  1289 raft_consensus.cc:493] T a039fe5380714afdba72244effcabcad P f930a9cd49604d128dace5ad780c0e0b [term 0 FOLLOWER]: Starting leader election (no leader contacted us within the election timeout)
I20260709 12:58:02.403002  1289 raft_consensus.cc:3060] T a039fe5380714afdba72244effcabcad P f930a9cd49604d128dace5ad780c0e0b [term 0 FOLLOWER]: Advancing to term 1
I20260709 12:58:02.402403  1277 raft_consensus.cc:515] T 0854bc8927c4416082258bf659b4f322 P f930a9cd49604d128dace5ad780c0e0b [term 0 FOLLOWER]: Starting pre-election with config: opid_index: -1 OBSOLETE_local: false peers { permanent_uuid: "f930a9cd49604d128dace5ad780c0e0b" member_type: VOTER last_known_addr { host: "127.0.107.193" port: 41257 } } peers { permanent_uuid: "812d8c0a9be049b39cd5e09b7ca7f477" member_type: VOTER last_known_addr { host: "127.0.107.194" port: 45815 } } peers { permanent_uuid: "a7a283bae238462fb745396236978b3b" member_type: VOTER last_known_addr { host: "127.0.107.195" port: 43603 } }
W20260709 12:58:02.406008  1101 leader_election.cc:343] T dc40951158d64be1abe866a76c42ee51 P 812d8c0a9be049b39cd5e09b7ca7f477 [CANDIDATE]: Term 1 election: Tablet error from VoteRequest() call to peer a7a283bae238462fb745396236978b3b (127.0.107.195:43603): Illegal state: must be running to vote when last-logged opid is not known
I20260709 12:58:02.407769  1136 tablet_service.cc:1917] Received RequestConsensusVote() RPC: tablet_id: "0854bc8927c4416082258bf659b4f322" candidate_uuid: "f930a9cd49604d128dace5ad780c0e0b" candidate_term: 1 candidate_status { last_received { term: 0 index: 0 } } ignore_live_leader: false dest_uuid: "812d8c0a9be049b39cd5e09b7ca7f477" is_pre_election: true
W20260709 12:58:02.409152  1027 leader_election.cc:343] T 0854bc8927c4416082258bf659b4f322 P f930a9cd49604d128dace5ad780c0e0b [CANDIDATE]: Term 1 pre-election: Tablet error from VoteRequest() call to peer 812d8c0a9be049b39cd5e09b7ca7f477 (127.0.107.194:45815): Illegal state: must be running to vote when last-logged opid is not known
I20260709 12:58:02.410558  1277 leader_election.cc:290] T 0854bc8927c4416082258bf659b4f322 P f930a9cd49604d128dace5ad780c0e0b [CANDIDATE]: Term 1 pre-election: Requested pre-vote from peers 812d8c0a9be049b39cd5e09b7ca7f477 (127.0.107.194:45815), a7a283bae238462fb745396236978b3b (127.0.107.195:43603)
I20260709 12:58:02.419126  1209 tablet_service.cc:1917] Received RequestConsensusVote() RPC: tablet_id: "0854bc8927c4416082258bf659b4f322" candidate_uuid: "f930a9cd49604d128dace5ad780c0e0b" candidate_term: 1 candidate_status { last_received { term: 0 index: 0 } } ignore_live_leader: false dest_uuid: "a7a283bae238462fb745396236978b3b" is_pre_election: true
I20260709 12:58:02.421272   959 catalog_manager.cc:5697] T 35dc391983f34784b3c20546a3152dfd P f930a9cd49604d128dace5ad780c0e0b reported cstate change: term changed from 0 to 1, leader changed from <none> to f930a9cd49604d128dace5ad780c0e0b (127.0.107.193). New cstate: current_term: 1 leader_uuid: "f930a9cd49604d128dace5ad780c0e0b" committed_config { opid_index: -1 OBSOLETE_local: false peers { permanent_uuid: "f930a9cd49604d128dace5ad780c0e0b" member_type: VOTER last_known_addr { host: "127.0.107.193" port: 41257 } health_report { overall_health: HEALTHY } } peers { permanent_uuid: "812d8c0a9be049b39cd5e09b7ca7f477" member_type: VOTER last_known_addr { host: "127.0.107.194" port: 45815 } health_report { overall_health: UNKNOWN } } peers { permanent_uuid: "a7a283bae238462fb745396236978b3b" member_type: VOTER last_known_addr { host: "127.0.107.195" port: 43603 } health_report { overall_health: UNKNOWN } } }
W20260709 12:58:02.424029  1026 leader_election.cc:343] T 0854bc8927c4416082258bf659b4f322 P f930a9cd49604d128dace5ad780c0e0b [CANDIDATE]: Term 1 pre-election: Tablet error from VoteRequest() call to peer a7a283bae238462fb745396236978b3b (127.0.107.195:43603): Illegal state: must be running to vote when last-logged opid is not known
I20260709 12:58:02.424641  1026 leader_election.cc:304] T 0854bc8927c4416082258bf659b4f322 P f930a9cd49604d128dace5ad780c0e0b [CANDIDATE]: Term 1 pre-election: Election decided. Result: candidate lost. Election summary: received 3 responses out of 3 voters: 1 yes votes; 2 no votes. yes voters: f930a9cd49604d128dace5ad780c0e0b; no voters: 812d8c0a9be049b39cd5e09b7ca7f477, a7a283bae238462fb745396236978b3b
I20260709 12:58:02.427008  1062 raft_consensus.cc:2468] T dc40951158d64be1abe866a76c42ee51 P f930a9cd49604d128dace5ad780c0e0b [term 1 FOLLOWER]: Leader election vote request: Granting yes vote for candidate 812d8c0a9be049b39cd5e09b7ca7f477 in term 1.
I20260709 12:58:02.428242  1100 leader_election.cc:304] T dc40951158d64be1abe866a76c42ee51 P 812d8c0a9be049b39cd5e09b7ca7f477 [CANDIDATE]: Term 1 election: Election decided. Result: candidate won. Election summary: received 3 responses out of 3 voters: 2 yes votes; 1 no votes. yes voters: 812d8c0a9be049b39cd5e09b7ca7f477, f930a9cd49604d128dace5ad780c0e0b; no voters: a7a283bae238462fb745396236978b3b
I20260709 12:58:02.429391  1259 raft_consensus.cc:2804] T dc40951158d64be1abe866a76c42ee51 P 812d8c0a9be049b39cd5e09b7ca7f477 [term 1 FOLLOWER]: Leader election won for term 1
I20260709 12:58:02.427037  1286 raft_consensus.cc:515] T f05cbe56eeb746d280f759c491b2eb14 P 812d8c0a9be049b39cd5e09b7ca7f477 [term 1 FOLLOWER]: Starting leader election with config: opid_index: -1 OBSOLETE_local: false peers { permanent_uuid: "f930a9cd49604d128dace5ad780c0e0b" member_type: VOTER last_known_addr { host: "127.0.107.193" port: 41257 } } peers { permanent_uuid: "812d8c0a9be049b39cd5e09b7ca7f477" member_type: VOTER last_known_addr { host: "127.0.107.194" port: 45815 } } peers { permanent_uuid: "a7a283bae238462fb745396236978b3b" member_type: VOTER last_known_addr { host: "127.0.107.195" port: 43603 } }
I20260709 12:58:02.429934  1259 raft_consensus.cc:697] T dc40951158d64be1abe866a76c42ee51 P 812d8c0a9be049b39cd5e09b7ca7f477 [term 1 LEADER]: Becoming Leader. State: Replica: 812d8c0a9be049b39cd5e09b7ca7f477, State: Running, Role: LEADER
I20260709 12:58:02.432618  1061 tablet_service.cc:1917] Received RequestConsensusVote() RPC: tablet_id: "f05cbe56eeb746d280f759c491b2eb14" candidate_uuid: "812d8c0a9be049b39cd5e09b7ca7f477" candidate_term: 1 candidate_status { last_received { term: 0 index: 0 } } ignore_live_leader: false dest_uuid: "f930a9cd49604d128dace5ad780c0e0b"
I20260709 12:58:02.430739  1259 consensus_queue.cc:237] T dc40951158d64be1abe866a76c42ee51 P 812d8c0a9be049b39cd5e09b7ca7f477 [LEADER]: Queue going to LEADER mode. State: All replicated index: 0, Majority replicated index: 0, Committed index: 0, Last appended: 0.0, Last appended by leader: 0, Current term: 1, Majority size: 2, State: 0, Mode: LEADER, active raft config: opid_index: -1 OBSOLETE_local: false peers { permanent_uuid: "f930a9cd49604d128dace5ad780c0e0b" member_type: VOTER last_known_addr { host: "127.0.107.193" port: 41257 } } peers { permanent_uuid: "812d8c0a9be049b39cd5e09b7ca7f477" member_type: VOTER last_known_addr { host: "127.0.107.194" port: 45815 } } peers { permanent_uuid: "a7a283bae238462fb745396236978b3b" member_type: VOTER last_known_addr { host: "127.0.107.195" port: 43603 } }
I20260709 12:58:02.432807  1209 tablet_service.cc:1917] Received RequestConsensusVote() RPC: tablet_id: "f05cbe56eeb746d280f759c491b2eb14" candidate_uuid: "812d8c0a9be049b39cd5e09b7ca7f477" candidate_term: 1 candidate_status { last_received { term: 0 index: 0 } } ignore_live_leader: false dest_uuid: "a7a283bae238462fb745396236978b3b"
I20260709 12:58:02.433339  1209 raft_consensus.cc:3060] T f05cbe56eeb746d280f759c491b2eb14 P a7a283bae238462fb745396236978b3b [term 0 FOLLOWER]: Advancing to term 1
I20260709 12:58:02.434171  1286 leader_election.cc:290] T f05cbe56eeb746d280f759c491b2eb14 P 812d8c0a9be049b39cd5e09b7ca7f477 [CANDIDATE]: Term 1 election: Requested vote from peers f930a9cd49604d128dace5ad780c0e0b (127.0.107.193:41257), a7a283bae238462fb745396236978b3b (127.0.107.195:43603)
W20260709 12:58:02.434369  1100 leader_election.cc:343] T f05cbe56eeb746d280f759c491b2eb14 P 812d8c0a9be049b39cd5e09b7ca7f477 [CANDIDATE]: Term 1 election: Tablet error from VoteRequest() call to peer f930a9cd49604d128dace5ad780c0e0b (127.0.107.193:41257): Illegal state: must be running to vote when last-logged opid is not known
I20260709 12:58:02.431558  1277 raft_consensus.cc:2749] T 0854bc8927c4416082258bf659b4f322 P f930a9cd49604d128dace5ad780c0e0b [term 0 FOLLOWER]: Leader pre-election lost for term 1. Reason: could not achieve majority
I20260709 12:58:02.435647  1210 raft_consensus.cc:2468] T 21503694d0e140a68fd9c7dfb3765adc P a7a283bae238462fb745396236978b3b [term 1 FOLLOWER]: Leader election vote request: Granting yes vote for candidate 812d8c0a9be049b39cd5e09b7ca7f477 in term 1.
I20260709 12:58:02.440186  1251 ts_tablet_manager.cc:1434] T dc40951158d64be1abe866a76c42ee51 P f930a9cd49604d128dace5ad780c0e0b: Time spent starting tablet: real 0.121s	user 0.041s	sys 0.024s
I20260709 12:58:02.440907  1253 tablet_bootstrap.cc:492] T b2b6012bf755496db410a6b49f3fb8b8 P 812d8c0a9be049b39cd5e09b7ca7f477: No bootstrap required, opened a new log
I20260709 12:58:02.441160  1251 tablet_bootstrap.cc:492] T d0b6cfb0e6af443093f742fc59971b41 P f930a9cd49604d128dace5ad780c0e0b: Bootstrap starting.
I20260709 12:58:02.441313  1253 ts_tablet_manager.cc:1403] T b2b6012bf755496db410a6b49f3fb8b8 P 812d8c0a9be049b39cd5e09b7ca7f477: Time spent bootstrapping tablet: real 0.139s	user 0.011s	sys 0.037s
I20260709 12:58:02.442870  1209 raft_consensus.cc:2468] T f05cbe56eeb746d280f759c491b2eb14 P a7a283bae238462fb745396236978b3b [term 1 FOLLOWER]: Leader election vote request: Granting yes vote for candidate 812d8c0a9be049b39cd5e09b7ca7f477 in term 1.
I20260709 12:58:02.443758  1253 raft_consensus.cc:359] T b2b6012bf755496db410a6b49f3fb8b8 P 812d8c0a9be049b39cd5e09b7ca7f477 [term 0 FOLLOWER]: Replica starting. Triggering 0 pending ops. Active config: opid_index: -1 OBSOLETE_local: false peers { permanent_uuid: "f930a9cd49604d128dace5ad780c0e0b" member_type: VOTER last_known_addr { host: "127.0.107.193" port: 41257 } } peers { permanent_uuid: "812d8c0a9be049b39cd5e09b7ca7f477" member_type: VOTER last_known_addr { host: "127.0.107.194" port: 45815 } } peers { permanent_uuid: "a7a283bae238462fb745396236978b3b" member_type: VOTER last_known_addr { host: "127.0.107.195" port: 43603 } }
I20260709 12:58:02.445190  1253 raft_consensus.cc:385] T b2b6012bf755496db410a6b49f3fb8b8 P 812d8c0a9be049b39cd5e09b7ca7f477 [term 0 FOLLOWER]: Consensus starting up: Expiring failure detector timer to make a prompt election more likely
I20260709 12:58:02.445582  1253 raft_consensus.cc:740] T b2b6012bf755496db410a6b49f3fb8b8 P 812d8c0a9be049b39cd5e09b7ca7f477 [term 0 FOLLOWER]: Becoming Follower/Learner. State: Replica: 812d8c0a9be049b39cd5e09b7ca7f477, State: Initialized, Role: FOLLOWER
I20260709 12:58:02.446504  1252 tablet_bootstrap.cc:654] T dc40951158d64be1abe866a76c42ee51 P a7a283bae238462fb745396236978b3b: Neither blocks nor log segments found. Creating new log.
I20260709 12:58:02.446565  1253 consensus_queue.cc:260] T b2b6012bf755496db410a6b49f3fb8b8 P 812d8c0a9be049b39cd5e09b7ca7f477 [NON_LEADER]: Queue going to NON_LEADER mode. State: All replicated index: 0, Majority replicated index: 0, Committed index: 0, Last appended: 0.0, Last appended by leader: 0, Current term: 0, Majority size: -1, State: 0, Mode: NON_LEADER, active raft config: opid_index: -1 OBSOLETE_local: false peers { permanent_uuid: "f930a9cd49604d128dace5ad780c0e0b" member_type: VOTER last_known_addr { host: "127.0.107.193" port: 41257 } } peers { permanent_uuid: "812d8c0a9be049b39cd5e09b7ca7f477" member_type: VOTER last_known_addr { host: "127.0.107.194" port: 45815 } } peers { permanent_uuid: "a7a283bae238462fb745396236978b3b" member_type: VOTER last_known_addr { host: "127.0.107.195" port: 43603 } }
I20260709 12:58:02.448182  1101 leader_election.cc:304] T f05cbe56eeb746d280f759c491b2eb14 P 812d8c0a9be049b39cd5e09b7ca7f477 [CANDIDATE]: Term 1 election: Election decided. Result: candidate won. Election summary: received 3 responses out of 3 voters: 2 yes votes; 1 no votes. yes voters: 812d8c0a9be049b39cd5e09b7ca7f477, a7a283bae238462fb745396236978b3b; no voters: f930a9cd49604d128dace5ad780c0e0b
I20260709 12:58:02.449074  1253 ts_tablet_manager.cc:1434] T b2b6012bf755496db410a6b49f3fb8b8 P 812d8c0a9be049b39cd5e09b7ca7f477: Time spent starting tablet: real 0.007s	user 0.006s	sys 0.000s
I20260709 12:58:02.449617  1286 raft_consensus.cc:2804] T f05cbe56eeb746d280f759c491b2eb14 P 812d8c0a9be049b39cd5e09b7ca7f477 [term 1 FOLLOWER]: Leader election won for term 1
I20260709 12:58:02.450011  1253 tablet_bootstrap.cc:492] T d0b6cfb0e6af443093f742fc59971b41 P 812d8c0a9be049b39cd5e09b7ca7f477: Bootstrap starting.
I20260709 12:58:02.450088  1286 raft_consensus.cc:697] T f05cbe56eeb746d280f759c491b2eb14 P 812d8c0a9be049b39cd5e09b7ca7f477 [term 1 LEADER]: Becoming Leader. State: Replica: 812d8c0a9be049b39cd5e09b7ca7f477, State: Running, Role: LEADER
I20260709 12:58:02.451447  1286 consensus_queue.cc:237] T f05cbe56eeb746d280f759c491b2eb14 P 812d8c0a9be049b39cd5e09b7ca7f477 [LEADER]: Queue going to LEADER mode. State: All replicated index: 0, Majority replicated index: 0, Committed index: 0, Last appended: 0.0, Last appended by leader: 0, Current term: 1, Majority size: 2, State: 0, Mode: LEADER, active raft config: opid_index: -1 OBSOLETE_local: false peers { permanent_uuid: "f930a9cd49604d128dace5ad780c0e0b" member_type: VOTER last_known_addr { host: "127.0.107.193" port: 41257 } } peers { permanent_uuid: "812d8c0a9be049b39cd5e09b7ca7f477" member_type: VOTER last_known_addr { host: "127.0.107.194" port: 45815 } } peers { permanent_uuid: "a7a283bae238462fb745396236978b3b" member_type: VOTER last_known_addr { host: "127.0.107.195" port: 43603 } }
I20260709 12:58:02.457332  1289 raft_consensus.cc:515] T a039fe5380714afdba72244effcabcad P f930a9cd49604d128dace5ad780c0e0b [term 1 FOLLOWER]: Starting leader election with config: opid_index: -1 OBSOLETE_local: false peers { permanent_uuid: "f930a9cd49604d128dace5ad780c0e0b" member_type: VOTER last_known_addr { host: "127.0.107.193" port: 41257 } } peers { permanent_uuid: "a7a283bae238462fb745396236978b3b" member_type: VOTER last_known_addr { host: "127.0.107.195" port: 43603 } } peers { permanent_uuid: "812d8c0a9be049b39cd5e09b7ca7f477" member_type: VOTER last_known_addr { host: "127.0.107.194" port: 45815 } }
I20260709 12:58:02.459091  1251 tablet_bootstrap.cc:654] T d0b6cfb0e6af443093f742fc59971b41 P f930a9cd49604d128dace5ad780c0e0b: Neither blocks nor log segments found. Creating new log.
I20260709 12:58:02.459923  1253 tablet_bootstrap.cc:654] T d0b6cfb0e6af443093f742fc59971b41 P 812d8c0a9be049b39cd5e09b7ca7f477: Neither blocks nor log segments found. Creating new log.
I20260709 12:58:02.489699  1209 tablet_service.cc:1917] Received RequestConsensusVote() RPC: tablet_id: "a039fe5380714afdba72244effcabcad" candidate_uuid: "f930a9cd49604d128dace5ad780c0e0b" candidate_term: 1 candidate_status { last_received { term: 0 index: 0 } } ignore_live_leader: false dest_uuid: "a7a283bae238462fb745396236978b3b"
I20260709 12:58:02.490470  1209 raft_consensus.cc:3060] T a039fe5380714afdba72244effcabcad P a7a283bae238462fb745396236978b3b [term 0 FOLLOWER]: Advancing to term 1
I20260709 12:58:02.500495  1209 raft_consensus.cc:2468] T a039fe5380714afdba72244effcabcad P a7a283bae238462fb745396236978b3b [term 1 FOLLOWER]: Leader election vote request: Granting yes vote for candidate f930a9cd49604d128dace5ad780c0e0b in term 1.
I20260709 12:58:02.503125  1136 tablet_service.cc:1917] Received RequestConsensusVote() RPC: tablet_id: "a039fe5380714afdba72244effcabcad" candidate_uuid: "f930a9cd49604d128dace5ad780c0e0b" candidate_term: 1 candidate_status { last_received { term: 0 index: 0 } } ignore_live_leader: false dest_uuid: "812d8c0a9be049b39cd5e09b7ca7f477"
I20260709 12:58:02.505332  1136 raft_consensus.cc:3060] T a039fe5380714afdba72244effcabcad P 812d8c0a9be049b39cd5e09b7ca7f477 [term 0 FOLLOWER]: Advancing to term 1
I20260709 12:58:02.508239  1252 tablet_bootstrap.cc:492] T dc40951158d64be1abe866a76c42ee51 P a7a283bae238462fb745396236978b3b: No bootstrap required, opened a new log
I20260709 12:58:02.508813  1252 ts_tablet_manager.cc:1403] T dc40951158d64be1abe866a76c42ee51 P a7a283bae238462fb745396236978b3b: Time spent bootstrapping tablet: real 0.117s	user 0.015s	sys 0.030s
I20260709 12:58:02.514125  1136 raft_consensus.cc:2468] T a039fe5380714afdba72244effcabcad P 812d8c0a9be049b39cd5e09b7ca7f477 [term 1 FOLLOWER]: Leader election vote request: Granting yes vote for candidate f930a9cd49604d128dace5ad780c0e0b in term 1.
I20260709 12:58:02.503741  1289 leader_election.cc:290] T a039fe5380714afdba72244effcabcad P f930a9cd49604d128dace5ad780c0e0b [CANDIDATE]: Term 1 election: Requested vote from peers a7a283bae238462fb745396236978b3b (127.0.107.195:43603), 812d8c0a9be049b39cd5e09b7ca7f477 (127.0.107.194:45815)
I20260709 12:58:02.515308  1027 leader_election.cc:304] T a039fe5380714afdba72244effcabcad P f930a9cd49604d128dace5ad780c0e0b [CANDIDATE]: Term 1 election: Election decided. Result: candidate won. Election summary: received 2 responses out of 3 voters: 2 yes votes; 0 no votes. yes voters: 812d8c0a9be049b39cd5e09b7ca7f477, f930a9cd49604d128dace5ad780c0e0b; no voters: 
I20260709 12:58:02.516274  1291 raft_consensus.cc:2804] T a039fe5380714afdba72244effcabcad P f930a9cd49604d128dace5ad780c0e0b [term 1 FOLLOWER]: Leader election won for term 1
I20260709 12:58:02.516764  1291 raft_consensus.cc:697] T a039fe5380714afdba72244effcabcad P f930a9cd49604d128dace5ad780c0e0b [term 1 LEADER]: Becoming Leader. State: Replica: f930a9cd49604d128dace5ad780c0e0b, State: Running, Role: LEADER
I20260709 12:58:02.517683  1291 consensus_queue.cc:237] T a039fe5380714afdba72244effcabcad P f930a9cd49604d128dace5ad780c0e0b [LEADER]: Queue going to LEADER mode. State: All replicated index: 0, Majority replicated index: 0, Committed index: 0, Last appended: 0.0, Last appended by leader: 0, Current term: 1, Majority size: 2, State: 0, Mode: LEADER, active raft config: opid_index: -1 OBSOLETE_local: false peers { permanent_uuid: "f930a9cd49604d128dace5ad780c0e0b" member_type: VOTER last_known_addr { host: "127.0.107.193" port: 41257 } } peers { permanent_uuid: "a7a283bae238462fb745396236978b3b" member_type: VOTER last_known_addr { host: "127.0.107.195" port: 43603 } } peers { permanent_uuid: "812d8c0a9be049b39cd5e09b7ca7f477" member_type: VOTER last_known_addr { host: "127.0.107.194" port: 45815 } }
I20260709 12:58:02.518253  1252 raft_consensus.cc:359] T dc40951158d64be1abe866a76c42ee51 P a7a283bae238462fb745396236978b3b [term 0 FOLLOWER]: Replica starting. Triggering 0 pending ops. Active config: opid_index: -1 OBSOLETE_local: false peers { permanent_uuid: "f930a9cd49604d128dace5ad780c0e0b" member_type: VOTER last_known_addr { host: "127.0.107.193" port: 41257 } } peers { permanent_uuid: "812d8c0a9be049b39cd5e09b7ca7f477" member_type: VOTER last_known_addr { host: "127.0.107.194" port: 45815 } } peers { permanent_uuid: "a7a283bae238462fb745396236978b3b" member_type: VOTER last_known_addr { host: "127.0.107.195" port: 43603 } }
I20260709 12:58:02.518890  1252 raft_consensus.cc:385] T dc40951158d64be1abe866a76c42ee51 P a7a283bae238462fb745396236978b3b [term 0 FOLLOWER]: Consensus starting up: Expiring failure detector timer to make a prompt election more likely
I20260709 12:58:02.519155  1252 raft_consensus.cc:740] T dc40951158d64be1abe866a76c42ee51 P a7a283bae238462fb745396236978b3b [term 0 FOLLOWER]: Becoming Follower/Learner. State: Replica: a7a283bae238462fb745396236978b3b, State: Initialized, Role: FOLLOWER
I20260709 12:58:02.519814  1252 consensus_queue.cc:260] T dc40951158d64be1abe866a76c42ee51 P a7a283bae238462fb745396236978b3b [NON_LEADER]: Queue going to NON_LEADER mode. State: All replicated index: 0, Majority replicated index: 0, Committed index: 0, Last appended: 0.0, Last appended by leader: 0, Current term: 0, Majority size: -1, State: 0, Mode: NON_LEADER, active raft config: opid_index: -1 OBSOLETE_local: false peers { permanent_uuid: "f930a9cd49604d128dace5ad780c0e0b" member_type: VOTER last_known_addr { host: "127.0.107.193" port: 41257 } } peers { permanent_uuid: "812d8c0a9be049b39cd5e09b7ca7f477" member_type: VOTER last_known_addr { host: "127.0.107.194" port: 45815 } } peers { permanent_uuid: "a7a283bae238462fb745396236978b3b" member_type: VOTER last_known_addr { host: "127.0.107.195" port: 43603 } }
I20260709 12:58:02.521835  1252 ts_tablet_manager.cc:1434] T dc40951158d64be1abe866a76c42ee51 P a7a283bae238462fb745396236978b3b: Time spent starting tablet: real 0.013s	user 0.009s	sys 0.000s
I20260709 12:58:02.522454  1253 tablet_bootstrap.cc:492] T d0b6cfb0e6af443093f742fc59971b41 P 812d8c0a9be049b39cd5e09b7ca7f477: No bootstrap required, opened a new log
I20260709 12:58:02.522900  1253 ts_tablet_manager.cc:1403] T d0b6cfb0e6af443093f742fc59971b41 P 812d8c0a9be049b39cd5e09b7ca7f477: Time spent bootstrapping tablet: real 0.073s	user 0.015s	sys 0.015s
I20260709 12:58:02.523751   959 catalog_manager.cc:5697] T b2b6012bf755496db410a6b49f3fb8b8 P f930a9cd49604d128dace5ad780c0e0b reported cstate change: term changed from 0 to 1, leader changed from <none> to f930a9cd49604d128dace5ad780c0e0b (127.0.107.193). New cstate: current_term: 1 leader_uuid: "f930a9cd49604d128dace5ad780c0e0b" committed_config { opid_index: -1 OBSOLETE_local: false peers { permanent_uuid: "f930a9cd49604d128dace5ad780c0e0b" member_type: VOTER last_known_addr { host: "127.0.107.193" port: 41257 } health_report { overall_health: HEALTHY } } peers { permanent_uuid: "812d8c0a9be049b39cd5e09b7ca7f477" member_type: VOTER last_known_addr { host: "127.0.107.194" port: 45815 } health_report { overall_health: UNKNOWN } } peers { permanent_uuid: "a7a283bae238462fb745396236978b3b" member_type: VOTER last_known_addr { host: "127.0.107.195" port: 43603 } health_report { overall_health: UNKNOWN } } }
I20260709 12:58:02.525503  1253 raft_consensus.cc:359] T d0b6cfb0e6af443093f742fc59971b41 P 812d8c0a9be049b39cd5e09b7ca7f477 [term 0 FOLLOWER]: Replica starting. Triggering 0 pending ops. Active config: opid_index: -1 OBSOLETE_local: false peers { permanent_uuid: "f930a9cd49604d128dace5ad780c0e0b" member_type: VOTER last_known_addr { host: "127.0.107.193" port: 41257 } } peers { permanent_uuid: "812d8c0a9be049b39cd5e09b7ca7f477" member_type: VOTER last_known_addr { host: "127.0.107.194" port: 45815 } } peers { permanent_uuid: "a7a283bae238462fb745396236978b3b" member_type: VOTER last_known_addr { host: "127.0.107.195" port: 43603 } }
I20260709 12:58:02.526463  1253 raft_consensus.cc:385] T d0b6cfb0e6af443093f742fc59971b41 P 812d8c0a9be049b39cd5e09b7ca7f477 [term 0 FOLLOWER]: Consensus starting up: Expiring failure detector timer to make a prompt election more likely
I20260709 12:58:02.526746  1253 raft_consensus.cc:740] T d0b6cfb0e6af443093f742fc59971b41 P 812d8c0a9be049b39cd5e09b7ca7f477 [term 0 FOLLOWER]: Becoming Follower/Learner. State: Replica: 812d8c0a9be049b39cd5e09b7ca7f477, State: Initialized, Role: FOLLOWER
I20260709 12:58:02.527570  1253 consensus_queue.cc:260] T d0b6cfb0e6af443093f742fc59971b41 P 812d8c0a9be049b39cd5e09b7ca7f477 [NON_LEADER]: Queue going to NON_LEADER mode. State: All replicated index: 0, Majority replicated index: 0, Committed index: 0, Last appended: 0.0, Last appended by leader: 0, Current term: 0, Majority size: -1, State: 0, Mode: NON_LEADER, active raft config: opid_index: -1 OBSOLETE_local: false peers { permanent_uuid: "f930a9cd49604d128dace5ad780c0e0b" member_type: VOTER last_known_addr { host: "127.0.107.193" port: 41257 } } peers { permanent_uuid: "812d8c0a9be049b39cd5e09b7ca7f477" member_type: VOTER last_known_addr { host: "127.0.107.194" port: 45815 } } peers { permanent_uuid: "a7a283bae238462fb745396236978b3b" member_type: VOTER last_known_addr { host: "127.0.107.195" port: 43603 } }
I20260709 12:58:02.529665  1253 ts_tablet_manager.cc:1434] T d0b6cfb0e6af443093f742fc59971b41 P 812d8c0a9be049b39cd5e09b7ca7f477: Time spent starting tablet: real 0.006s	user 0.007s	sys 0.001s
I20260709 12:58:02.529665  1251 tablet_bootstrap.cc:492] T d0b6cfb0e6af443093f742fc59971b41 P f930a9cd49604d128dace5ad780c0e0b: No bootstrap required, opened a new log
I20260709 12:58:02.530539  1251 ts_tablet_manager.cc:1403] T d0b6cfb0e6af443093f742fc59971b41 P f930a9cd49604d128dace5ad780c0e0b: Time spent bootstrapping tablet: real 0.090s	user 0.014s	sys 0.006s
I20260709 12:58:02.530691  1253 tablet_bootstrap.cc:492] T 0854bc8927c4416082258bf659b4f322 P 812d8c0a9be049b39cd5e09b7ca7f477: Bootstrap starting.
I20260709 12:58:02.534694  1251 raft_consensus.cc:359] T d0b6cfb0e6af443093f742fc59971b41 P f930a9cd49604d128dace5ad780c0e0b [term 0 FOLLOWER]: Replica starting. Triggering 0 pending ops. Active config: opid_index: -1 OBSOLETE_local: false peers { permanent_uuid: "f930a9cd49604d128dace5ad780c0e0b" member_type: VOTER last_known_addr { host: "127.0.107.193" port: 41257 } } peers { permanent_uuid: "812d8c0a9be049b39cd5e09b7ca7f477" member_type: VOTER last_known_addr { host: "127.0.107.194" port: 45815 } } peers { permanent_uuid: "a7a283bae238462fb745396236978b3b" member_type: VOTER last_known_addr { host: "127.0.107.195" port: 43603 } }
I20260709 12:58:02.535595  1286 raft_consensus.cc:493] T b2b6012bf755496db410a6b49f3fb8b8 P 812d8c0a9be049b39cd5e09b7ca7f477 [term 0 FOLLOWER]: Starting pre-election (no leader contacted us within the election timeout)
I20260709 12:58:02.536295  1252 tablet_bootstrap.cc:492] T 0854bc8927c4416082258bf659b4f322 P a7a283bae238462fb745396236978b3b: Bootstrap starting.
I20260709 12:58:02.536047  1286 raft_consensus.cc:515] T b2b6012bf755496db410a6b49f3fb8b8 P 812d8c0a9be049b39cd5e09b7ca7f477 [term 0 FOLLOWER]: Starting pre-election with config: opid_index: -1 OBSOLETE_local: false peers { permanent_uuid: "f930a9cd49604d128dace5ad780c0e0b" member_type: VOTER last_known_addr { host: "127.0.107.193" port: 41257 } } peers { permanent_uuid: "812d8c0a9be049b39cd5e09b7ca7f477" member_type: VOTER last_known_addr { host: "127.0.107.194" port: 45815 } } peers { permanent_uuid: "a7a283bae238462fb745396236978b3b" member_type: VOTER last_known_addr { host: "127.0.107.195" port: 43603 } }
I20260709 12:58:02.536825  1253 tablet_bootstrap.cc:654] T 0854bc8927c4416082258bf659b4f322 P 812d8c0a9be049b39cd5e09b7ca7f477: Neither blocks nor log segments found. Creating new log.
I20260709 12:58:02.538323  1286 leader_election.cc:290] T b2b6012bf755496db410a6b49f3fb8b8 P 812d8c0a9be049b39cd5e09b7ca7f477 [CANDIDATE]: Term 1 pre-election: Requested pre-vote from peers f930a9cd49604d128dace5ad780c0e0b (127.0.107.193:41257), a7a283bae238462fb745396236978b3b (127.0.107.195:43603)
I20260709 12:58:02.540340  1062 tablet_service.cc:1917] Received RequestConsensusVote() RPC: tablet_id: "b2b6012bf755496db410a6b49f3fb8b8" candidate_uuid: "812d8c0a9be049b39cd5e09b7ca7f477" candidate_term: 1 candidate_status { last_received { term: 0 index: 0 } } ignore_live_leader: false dest_uuid: "f930a9cd49604d128dace5ad780c0e0b" is_pre_election: true
I20260709 12:58:02.535601  1251 raft_consensus.cc:385] T d0b6cfb0e6af443093f742fc59971b41 P f930a9cd49604d128dace5ad780c0e0b [term 0 FOLLOWER]: Consensus starting up: Expiring failure detector timer to make a prompt election more likely
I20260709 12:58:02.541605  1251 raft_consensus.cc:740] T d0b6cfb0e6af443093f742fc59971b41 P f930a9cd49604d128dace5ad780c0e0b [term 0 FOLLOWER]: Becoming Follower/Learner. State: Replica: f930a9cd49604d128dace5ad780c0e0b, State: Initialized, Role: FOLLOWER
I20260709 12:58:02.542379  1251 consensus_queue.cc:260] T d0b6cfb0e6af443093f742fc59971b41 P f930a9cd49604d128dace5ad780c0e0b [NON_LEADER]: Queue going to NON_LEADER mode. State: All replicated index: 0, Majority replicated index: 0, Committed index: 0, Last appended: 0.0, Last appended by leader: 0, Current term: 0, Majority size: -1, State: 0, Mode: NON_LEADER, active raft config: opid_index: -1 OBSOLETE_local: false peers { permanent_uuid: "f930a9cd49604d128dace5ad780c0e0b" member_type: VOTER last_known_addr { host: "127.0.107.193" port: 41257 } } peers { permanent_uuid: "812d8c0a9be049b39cd5e09b7ca7f477" member_type: VOTER last_known_addr { host: "127.0.107.194" port: 45815 } } peers { permanent_uuid: "a7a283bae238462fb745396236978b3b" member_type: VOTER last_known_addr { host: "127.0.107.195" port: 43603 } }
I20260709 12:58:02.542443   958 catalog_manager.cc:5697] T f05cbe56eeb746d280f759c491b2eb14 P 812d8c0a9be049b39cd5e09b7ca7f477 reported cstate change: term changed from 0 to 1, leader changed from <none> to 812d8c0a9be049b39cd5e09b7ca7f477 (127.0.107.194). New cstate: current_term: 1 leader_uuid: "812d8c0a9be049b39cd5e09b7ca7f477" committed_config { opid_index: -1 OBSOLETE_local: false peers { permanent_uuid: "f930a9cd49604d128dace5ad780c0e0b" member_type: VOTER last_known_addr { host: "127.0.107.193" port: 41257 } health_report { overall_health: UNKNOWN } } peers { permanent_uuid: "812d8c0a9be049b39cd5e09b7ca7f477" member_type: VOTER last_known_addr { host: "127.0.107.194" port: 45815 } health_report { overall_health: HEALTHY } } peers { permanent_uuid: "a7a283bae238462fb745396236978b3b" member_type: VOTER last_known_addr { host: "127.0.107.195" port: 43603 } health_report { overall_health: UNKNOWN } } }
I20260709 12:58:02.545670  1209 tablet_service.cc:1917] Received RequestConsensusVote() RPC: tablet_id: "b2b6012bf755496db410a6b49f3fb8b8" candidate_uuid: "812d8c0a9be049b39cd5e09b7ca7f477" candidate_term: 1 candidate_status { last_received { term: 0 index: 0 } } ignore_live_leader: false dest_uuid: "a7a283bae238462fb745396236978b3b" is_pre_election: true
I20260709 12:58:02.546526  1209 raft_consensus.cc:2393] T b2b6012bf755496db410a6b49f3fb8b8 P a7a283bae238462fb745396236978b3b [term 1 FOLLOWER]: Leader pre-election vote request: Denying vote to candidate 812d8c0a9be049b39cd5e09b7ca7f477 in current term 1: Already voted for candidate f930a9cd49604d128dace5ad780c0e0b in this term.
I20260709 12:58:02.545338   958 catalog_manager.cc:5697] T dc40951158d64be1abe866a76c42ee51 P 812d8c0a9be049b39cd5e09b7ca7f477 reported cstate change: term changed from 0 to 1, leader changed from <none> to 812d8c0a9be049b39cd5e09b7ca7f477 (127.0.107.194). New cstate: current_term: 1 leader_uuid: "812d8c0a9be049b39cd5e09b7ca7f477" committed_config { opid_index: -1 OBSOLETE_local: false peers { permanent_uuid: "f930a9cd49604d128dace5ad780c0e0b" member_type: VOTER last_known_addr { host: "127.0.107.193" port: 41257 } health_report { overall_health: UNKNOWN } } peers { permanent_uuid: "812d8c0a9be049b39cd5e09b7ca7f477" member_type: VOTER last_known_addr { host: "127.0.107.194" port: 45815 } health_report { overall_health: HEALTHY } } peers { permanent_uuid: "a7a283bae238462fb745396236978b3b" member_type: VOTER last_known_addr { host: "127.0.107.195" port: 43603 } health_report { overall_health: UNKNOWN } } }
I20260709 12:58:02.547801  1101 leader_election.cc:304] T b2b6012bf755496db410a6b49f3fb8b8 P 812d8c0a9be049b39cd5e09b7ca7f477 [CANDIDATE]: Term 1 pre-election: Election decided. Result: candidate lost. Election summary: received 3 responses out of 3 voters: 1 yes votes; 2 no votes. yes voters: 812d8c0a9be049b39cd5e09b7ca7f477; no voters: a7a283bae238462fb745396236978b3b, f930a9cd49604d128dace5ad780c0e0b
I20260709 12:58:02.549078  1286 raft_consensus.cc:3060] T b2b6012bf755496db410a6b49f3fb8b8 P 812d8c0a9be049b39cd5e09b7ca7f477 [term 0 FOLLOWER]: Advancing to term 1
I20260709 12:58:02.548249   958 catalog_manager.cc:5697] T 21503694d0e140a68fd9c7dfb3765adc P 812d8c0a9be049b39cd5e09b7ca7f477 reported cstate change: term changed from 0 to 1, leader changed from <none> to 812d8c0a9be049b39cd5e09b7ca7f477 (127.0.107.194). New cstate: current_term: 1 leader_uuid: "812d8c0a9be049b39cd5e09b7ca7f477" committed_config { opid_index: -1 OBSOLETE_local: false peers { permanent_uuid: "f930a9cd49604d128dace5ad780c0e0b" member_type: VOTER last_known_addr { host: "127.0.107.193" port: 41257 } health_report { overall_health: UNKNOWN } } peers { permanent_uuid: "812d8c0a9be049b39cd5e09b7ca7f477" member_type: VOTER last_known_addr { host: "127.0.107.194" port: 45815 } health_report { overall_health: HEALTHY } } peers { permanent_uuid: "a7a283bae238462fb745396236978b3b" member_type: VOTER last_known_addr { host: "127.0.107.195" port: 43603 } health_report { overall_health: UNKNOWN } } }
I20260709 12:58:02.551183  1252 tablet_bootstrap.cc:654] T 0854bc8927c4416082258bf659b4f322 P a7a283bae238462fb745396236978b3b: Neither blocks nor log segments found. Creating new log.
I20260709 12:58:02.546550  1251 ts_tablet_manager.cc:1434] T d0b6cfb0e6af443093f742fc59971b41 P f930a9cd49604d128dace5ad780c0e0b: Time spent starting tablet: real 0.016s	user 0.008s	sys 0.001s
I20260709 12:58:02.554983  1251 tablet_bootstrap.cc:492] T ed366561332044afa6d4c4f1df192306 P f930a9cd49604d128dace5ad780c0e0b: Bootstrap starting.
I20260709 12:58:02.570304  1286 raft_consensus.cc:2749] T b2b6012bf755496db410a6b49f3fb8b8 P 812d8c0a9be049b39cd5e09b7ca7f477 [term 1 FOLLOWER]: Leader pre-election lost for term 1. Reason: could not achieve majority
I20260709 12:58:02.571040  1251 tablet_bootstrap.cc:654] T ed366561332044afa6d4c4f1df192306 P f930a9cd49604d128dace5ad780c0e0b: Neither blocks nor log segments found. Creating new log.
I20260709 12:58:02.573477  1253 tablet_bootstrap.cc:492] T 0854bc8927c4416082258bf659b4f322 P 812d8c0a9be049b39cd5e09b7ca7f477: No bootstrap required, opened a new log
I20260709 12:58:02.573861  1252 tablet_bootstrap.cc:492] T 0854bc8927c4416082258bf659b4f322 P a7a283bae238462fb745396236978b3b: No bootstrap required, opened a new log
I20260709 12:58:02.573933  1253 ts_tablet_manager.cc:1403] T 0854bc8927c4416082258bf659b4f322 P 812d8c0a9be049b39cd5e09b7ca7f477: Time spent bootstrapping tablet: real 0.043s	user 0.022s	sys 0.012s
I20260709 12:58:02.574620  1252 ts_tablet_manager.cc:1403] T 0854bc8927c4416082258bf659b4f322 P a7a283bae238462fb745396236978b3b: Time spent bootstrapping tablet: real 0.038s	user 0.020s	sys 0.006s
I20260709 12:58:02.574677   959 catalog_manager.cc:5697] T a039fe5380714afdba72244effcabcad P f930a9cd49604d128dace5ad780c0e0b reported cstate change: term changed from 0 to 1, leader changed from <none> to f930a9cd49604d128dace5ad780c0e0b (127.0.107.193). New cstate: current_term: 1 leader_uuid: "f930a9cd49604d128dace5ad780c0e0b" committed_config { opid_index: -1 OBSOLETE_local: false peers { permanent_uuid: "f930a9cd49604d128dace5ad780c0e0b" member_type: VOTER last_known_addr { host: "127.0.107.193" port: 41257 } health_report { overall_health: HEALTHY } } peers { permanent_uuid: "a7a283bae238462fb745396236978b3b" member_type: VOTER last_known_addr { host: "127.0.107.195" port: 43603 } health_report { overall_health: UNKNOWN } } peers { permanent_uuid: "812d8c0a9be049b39cd5e09b7ca7f477" member_type: VOTER last_known_addr { host: "127.0.107.194" port: 45815 } health_report { overall_health: UNKNOWN } } }
I20260709 12:58:02.576790  1253 raft_consensus.cc:359] T 0854bc8927c4416082258bf659b4f322 P 812d8c0a9be049b39cd5e09b7ca7f477 [term 0 FOLLOWER]: Replica starting. Triggering 0 pending ops. Active config: opid_index: -1 OBSOLETE_local: false peers { permanent_uuid: "f930a9cd49604d128dace5ad780c0e0b" member_type: VOTER last_known_addr { host: "127.0.107.193" port: 41257 } } peers { permanent_uuid: "812d8c0a9be049b39cd5e09b7ca7f477" member_type: VOTER last_known_addr { host: "127.0.107.194" port: 45815 } } peers { permanent_uuid: "a7a283bae238462fb745396236978b3b" member_type: VOTER last_known_addr { host: "127.0.107.195" port: 43603 } }
I20260709 12:58:02.577484  1253 raft_consensus.cc:385] T 0854bc8927c4416082258bf659b4f322 P 812d8c0a9be049b39cd5e09b7ca7f477 [term 0 FOLLOWER]: Consensus starting up: Expiring failure detector timer to make a prompt election more likely
I20260709 12:58:02.577762  1253 raft_consensus.cc:740] T 0854bc8927c4416082258bf659b4f322 P 812d8c0a9be049b39cd5e09b7ca7f477 [term 0 FOLLOWER]: Becoming Follower/Learner. State: Replica: 812d8c0a9be049b39cd5e09b7ca7f477, State: Initialized, Role: FOLLOWER
I20260709 12:58:02.578444  1253 consensus_queue.cc:260] T 0854bc8927c4416082258bf659b4f322 P 812d8c0a9be049b39cd5e09b7ca7f477 [NON_LEADER]: Queue going to NON_LEADER mode. State: All replicated index: 0, Majority replicated index: 0, Committed index: 0, Last appended: 0.0, Last appended by leader: 0, Current term: 0, Majority size: -1, State: 0, Mode: NON_LEADER, active raft config: opid_index: -1 OBSOLETE_local: false peers { permanent_uuid: "f930a9cd49604d128dace5ad780c0e0b" member_type: VOTER last_known_addr { host: "127.0.107.193" port: 41257 } } peers { permanent_uuid: "812d8c0a9be049b39cd5e09b7ca7f477" member_type: VOTER last_known_addr { host: "127.0.107.194" port: 45815 } } peers { permanent_uuid: "a7a283bae238462fb745396236978b3b" member_type: VOTER last_known_addr { host: "127.0.107.195" port: 43603 } }
I20260709 12:58:02.578125  1252 raft_consensus.cc:359] T 0854bc8927c4416082258bf659b4f322 P a7a283bae238462fb745396236978b3b [term 0 FOLLOWER]: Replica starting. Triggering 0 pending ops. Active config: opid_index: -1 OBSOLETE_local: false peers { permanent_uuid: "f930a9cd49604d128dace5ad780c0e0b" member_type: VOTER last_known_addr { host: "127.0.107.193" port: 41257 } } peers { permanent_uuid: "812d8c0a9be049b39cd5e09b7ca7f477" member_type: VOTER last_known_addr { host: "127.0.107.194" port: 45815 } } peers { permanent_uuid: "a7a283bae238462fb745396236978b3b" member_type: VOTER last_known_addr { host: "127.0.107.195" port: 43603 } }
I20260709 12:58:02.579303  1252 raft_consensus.cc:385] T 0854bc8927c4416082258bf659b4f322 P a7a283bae238462fb745396236978b3b [term 0 FOLLOWER]: Consensus starting up: Expiring failure detector timer to make a prompt election more likely
I20260709 12:58:02.579696  1252 raft_consensus.cc:740] T 0854bc8927c4416082258bf659b4f322 P a7a283bae238462fb745396236978b3b [term 0 FOLLOWER]: Becoming Follower/Learner. State: Replica: a7a283bae238462fb745396236978b3b, State: Initialized, Role: FOLLOWER
I20260709 12:58:02.581094  1253 ts_tablet_manager.cc:1434] T 0854bc8927c4416082258bf659b4f322 P 812d8c0a9be049b39cd5e09b7ca7f477: Time spent starting tablet: real 0.007s	user 0.001s	sys 0.004s
