I20260709 13:11:19.200137 26512 raft_consensus.cc:606] T 083bd03efae240d2a7435251d3b82687 P d5e32fef862b47e3a08c696c037cea16 [term 3 LEADER]: Received request to transfer leadership to TS 51c1f4971d4f458f8c54e5ccbbb8d59d
I20260709 13:11:19.202847 26512 tablet_service.cc:2072] Received LeaderStepDown RPC: tablet_id: "35e626fbf813475097c8aee77845e142"
dest_uuid: "d5e32fef862b47e3a08c696c037cea16"
mode: GRACEFUL
new_leader_uuid: "2adcda4bb64247f0bd62e5010806ffe4"
 from {username='slave'} at 127.0.0.1:36046
I20260709 13:11:19.203330 26512 raft_consensus.cc:606] T 35e626fbf813475097c8aee77845e142 P d5e32fef862b47e3a08c696c037cea16 [term 4 LEADER]: Received request to transfer leadership to TS 2adcda4bb64247f0bd62e5010806ffe4
I20260709 13:11:19.205757 26512 tablet_service.cc:2072] Received LeaderStepDown RPC: tablet_id: "84e9e00361e64c9c8e34fd4da2a9d7c8"
dest_uuid: "d5e32fef862b47e3a08c696c037cea16"
mode: GRACEFUL
new_leader_uuid: "2adcda4bb64247f0bd62e5010806ffe4"
 from {username='slave'} at 127.0.0.1:36046
I20260709 13:11:19.206390 26512 raft_consensus.cc:606] T 84e9e00361e64c9c8e34fd4da2a9d7c8 P d5e32fef862b47e3a08c696c037cea16 [term 3 LEADER]: Received request to transfer leadership to TS 2adcda4bb64247f0bd62e5010806ffe4
I20260709 13:11:19.208892 26512 tablet_service.cc:2072] Received LeaderStepDown RPC: tablet_id: "e03a447543a64432808c9caef0eb727e"
dest_uuid: "d5e32fef862b47e3a08c696c037cea16"
mode: GRACEFUL
new_leader_uuid: "51c1f4971d4f458f8c54e5ccbbb8d59d"
 from {username='slave'} at 127.0.0.1:36046
I20260709 13:11:19.209374 26512 raft_consensus.cc:606] T e03a447543a64432808c9caef0eb727e P d5e32fef862b47e3a08c696c037cea16 [term 1 LEADER]: Received request to transfer leadership to TS 51c1f4971d4f458f8c54e5ccbbb8d59d
I20260709 13:11:19.210587 25903 auto_leader_rebalancer.cc:452] table: test-workload, leader rebalance finish, leader transfer count: 4
I20260709 13:11:19.211189 25903 auto_leader_rebalancer.cc:527] All tables' leader rebalancing finished this round
I20260709 13:11:19.237421 26830 raft_consensus.cc:993] T 083bd03efae240d2a7435251d3b82687 P d5e32fef862b47e3a08c696c037cea16: : Instructing follower 51c1f4971d4f458f8c54e5ccbbb8d59d to start an election
I20260709 13:11:19.237890 26830 raft_consensus.cc:1081] T 083bd03efae240d2a7435251d3b82687 P d5e32fef862b47e3a08c696c037cea16 [term 3 LEADER]: Signalling peer 51c1f4971d4f458f8c54e5ccbbb8d59d to start an election
I20260709 13:11:19.239388 26587 tablet_service.cc:2044] Received Run Leader Election RPC: tablet_id: "083bd03efae240d2a7435251d3b82687"
dest_uuid: "51c1f4971d4f458f8c54e5ccbbb8d59d"
 from {username='slave'} at 127.0.0.1:38086
I20260709 13:11:19.239784 26587 raft_consensus.cc:493] T 083bd03efae240d2a7435251d3b82687 P 51c1f4971d4f458f8c54e5ccbbb8d59d [term 3 FOLLOWER]: Starting forced leader election (received explicit request)
I20260709 13:11:19.240032 26587 raft_consensus.cc:3060] T 083bd03efae240d2a7435251d3b82687 P 51c1f4971d4f458f8c54e5ccbbb8d59d [term 3 FOLLOWER]: Advancing to term 4
I20260709 13:11:19.244822 26587 raft_consensus.cc:515] T 083bd03efae240d2a7435251d3b82687 P 51c1f4971d4f458f8c54e5ccbbb8d59d [term 4 FOLLOWER]: Starting forced leader election with config: opid_index: -1 OBSOLETE_local: false peers { permanent_uuid: "d5e32fef862b47e3a08c696c037cea16" member_type: VOTER last_known_addr { host: "127.25.75.193" port: 37815 } } peers { permanent_uuid: "51c1f4971d4f458f8c54e5ccbbb8d59d" member_type: VOTER last_known_addr { host: "127.25.75.194" port: 35759 } } peers { permanent_uuid: "2adcda4bb64247f0bd62e5010806ffe4" member_type: VOTER last_known_addr { host: "127.25.75.195" port: 33921 } }
I20260709 13:11:19.246367 26587 leader_election.cc:290] T 083bd03efae240d2a7435251d3b82687 P 51c1f4971d4f458f8c54e5ccbbb8d59d [CANDIDATE]: Term 4 election: Requested vote from peers d5e32fef862b47e3a08c696c037cea16 (127.25.75.193:37815), 2adcda4bb64247f0bd62e5010806ffe4 (127.25.75.195:33921)
I20260709 13:11:19.247216 26512 tablet_service.cc:1917] Received RequestConsensusVote() RPC: tablet_id: "083bd03efae240d2a7435251d3b82687" candidate_uuid: "51c1f4971d4f458f8c54e5ccbbb8d59d" candidate_term: 4 candidate_status { last_received { term: 3 index: 3 } } ignore_live_leader: true dest_uuid: "d5e32fef862b47e3a08c696c037cea16"
I20260709 13:11:19.247589 26662 tablet_service.cc:1917] Received RequestConsensusVote() RPC: tablet_id: "083bd03efae240d2a7435251d3b82687" candidate_uuid: "51c1f4971d4f458f8c54e5ccbbb8d59d" candidate_term: 4 candidate_status { last_received { term: 3 index: 3 } } ignore_live_leader: true dest_uuid: "2adcda4bb64247f0bd62e5010806ffe4"
I20260709 13:11:19.247988 26512 raft_consensus.cc:3055] T 083bd03efae240d2a7435251d3b82687 P d5e32fef862b47e3a08c696c037cea16 [term 3 LEADER]: Stepping down as leader of term 3
I20260709 13:11:19.248104 26662 raft_consensus.cc:3060] T 083bd03efae240d2a7435251d3b82687 P 2adcda4bb64247f0bd62e5010806ffe4 [term 3 FOLLOWER]: Advancing to term 4
I20260709 13:11:19.248296 26512 raft_consensus.cc:740] T 083bd03efae240d2a7435251d3b82687 P d5e32fef862b47e3a08c696c037cea16 [term 3 LEADER]: Becoming Follower/Learner. State: Replica: d5e32fef862b47e3a08c696c037cea16, State: Running, Role: LEADER
I20260709 13:11:19.249166 26512 consensus_queue.cc:260] T 083bd03efae240d2a7435251d3b82687 P d5e32fef862b47e3a08c696c037cea16 [NON_LEADER]: Queue going to NON_LEADER mode. State: All replicated index: 0, Majority replicated index: 3, Committed index: 3, Last appended: 3.3, Last appended by leader: 3, Current term: 3, Majority size: -1, State: 0, Mode: NON_LEADER, active raft config: opid_index: -1 OBSOLETE_local: false peers { permanent_uuid: "d5e32fef862b47e3a08c696c037cea16" member_type: VOTER last_known_addr { host: "127.25.75.193" port: 37815 } } peers { permanent_uuid: "51c1f4971d4f458f8c54e5ccbbb8d59d" member_type: VOTER last_known_addr { host: "127.25.75.194" port: 35759 } } peers { permanent_uuid: "2adcda4bb64247f0bd62e5010806ffe4" member_type: VOTER last_known_addr { host: "127.25.75.195" port: 33921 } }
I20260709 13:11:19.250480 26512 raft_consensus.cc:3060] T 083bd03efae240d2a7435251d3b82687 P d5e32fef862b47e3a08c696c037cea16 [term 3 FOLLOWER]: Advancing to term 4
I20260709 13:11:19.255316 26662 raft_consensus.cc:2468] T 083bd03efae240d2a7435251d3b82687 P 2adcda4bb64247f0bd62e5010806ffe4 [term 4 FOLLOWER]: Leader election vote request: Granting yes vote for candidate 51c1f4971d4f458f8c54e5ccbbb8d59d in term 4.
I20260709 13:11:19.256661 26552 leader_election.cc:304] T 083bd03efae240d2a7435251d3b82687 P 51c1f4971d4f458f8c54e5ccbbb8d59d [CANDIDATE]: Term 4 election: Election decided. Result: candidate won. Election summary: received 2 responses out of 3 voters: 2 yes votes; 0 no votes. yes voters: 2adcda4bb64247f0bd62e5010806ffe4, 51c1f4971d4f458f8c54e5ccbbb8d59d; no voters: 
I20260709 13:11:19.257170 26512 raft_consensus.cc:2468] T 083bd03efae240d2a7435251d3b82687 P d5e32fef862b47e3a08c696c037cea16 [term 4 FOLLOWER]: Leader election vote request: Granting yes vote for candidate 51c1f4971d4f458f8c54e5ccbbb8d59d in term 4.
I20260709 13:11:19.257715 26821 raft_consensus.cc:2804] T 083bd03efae240d2a7435251d3b82687 P 51c1f4971d4f458f8c54e5ccbbb8d59d [term 4 FOLLOWER]: Leader election won for term 4
I20260709 13:11:19.259426 26821 raft_consensus.cc:697] T 083bd03efae240d2a7435251d3b82687 P 51c1f4971d4f458f8c54e5ccbbb8d59d [term 4 LEADER]: Becoming Leader. State: Replica: 51c1f4971d4f458f8c54e5ccbbb8d59d, State: Running, Role: LEADER
I20260709 13:11:19.260464 26821 consensus_queue.cc:237] T 083bd03efae240d2a7435251d3b82687 P 51c1f4971d4f458f8c54e5ccbbb8d59d [LEADER]: Queue going to LEADER mode. State: All replicated index: 0, Majority replicated index: 3, Committed index: 3, Last appended: 3.3, Last appended by leader: 3, Current term: 4, Majority size: 2, State: 0, Mode: LEADER, active raft config: opid_index: -1 OBSOLETE_local: false peers { permanent_uuid: "d5e32fef862b47e3a08c696c037cea16" member_type: VOTER last_known_addr { host: "127.25.75.193" port: 37815 } } peers { permanent_uuid: "51c1f4971d4f458f8c54e5ccbbb8d59d" member_type: VOTER last_known_addr { host: "127.25.75.194" port: 35759 } } peers { permanent_uuid: "2adcda4bb64247f0bd62e5010806ffe4" member_type: VOTER last_known_addr { host: "127.25.75.195" port: 33921 } }
I20260709 13:11:19.261317 26830 raft_consensus.cc:993] T 84e9e00361e64c9c8e34fd4da2a9d7c8 P d5e32fef862b47e3a08c696c037cea16: : Instructing follower 2adcda4bb64247f0bd62e5010806ffe4 to start an election
I20260709 13:11:19.261977 26842 raft_consensus.cc:1081] T 84e9e00361e64c9c8e34fd4da2a9d7c8 P d5e32fef862b47e3a08c696c037cea16 [term 3 LEADER]: Signalling peer 2adcda4bb64247f0bd62e5010806ffe4 to start an election
I20260709 13:11:19.263769 26661 tablet_service.cc:2044] Received Run Leader Election RPC: tablet_id: "84e9e00361e64c9c8e34fd4da2a9d7c8"
dest_uuid: "2adcda4bb64247f0bd62e5010806ffe4"
 from {username='slave'} at 127.0.0.1:36672
I20260709 13:11:19.264192 26661 raft_consensus.cc:493] T 84e9e00361e64c9c8e34fd4da2a9d7c8 P 2adcda4bb64247f0bd62e5010806ffe4 [term 3 FOLLOWER]: Starting forced leader election (received explicit request)
I20260709 13:11:19.264467 26661 raft_consensus.cc:3060] T 84e9e00361e64c9c8e34fd4da2a9d7c8 P 2adcda4bb64247f0bd62e5010806ffe4 [term 3 FOLLOWER]: Advancing to term 4
I20260709 13:11:19.269201 26411 catalog_manager.cc:5697] T 083bd03efae240d2a7435251d3b82687 P 51c1f4971d4f458f8c54e5ccbbb8d59d reported cstate change: term changed from 3 to 4, leader changed from d5e32fef862b47e3a08c696c037cea16 (127.25.75.193) to 51c1f4971d4f458f8c54e5ccbbb8d59d (127.25.75.194). New cstate: current_term: 4 leader_uuid: "51c1f4971d4f458f8c54e5ccbbb8d59d" committed_config { opid_index: -1 OBSOLETE_local: false peers { permanent_uuid: "d5e32fef862b47e3a08c696c037cea16" member_type: VOTER last_known_addr { host: "127.25.75.193" port: 37815 } health_report { overall_health: UNKNOWN } } peers { permanent_uuid: "51c1f4971d4f458f8c54e5ccbbb8d59d" member_type: VOTER last_known_addr { host: "127.25.75.194" port: 35759 } health_report { overall_health: HEALTHY } } peers { permanent_uuid: "2adcda4bb64247f0bd62e5010806ffe4" member_type: VOTER last_known_addr { host: "127.25.75.195" port: 33921 } health_report { overall_health: UNKNOWN } } }
I20260709 13:11:19.270417 26661 raft_consensus.cc:515] T 84e9e00361e64c9c8e34fd4da2a9d7c8 P 2adcda4bb64247f0bd62e5010806ffe4 [term 4 FOLLOWER]: Starting forced leader election with config: opid_index: -1 OBSOLETE_local: false peers { permanent_uuid: "d5e32fef862b47e3a08c696c037cea16" member_type: VOTER last_known_addr { host: "127.25.75.193" port: 37815 } } peers { permanent_uuid: "51c1f4971d4f458f8c54e5ccbbb8d59d" member_type: VOTER last_known_addr { host: "127.25.75.194" port: 35759 } } peers { permanent_uuid: "2adcda4bb64247f0bd62e5010806ffe4" member_type: VOTER last_known_addr { host: "127.25.75.195" port: 33921 } }
I20260709 13:11:19.272126 26661 leader_election.cc:290] T 84e9e00361e64c9c8e34fd4da2a9d7c8 P 2adcda4bb64247f0bd62e5010806ffe4 [CANDIDATE]: Term 4 election: Requested vote from peers d5e32fef862b47e3a08c696c037cea16 (127.25.75.193:37815), 51c1f4971d4f458f8c54e5ccbbb8d59d (127.25.75.194:35759)
I20260709 13:11:19.273301 26512 tablet_service.cc:1917] Received RequestConsensusVote() RPC: tablet_id: "84e9e00361e64c9c8e34fd4da2a9d7c8" candidate_uuid: "2adcda4bb64247f0bd62e5010806ffe4" candidate_term: 4 candidate_status { last_received { term: 3 index: 3 } } ignore_live_leader: true dest_uuid: "d5e32fef862b47e3a08c696c037cea16"
I20260709 13:11:19.273852 26512 raft_consensus.cc:3055] T 84e9e00361e64c9c8e34fd4da2a9d7c8 P d5e32fef862b47e3a08c696c037cea16 [term 3 LEADER]: Stepping down as leader of term 3
I20260709 13:11:19.274139 26512 raft_consensus.cc:740] T 84e9e00361e64c9c8e34fd4da2a9d7c8 P d5e32fef862b47e3a08c696c037cea16 [term 3 LEADER]: Becoming Follower/Learner. State: Replica: d5e32fef862b47e3a08c696c037cea16, State: Running, Role: LEADER
I20260709 13:11:19.273267 26587 tablet_service.cc:1917] Received RequestConsensusVote() RPC: tablet_id: "84e9e00361e64c9c8e34fd4da2a9d7c8" candidate_uuid: "2adcda4bb64247f0bd62e5010806ffe4" candidate_term: 4 candidate_status { last_received { term: 3 index: 3 } } ignore_live_leader: true dest_uuid: "51c1f4971d4f458f8c54e5ccbbb8d59d"
I20260709 13:11:19.274787 26587 raft_consensus.cc:3060] T 84e9e00361e64c9c8e34fd4da2a9d7c8 P 51c1f4971d4f458f8c54e5ccbbb8d59d [term 3 FOLLOWER]: Advancing to term 4
I20260709 13:11:19.274995 26512 consensus_queue.cc:260] T 84e9e00361e64c9c8e34fd4da2a9d7c8 P d5e32fef862b47e3a08c696c037cea16 [NON_LEADER]: Queue going to NON_LEADER mode. State: All replicated index: 0, Majority replicated index: 3, Committed index: 3, Last appended: 3.3, Last appended by leader: 3, Current term: 3, Majority size: -1, State: 0, Mode: NON_LEADER, active raft config: opid_index: -1 OBSOLETE_local: false peers { permanent_uuid: "d5e32fef862b47e3a08c696c037cea16" member_type: VOTER last_known_addr { host: "127.25.75.193" port: 37815 } } peers { permanent_uuid: "51c1f4971d4f458f8c54e5ccbbb8d59d" member_type: VOTER last_known_addr { host: "127.25.75.194" port: 35759 } } peers { permanent_uuid: "2adcda4bb64247f0bd62e5010806ffe4" member_type: VOTER last_known_addr { host: "127.25.75.195" port: 33921 } }
I20260709 13:11:19.275938 26512 raft_consensus.cc:3060] T 84e9e00361e64c9c8e34fd4da2a9d7c8 P d5e32fef862b47e3a08c696c037cea16 [term 3 FOLLOWER]: Advancing to term 4
I20260709 13:11:19.280862 26587 raft_consensus.cc:2468] T 84e9e00361e64c9c8e34fd4da2a9d7c8 P 51c1f4971d4f458f8c54e5ccbbb8d59d [term 4 FOLLOWER]: Leader election vote request: Granting yes vote for candidate 2adcda4bb64247f0bd62e5010806ffe4 in term 4.
I20260709 13:11:19.282271 26512 raft_consensus.cc:2468] T 84e9e00361e64c9c8e34fd4da2a9d7c8 P d5e32fef862b47e3a08c696c037cea16 [term 4 FOLLOWER]: Leader election vote request: Granting yes vote for candidate 2adcda4bb64247f0bd62e5010806ffe4 in term 4.
I20260709 13:11:19.282470 26627 leader_election.cc:304] T 84e9e00361e64c9c8e34fd4da2a9d7c8 P 2adcda4bb64247f0bd62e5010806ffe4 [CANDIDATE]: Term 4 election: Election decided. Result: candidate won. Election summary: received 2 responses out of 3 voters: 2 yes votes; 0 no votes. yes voters: 2adcda4bb64247f0bd62e5010806ffe4, 51c1f4971d4f458f8c54e5ccbbb8d59d; no voters: 
I20260709 13:11:19.283588 26824 raft_consensus.cc:2804] T 84e9e00361e64c9c8e34fd4da2a9d7c8 P 2adcda4bb64247f0bd62e5010806ffe4 [term 4 FOLLOWER]: Leader election won for term 4
I20260709 13:11:19.285389 26824 raft_consensus.cc:697] T 84e9e00361e64c9c8e34fd4da2a9d7c8 P 2adcda4bb64247f0bd62e5010806ffe4 [term 4 LEADER]: Becoming Leader. State: Replica: 2adcda4bb64247f0bd62e5010806ffe4, State: Running, Role: LEADER
I20260709 13:11:19.287195 26824 consensus_queue.cc:237] T 84e9e00361e64c9c8e34fd4da2a9d7c8 P 2adcda4bb64247f0bd62e5010806ffe4 [LEADER]: Queue going to LEADER mode. State: All replicated index: 0, Majority replicated index: 3, Committed index: 3, Last appended: 3.3, Last appended by leader: 3, Current term: 4, Majority size: 2, State: 0, Mode: LEADER, active raft config: opid_index: -1 OBSOLETE_local: false peers { permanent_uuid: "d5e32fef862b47e3a08c696c037cea16" member_type: VOTER last_known_addr { host: "127.25.75.193" port: 37815 } } peers { permanent_uuid: "51c1f4971d4f458f8c54e5ccbbb8d59d" member_type: VOTER last_known_addr { host: "127.25.75.194" port: 35759 } } peers { permanent_uuid: "2adcda4bb64247f0bd62e5010806ffe4" member_type: VOTER last_known_addr { host: "127.25.75.195" port: 33921 } }
I20260709 13:11:19.295619 26411 catalog_manager.cc:5697] T 84e9e00361e64c9c8e34fd4da2a9d7c8 P 2adcda4bb64247f0bd62e5010806ffe4 reported cstate change: term changed from 3 to 4, leader changed from d5e32fef862b47e3a08c696c037cea16 (127.25.75.193) to 2adcda4bb64247f0bd62e5010806ffe4 (127.25.75.195). New cstate: current_term: 4 leader_uuid: "2adcda4bb64247f0bd62e5010806ffe4" committed_config { opid_index: -1 OBSOLETE_local: false peers { permanent_uuid: "d5e32fef862b47e3a08c696c037cea16" member_type: VOTER last_known_addr { host: "127.25.75.193" port: 37815 } health_report { overall_health: UNKNOWN } } peers { permanent_uuid: "51c1f4971d4f458f8c54e5ccbbb8d59d" member_type: VOTER last_known_addr { host: "127.25.75.194" port: 35759 } health_report { overall_health: UNKNOWN } } peers { permanent_uuid: "2adcda4bb64247f0bd62e5010806ffe4" member_type: VOTER last_known_addr { host: "127.25.75.195" port: 33921 } health_report { overall_health: HEALTHY } } }
I20260709 13:11:19.341570 26843 raft_consensus.cc:993] T e03a447543a64432808c9caef0eb727e P d5e32fef862b47e3a08c696c037cea16: : Instructing follower 51c1f4971d4f458f8c54e5ccbbb8d59d to start an election
I20260709 13:11:19.342070 26842 raft_consensus.cc:1081] T e03a447543a64432808c9caef0eb727e P d5e32fef862b47e3a08c696c037cea16 [term 1 LEADER]: Signalling peer 51c1f4971d4f458f8c54e5ccbbb8d59d to start an election
I20260709 13:11:19.343557 26587 tablet_service.cc:2044] Received Run Leader Election RPC: tablet_id: "e03a447543a64432808c9caef0eb727e"
dest_uuid: "51c1f4971d4f458f8c54e5ccbbb8d59d"
 from {username='slave'} at 127.0.0.1:38086
I20260709 13:11:19.343971 26587 raft_consensus.cc:493] T e03a447543a64432808c9caef0eb727e P 51c1f4971d4f458f8c54e5ccbbb8d59d [term 1 FOLLOWER]: Starting forced leader election (received explicit request)
I20260709 13:11:19.344187 26587 raft_consensus.cc:3060] T e03a447543a64432808c9caef0eb727e P 51c1f4971d4f458f8c54e5ccbbb8d59d [term 1 FOLLOWER]: Advancing to term 2
I20260709 13:11:19.348376 26587 raft_consensus.cc:515] T e03a447543a64432808c9caef0eb727e P 51c1f4971d4f458f8c54e5ccbbb8d59d [term 2 FOLLOWER]: Starting forced leader election with config: opid_index: -1 OBSOLETE_local: false peers { permanent_uuid: "d5e32fef862b47e3a08c696c037cea16" member_type: VOTER last_known_addr { host: "127.25.75.193" port: 37815 } } peers { permanent_uuid: "51c1f4971d4f458f8c54e5ccbbb8d59d" member_type: VOTER last_known_addr { host: "127.25.75.194" port: 35759 } } peers { permanent_uuid: "2adcda4bb64247f0bd62e5010806ffe4" member_type: VOTER last_known_addr { host: "127.25.75.195" port: 33921 } }
I20260709 13:11:19.349673 26587 leader_election.cc:290] T e03a447543a64432808c9caef0eb727e P 51c1f4971d4f458f8c54e5ccbbb8d59d [CANDIDATE]: Term 2 election: Requested vote from peers d5e32fef862b47e3a08c696c037cea16 (127.25.75.193:37815), 2adcda4bb64247f0bd62e5010806ffe4 (127.25.75.195:33921)
I20260709 13:11:19.350620 26512 tablet_service.cc:1917] Received RequestConsensusVote() RPC: tablet_id: "e03a447543a64432808c9caef0eb727e" candidate_uuid: "51c1f4971d4f458f8c54e5ccbbb8d59d" candidate_term: 2 candidate_status { last_received { term: 1 index: 1 } } ignore_live_leader: true dest_uuid: "d5e32fef862b47e3a08c696c037cea16"
I20260709 13:11:19.350755 26661 tablet_service.cc:1917] Received RequestConsensusVote() RPC: tablet_id: "e03a447543a64432808c9caef0eb727e" candidate_uuid: "51c1f4971d4f458f8c54e5ccbbb8d59d" candidate_term: 2 candidate_status { last_received { term: 1 index: 1 } } ignore_live_leader: true dest_uuid: "2adcda4bb64247f0bd62e5010806ffe4"
I20260709 13:11:19.351075 26512 raft_consensus.cc:3055] T e03a447543a64432808c9caef0eb727e P d5e32fef862b47e3a08c696c037cea16 [term 1 LEADER]: Stepping down as leader of term 1
I20260709 13:11:19.351262 26661 raft_consensus.cc:3060] T e03a447543a64432808c9caef0eb727e P 2adcda4bb64247f0bd62e5010806ffe4 [term 1 FOLLOWER]: Advancing to term 2
I20260709 13:11:19.351392 26512 raft_consensus.cc:740] T e03a447543a64432808c9caef0eb727e P d5e32fef862b47e3a08c696c037cea16 [term 1 LEADER]: Becoming Follower/Learner. State: Replica: d5e32fef862b47e3a08c696c037cea16, State: Running, Role: LEADER
I20260709 13:11:19.352177 26512 consensus_queue.cc:260] T e03a447543a64432808c9caef0eb727e P d5e32fef862b47e3a08c696c037cea16 [NON_LEADER]: Queue going to NON_LEADER mode. State: All replicated index: 0, Majority replicated index: 1, Committed index: 1, Last appended: 1.1, Last appended by leader: 1, Current term: 1, Majority size: -1, State: 0, Mode: NON_LEADER, active raft config: opid_index: -1 OBSOLETE_local: false peers { permanent_uuid: "d5e32fef862b47e3a08c696c037cea16" member_type: VOTER last_known_addr { host: "127.25.75.193" port: 37815 } } peers { permanent_uuid: "51c1f4971d4f458f8c54e5ccbbb8d59d" member_type: VOTER last_known_addr { host: "127.25.75.194" port: 35759 } } peers { permanent_uuid: "2adcda4bb64247f0bd62e5010806ffe4" member_type: VOTER last_known_addr { host: "127.25.75.195" port: 33921 } }
I20260709 13:11:19.353004 26512 raft_consensus.cc:3060] T e03a447543a64432808c9caef0eb727e P d5e32fef862b47e3a08c696c037cea16 [term 1 FOLLOWER]: Advancing to term 2
I20260709 13:11:19.355786 26661 raft_consensus.cc:2468] T e03a447543a64432808c9caef0eb727e P 2adcda4bb64247f0bd62e5010806ffe4 [term 2 FOLLOWER]: Leader election vote request: Granting yes vote for candidate 51c1f4971d4f458f8c54e5ccbbb8d59d in term 2.
I20260709 13:11:19.356794 26552 leader_election.cc:304] T e03a447543a64432808c9caef0eb727e P 51c1f4971d4f458f8c54e5ccbbb8d59d [CANDIDATE]: Term 2 election: Election decided. Result: candidate won. Election summary: received 2 responses out of 3 voters: 2 yes votes; 0 no votes. yes voters: 2adcda4bb64247f0bd62e5010806ffe4, 51c1f4971d4f458f8c54e5ccbbb8d59d; no voters: 
I20260709 13:11:19.357472 26512 raft_consensus.cc:2468] T e03a447543a64432808c9caef0eb727e P d5e32fef862b47e3a08c696c037cea16 [term 2 FOLLOWER]: Leader election vote request: Granting yes vote for candidate 51c1f4971d4f458f8c54e5ccbbb8d59d in term 2.
I20260709 13:11:19.357515 26821 raft_consensus.cc:2804] T e03a447543a64432808c9caef0eb727e P 51c1f4971d4f458f8c54e5ccbbb8d59d [term 2 FOLLOWER]: Leader election won for term 2
I20260709 13:11:19.358112 26821 raft_consensus.cc:697] T e03a447543a64432808c9caef0eb727e P 51c1f4971d4f458f8c54e5ccbbb8d59d [term 2 LEADER]: Becoming Leader. State: Replica: 51c1f4971d4f458f8c54e5ccbbb8d59d, State: Running, Role: LEADER
I20260709 13:11:19.359004 26821 consensus_queue.cc:237] T e03a447543a64432808c9caef0eb727e P 51c1f4971d4f458f8c54e5ccbbb8d59d [LEADER]: Queue going to LEADER mode. State: All replicated index: 0, Majority replicated index: 1, Committed index: 1, Last appended: 1.1, Last appended by leader: 1, Current term: 2, Majority size: 2, State: 0, Mode: LEADER, active raft config: opid_index: -1 OBSOLETE_local: false peers { permanent_uuid: "d5e32fef862b47e3a08c696c037cea16" member_type: VOTER last_known_addr { host: "127.25.75.193" port: 37815 } } peers { permanent_uuid: "51c1f4971d4f458f8c54e5ccbbb8d59d" member_type: VOTER last_known_addr { host: "127.25.75.194" port: 35759 } } peers { permanent_uuid: "2adcda4bb64247f0bd62e5010806ffe4" member_type: VOTER last_known_addr { host: "127.25.75.195" port: 33921 } }
I20260709 13:11:19.365401 26411 catalog_manager.cc:5697] T e03a447543a64432808c9caef0eb727e P 51c1f4971d4f458f8c54e5ccbbb8d59d reported cstate change: term changed from 1 to 2, leader changed from d5e32fef862b47e3a08c696c037cea16 (127.25.75.193) to 51c1f4971d4f458f8c54e5ccbbb8d59d (127.25.75.194). New cstate: current_term: 2 leader_uuid: "51c1f4971d4f458f8c54e5ccbbb8d59d" committed_config { opid_index: -1 OBSOLETE_local: false peers { permanent_uuid: "d5e32fef862b47e3a08c696c037cea16" member_type: VOTER last_known_addr { host: "127.25.75.193" port: 37815 } health_report { overall_health: UNKNOWN } } peers { permanent_uuid: "51c1f4971d4f458f8c54e5ccbbb8d59d" member_type: VOTER last_known_addr { host: "127.25.75.194" port: 35759 } health_report { overall_health: HEALTHY } } peers { permanent_uuid: "2adcda4bb64247f0bd62e5010806ffe4" member_type: VOTER last_known_addr { host: "127.25.75.195" port: 33921 } health_report { overall_health: UNKNOWN } } }
I20260709 13:11:19.405504 26843 raft_consensus.cc:993] T 35e626fbf813475097c8aee77845e142 P d5e32fef862b47e3a08c696c037cea16: : Instructing follower 2adcda4bb64247f0bd62e5010806ffe4 to start an election
I20260709 13:11:19.405997 26842 raft_consensus.cc:1081] T 35e626fbf813475097c8aee77845e142 P d5e32fef862b47e3a08c696c037cea16 [term 4 LEADER]: Signalling peer 2adcda4bb64247f0bd62e5010806ffe4 to start an election
I20260709 13:11:19.407523 26661 tablet_service.cc:2044] Received Run Leader Election RPC: tablet_id: "35e626fbf813475097c8aee77845e142"
dest_uuid: "2adcda4bb64247f0bd62e5010806ffe4"
 from {username='slave'} at 127.0.0.1:36672
I20260709 13:11:19.408077 26661 raft_consensus.cc:493] T 35e626fbf813475097c8aee77845e142 P 2adcda4bb64247f0bd62e5010806ffe4 [term 4 FOLLOWER]: Starting forced leader election (received explicit request)
I20260709 13:11:19.408337 26661 raft_consensus.cc:3060] T 35e626fbf813475097c8aee77845e142 P 2adcda4bb64247f0bd62e5010806ffe4 [term 4 FOLLOWER]: Advancing to term 5
I20260709 13:11:19.412696 26661 raft_consensus.cc:515] T 35e626fbf813475097c8aee77845e142 P 2adcda4bb64247f0bd62e5010806ffe4 [term 5 FOLLOWER]: Starting forced leader election with config: opid_index: -1 OBSOLETE_local: false peers { permanent_uuid: "d5e32fef862b47e3a08c696c037cea16" member_type: VOTER last_known_addr { host: "127.25.75.193" port: 37815 } } peers { permanent_uuid: "51c1f4971d4f458f8c54e5ccbbb8d59d" member_type: VOTER last_known_addr { host: "127.25.75.194" port: 35759 } } peers { permanent_uuid: "2adcda4bb64247f0bd62e5010806ffe4" member_type: VOTER last_known_addr { host: "127.25.75.195" port: 33921 } }
I20260709 13:11:19.414112 26661 leader_election.cc:290] T 35e626fbf813475097c8aee77845e142 P 2adcda4bb64247f0bd62e5010806ffe4 [CANDIDATE]: Term 5 election: Requested vote from peers d5e32fef862b47e3a08c696c037cea16 (127.25.75.193:37815), 51c1f4971d4f458f8c54e5ccbbb8d59d (127.25.75.194:35759)
I20260709 13:11:19.415059 26512 tablet_service.cc:1917] Received RequestConsensusVote() RPC: tablet_id: "35e626fbf813475097c8aee77845e142" candidate_uuid: "2adcda4bb64247f0bd62e5010806ffe4" candidate_term: 5 candidate_status { last_received { term: 4 index: 4 } } ignore_live_leader: true dest_uuid: "d5e32fef862b47e3a08c696c037cea16"
I20260709 13:11:19.415213 26587 tablet_service.cc:1917] Received RequestConsensusVote() RPC: tablet_id: "35e626fbf813475097c8aee77845e142" candidate_uuid: "2adcda4bb64247f0bd62e5010806ffe4" candidate_term: 5 candidate_status { last_received { term: 4 index: 4 } } ignore_live_leader: true dest_uuid: "51c1f4971d4f458f8c54e5ccbbb8d59d"
I20260709 13:11:19.415603 26512 raft_consensus.cc:3055] T 35e626fbf813475097c8aee77845e142 P d5e32fef862b47e3a08c696c037cea16 [term 4 LEADER]: Stepping down as leader of term 4
I20260709 13:11:19.415715 26587 raft_consensus.cc:3060] T 35e626fbf813475097c8aee77845e142 P 51c1f4971d4f458f8c54e5ccbbb8d59d [term 4 FOLLOWER]: Advancing to term 5
I20260709 13:11:19.415900 26512 raft_consensus.cc:740] T 35e626fbf813475097c8aee77845e142 P d5e32fef862b47e3a08c696c037cea16 [term 4 LEADER]: Becoming Follower/Learner. State: Replica: d5e32fef862b47e3a08c696c037cea16, State: Running, Role: LEADER
I20260709 13:11:19.416637 26512 consensus_queue.cc:260] T 35e626fbf813475097c8aee77845e142 P d5e32fef862b47e3a08c696c037cea16 [NON_LEADER]: Queue going to NON_LEADER mode. State: All replicated index: 0, Majority replicated index: 4, Committed index: 4, Last appended: 4.4, Last appended by leader: 4, Current term: 4, Majority size: -1, State: 0, Mode: NON_LEADER, active raft config: opid_index: -1 OBSOLETE_local: false peers { permanent_uuid: "d5e32fef862b47e3a08c696c037cea16" member_type: VOTER last_known_addr { host: "127.25.75.193" port: 37815 } } peers { permanent_uuid: "51c1f4971d4f458f8c54e5ccbbb8d59d" member_type: VOTER last_known_addr { host: "127.25.75.194" port: 35759 } } peers { permanent_uuid: "2adcda4bb64247f0bd62e5010806ffe4" member_type: VOTER last_known_addr { host: "127.25.75.195" port: 33921 } }
I20260709 13:11:19.417544 26512 raft_consensus.cc:3060] T 35e626fbf813475097c8aee77845e142 P d5e32fef862b47e3a08c696c037cea16 [term 4 FOLLOWER]: Advancing to term 5
I20260709 13:11:19.420332 26587 raft_consensus.cc:2468] T 35e626fbf813475097c8aee77845e142 P 51c1f4971d4f458f8c54e5ccbbb8d59d [term 5 FOLLOWER]: Leader election vote request: Granting yes vote for candidate 2adcda4bb64247f0bd62e5010806ffe4 in term 5.
I20260709 13:11:19.421377 26627 leader_election.cc:304] T 35e626fbf813475097c8aee77845e142 P 2adcda4bb64247f0bd62e5010806ffe4 [CANDIDATE]: Term 5 election: Election decided. Result: candidate won. Election summary: received 2 responses out of 3 voters: 2 yes votes; 0 no votes. yes voters: 2adcda4bb64247f0bd62e5010806ffe4, 51c1f4971d4f458f8c54e5ccbbb8d59d; no voters: 
I20260709 13:11:19.422163 26824 raft_consensus.cc:2804] T 35e626fbf813475097c8aee77845e142 P 2adcda4bb64247f0bd62e5010806ffe4 [term 5 FOLLOWER]: Leader election won for term 5
I20260709 13:11:19.422658 26824 raft_consensus.cc:697] T 35e626fbf813475097c8aee77845e142 P 2adcda4bb64247f0bd62e5010806ffe4 [term 5 LEADER]: Becoming Leader. State: Replica: 2adcda4bb64247f0bd62e5010806ffe4, State: Running, Role: LEADER
I20260709 13:11:19.423768 26512 raft_consensus.cc:2468] T 35e626fbf813475097c8aee77845e142 P d5e32fef862b47e3a08c696c037cea16 [term 5 FOLLOWER]: Leader election vote request: Granting yes vote for candidate 2adcda4bb64247f0bd62e5010806ffe4 in term 5.
I20260709 13:11:19.423448 26824 consensus_queue.cc:237] T 35e626fbf813475097c8aee77845e142 P 2adcda4bb64247f0bd62e5010806ffe4 [LEADER]: Queue going to LEADER mode. State: All replicated index: 0, Majority replicated index: 4, Committed index: 4, Last appended: 4.4, Last appended by leader: 4, Current term: 5, Majority size: 2, State: 0, Mode: LEADER, active raft config: opid_index: -1 OBSOLETE_local: false peers { permanent_uuid: "d5e32fef862b47e3a08c696c037cea16" member_type: VOTER last_known_addr { host: "127.25.75.193" port: 37815 } } peers { permanent_uuid: "51c1f4971d4f458f8c54e5ccbbb8d59d" member_type: VOTER last_known_addr { host: "127.25.75.194" port: 35759 } } peers { permanent_uuid: "2adcda4bb64247f0bd62e5010806ffe4" member_type: VOTER last_known_addr { host: "127.25.75.195" port: 33921 } }
I20260709 13:11:19.432057 26411 catalog_manager.cc:5697] T 35e626fbf813475097c8aee77845e142 P 2adcda4bb64247f0bd62e5010806ffe4 reported cstate change: term changed from 4 to 5, leader changed from d5e32fef862b47e3a08c696c037cea16 (127.25.75.193) to 2adcda4bb64247f0bd62e5010806ffe4 (127.25.75.195). New cstate: current_term: 5 leader_uuid: "2adcda4bb64247f0bd62e5010806ffe4" committed_config { opid_index: -1 OBSOLETE_local: false peers { permanent_uuid: "d5e32fef862b47e3a08c696c037cea16" member_type: VOTER last_known_addr { host: "127.25.75.193" port: 37815 } health_report { overall_health: UNKNOWN } } peers { permanent_uuid: "51c1f4971d4f458f8c54e5ccbbb8d59d" member_type: VOTER last_known_addr { host: "127.25.75.194" port: 35759 } health_report { overall_health: UNKNOWN } } peers { permanent_uuid: "2adcda4bb64247f0bd62e5010806ffe4" member_type: VOTER last_known_addr { host: "127.25.75.195" port: 33921 } health_report { overall_health: HEALTHY } } }
I20260709 13:11:19.674708 26512 raft_consensus.cc:1275] T 083bd03efae240d2a7435251d3b82687 P d5e32fef862b47e3a08c696c037cea16 [term 4 FOLLOWER]: Refusing update from remote peer 51c1f4971d4f458f8c54e5ccbbb8d59d: Log matching property violated. Preceding OpId in replica: term: 3 index: 3. Preceding OpId from leader: term: 4 index: 4. (index mismatch)
I20260709 13:11:19.675783 26821 consensus_queue.cc:1048] T 083bd03efae240d2a7435251d3b82687 P 51c1f4971d4f458f8c54e5ccbbb8d59d [LEADER]: Connected to new peer: Peer: permanent_uuid: "d5e32fef862b47e3a08c696c037cea16" member_type: VOTER last_known_addr { host: "127.25.75.193" port: 37815 }, Status: LMP_MISMATCH, Last received: 0.0, Next index: 4, Last known committed idx: 3, Time since last communication: 0.000s
I20260709 13:11:19.685880 26661 raft_consensus.cc:1275] T 083bd03efae240d2a7435251d3b82687 P 2adcda4bb64247f0bd62e5010806ffe4 [term 4 FOLLOWER]: Refusing update from remote peer 51c1f4971d4f458f8c54e5ccbbb8d59d: Log matching property violated. Preceding OpId in replica: term: 3 index: 3. Preceding OpId from leader: term: 4 index: 4. (index mismatch)
I20260709 13:11:19.687776 26841 consensus_queue.cc:1048] T 083bd03efae240d2a7435251d3b82687 P 51c1f4971d4f458f8c54e5ccbbb8d59d [LEADER]: Connected to new peer: Peer: permanent_uuid: "2adcda4bb64247f0bd62e5010806ffe4" member_type: VOTER last_known_addr { host: "127.25.75.195" port: 33921 }, Status: LMP_MISMATCH, Last received: 0.0, Next index: 4, Last known committed idx: 3, Time since last communication: 0.001s
I20260709 13:11:19.707937 26587 raft_consensus.cc:1275] T 84e9e00361e64c9c8e34fd4da2a9d7c8 P 51c1f4971d4f458f8c54e5ccbbb8d59d [term 4 FOLLOWER]: Refusing update from remote peer 2adcda4bb64247f0bd62e5010806ffe4: Log matching property violated. Preceding OpId in replica: term: 3 index: 3. Preceding OpId from leader: term: 4 index: 4. (index mismatch)
I20260709 13:11:19.709239 26824 consensus_queue.cc:1048] T 84e9e00361e64c9c8e34fd4da2a9d7c8 P 2adcda4bb64247f0bd62e5010806ffe4 [LEADER]: Connected to new peer: Peer: permanent_uuid: "51c1f4971d4f458f8c54e5ccbbb8d59d" member_type: VOTER last_known_addr { host: "127.25.75.194" port: 35759 }, Status: LMP_MISMATCH, Last received: 0.0, Next index: 4, Last known committed idx: 3, Time since last communication: 0.000s
I20260709 13:11:19.718989 26512 raft_consensus.cc:1275] T 84e9e00361e64c9c8e34fd4da2a9d7c8 P d5e32fef862b47e3a08c696c037cea16 [term 4 FOLLOWER]: Refusing update from remote peer 2adcda4bb64247f0bd62e5010806ffe4: Log matching property violated. Preceding OpId in replica: term: 3 index: 3. Preceding OpId from leader: term: 4 index: 4. (index mismatch)
I20260709 13:11:19.720760 26824 consensus_queue.cc:1048] T 84e9e00361e64c9c8e34fd4da2a9d7c8 P 2adcda4bb64247f0bd62e5010806ffe4 [LEADER]: Connected to new peer: Peer: permanent_uuid: "d5e32fef862b47e3a08c696c037cea16" member_type: VOTER last_known_addr { host: "127.25.75.193" port: 37815 }, Status: LMP_MISMATCH, Last received: 0.0, Next index: 4, Last known committed idx: 3, Time since last communication: 0.000s
I20260709 13:11:19.880894 26661 raft_consensus.cc:1275] T e03a447543a64432808c9caef0eb727e P 2adcda4bb64247f0bd62e5010806ffe4 [term 2 FOLLOWER]: Refusing update from remote peer 51c1f4971d4f458f8c54e5ccbbb8d59d: Log matching property violated. Preceding OpId in replica: term: 1 index: 1. Preceding OpId from leader: term: 2 index: 2. (index mismatch)
I20260709 13:11:19.882304 26821 consensus_queue.cc:1048] T e03a447543a64432808c9caef0eb727e P 51c1f4971d4f458f8c54e5ccbbb8d59d [LEADER]: Connected to new peer: Peer: permanent_uuid: "2adcda4bb64247f0bd62e5010806ffe4" member_type: VOTER last_known_addr { host: "127.25.75.195" port: 33921 }, Status: LMP_MISMATCH, Last received: 0.0, Next index: 2, Last known committed idx: 1, Time since last communication: 0.000s
I20260709 13:11:19.890901 26512 raft_consensus.cc:1275] T e03a447543a64432808c9caef0eb727e P d5e32fef862b47e3a08c696c037cea16 [term 2 FOLLOWER]: Refusing update from remote peer 51c1f4971d4f458f8c54e5ccbbb8d59d: Log matching property violated. Preceding OpId in replica: term: 1 index: 1. Preceding OpId from leader: term: 2 index: 2. (index mismatch)
I20260709 13:11:19.892601 26821 consensus_queue.cc:1048] T e03a447543a64432808c9caef0eb727e P 51c1f4971d4f458f8c54e5ccbbb8d59d [LEADER]: Connected to new peer: Peer: permanent_uuid: "d5e32fef862b47e3a08c696c037cea16" member_type: VOTER last_known_addr { host: "127.25.75.193" port: 37815 }, Status: LMP_MISMATCH, Last received: 0.0, Next index: 2, Last known committed idx: 1, Time since last communication: 0.000s
I20260709 13:11:20.012921 26588 raft_consensus.cc:1275] T 35e626fbf813475097c8aee77845e142 P 51c1f4971d4f458f8c54e5ccbbb8d59d [term 5 FOLLOWER]: Refusing update from remote peer 2adcda4bb64247f0bd62e5010806ffe4: Log matching property violated. Preceding OpId in replica: term: 4 index: 4. Preceding OpId from leader: term: 5 index: 5. (index mismatch)
I20260709 13:11:20.014204 26824 consensus_queue.cc:1048] T 35e626fbf813475097c8aee77845e142 P 2adcda4bb64247f0bd62e5010806ffe4 [LEADER]: Connected to new peer: Peer: permanent_uuid: "51c1f4971d4f458f8c54e5ccbbb8d59d" member_type: VOTER last_known_addr { host: "127.25.75.194" port: 35759 }, Status: LMP_MISMATCH, Last received: 0.0, Next index: 5, Last known committed idx: 4, Time since last communication: 0.000s
I20260709 13:11:20.023521 26512 raft_consensus.cc:1275] T 35e626fbf813475097c8aee77845e142 P d5e32fef862b47e3a08c696c037cea16 [term 5 FOLLOWER]: Refusing update from remote peer 2adcda4bb64247f0bd62e5010806ffe4: Log matching property violated. Preceding OpId in replica: term: 4 index: 4. Preceding OpId from leader: term: 5 index: 5. (index mismatch)
I20260709 13:11:20.025372 26824 consensus_queue.cc:1048] T 35e626fbf813475097c8aee77845e142 P 2adcda4bb64247f0bd62e5010806ffe4 [LEADER]: Connected to new peer: Peer: permanent_uuid: "d5e32fef862b47e3a08c696c037cea16" member_type: VOTER last_known_addr { host: "127.25.75.193" port: 37815 }, Status: LMP_MISMATCH, Last received: 0.0, Next index: 5, Last known committed idx: 4, Time since last communication: 0.000s
I20260709 13:11:20.212066 25903 auto_leader_rebalancer.cc:141] leader rebalance for table test-workload
I20260709 13:11:20.217873 25903 tablet_server.cc:179] TabletServer@127.25.75.193:0 shutting down...
W20260709 13:11:20.233829 26554 proxy.cc:239] Call had error, refreshing address and retrying: Remote error: Service unavailable: service kudu.consensus.ConsensusService not registered on TabletServer
W20260709 13:11:20.237951 26554 consensus_peers.cc:597] T 083bd03efae240d2a7435251d3b82687 P 51c1f4971d4f458f8c54e5ccbbb8d59d -> Peer d5e32fef862b47e3a08c696c037cea16 (127.25.75.193:37815): Couldn't send request to peer d5e32fef862b47e3a08c696c037cea16. Status: Remote error: Service unavailable: service kudu.consensus.ConsensusService not registered on TabletServer. This is attempt 1: this message will repeat every 5th retry.
I20260709 13:11:20.246595 25903 ts_tablet_manager.cc:1507] Shutting down tablet manager...
I20260709 13:11:20.247370 25903 tablet_replica.cc:333] T df6ee81c66e44fbdb78263e31881baa7 P d5e32fef862b47e3a08c696c037cea16: stopping tablet replica
I20260709 13:11:20.248098 25903 raft_consensus.cc:2243] T df6ee81c66e44fbdb78263e31881baa7 P d5e32fef862b47e3a08c696c037cea16 [term 3 LEADER]: Raft consensus shutting down.
I20260709 13:11:20.248935 25903 raft_consensus.cc:2272] T df6ee81c66e44fbdb78263e31881baa7 P d5e32fef862b47e3a08c696c037cea16 [term 3 FOLLOWER]: Raft consensus is shut down!
I20260709 13:11:20.251039 25903 tablet_replica.cc:333] T 083bd03efae240d2a7435251d3b82687 P d5e32fef862b47e3a08c696c037cea16: stopping tablet replica
I20260709 13:11:20.251583 25903 raft_consensus.cc:2243] T 083bd03efae240d2a7435251d3b82687 P d5e32fef862b47e3a08c696c037cea16 [term 4 FOLLOWER]: Raft consensus shutting down.
I20260709 13:11:20.252023 25903 raft_consensus.cc:2272] T 083bd03efae240d2a7435251d3b82687 P d5e32fef862b47e3a08c696c037cea16 [term 4 FOLLOWER]: Raft consensus is shut down!
I20260709 13:11:20.254411 25903 tablet_replica.cc:333] T e03a447543a64432808c9caef0eb727e P d5e32fef862b47e3a08c696c037cea16: stopping tablet replica
I20260709 13:11:20.254966 25903 raft_consensus.cc:2243] T e03a447543a64432808c9caef0eb727e P d5e32fef862b47e3a08c696c037cea16 [term 2 FOLLOWER]: Raft consensus shutting down.
I20260709 13:11:20.255390 25903 raft_consensus.cc:2272] T e03a447543a64432808c9caef0eb727e P d5e32fef862b47e3a08c696c037cea16 [term 2 FOLLOWER]: Raft consensus is shut down!
I20260709 13:11:20.257481 25903 tablet_replica.cc:333] T 0bb9052e15664a99b8fcf99965d66c97 P d5e32fef862b47e3a08c696c037cea16: stopping tablet replica
I20260709 13:11:20.257953 25903 raft_consensus.cc:2243] T 0bb9052e15664a99b8fcf99965d66c97 P d5e32fef862b47e3a08c696c037cea16 [term 2 LEADER]: Raft consensus shutting down.
I20260709 13:11:20.258740 25903 raft_consensus.cc:2272] T 0bb9052e15664a99b8fcf99965d66c97 P d5e32fef862b47e3a08c696c037cea16 [term 2 FOLLOWER]: Raft consensus is shut down!
I20260709 13:11:20.260502 25903 tablet_replica.cc:333] T 84e9e00361e64c9c8e34fd4da2a9d7c8 P d5e32fef862b47e3a08c696c037cea16: stopping tablet replica
I20260709 13:11:20.260963 25903 raft_consensus.cc:2243] T 84e9e00361e64c9c8e34fd4da2a9d7c8 P d5e32fef862b47e3a08c696c037cea16 [term 4 FOLLOWER]: Raft consensus shutting down.
I20260709 13:11:20.261328 25903 raft_consensus.cc:2272] T 84e9e00361e64c9c8e34fd4da2a9d7c8 P d5e32fef862b47e3a08c696c037cea16 [term 4 FOLLOWER]: Raft consensus is shut down!
I20260709 13:11:20.263475 25903 tablet_replica.cc:333] T db4be44ad42f4d0e958692af96556e7b P d5e32fef862b47e3a08c696c037cea16: stopping tablet replica
I20260709 13:11:20.264011 25903 raft_consensus.cc:2243] T db4be44ad42f4d0e958692af96556e7b P d5e32fef862b47e3a08c696c037cea16 [term 2 FOLLOWER]: Raft consensus shutting down.
I20260709 13:11:20.264477 25903 raft_consensus.cc:2272] T db4be44ad42f4d0e958692af96556e7b P d5e32fef862b47e3a08c696c037cea16 [term 2 FOLLOWER]: Raft consensus is shut down!
I20260709 13:11:20.266292 25903 tablet_replica.cc:333] T b8ad48db188d49d99119294141d94c9a P d5e32fef862b47e3a08c696c037cea16: stopping tablet replica
I20260709 13:11:20.266772 25903 raft_consensus.cc:2243] T b8ad48db188d49d99119294141d94c9a P d5e32fef862b47e3a08c696c037cea16 [term 1 LEADER]: Raft consensus shutting down.
I20260709 13:11:20.267469 25903 raft_consensus.cc:2272] T b8ad48db188d49d99119294141d94c9a P d5e32fef862b47e3a08c696c037cea16 [term 1 FOLLOWER]: Raft consensus is shut down!
I20260709 13:11:20.269382 25903 tablet_replica.cc:333] T f62203d0231f4e9597b8f49533ba0ca5 P d5e32fef862b47e3a08c696c037cea16: stopping tablet replica
I20260709 13:11:20.269940 25903 raft_consensus.cc:2243] T f62203d0231f4e9597b8f49533ba0ca5 P d5e32fef862b47e3a08c696c037cea16 [term 2 LEADER]: Raft consensus shutting down.
I20260709 13:11:20.270951 25903 raft_consensus.cc:2272] T f62203d0231f4e9597b8f49533ba0ca5 P d5e32fef862b47e3a08c696c037cea16 [term 2 FOLLOWER]: Raft consensus is shut down!
I20260709 13:11:20.272953 25903 tablet_replica.cc:333] T 8b7b7264aa4042d0889ce4729aef499b P d5e32fef862b47e3a08c696c037cea16: stopping tablet replica
I20260709 13:11:20.273509 25903 raft_consensus.cc:2243] T 8b7b7264aa4042d0889ce4729aef499b P d5e32fef862b47e3a08c696c037cea16 [term 1 FOLLOWER]: Raft consensus shutting down.
I20260709 13:11:20.273958 25903 raft_consensus.cc:2272] T 8b7b7264aa4042d0889ce4729aef499b P d5e32fef862b47e3a08c696c037cea16 [term 1 FOLLOWER]: Raft consensus is shut down!
I20260709 13:11:20.276134 25903 tablet_replica.cc:333] T 35e626fbf813475097c8aee77845e142 P d5e32fef862b47e3a08c696c037cea16: stopping tablet replica
I20260709 13:11:20.276679 25903 raft_consensus.cc:2243] T 35e626fbf813475097c8aee77845e142 P d5e32fef862b47e3a08c696c037cea16 [term 5 FOLLOWER]: Raft consensus shutting down.
I20260709 13:11:20.277185 25903 raft_consensus.cc:2272] T 35e626fbf813475097c8aee77845e142 P d5e32fef862b47e3a08c696c037cea16 [term 5 FOLLOWER]: Raft consensus is shut down!
I20260709 13:11:20.307786 25903 tablet_server.cc:196] TabletServer@127.25.75.193:0 shutdown complete.
I20260709 13:11:20.329034 25903 tablet_server.cc:179] TabletServer@127.25.75.194:0 shutting down...
I20260709 13:11:20.351552 25903 ts_tablet_manager.cc:1507] Shutting down tablet manager...
I20260709 13:11:20.352231 25903 tablet_replica.cc:333] T f62203d0231f4e9597b8f49533ba0ca5 P 51c1f4971d4f458f8c54e5ccbbb8d59d: stopping tablet replica
I20260709 13:11:20.352787 25903 raft_consensus.cc:2243] T f62203d0231f4e9597b8f49533ba0ca5 P 51c1f4971d4f458f8c54e5ccbbb8d59d [term 2 FOLLOWER]: Raft consensus shutting down.
I20260709 13:11:20.353277 25903 raft_consensus.cc:2272] T f62203d0231f4e9597b8f49533ba0ca5 P 51c1f4971d4f458f8c54e5ccbbb8d59d [term 2 FOLLOWER]: Raft consensus is shut down!
I20260709 13:11:20.355118 25903 tablet_replica.cc:333] T 35e626fbf813475097c8aee77845e142 P 51c1f4971d4f458f8c54e5ccbbb8d59d: stopping tablet replica
I20260709 13:11:20.355731 25903 raft_consensus.cc:2243] T 35e626fbf813475097c8aee77845e142 P 51c1f4971d4f458f8c54e5ccbbb8d59d [term 5 FOLLOWER]: Raft consensus shutting down.
I20260709 13:11:20.356253 25903 raft_consensus.cc:2272] T 35e626fbf813475097c8aee77845e142 P 51c1f4971d4f458f8c54e5ccbbb8d59d [term 5 FOLLOWER]: Raft consensus is shut down!
I20260709 13:11:20.358408 25903 tablet_replica.cc:333] T 8b7b7264aa4042d0889ce4729aef499b P 51c1f4971d4f458f8c54e5ccbbb8d59d: stopping tablet replica
I20260709 13:11:20.359057 25903 raft_consensus.cc:2243] T 8b7b7264aa4042d0889ce4729aef499b P 51c1f4971d4f458f8c54e5ccbbb8d59d [term 1 FOLLOWER]: Raft consensus shutting down.
I20260709 13:11:20.359588 25903 raft_consensus.cc:2272] T 8b7b7264aa4042d0889ce4729aef499b P 51c1f4971d4f458f8c54e5ccbbb8d59d [term 1 FOLLOWER]: Raft consensus is shut down!
I20260709 13:11:20.362138 25903 tablet_replica.cc:333] T b8ad48db188d49d99119294141d94c9a P 51c1f4971d4f458f8c54e5ccbbb8d59d: stopping tablet replica
I20260709 13:11:20.362818 25903 raft_consensus.cc:2243] T b8ad48db188d49d99119294141d94c9a P 51c1f4971d4f458f8c54e5ccbbb8d59d [term 1 FOLLOWER]: Raft consensus shutting down.
I20260709 13:11:20.363330 25903 raft_consensus.cc:2272] T b8ad48db188d49d99119294141d94c9a P 51c1f4971d4f458f8c54e5ccbbb8d59d [term 1 FOLLOWER]: Raft consensus is shut down!
W20260709 13:11:20.364961 26554 consensus_peers.cc:597] T e03a447543a64432808c9caef0eb727e P 51c1f4971d4f458f8c54e5ccbbb8d59d -> Peer d5e32fef862b47e3a08c696c037cea16 (127.25.75.193:37815): Couldn't send request to peer d5e32fef862b47e3a08c696c037cea16. Status: Network error: Client connection negotiation failed: client connection to 127.25.75.193:37815: connect: Connection refused (error 111). This is attempt 1: this message will repeat every 5th retry.
I20260709 13:11:20.365454 25903 tablet_replica.cc:333] T db4be44ad42f4d0e958692af96556e7b P 51c1f4971d4f458f8c54e5ccbbb8d59d: stopping tablet replica
I20260709 13:11:20.365944 25903 raft_consensus.cc:2243] T db4be44ad42f4d0e958692af96556e7b P 51c1f4971d4f458f8c54e5ccbbb8d59d [term 2 LEADER]: Raft consensus shutting down.
I20260709 13:11:20.366631 25903 raft_consensus.cc:2272] T db4be44ad42f4d0e958692af96556e7b P 51c1f4971d4f458f8c54e5ccbbb8d59d [term 2 FOLLOWER]: Raft consensus is shut down!
I20260709 13:11:20.368224 25903 tablet_replica.cc:333] T e03a447543a64432808c9caef0eb727e P 51c1f4971d4f458f8c54e5ccbbb8d59d: stopping tablet replica
I20260709 13:11:20.368660 25903 raft_consensus.cc:2243] T e03a447543a64432808c9caef0eb727e P 51c1f4971d4f458f8c54e5ccbbb8d59d [term 2 LEADER]: Raft consensus shutting down.
I20260709 13:11:20.369266 25903 raft_consensus.cc:2272] T e03a447543a64432808c9caef0eb727e P 51c1f4971d4f458f8c54e5ccbbb8d59d [term 2 FOLLOWER]: Raft consensus is shut down!
I20260709 13:11:20.371156 25903 tablet_replica.cc:333] T 84e9e00361e64c9c8e34fd4da2a9d7c8 P 51c1f4971d4f458f8c54e5ccbbb8d59d: stopping tablet replica
I20260709 13:11:20.371598 25903 raft_consensus.cc:2243] T 84e9e00361e64c9c8e34fd4da2a9d7c8 P 51c1f4971d4f458f8c54e5ccbbb8d59d [term 4 FOLLOWER]: Raft consensus shutting down.
I20260709 13:11:20.371941 25903 raft_consensus.cc:2272] T 84e9e00361e64c9c8e34fd4da2a9d7c8 P 51c1f4971d4f458f8c54e5ccbbb8d59d [term 4 FOLLOWER]: Raft consensus is shut down!
I20260709 13:11:20.373680 25903 tablet_replica.cc:333] T 0bb9052e15664a99b8fcf99965d66c97 P 51c1f4971d4f458f8c54e5ccbbb8d59d: stopping tablet replica
I20260709 13:11:20.374191 25903 raft_consensus.cc:2243] T 0bb9052e15664a99b8fcf99965d66c97 P 51c1f4971d4f458f8c54e5ccbbb8d59d [term 2 FOLLOWER]: Raft consensus shutting down.
I20260709 13:11:20.374562 25903 raft_consensus.cc:2272] T 0bb9052e15664a99b8fcf99965d66c97 P 51c1f4971d4f458f8c54e5ccbbb8d59d [term 2 FOLLOWER]: Raft consensus is shut down!
I20260709 13:11:20.375979 25903 tablet_replica.cc:333] T df6ee81c66e44fbdb78263e31881baa7 P 51c1f4971d4f458f8c54e5ccbbb8d59d: stopping tablet replica
I20260709 13:11:20.376389 25903 raft_consensus.cc:2243] T df6ee81c66e44fbdb78263e31881baa7 P 51c1f4971d4f458f8c54e5ccbbb8d59d [term 3 FOLLOWER]: Raft consensus shutting down.
I20260709 13:11:20.376698 25903 raft_consensus.cc:2272] T df6ee81c66e44fbdb78263e31881baa7 P 51c1f4971d4f458f8c54e5ccbbb8d59d [term 3 FOLLOWER]: Raft consensus is shut down!
I20260709 13:11:20.378247 25903 tablet_replica.cc:333] T 083bd03efae240d2a7435251d3b82687 P 51c1f4971d4f458f8c54e5ccbbb8d59d: stopping tablet replica
I20260709 13:11:20.378628 25903 raft_consensus.cc:2243] T 083bd03efae240d2a7435251d3b82687 P 51c1f4971d4f458f8c54e5ccbbb8d59d [term 4 LEADER]: Raft consensus shutting down.
I20260709 13:11:20.379216 25903 raft_consensus.cc:2272] T 083bd03efae240d2a7435251d3b82687 P 51c1f4971d4f458f8c54e5ccbbb8d59d [term 4 FOLLOWER]: Raft consensus is shut down!
I20260709 13:11:20.398730 25903 tablet_server.cc:196] TabletServer@127.25.75.194:0 shutdown complete.
I20260709 13:11:20.417613 25903 tablet_server.cc:179] TabletServer@127.25.75.195:0 shutting down...
W20260709 13:11:20.439525 26627 consensus_peers.cc:597] T 35e626fbf813475097c8aee77845e142 P 2adcda4bb64247f0bd62e5010806ffe4 -> Peer 51c1f4971d4f458f8c54e5ccbbb8d59d (127.25.75.194:35759): Couldn't send request to peer 51c1f4971d4f458f8c54e5ccbbb8d59d. Status: Network error: Client connection negotiation failed: client connection to 127.25.75.194:35759: connect: Connection refused (error 111). This is attempt 1: this message will repeat every 5th retry.
I20260709 13:11:20.452082 25903 ts_tablet_manager.cc:1507] Shutting down tablet manager...
I20260709 13:11:20.452975 25903 tablet_replica.cc:333] T e03a447543a64432808c9caef0eb727e P 2adcda4bb64247f0bd62e5010806ffe4: stopping tablet replica
I20260709 13:11:20.453804 25903 raft_consensus.cc:2243] T e03a447543a64432808c9caef0eb727e P 2adcda4bb64247f0bd62e5010806ffe4 [term 2 FOLLOWER]: Raft consensus shutting down.
I20260709 13:11:20.454371 25903 raft_consensus.cc:2272] T e03a447543a64432808c9caef0eb727e P 2adcda4bb64247f0bd62e5010806ffe4 [term 2 FOLLOWER]: Raft consensus is shut down!
