I20260709 13:11:19.201458  3864 catalog_manager.cc:5697] T 9b671ff3509345338fb7a6a646a64a76 P 40140fb62af743c495e157e6bd0231cc reported cstate change: term changed from 1 to 2, leader changed from c6b49cf13c3249009416543bf5455198 (127.3.58.193) to 40140fb62af743c495e157e6bd0231cc (127.3.58.194). New cstate: current_term: 2 leader_uuid: "40140fb62af743c495e157e6bd0231cc" committed_config { opid_index: -1 OBSOLETE_local: false peers { permanent_uuid: "59f7394efc564d30a8709214b8e2789a" member_type: VOTER last_known_addr { host: "127.3.58.195" port: 45859 } health_report { overall_health: UNKNOWN } } peers { permanent_uuid: "c6b49cf13c3249009416543bf5455198" member_type: VOTER last_known_addr { host: "127.3.58.193" port: 36001 } health_report { overall_health: UNKNOWN } } peers { permanent_uuid: "40140fb62af743c495e157e6bd0231cc" member_type: VOTER last_known_addr { host: "127.3.58.194" port: 43729 } health_report { overall_health: HEALTHY } } }
I20260709 13:11:19.220346  4307 raft_consensus.cc:993] T f71c350b594e4dc5a443982109f53170 P c6b49cf13c3249009416543bf5455198: : Instructing follower 59f7394efc564d30a8709214b8e2789a to start an election
I20260709 13:11:19.220726  4308 raft_consensus.cc:1081] T f71c350b594e4dc5a443982109f53170 P c6b49cf13c3249009416543bf5455198 [term 3 LEADER]: Signalling peer 59f7394efc564d30a8709214b8e2789a to start an election
I20260709 13:11:19.221895  4115 tablet_service.cc:2044] Received Run Leader Election RPC: tablet_id: "f71c350b594e4dc5a443982109f53170"
dest_uuid: "59f7394efc564d30a8709214b8e2789a"
 from {username='slave'} at 127.0.0.1:33012
I20260709 13:11:19.222276  4115 raft_consensus.cc:493] T f71c350b594e4dc5a443982109f53170 P 59f7394efc564d30a8709214b8e2789a [term 3 FOLLOWER]: Starting forced leader election (received explicit request)
I20260709 13:11:19.222513  4115 raft_consensus.cc:3060] T f71c350b594e4dc5a443982109f53170 P 59f7394efc564d30a8709214b8e2789a [term 3 FOLLOWER]: Advancing to term 4
I20260709 13:11:19.226511  4115 raft_consensus.cc:515] T f71c350b594e4dc5a443982109f53170 P 59f7394efc564d30a8709214b8e2789a [term 4 FOLLOWER]: Starting forced leader election with config: opid_index: -1 OBSOLETE_local: false peers { permanent_uuid: "c6b49cf13c3249009416543bf5455198" member_type: VOTER last_known_addr { host: "127.3.58.193" port: 36001 } } peers { permanent_uuid: "40140fb62af743c495e157e6bd0231cc" member_type: VOTER last_known_addr { host: "127.3.58.194" port: 43729 } } peers { permanent_uuid: "59f7394efc564d30a8709214b8e2789a" member_type: VOTER last_known_addr { host: "127.3.58.195" port: 45859 } }
I20260709 13:11:19.228041  4115 leader_election.cc:290] T f71c350b594e4dc5a443982109f53170 P 59f7394efc564d30a8709214b8e2789a [CANDIDATE]: Term 4 election: Requested vote from peers c6b49cf13c3249009416543bf5455198 (127.3.58.193:36001), 40140fb62af743c495e157e6bd0231cc (127.3.58.194:43729)
I20260709 13:11:19.229030  4042 tablet_service.cc:1917] Received RequestConsensusVote() RPC: tablet_id: "f71c350b594e4dc5a443982109f53170" candidate_uuid: "59f7394efc564d30a8709214b8e2789a" candidate_term: 4 candidate_status { last_received { term: 3 index: 3 } } ignore_live_leader: true dest_uuid: "40140fb62af743c495e157e6bd0231cc"
I20260709 13:11:19.229101  3967 tablet_service.cc:1917] Received RequestConsensusVote() RPC: tablet_id: "f71c350b594e4dc5a443982109f53170" candidate_uuid: "59f7394efc564d30a8709214b8e2789a" candidate_term: 4 candidate_status { last_received { term: 3 index: 3 } } ignore_live_leader: true dest_uuid: "c6b49cf13c3249009416543bf5455198"
I20260709 13:11:19.229697  4042 raft_consensus.cc:3060] T f71c350b594e4dc5a443982109f53170 P 40140fb62af743c495e157e6bd0231cc [term 3 FOLLOWER]: Advancing to term 4
I20260709 13:11:19.229765  3967 raft_consensus.cc:3055] T f71c350b594e4dc5a443982109f53170 P c6b49cf13c3249009416543bf5455198 [term 3 LEADER]: Stepping down as leader of term 3
I20260709 13:11:19.230115  3967 raft_consensus.cc:740] T f71c350b594e4dc5a443982109f53170 P c6b49cf13c3249009416543bf5455198 [term 3 LEADER]: Becoming Follower/Learner. State: Replica: c6b49cf13c3249009416543bf5455198, State: Running, Role: LEADER
I20260709 13:11:19.230854  3967 consensus_queue.cc:260] T f71c350b594e4dc5a443982109f53170 P c6b49cf13c3249009416543bf5455198 [NON_LEADER]: Queue going to NON_LEADER mode. State: All replicated index: 0, Majority replicated index: 3, Committed index: 3, Last appended: 3.3, Last appended by leader: 3, Current term: 3, Majority size: -1, State: 0, Mode: NON_LEADER, active raft config: opid_index: -1 OBSOLETE_local: false peers { permanent_uuid: "c6b49cf13c3249009416543bf5455198" member_type: VOTER last_known_addr { host: "127.3.58.193" port: 36001 } } peers { permanent_uuid: "40140fb62af743c495e157e6bd0231cc" member_type: VOTER last_known_addr { host: "127.3.58.194" port: 43729 } } peers { permanent_uuid: "59f7394efc564d30a8709214b8e2789a" member_type: VOTER last_known_addr { host: "127.3.58.195" port: 45859 } }
I20260709 13:11:19.231918  3967 raft_consensus.cc:3060] T f71c350b594e4dc5a443982109f53170 P c6b49cf13c3249009416543bf5455198 [term 3 FOLLOWER]: Advancing to term 4
I20260709 13:11:19.235962  4042 raft_consensus.cc:2468] T f71c350b594e4dc5a443982109f53170 P 40140fb62af743c495e157e6bd0231cc [term 4 FOLLOWER]: Leader election vote request: Granting yes vote for candidate 59f7394efc564d30a8709214b8e2789a in term 4.
I20260709 13:11:19.236892  4081 leader_election.cc:304] T f71c350b594e4dc5a443982109f53170 P 59f7394efc564d30a8709214b8e2789a [CANDIDATE]: Term 4 election: Election decided. Result: candidate won. Election summary: received 2 responses out of 3 voters: 2 yes votes; 0 no votes. yes voters: 40140fb62af743c495e157e6bd0231cc, 59f7394efc564d30a8709214b8e2789a; no voters: 
I20260709 13:11:19.237584  4280 raft_consensus.cc:2804] T f71c350b594e4dc5a443982109f53170 P 59f7394efc564d30a8709214b8e2789a [term 4 FOLLOWER]: Leader election won for term 4
I20260709 13:11:19.237703  3967 raft_consensus.cc:2468] T f71c350b594e4dc5a443982109f53170 P c6b49cf13c3249009416543bf5455198 [term 4 FOLLOWER]: Leader election vote request: Granting yes vote for candidate 59f7394efc564d30a8709214b8e2789a in term 4.
I20260709 13:11:19.238003  4280 raft_consensus.cc:697] T f71c350b594e4dc5a443982109f53170 P 59f7394efc564d30a8709214b8e2789a [term 4 LEADER]: Becoming Leader. State: Replica: 59f7394efc564d30a8709214b8e2789a, State: Running, Role: LEADER
I20260709 13:11:19.238848  4280 consensus_queue.cc:237] T f71c350b594e4dc5a443982109f53170 P 59f7394efc564d30a8709214b8e2789a [LEADER]: Queue going to LEADER mode. State: All replicated index: 0, Majority replicated index: 3, Committed index: 3, Last appended: 3.3, Last appended by leader: 3, Current term: 4, Majority size: 2, State: 0, Mode: LEADER, active raft config: opid_index: -1 OBSOLETE_local: false peers { permanent_uuid: "c6b49cf13c3249009416543bf5455198" member_type: VOTER last_known_addr { host: "127.3.58.193" port: 36001 } } peers { permanent_uuid: "40140fb62af743c495e157e6bd0231cc" member_type: VOTER last_known_addr { host: "127.3.58.194" port: 43729 } } peers { permanent_uuid: "59f7394efc564d30a8709214b8e2789a" member_type: VOTER last_known_addr { host: "127.3.58.195" port: 45859 } }
I20260709 13:11:19.245088  3864 catalog_manager.cc:5697] T f71c350b594e4dc5a443982109f53170 P 59f7394efc564d30a8709214b8e2789a reported cstate change: term changed from 3 to 4, leader changed from c6b49cf13c3249009416543bf5455198 (127.3.58.193) to 59f7394efc564d30a8709214b8e2789a (127.3.58.195). New cstate: current_term: 4 leader_uuid: "59f7394efc564d30a8709214b8e2789a" committed_config { opid_index: -1 OBSOLETE_local: false peers { permanent_uuid: "c6b49cf13c3249009416543bf5455198" member_type: VOTER last_known_addr { host: "127.3.58.193" port: 36001 } health_report { overall_health: UNKNOWN } } peers { permanent_uuid: "40140fb62af743c495e157e6bd0231cc" member_type: VOTER last_known_addr { host: "127.3.58.194" port: 43729 } health_report { overall_health: UNKNOWN } } peers { permanent_uuid: "59f7394efc564d30a8709214b8e2789a" member_type: VOTER last_known_addr { host: "127.3.58.195" port: 45859 } health_report { overall_health: HEALTHY } } }
I20260709 13:11:19.450534  4307 raft_consensus.cc:993] T 8df4cd152d264e868830389aa7dd0c73 P c6b49cf13c3249009416543bf5455198: : Instructing follower 40140fb62af743c495e157e6bd0231cc to start an election
I20260709 13:11:19.450937  4308 raft_consensus.cc:1081] T 8df4cd152d264e868830389aa7dd0c73 P c6b49cf13c3249009416543bf5455198 [term 1 LEADER]: Signalling peer 40140fb62af743c495e157e6bd0231cc to start an election
I20260709 13:11:19.452190  4042 tablet_service.cc:2044] Received Run Leader Election RPC: tablet_id: "8df4cd152d264e868830389aa7dd0c73"
dest_uuid: "40140fb62af743c495e157e6bd0231cc"
 from {username='slave'} at 127.0.0.1:58466
I20260709 13:11:19.452621  4042 raft_consensus.cc:493] T 8df4cd152d264e868830389aa7dd0c73 P 40140fb62af743c495e157e6bd0231cc [term 1 FOLLOWER]: Starting forced leader election (received explicit request)
I20260709 13:11:19.452895  4042 raft_consensus.cc:3060] T 8df4cd152d264e868830389aa7dd0c73 P 40140fb62af743c495e157e6bd0231cc [term 1 FOLLOWER]: Advancing to term 2
I20260709 13:11:19.457262  4042 raft_consensus.cc:515] T 8df4cd152d264e868830389aa7dd0c73 P 40140fb62af743c495e157e6bd0231cc [term 2 FOLLOWER]: Starting forced leader election with config: opid_index: -1 OBSOLETE_local: false peers { permanent_uuid: "c6b49cf13c3249009416543bf5455198" member_type: VOTER last_known_addr { host: "127.3.58.193" port: 36001 } } peers { permanent_uuid: "40140fb62af743c495e157e6bd0231cc" member_type: VOTER last_known_addr { host: "127.3.58.194" port: 43729 } } peers { permanent_uuid: "59f7394efc564d30a8709214b8e2789a" member_type: VOTER last_known_addr { host: "127.3.58.195" port: 45859 } }
I20260709 13:11:19.458850  4042 leader_election.cc:290] T 8df4cd152d264e868830389aa7dd0c73 P 40140fb62af743c495e157e6bd0231cc [CANDIDATE]: Term 2 election: Requested vote from peers c6b49cf13c3249009416543bf5455198 (127.3.58.193:36001), 59f7394efc564d30a8709214b8e2789a (127.3.58.195:45859)
I20260709 13:11:19.459524  3967 tablet_service.cc:1917] Received RequestConsensusVote() RPC: tablet_id: "8df4cd152d264e868830389aa7dd0c73" candidate_uuid: "40140fb62af743c495e157e6bd0231cc" candidate_term: 2 candidate_status { last_received { term: 1 index: 1 } } ignore_live_leader: true dest_uuid: "c6b49cf13c3249009416543bf5455198"
I20260709 13:11:19.459856  4115 tablet_service.cc:1917] Received RequestConsensusVote() RPC: tablet_id: "8df4cd152d264e868830389aa7dd0c73" candidate_uuid: "40140fb62af743c495e157e6bd0231cc" candidate_term: 2 candidate_status { last_received { term: 1 index: 1 } } ignore_live_leader: true dest_uuid: "59f7394efc564d30a8709214b8e2789a"
I20260709 13:11:19.460074  3967 raft_consensus.cc:3055] T 8df4cd152d264e868830389aa7dd0c73 P c6b49cf13c3249009416543bf5455198 [term 1 LEADER]: Stepping down as leader of term 1
I20260709 13:11:19.460345  4115 raft_consensus.cc:3060] T 8df4cd152d264e868830389aa7dd0c73 P 59f7394efc564d30a8709214b8e2789a [term 1 FOLLOWER]: Advancing to term 2
I20260709 13:11:19.460358  3967 raft_consensus.cc:740] T 8df4cd152d264e868830389aa7dd0c73 P c6b49cf13c3249009416543bf5455198 [term 1 LEADER]: Becoming Follower/Learner. State: Replica: c6b49cf13c3249009416543bf5455198, State: Running, Role: LEADER
I20260709 13:11:19.461259  3967 consensus_queue.cc:260] T 8df4cd152d264e868830389aa7dd0c73 P c6b49cf13c3249009416543bf5455198 [NON_LEADER]: Queue going to NON_LEADER mode. State: All replicated index: 0, Majority replicated index: 1, Committed index: 1, Last appended: 1.1, Last appended by leader: 1, Current term: 1, Majority size: -1, State: 0, Mode: NON_LEADER, active raft config: opid_index: -1 OBSOLETE_local: false peers { permanent_uuid: "c6b49cf13c3249009416543bf5455198" member_type: VOTER last_known_addr { host: "127.3.58.193" port: 36001 } } peers { permanent_uuid: "40140fb62af743c495e157e6bd0231cc" member_type: VOTER last_known_addr { host: "127.3.58.194" port: 43729 } } peers { permanent_uuid: "59f7394efc564d30a8709214b8e2789a" member_type: VOTER last_known_addr { host: "127.3.58.195" port: 45859 } }
I20260709 13:11:19.462386  3967 raft_consensus.cc:3060] T 8df4cd152d264e868830389aa7dd0c73 P c6b49cf13c3249009416543bf5455198 [term 1 FOLLOWER]: Advancing to term 2
I20260709 13:11:19.466383  4115 raft_consensus.cc:2468] T 8df4cd152d264e868830389aa7dd0c73 P 59f7394efc564d30a8709214b8e2789a [term 2 FOLLOWER]: Leader election vote request: Granting yes vote for candidate 40140fb62af743c495e157e6bd0231cc in term 2.
I20260709 13:11:19.467383  4006 leader_election.cc:304] T 8df4cd152d264e868830389aa7dd0c73 P 40140fb62af743c495e157e6bd0231cc [CANDIDATE]: Term 2 election: Election decided. Result: candidate won. Election summary: received 2 responses out of 3 voters: 2 yes votes; 0 no votes. yes voters: 40140fb62af743c495e157e6bd0231cc, 59f7394efc564d30a8709214b8e2789a; no voters: 
I20260709 13:11:19.467821  3967 raft_consensus.cc:2468] T 8df4cd152d264e868830389aa7dd0c73 P c6b49cf13c3249009416543bf5455198 [term 2 FOLLOWER]: Leader election vote request: Granting yes vote for candidate 40140fb62af743c495e157e6bd0231cc in term 2.
I20260709 13:11:19.468007  4275 raft_consensus.cc:2804] T 8df4cd152d264e868830389aa7dd0c73 P 40140fb62af743c495e157e6bd0231cc [term 2 FOLLOWER]: Leader election won for term 2
I20260709 13:11:19.468441  4275 raft_consensus.cc:697] T 8df4cd152d264e868830389aa7dd0c73 P 40140fb62af743c495e157e6bd0231cc [term 2 LEADER]: Becoming Leader. State: Replica: 40140fb62af743c495e157e6bd0231cc, State: Running, Role: LEADER
I20260709 13:11:19.469167  4275 consensus_queue.cc:237] T 8df4cd152d264e868830389aa7dd0c73 P 40140fb62af743c495e157e6bd0231cc [LEADER]: Queue going to LEADER mode. State: All replicated index: 0, Majority replicated index: 1, Committed index: 1, Last appended: 1.1, Last appended by leader: 1, Current term: 2, Majority size: 2, State: 0, Mode: LEADER, active raft config: opid_index: -1 OBSOLETE_local: false peers { permanent_uuid: "c6b49cf13c3249009416543bf5455198" member_type: VOTER last_known_addr { host: "127.3.58.193" port: 36001 } } peers { permanent_uuid: "40140fb62af743c495e157e6bd0231cc" member_type: VOTER last_known_addr { host: "127.3.58.194" port: 43729 } } peers { permanent_uuid: "59f7394efc564d30a8709214b8e2789a" member_type: VOTER last_known_addr { host: "127.3.58.195" port: 45859 } }
I20260709 13:11:19.475962  3864 catalog_manager.cc:5697] T 8df4cd152d264e868830389aa7dd0c73 P 40140fb62af743c495e157e6bd0231cc reported cstate change: term changed from 1 to 2, leader changed from c6b49cf13c3249009416543bf5455198 (127.3.58.193) to 40140fb62af743c495e157e6bd0231cc (127.3.58.194). New cstate: current_term: 2 leader_uuid: "40140fb62af743c495e157e6bd0231cc" committed_config { opid_index: -1 OBSOLETE_local: false peers { permanent_uuid: "c6b49cf13c3249009416543bf5455198" member_type: VOTER last_known_addr { host: "127.3.58.193" port: 36001 } health_report { overall_health: UNKNOWN } } peers { permanent_uuid: "40140fb62af743c495e157e6bd0231cc" member_type: VOTER last_known_addr { host: "127.3.58.194" port: 43729 } health_report { overall_health: HEALTHY } } peers { permanent_uuid: "59f7394efc564d30a8709214b8e2789a" member_type: VOTER last_known_addr { host: "127.3.58.195" port: 45859 } health_report { overall_health: UNKNOWN } } }
I20260709 13:11:19.621163  3967 raft_consensus.cc:1275] T f71c350b594e4dc5a443982109f53170 P c6b49cf13c3249009416543bf5455198 [term 4 FOLLOWER]: Refusing update from remote peer 59f7394efc564d30a8709214b8e2789a: Log matching property violated. Preceding OpId in replica: term: 3 index: 3. Preceding OpId from leader: term: 4 index: 4. (index mismatch)
I20260709 13:11:19.622237  4280 consensus_queue.cc:1048] T f71c350b594e4dc5a443982109f53170 P 59f7394efc564d30a8709214b8e2789a [LEADER]: Connected to new peer: Peer: permanent_uuid: "c6b49cf13c3249009416543bf5455198" member_type: VOTER last_known_addr { host: "127.3.58.193" port: 36001 }, Status: LMP_MISMATCH, Last received: 0.0, Next index: 4, Last known committed idx: 3, Time since last communication: 0.000s
I20260709 13:11:19.631990  4042 raft_consensus.cc:1275] T f71c350b594e4dc5a443982109f53170 P 40140fb62af743c495e157e6bd0231cc [term 4 FOLLOWER]: Refusing update from remote peer 59f7394efc564d30a8709214b8e2789a: Log matching property violated. Preceding OpId in replica: term: 3 index: 3. Preceding OpId from leader: term: 4 index: 4. (index mismatch)
I20260709 13:11:19.634130  4322 consensus_queue.cc:1048] T f71c350b594e4dc5a443982109f53170 P 59f7394efc564d30a8709214b8e2789a [LEADER]: Connected to new peer: Peer: permanent_uuid: "40140fb62af743c495e157e6bd0231cc" member_type: VOTER last_known_addr { host: "127.3.58.194" port: 43729 }, Status: LMP_MISMATCH, Last received: 0.0, Next index: 4, Last known committed idx: 3, Time since last communication: 0.000s
I20260709 13:11:19.700830  4042 raft_consensus.cc:1275] T 363c41379cb047298ccae9a6e88f14a1 P 40140fb62af743c495e157e6bd0231cc [term 3 FOLLOWER]: Refusing update from remote peer 59f7394efc564d30a8709214b8e2789a: Log matching property violated. Preceding OpId in replica: term: 2 index: 2. Preceding OpId from leader: term: 3 index: 3. (index mismatch)
I20260709 13:11:19.701861  4322 consensus_queue.cc:1048] T 363c41379cb047298ccae9a6e88f14a1 P 59f7394efc564d30a8709214b8e2789a [LEADER]: Connected to new peer: Peer: permanent_uuid: "40140fb62af743c495e157e6bd0231cc" member_type: VOTER last_known_addr { host: "127.3.58.194" port: 43729 }, Status: LMP_MISMATCH, Last received: 0.0, Next index: 3, Last known committed idx: 2, Time since last communication: 0.000s
I20260709 13:11:19.709553  3967 raft_consensus.cc:1275] T 363c41379cb047298ccae9a6e88f14a1 P c6b49cf13c3249009416543bf5455198 [term 3 FOLLOWER]: Refusing update from remote peer 59f7394efc564d30a8709214b8e2789a: Log matching property violated. Preceding OpId in replica: term: 2 index: 2. Preceding OpId from leader: term: 3 index: 3. (index mismatch)
I20260709 13:11:19.711272  4280 consensus_queue.cc:1048] T 363c41379cb047298ccae9a6e88f14a1 P 59f7394efc564d30a8709214b8e2789a [LEADER]: Connected to new peer: Peer: permanent_uuid: "c6b49cf13c3249009416543bf5455198" member_type: VOTER last_known_addr { host: "127.3.58.193" port: 36001 }, Status: LMP_MISMATCH, Last received: 0.0, Next index: 3, Last known committed idx: 2, Time since last communication: 0.000s
I20260709 13:11:19.714251  4115 raft_consensus.cc:1275] T 9b671ff3509345338fb7a6a646a64a76 P 59f7394efc564d30a8709214b8e2789a [term 2 FOLLOWER]: Refusing update from remote peer 40140fb62af743c495e157e6bd0231cc: Log matching property violated. Preceding OpId in replica: term: 1 index: 1. Preceding OpId from leader: term: 2 index: 2. (index mismatch)
I20260709 13:11:19.715687  4275 consensus_queue.cc:1048] T 9b671ff3509345338fb7a6a646a64a76 P 40140fb62af743c495e157e6bd0231cc [LEADER]: Connected to new peer: Peer: permanent_uuid: "59f7394efc564d30a8709214b8e2789a" member_type: VOTER last_known_addr { host: "127.3.58.195" port: 45859 }, Status: LMP_MISMATCH, Last received: 0.0, Next index: 2, Last known committed idx: 1, Time since last communication: 0.000s
I20260709 13:11:19.725900  3967 raft_consensus.cc:1275] T 9b671ff3509345338fb7a6a646a64a76 P c6b49cf13c3249009416543bf5455198 [term 2 FOLLOWER]: Refusing update from remote peer 40140fb62af743c495e157e6bd0231cc: Log matching property violated. Preceding OpId in replica: term: 1 index: 1. Preceding OpId from leader: term: 2 index: 2. (index mismatch)
I20260709 13:11:19.727404  4275 consensus_queue.cc:1048] T 9b671ff3509345338fb7a6a646a64a76 P 40140fb62af743c495e157e6bd0231cc [LEADER]: Connected to new peer: Peer: permanent_uuid: "c6b49cf13c3249009416543bf5455198" member_type: VOTER last_known_addr { host: "127.3.58.193" port: 36001 }, Status: LMP_MISMATCH, Last received: 0.0, Next index: 2, Last known committed idx: 1, Time since last communication: 0.000s
I20260709 13:11:19.930162  3967 raft_consensus.cc:1275] T 8df4cd152d264e868830389aa7dd0c73 P c6b49cf13c3249009416543bf5455198 [term 2 FOLLOWER]: Refusing update from remote peer 40140fb62af743c495e157e6bd0231cc: Log matching property violated. Preceding OpId in replica: term: 1 index: 1. Preceding OpId from leader: term: 2 index: 2. (index mismatch)
I20260709 13:11:19.931252  4315 consensus_queue.cc:1048] T 8df4cd152d264e868830389aa7dd0c73 P 40140fb62af743c495e157e6bd0231cc [LEADER]: Connected to new peer: Peer: permanent_uuid: "c6b49cf13c3249009416543bf5455198" member_type: VOTER last_known_addr { host: "127.3.58.193" port: 36001 }, Status: LMP_MISMATCH, Last received: 0.0, Next index: 2, Last known committed idx: 1, Time since last communication: 0.000s
I20260709 13:11:19.940155  4115 raft_consensus.cc:1275] T 8df4cd152d264e868830389aa7dd0c73 P 59f7394efc564d30a8709214b8e2789a [term 2 FOLLOWER]: Refusing update from remote peer 40140fb62af743c495e157e6bd0231cc: Log matching property violated. Preceding OpId in replica: term: 1 index: 1. Preceding OpId from leader: term: 2 index: 2. (index mismatch)
I20260709 13:11:19.940779  3307 auto_leader_rebalancer.cc:141] leader rebalance for table test-workload
I20260709 13:11:19.941607  4329 consensus_queue.cc:1048] T 8df4cd152d264e868830389aa7dd0c73 P 40140fb62af743c495e157e6bd0231cc [LEADER]: Connected to new peer: Peer: permanent_uuid: "59f7394efc564d30a8709214b8e2789a" member_type: VOTER last_known_addr { host: "127.3.58.195" port: 45859 }, Status: LMP_MISMATCH, Last received: 0.0, Next index: 2, Last known committed idx: 1, Time since last communication: 0.000s
I20260709 13:11:19.950968  3307 tablet_server.cc:179] TabletServer@127.3.58.193:0 shutting down...
I20260709 13:11:19.977130  3307 ts_tablet_manager.cc:1507] Shutting down tablet manager...
I20260709 13:11:19.977823  3307 tablet_replica.cc:333] T dd1217ff3c3a4b969f661fddd1a7444e P c6b49cf13c3249009416543bf5455198: stopping tablet replica
I20260709 13:11:19.978387  3307 raft_consensus.cc:2243] T dd1217ff3c3a4b969f661fddd1a7444e P c6b49cf13c3249009416543bf5455198 [term 1 FOLLOWER]: Raft consensus shutting down.
I20260709 13:11:19.978833  3307 raft_consensus.cc:2272] T dd1217ff3c3a4b969f661fddd1a7444e P c6b49cf13c3249009416543bf5455198 [term 1 FOLLOWER]: Raft consensus is shut down!
I20260709 13:11:19.980645  3307 tablet_replica.cc:333] T f71c350b594e4dc5a443982109f53170 P c6b49cf13c3249009416543bf5455198: stopping tablet replica
I20260709 13:11:19.981160  3307 raft_consensus.cc:2243] T f71c350b594e4dc5a443982109f53170 P c6b49cf13c3249009416543bf5455198 [term 4 FOLLOWER]: Raft consensus shutting down.
I20260709 13:11:19.981581  3307 raft_consensus.cc:2272] T f71c350b594e4dc5a443982109f53170 P c6b49cf13c3249009416543bf5455198 [term 4 FOLLOWER]: Raft consensus is shut down!
I20260709 13:11:19.983755  3307 tablet_replica.cc:333] T 9b671ff3509345338fb7a6a646a64a76 P c6b49cf13c3249009416543bf5455198: stopping tablet replica
I20260709 13:11:19.984266  3307 raft_consensus.cc:2243] T 9b671ff3509345338fb7a6a646a64a76 P c6b49cf13c3249009416543bf5455198 [term 2 FOLLOWER]: Raft consensus shutting down.
I20260709 13:11:19.984603  3307 raft_consensus.cc:2272] T 9b671ff3509345338fb7a6a646a64a76 P c6b49cf13c3249009416543bf5455198 [term 2 FOLLOWER]: Raft consensus is shut down!
I20260709 13:11:19.986953  3307 tablet_replica.cc:333] T 48444de3217144a8a7b4438d5a93cd63 P c6b49cf13c3249009416543bf5455198: stopping tablet replica
I20260709 13:11:19.987628  3307 raft_consensus.cc:2243] T 48444de3217144a8a7b4438d5a93cd63 P c6b49cf13c3249009416543bf5455198 [term 3 LEADER]: Raft consensus shutting down.
I20260709 13:11:19.988492  3307 raft_consensus.cc:2272] T 48444de3217144a8a7b4438d5a93cd63 P c6b49cf13c3249009416543bf5455198 [term 3 FOLLOWER]: Raft consensus is shut down!
I20260709 13:11:19.989946  3307 tablet_replica.cc:333] T 363c41379cb047298ccae9a6e88f14a1 P c6b49cf13c3249009416543bf5455198: stopping tablet replica
I20260709 13:11:19.990361  3307 raft_consensus.cc:2243] T 363c41379cb047298ccae9a6e88f14a1 P c6b49cf13c3249009416543bf5455198 [term 3 FOLLOWER]: Raft consensus shutting down.
I20260709 13:11:19.990664  3307 raft_consensus.cc:2272] T 363c41379cb047298ccae9a6e88f14a1 P c6b49cf13c3249009416543bf5455198 [term 3 FOLLOWER]: Raft consensus is shut down!
I20260709 13:11:19.992503  3307 tablet_replica.cc:333] T 8df4cd152d264e868830389aa7dd0c73 P c6b49cf13c3249009416543bf5455198: stopping tablet replica
I20260709 13:11:19.992906  3307 raft_consensus.cc:2243] T 8df4cd152d264e868830389aa7dd0c73 P c6b49cf13c3249009416543bf5455198 [term 2 FOLLOWER]: Raft consensus shutting down.
I20260709 13:11:19.993222  3307 raft_consensus.cc:2272] T 8df4cd152d264e868830389aa7dd0c73 P c6b49cf13c3249009416543bf5455198 [term 2 FOLLOWER]: Raft consensus is shut down!
I20260709 13:11:19.994987  3307 tablet_replica.cc:333] T 7a0172ea138e4de2ae7e30fede456a6d P c6b49cf13c3249009416543bf5455198: stopping tablet replica
I20260709 13:11:19.995483  3307 raft_consensus.cc:2243] T 7a0172ea138e4de2ae7e30fede456a6d P c6b49cf13c3249009416543bf5455198 [term 2 FOLLOWER]: Raft consensus shutting down.
I20260709 13:11:19.995844  3307 raft_consensus.cc:2272] T 7a0172ea138e4de2ae7e30fede456a6d P c6b49cf13c3249009416543bf5455198 [term 2 FOLLOWER]: Raft consensus is shut down!
I20260709 13:11:19.997323  3307 tablet_replica.cc:333] T f0d9bde52dcc47ea852a92b8cb43b134 P c6b49cf13c3249009416543bf5455198: stopping tablet replica
I20260709 13:11:19.997711  3307 raft_consensus.cc:2243] T f0d9bde52dcc47ea852a92b8cb43b134 P c6b49cf13c3249009416543bf5455198 [term 3 LEADER]: Raft consensus shutting down.
I20260709 13:11:19.998327  3307 raft_consensus.cc:2272] T f0d9bde52dcc47ea852a92b8cb43b134 P c6b49cf13c3249009416543bf5455198 [term 3 FOLLOWER]: Raft consensus is shut down!
I20260709 13:11:19.999753  3307 tablet_replica.cc:333] T 9720213f5c3e4602ab0f8b312a7f7a5e P c6b49cf13c3249009416543bf5455198: stopping tablet replica
I20260709 13:11:20.000128  3307 raft_consensus.cc:2243] T 9720213f5c3e4602ab0f8b312a7f7a5e P c6b49cf13c3249009416543bf5455198 [term 1 LEADER]: Raft consensus shutting down.
I20260709 13:11:20.000783  3307 raft_consensus.cc:2272] T 9720213f5c3e4602ab0f8b312a7f7a5e P c6b49cf13c3249009416543bf5455198 [term 1 FOLLOWER]: Raft consensus is shut down!
I20260709 13:11:20.002300  3307 tablet_replica.cc:333] T dafa738445d147b38d98f9ac6f06c5af P c6b49cf13c3249009416543bf5455198: stopping tablet replica
I20260709 13:11:20.002655  3307 raft_consensus.cc:2243] T dafa738445d147b38d98f9ac6f06c5af P c6b49cf13c3249009416543bf5455198 [term 3 LEADER]: Raft consensus shutting down.
I20260709 13:11:20.003273  3307 raft_consensus.cc:2272] T dafa738445d147b38d98f9ac6f06c5af P c6b49cf13c3249009416543bf5455198 [term 3 FOLLOWER]: Raft consensus is shut down!
I20260709 13:11:20.029778  3307 tablet_server.cc:196] TabletServer@127.3.58.193:0 shutdown complete.
I20260709 13:11:20.047559  3307 tablet_server.cc:179] TabletServer@127.3.58.194:0 shutting down...
I20260709 13:11:20.068636  3307 ts_tablet_manager.cc:1507] Shutting down tablet manager...
I20260709 13:11:20.069273  3307 tablet_replica.cc:333] T f71c350b594e4dc5a443982109f53170 P 40140fb62af743c495e157e6bd0231cc: stopping tablet replica
I20260709 13:11:20.069844  3307 raft_consensus.cc:2243] T f71c350b594e4dc5a443982109f53170 P 40140fb62af743c495e157e6bd0231cc [term 4 FOLLOWER]: Raft consensus shutting down.
I20260709 13:11:20.070243  3307 raft_consensus.cc:2272] T f71c350b594e4dc5a443982109f53170 P 40140fb62af743c495e157e6bd0231cc [term 4 FOLLOWER]: Raft consensus is shut down!
I20260709 13:11:20.072513  3307 tablet_replica.cc:333] T 9b671ff3509345338fb7a6a646a64a76 P 40140fb62af743c495e157e6bd0231cc: stopping tablet replica
I20260709 13:11:20.073042  3307 raft_consensus.cc:2243] T 9b671ff3509345338fb7a6a646a64a76 P 40140fb62af743c495e157e6bd0231cc [term 2 LEADER]: Raft consensus shutting down.
W20260709 13:11:20.073117  4081 proxy.cc:239] Call had error, refreshing address and retrying: Network error: Client connection negotiation failed: client connection to 127.3.58.193:36001: connect: Connection refused (error 111) [suppressed 3 similar messages]
I20260709 13:11:20.073772  3307 raft_consensus.cc:2272] T 9b671ff3509345338fb7a6a646a64a76 P 40140fb62af743c495e157e6bd0231cc [term 2 FOLLOWER]: Raft consensus is shut down!
I20260709 13:11:20.076030  3307 tablet_replica.cc:333] T 48444de3217144a8a7b4438d5a93cd63 P 40140fb62af743c495e157e6bd0231cc: stopping tablet replica
W20260709 13:11:20.076227  4081 consensus_peers.cc:597] T f71c350b594e4dc5a443982109f53170 P 59f7394efc564d30a8709214b8e2789a -> Peer c6b49cf13c3249009416543bf5455198 (127.3.58.193:36001): Couldn't send request to peer c6b49cf13c3249009416543bf5455198. Status: Network error: Client connection negotiation failed: client connection to 127.3.58.193:36001: connect: Connection refused (error 111). This is attempt 1: this message will repeat every 5th retry.
I20260709 13:11:20.076555  3307 raft_consensus.cc:2243] T 48444de3217144a8a7b4438d5a93cd63 P 40140fb62af743c495e157e6bd0231cc [term 3 FOLLOWER]: Raft consensus shutting down.
I20260709 13:11:20.076939  3307 raft_consensus.cc:2272] T 48444de3217144a8a7b4438d5a93cd63 P 40140fb62af743c495e157e6bd0231cc [term 3 FOLLOWER]: Raft consensus is shut down!
I20260709 13:11:20.078413  3307 tablet_replica.cc:333] T dafa738445d147b38d98f9ac6f06c5af P 40140fb62af743c495e157e6bd0231cc: stopping tablet replica
I20260709 13:11:20.078907  3307 raft_consensus.cc:2243] T dafa738445d147b38d98f9ac6f06c5af P 40140fb62af743c495e157e6bd0231cc [term 3 FOLLOWER]: Raft consensus shutting down.
I20260709 13:11:20.079269  3307 raft_consensus.cc:2272] T dafa738445d147b38d98f9ac6f06c5af P 40140fb62af743c495e157e6bd0231cc [term 3 FOLLOWER]: Raft consensus is shut down!
I20260709 13:11:20.080780  3307 tablet_replica.cc:333] T 8df4cd152d264e868830389aa7dd0c73 P 40140fb62af743c495e157e6bd0231cc: stopping tablet replica
I20260709 13:11:20.081224  3307 raft_consensus.cc:2243] T 8df4cd152d264e868830389aa7dd0c73 P 40140fb62af743c495e157e6bd0231cc [term 2 LEADER]: Raft consensus shutting down.
I20260709 13:11:20.081887  3307 raft_consensus.cc:2272] T 8df4cd152d264e868830389aa7dd0c73 P 40140fb62af743c495e157e6bd0231cc [term 2 FOLLOWER]: Raft consensus is shut down!
I20260709 13:11:20.084175  3307 tablet_replica.cc:333] T 363c41379cb047298ccae9a6e88f14a1 P 40140fb62af743c495e157e6bd0231cc: stopping tablet replica
I20260709 13:11:20.084861  3307 raft_consensus.cc:2243] T 363c41379cb047298ccae9a6e88f14a1 P 40140fb62af743c495e157e6bd0231cc [term 3 FOLLOWER]: Raft consensus shutting down.
I20260709 13:11:20.085314  3307 raft_consensus.cc:2272] T 363c41379cb047298ccae9a6e88f14a1 P 40140fb62af743c495e157e6bd0231cc [term 3 FOLLOWER]: Raft consensus is shut down!
I20260709 13:11:20.087226  3307 tablet_replica.cc:333] T 7a0172ea138e4de2ae7e30fede456a6d P 40140fb62af743c495e157e6bd0231cc: stopping tablet replica
I20260709 13:11:20.087659  3307 raft_consensus.cc:2243] T 7a0172ea138e4de2ae7e30fede456a6d P 40140fb62af743c495e157e6bd0231cc [term 2 FOLLOWER]: Raft consensus shutting down.
I20260709 13:11:20.088021  3307 raft_consensus.cc:2272] T 7a0172ea138e4de2ae7e30fede456a6d P 40140fb62af743c495e157e6bd0231cc [term 2 FOLLOWER]: Raft consensus is shut down!
I20260709 13:11:20.089556  3307 tablet_replica.cc:333] T 9720213f5c3e4602ab0f8b312a7f7a5e P 40140fb62af743c495e157e6bd0231cc: stopping tablet replica
I20260709 13:11:20.090003  3307 raft_consensus.cc:2243] T 9720213f5c3e4602ab0f8b312a7f7a5e P 40140fb62af743c495e157e6bd0231cc [term 1 FOLLOWER]: Raft consensus shutting down.
I20260709 13:11:20.090343  3307 raft_consensus.cc:2272] T 9720213f5c3e4602ab0f8b312a7f7a5e P 40140fb62af743c495e157e6bd0231cc [term 1 FOLLOWER]: Raft consensus is shut down!
I20260709 13:11:20.091841  3307 tablet_replica.cc:333] T f0d9bde52dcc47ea852a92b8cb43b134 P 40140fb62af743c495e157e6bd0231cc: stopping tablet replica
I20260709 13:11:20.092290  3307 raft_consensus.cc:2243] T f0d9bde52dcc47ea852a92b8cb43b134 P 40140fb62af743c495e157e6bd0231cc [term 3 FOLLOWER]: Raft consensus shutting down.
I20260709 13:11:20.092684  3307 raft_consensus.cc:2272] T f0d9bde52dcc47ea852a92b8cb43b134 P 40140fb62af743c495e157e6bd0231cc [term 3 FOLLOWER]: Raft consensus is shut down!
I20260709 13:11:20.094208  3307 tablet_replica.cc:333] T dd1217ff3c3a4b969f661fddd1a7444e P 40140fb62af743c495e157e6bd0231cc: stopping tablet replica
I20260709 13:11:20.094604  3307 raft_consensus.cc:2243] T dd1217ff3c3a4b969f661fddd1a7444e P 40140fb62af743c495e157e6bd0231cc [term 1 LEADER]: Raft consensus shutting down.
I20260709 13:11:20.095278  3307 raft_consensus.cc:2272] T dd1217ff3c3a4b969f661fddd1a7444e P 40140fb62af743c495e157e6bd0231cc [term 1 FOLLOWER]: Raft consensus is shut down!
I20260709 13:11:20.112462  3307 tablet_server.cc:196] TabletServer@127.3.58.194:0 shutdown complete.
I20260709 13:11:20.129768  3307 tablet_server.cc:179] TabletServer@127.3.58.195:0 shutting down...
W20260709 13:11:20.134634  4081 consensus_peers.cc:597] T f71c350b594e4dc5a443982109f53170 P 59f7394efc564d30a8709214b8e2789a -> Peer 40140fb62af743c495e157e6bd0231cc (127.3.58.194:43729): Couldn't send request to peer 40140fb62af743c495e157e6bd0231cc. Status: Network error: Client connection negotiation failed: client connection to 127.3.58.194:43729: connect: Connection refused (error 111). This is attempt 1: this message will repeat every 5th retry.
I20260709 13:11:20.150404  3307 ts_tablet_manager.cc:1507] Shutting down tablet manager...
I20260709 13:11:20.151053  3307 tablet_replica.cc:333] T dafa738445d147b38d98f9ac6f06c5af P 59f7394efc564d30a8709214b8e2789a: stopping tablet replica
I20260709 13:11:20.151597  3307 raft_consensus.cc:2243] T dafa738445d147b38d98f9ac6f06c5af P 59f7394efc564d30a8709214b8e2789a [term 3 FOLLOWER]: Raft consensus shutting down.
I20260709 13:11:20.152004  3307 raft_consensus.cc:2272] T dafa738445d147b38d98f9ac6f06c5af P 59f7394efc564d30a8709214b8e2789a [term 3 FOLLOWER]: Raft consensus is shut down!
I20260709 13:11:20.153692  3307 tablet_replica.cc:333] T f71c350b594e4dc5a443982109f53170 P 59f7394efc564d30a8709214b8e2789a: stopping tablet replica
I20260709 13:11:20.154186  3307 raft_consensus.cc:2243] T f71c350b594e4dc5a443982109f53170 P 59f7394efc564d30a8709214b8e2789a [term 4 LEADER]: Raft consensus shutting down.
I20260709 13:11:20.154928  3307 raft_consensus.cc:2272] T f71c350b594e4dc5a443982109f53170 P 59f7394efc564d30a8709214b8e2789a [term 4 FOLLOWER]: Raft consensus is shut down!
I20260709 13:11:20.156703  3307 tablet_replica.cc:333] T 363c41379cb047298ccae9a6e88f14a1 P 59f7394efc564d30a8709214b8e2789a: stopping tablet replica
I20260709 13:11:20.157156  3307 raft_consensus.cc:2243] T 363c41379cb047298ccae9a6e88f14a1 P 59f7394efc564d30a8709214b8e2789a [term 3 LEADER]: Raft consensus shutting down.
I20260709 13:11:20.157792  3307 raft_consensus.cc:2272] T 363c41379cb047298ccae9a6e88f14a1 P 59f7394efc564d30a8709214b8e2789a [term 3 FOLLOWER]: Raft consensus is shut down!
I20260709 13:11:20.159571  3307 tablet_replica.cc:333] T 8df4cd152d264e868830389aa7dd0c73 P 59f7394efc564d30a8709214b8e2789a: stopping tablet replica
I20260709 13:11:20.160019  3307 raft_consensus.cc:2243] T 8df4cd152d264e868830389aa7dd0c73 P 59f7394efc564d30a8709214b8e2789a [term 2 FOLLOWER]: Raft consensus shutting down.
I20260709 13:11:20.160358  3307 raft_consensus.cc:2272] T 8df4cd152d264e868830389aa7dd0c73 P 59f7394efc564d30a8709214b8e2789a [term 2 FOLLOWER]: Raft consensus is shut down!
I20260709 13:11:20.162009  3307 tablet_replica.cc:333] T 9720213f5c3e4602ab0f8b312a7f7a5e P 59f7394efc564d30a8709214b8e2789a: stopping tablet replica
I20260709 13:11:20.162451  3307 raft_consensus.cc:2243] T 9720213f5c3e4602ab0f8b312a7f7a5e P 59f7394efc564d30a8709214b8e2789a [term 1 FOLLOWER]: Raft consensus shutting down.
I20260709 13:11:20.162828  3307 raft_consensus.cc:2272] T 9720213f5c3e4602ab0f8b312a7f7a5e P 59f7394efc564d30a8709214b8e2789a [term 1 FOLLOWER]: Raft consensus is shut down!
I20260709 13:11:20.164232  3307 tablet_replica.cc:333] T 7a0172ea138e4de2ae7e30fede456a6d P 59f7394efc564d30a8709214b8e2789a: stopping tablet replica
I20260709 13:11:20.164652  3307 raft_consensus.cc:2243] T 7a0172ea138e4de2ae7e30fede456a6d P 59f7394efc564d30a8709214b8e2789a [term 2 LEADER]: Raft consensus shutting down.
I20260709 13:11:20.165315  3307 raft_consensus.cc:2272] T 7a0172ea138e4de2ae7e30fede456a6d P 59f7394efc564d30a8709214b8e2789a [term 2 FOLLOWER]: Raft consensus is shut down!
I20260709 13:11:20.166850  3307 tablet_replica.cc:333] T f0d9bde52dcc47ea852a92b8cb43b134 P 59f7394efc564d30a8709214b8e2789a: stopping tablet replica
I20260709 13:11:20.167272  3307 raft_consensus.cc:2243] T f0d9bde52dcc47ea852a92b8cb43b134 P 59f7394efc564d30a8709214b8e2789a [term 3 FOLLOWER]: Raft consensus shutting down.
I20260709 13:11:20.167634  3307 raft_consensus.cc:2272] T f0d9bde52dcc47ea852a92b8cb43b134 P 59f7394efc564d30a8709214b8e2789a [term 3 FOLLOWER]: Raft consensus is shut down!
I20260709 13:11:20.169090  3307 tablet_replica.cc:333] T dd1217ff3c3a4b969f661fddd1a7444e P 59f7394efc564d30a8709214b8e2789a: stopping tablet replica
I20260709 13:11:20.169519  3307 raft_consensus.cc:2243] T dd1217ff3c3a4b969f661fddd1a7444e P 59f7394efc564d30a8709214b8e2789a [term 1 FOLLOWER]: Raft consensus shutting down.
I20260709 13:11:20.169874  3307 raft_consensus.cc:2272] T dd1217ff3c3a4b969f661fddd1a7444e P 59f7394efc564d30a8709214b8e2789a [term 1 FOLLOWER]: Raft consensus is shut down!
I20260709 13:11:20.171363  3307 tablet_replica.cc:333] T 48444de3217144a8a7b4438d5a93cd63 P 59f7394efc564d30a8709214b8e2789a: stopping tablet replica
I20260709 13:11:20.171758  3307 raft_consensus.cc:2243] T 48444de3217144a8a7b4438d5a93cd63 P 59f7394efc564d30a8709214b8e2789a [term 3 FOLLOWER]: Raft consensus shutting down.
I20260709 13:11:20.172106  3307 raft_consensus.cc:2272] T 48444de3217144a8a7b4438d5a93cd63 P 59f7394efc564d30a8709214b8e2789a [term 3 FOLLOWER]: Raft consensus is shut down!
I20260709 13:11:20.173477  3307 tablet_replica.cc:333] T 9b671ff3509345338fb7a6a646a64a76 P 59f7394efc564d30a8709214b8e2789a: stopping tablet replica
I20260709 13:11:20.173890  3307 raft_consensus.cc:2243] T 9b671ff3509345338fb7a6a646a64a76 P 59f7394efc564d30a8709214b8e2789a [term 2 FOLLOWER]: Raft consensus shutting down.
I20260709 13:11:20.174227  3307 raft_consensus.cc:2272] T 9b671ff3509345338fb7a6a646a64a76 P 59f7394efc564d30a8709214b8e2789a [term 2 FOLLOWER]: Raft consensus is shut down!
I20260709 13:11:20.191360  3307 tablet_server.cc:196] TabletServer@127.3.58.195:0 shutdown complete.
I20260709 13:11:20.208611  3307 master.cc:562] Master@127.3.58.254:42627 shutting down...
I20260709 13:11:20.224079  3307 raft_consensus.cc:2243] T 00000000000000000000000000000000 P 812965577f5f4877a29013196ab3f6ea [term 1 LEADER]: Raft consensus shutting down.
I20260709 13:11:20.224575  3307 raft_consensus.cc:2272] T 00000000000000000000000000000000 P 812965577f5f4877a29013196ab3f6ea [term 1 FOLLOWER]: Raft consensus is shut down!
I20260709 13:11:20.224858  3307 tablet_replica.cc:333] T 00000000000000000000000000000000 P 812965577f5f4877a29013196ab3f6ea: stopping tablet replica
I20260709 13:11:20.259618  3307 master.cc:584] Master@127.3.58.254:42627 shutdown complete.
40140fb62af743c495e157e6bd0231cc  4
59f7394efc564d30a8709214b8e2789a  1
c6b49cf13c3249009416543bf5455198  5
[       OK ] LeaderRebalancerTest.FunctionalTestForNotDivided (10277 ms)
[ RUN      ] LeaderRebalancerTest.AddTserver
I20260709 13:11:20.294458  3307 internal_mini_cluster.cc:156] Creating distributed mini masters. Addrs: 127.3.58.254:44919
I20260709 13:11:20.295563  3307 file_cache.cc:504] Constructed file cache file cache with capacity 419430
W20260709 13:11:20.301030  4336 instance_detector.cc:116] could not retrieve Azure instance metadata: Network error: curl error: HTTP response code said error: The requested URL returned error: 404
W20260709 13:11:20.300997  4335 instance_detector.cc:116] could not retrieve AWS instance metadata: Network error: curl error: HTTP response code said error: The requested URL returned error: 404
W20260709 13:11:20.301365  4338 instance_detector.cc:116] could not retrieve OpenStack instance metadata: Network error: curl error: HTTP response code said error: The requested URL returned error: 404
I20260709 13:11:20.302031  3307 server_base.cc:1061] running on GCE node
I20260709 13:11:20.303022  3307 hybrid_clock.cc:584] initializing the hybrid clock with 'system_unsync' time source
W20260709 13:11:20.303201  3307 system_unsync_time.cc:38] NTP support is disabled. Clock error bounds will not be accurate. This configuration is not suitable for distributed clusters.
I20260709 13:11:20.303313  3307 hybrid_clock.cc:648] HybridClock initialized: now 1783602680303302 us; error 0 us; skew 500 ppm
I20260709 13:11:20.303743  3307 server_base.cc:861] Flag tcmalloc_max_total_thread_cache_bytes is not working since tcmalloc is not enabled.
I20260709 13:11:20.305807  3307 webserver.cc:533] Webserver started at http://127.3.58.254:34237/ using document root <none> and password file <none>
I20260709 13:11:20.306238  3307 fs_manager.cc:362] Metadata directory not provided
I20260709 13:11:20.306383  3307 fs_manager.cc:368] Using write-ahead log directory (fs_wal_dir) as metadata directory
I20260709 13:11:20.306589  3307 server_base.cc:909] This appears to be a new deployment of Kudu; creating new FS layout
I20260709 13:11:20.307619  3307 fs_manager.cc:1068] Generated new instance metadata in path /tmp/dist-test-taskn6fCwe/test-tmp/auto_leader_rebalancer-test.0.LeaderRebalancerTest.AddTserver.1783602656284122-3307-0/minicluster-data/master-0-root/instance:
uuid: "c991e00ba9d34cad85d5509f5e5f9b47"
format_stamp: "Formatted at 2026-07-09 13:11:20 on dist-test-slave-mrx2"
I20260709 13:11:20.311609  3307 fs_manager.cc:696] Time spent creating directory manager: real 0.004s	user 0.004s	sys 0.000s
I20260709 13:11:20.314540  4343 log_block_manager.cc:4127] Time spent loading block containers with low live blocks: real 0.000s	user 0.000s	sys 0.000s
I20260709 13:11:20.315203  3307 fs_manager.cc:730] Time spent opening block manager: real 0.002s	user 0.002s	sys 0.000s
I20260709 13:11:20.315451  3307 fs_manager.cc:647] Opened local filesystem: /tmp/dist-test-taskn6fCwe/test-tmp/auto_leader_rebalancer-test.0.LeaderRebalancerTest.AddTserver.1783602656284122-3307-0/minicluster-data/master-0-root
uuid: "c991e00ba9d34cad85d5509f5e5f9b47"
format_stamp: "Formatted at 2026-07-09 13:11:20 on dist-test-slave-mrx2"
I20260709 13:11:20.315686  3307 fs_report.cc:389] FS layout report
--------------------
wal directory: /tmp/dist-test-taskn6fCwe/test-tmp/auto_leader_rebalancer-test.0.LeaderRebalancerTest.AddTserver.1783602656284122-3307-0/minicluster-data/master-0-root
metadata directory: /tmp/dist-test-taskn6fCwe/test-tmp/auto_leader_rebalancer-test.0.LeaderRebalancerTest.AddTserver.1783602656284122-3307-0/minicluster-data/master-0-root
1 data directories: /tmp/dist-test-taskn6fCwe/test-tmp/auto_leader_rebalancer-test.0.LeaderRebalancerTest.AddTserver.1783602656284122-3307-0/minicluster-data/master-0-root/data
Total live blocks: 0
Total live bytes: 0
Total live bytes (after alignment): 0
Total number of LBM containers: 0 (0 full)
Did not check for missing blocks
Did not check for orphaned blocks
Total full LBM containers with extra space: 0 (0 repaired)
Total full LBM container extra space in bytes: 0 (0 repaired)
Total incomplete LBM containers: 0 (0 repaired)
Total LBM partial records: 0 (0 repaired)
Total corrupted LBM metadata records in RocksDB: 0 (0 repaired)
I20260709 13:11:20.329488  3307 rpc_server.cc:225] running with OpenSSL 1.1.1  11 Sep 2018
I20260709 13:11:20.330631  3307 kserver.cc:163] Server-wide thread pool size limit: 3276
I20260709 13:11:20.371258  3307 rpc_server.cc:307] RPC server started. Bound to: 127.3.58.254:44919
I20260709 13:11:20.371291  4394 acceptor_pool.cc:272] collecting diagnostics on the listening RPC socket 127.3.58.254:44919 every 8 connection(s)
I20260709 13:11:20.376065  4395 data_dirs.cc:400] Could only allocate 1 dirs of requested 3 for tablet 00000000000000000000000000000000. 1 dirs total, 0 dirs full, 0 dirs failed
I20260709 13:11:20.389129  4395 tablet_bootstrap.cc:492] T 00000000000000000000000000000000 P c991e00ba9d34cad85d5509f5e5f9b47: Bootstrap starting.
I20260709 13:11:20.395740  4395 tablet_bootstrap.cc:654] T 00000000000000000000000000000000 P c991e00ba9d34cad85d5509f5e5f9b47: Neither blocks nor log segments found. Creating new log.
I20260709 13:11:20.401155  4395 tablet_bootstrap.cc:492] T 00000000000000000000000000000000 P c991e00ba9d34cad85d5509f5e5f9b47: No bootstrap required, opened a new log
I20260709 13:11:20.404109  4395 raft_consensus.cc:359] T 00000000000000000000000000000000 P c991e00ba9d34cad85d5509f5e5f9b47 [term 0 FOLLOWER]: Replica starting. Triggering 0 pending ops. Active config: opid_index: -1 OBSOLETE_local: true peers { permanent_uuid: "c991e00ba9d34cad85d5509f5e5f9b47" member_type: VOTER }
I20260709 13:11:20.404609  4395 raft_consensus.cc:385] T 00000000000000000000000000000000 P c991e00ba9d34cad85d5509f5e5f9b47 [term 0 FOLLOWER]: Consensus starting up: Expiring failure detector timer to make a prompt election more likely
I20260709 13:11:20.404901  4395 raft_consensus.cc:740] T 00000000000000000000000000000000 P c991e00ba9d34cad85d5509f5e5f9b47 [term 0 FOLLOWER]: Becoming Follower/Learner. State: Replica: c991e00ba9d34cad85d5509f5e5f9b47, State: Initialized, Role: FOLLOWER
I20260709 13:11:20.405562  4395 consensus_queue.cc:260] T 00000000000000000000000000000000 P c991e00ba9d34cad85d5509f5e5f9b47 [NON_LEADER]: Queue going to NON_LEADER mode. State: All replicated index: 0, Majority replicated index: 0, Committed index: 0, Last appended: 0.0, Last appended by leader: 0, Current term: 0, Majority size: -1, State: 0, Mode: NON_LEADER, active raft config: opid_index: -1 OBSOLETE_local: true peers { permanent_uuid: "c991e00ba9d34cad85d5509f5e5f9b47" member_type: VOTER }
I20260709 13:11:20.405984  4395 raft_consensus.cc:399] T 00000000000000000000000000000000 P c991e00ba9d34cad85d5509f5e5f9b47 [term 0 FOLLOWER]: Only one voter in the Raft config. Triggering election immediately
I20260709 13:11:20.406167  4395 raft_consensus.cc:493] T 00000000000000000000000000000000 P c991e00ba9d34cad85d5509f5e5f9b47 [term 0 FOLLOWER]: Starting leader election (initial election of a single-replica configuration)
I20260709 13:11:20.406374  4395 raft_consensus.cc:3060] T 00000000000000000000000000000000 P c991e00ba9d34cad85d5509f5e5f9b47 [term 0 FOLLOWER]: Advancing to term 1
I20260709 13:11:20.410324  4395 raft_consensus.cc:515] T 00000000000000000000000000000000 P c991e00ba9d34cad85d5509f5e5f9b47 [term 1 FOLLOWER]: Starting leader election with config: opid_index: -1 OBSOLETE_local: true peers { permanent_uuid: "c991e00ba9d34cad85d5509f5e5f9b47" member_type: VOTER }
I20260709 13:11:20.410825  4395 leader_election.cc:304] T 00000000000000000000000000000000 P c991e00ba9d34cad85d5509f5e5f9b47 [CANDIDATE]: Term 1 election: Election decided. Result: candidate won. Election summary: received 1 responses out of 1 voters: 1 yes votes; 0 no votes. yes voters: c991e00ba9d34cad85d5509f5e5f9b47; no voters: 
I20260709 13:11:20.411844  4395 leader_election.cc:290] T 00000000000000000000000000000000 P c991e00ba9d34cad85d5509f5e5f9b47 [CANDIDATE]: Term 1 election: Requested vote from peers 
I20260709 13:11:20.412135  4398 raft_consensus.cc:2804] T 00000000000000000000000000000000 P c991e00ba9d34cad85d5509f5e5f9b47 [term 1 FOLLOWER]: Leader election won for term 1
I20260709 13:11:20.413331  4398 raft_consensus.cc:697] T 00000000000000000000000000000000 P c991e00ba9d34cad85d5509f5e5f9b47 [term 1 LEADER]: Becoming Leader. State: Replica: c991e00ba9d34cad85d5509f5e5f9b47, State: Running, Role: LEADER
I20260709 13:11:20.413879  4398 consensus_queue.cc:237] T 00000000000000000000000000000000 P c991e00ba9d34cad85d5509f5e5f9b47 [LEADER]: Queue going to LEADER mode. State: All replicated index: 0, Majority replicated index: 0, Committed index: 0, Last appended: 0.0, Last appended by leader: 0, Current term: 1, Majority size: 1, State: 0, Mode: LEADER, active raft config: opid_index: -1 OBSOLETE_local: true peers { permanent_uuid: "c991e00ba9d34cad85d5509f5e5f9b47" member_type: VOTER }
I20260709 13:11:20.414551  4395 sys_catalog.cc:565] T 00000000000000000000000000000000 P c991e00ba9d34cad85d5509f5e5f9b47 [sys.catalog]: configured and running, proceeding with master startup.
I20260709 13:11:20.418426  4400 sys_catalog.cc:455] T 00000000000000000000000000000000 P c991e00ba9d34cad85d5509f5e5f9b47 [sys.catalog]: SysCatalogTable state changed. Reason: New leader c991e00ba9d34cad85d5509f5e5f9b47. Latest consensus state: current_term: 1 leader_uuid: "c991e00ba9d34cad85d5509f5e5f9b47" committed_config { opid_index: -1 OBSOLETE_local: true peers { permanent_uuid: "c991e00ba9d34cad85d5509f5e5f9b47" member_type: VOTER } }
I20260709 13:11:20.418471  4399 sys_catalog.cc:455] T 00000000000000000000000000000000 P c991e00ba9d34cad85d5509f5e5f9b47 [sys.catalog]: SysCatalogTable state changed. Reason: RaftConsensus started. Latest consensus state: current_term: 1 leader_uuid: "c991e00ba9d34cad85d5509f5e5f9b47" committed_config { opid_index: -1 OBSOLETE_local: true peers { permanent_uuid: "c991e00ba9d34cad85d5509f5e5f9b47" member_type: VOTER } }
I20260709 13:11:20.419253  4400 sys_catalog.cc:458] T 00000000000000000000000000000000 P c991e00ba9d34cad85d5509f5e5f9b47 [sys.catalog]: This master's current role is: LEADER
I20260709 13:11:20.419361  4399 sys_catalog.cc:458] T 00000000000000000000000000000000 P c991e00ba9d34cad85d5509f5e5f9b47 [sys.catalog]: This master's current role is: LEADER
I20260709 13:11:20.423455  4404 catalog_manager.cc:1511] Loading table and tablet metadata into memory...
I20260709 13:11:20.428777  4404 catalog_manager.cc:1520] Initializing Kudu cluster ID...
