I20260709 13:11:03.581835  3751 consensus_queue.cc:237] T 96839bff5b254a2282fb7966aa741766 P 5bd5471c739745a6a72dc06b703b2076 [LEADER]: Queue going to LEADER mode. State: All replicated index: 0, Majority replicated index: 0, Committed index: 0, Last appended: 0.0, Last appended by leader: 0, Current term: 1, Majority size: 2, State: 0, Mode: LEADER, active raft config: opid_index: -1 OBSOLETE_local: false peers { permanent_uuid: "c22af3bd433f4f2d9f3482add97fc602" member_type: VOTER last_known_addr { host: "127.2.220.130" port: 43185 } } peers { permanent_uuid: "6d0329bdadf64080ab5eb4df377b5113" member_type: VOTER last_known_addr { host: "127.2.220.129" port: 44797 } } peers { permanent_uuid: "5bd5471c739745a6a72dc06b703b2076" member_type: VOTER last_known_addr { host: "127.2.220.131" port: 43421 } }
I20260709 13:11:03.577072  3745 ts_tablet_manager.cc:1434] T 96839bff5b254a2282fb7966aa741766 P 6d0329bdadf64080ab5eb4df377b5113: Time spent starting tablet: real 0.009s	user 0.008s	sys 0.000s
I20260709 13:11:03.583480  3745 tablet_bootstrap.cc:492] T 32e3c083ed85445ebd80bb480efae0c8 P 6d0329bdadf64080ab5eb4df377b5113: Bootstrap starting.
I20260709 13:11:03.584904  3555 tablet_service.cc:1917] Received RequestConsensusVote() RPC: tablet_id: "96839bff5b254a2282fb7966aa741766" candidate_uuid: "5bd5471c739745a6a72dc06b703b2076" candidate_term: 1 candidate_status { last_received { term: 0 index: 0 } } ignore_live_leader: false dest_uuid: "6d0329bdadf64080ab5eb4df377b5113"
I20260709 13:11:03.586004  3555 raft_consensus.cc:3060] T 96839bff5b254a2282fb7966aa741766 P 6d0329bdadf64080ab5eb4df377b5113 [term 0 FOLLOWER]: Advancing to term 1
I20260709 13:11:03.588757  3744 ts_tablet_manager.cc:1434] T 32e3c083ed85445ebd80bb480efae0c8 P c22af3bd433f4f2d9f3482add97fc602: Time spent starting tablet: real 0.016s	user 0.005s	sys 0.001s
I20260709 13:11:03.579392  3746 tablet_bootstrap.cc:492] T a9fdcc6715aa4cb888ef37daa7233fe2 P 5bd5471c739745a6a72dc06b703b2076: No bootstrap required, opened a new log
I20260709 13:11:03.589501  3746 ts_tablet_manager.cc:1403] T a9fdcc6715aa4cb888ef37daa7233fe2 P 5bd5471c739745a6a72dc06b703b2076: Time spent bootstrapping tablet: real 0.052s	user 0.012s	sys 0.010s
I20260709 13:11:03.590093  3745 tablet_bootstrap.cc:654] T 32e3c083ed85445ebd80bb480efae0c8 P 6d0329bdadf64080ab5eb4df377b5113: Neither blocks nor log segments found. Creating new log.
I20260709 13:11:03.592286  3746 raft_consensus.cc:359] T a9fdcc6715aa4cb888ef37daa7233fe2 P 5bd5471c739745a6a72dc06b703b2076 [term 0 FOLLOWER]: Replica starting. Triggering 0 pending ops. Active config: opid_index: -1 OBSOLETE_local: false peers { permanent_uuid: "6d0329bdadf64080ab5eb4df377b5113" member_type: VOTER last_known_addr { host: "127.2.220.129" port: 44797 } } peers { permanent_uuid: "c22af3bd433f4f2d9f3482add97fc602" member_type: VOTER last_known_addr { host: "127.2.220.130" port: 43185 } } peers { permanent_uuid: "5bd5471c739745a6a72dc06b703b2076" member_type: VOTER last_known_addr { host: "127.2.220.131" port: 43421 } }
I20260709 13:11:03.592993  3746 raft_consensus.cc:385] T a9fdcc6715aa4cb888ef37daa7233fe2 P 5bd5471c739745a6a72dc06b703b2076 [term 0 FOLLOWER]: Consensus starting up: Expiring failure detector timer to make a prompt election more likely
I20260709 13:11:03.593281  3746 raft_consensus.cc:740] T a9fdcc6715aa4cb888ef37daa7233fe2 P 5bd5471c739745a6a72dc06b703b2076 [term 0 FOLLOWER]: Becoming Follower/Learner. State: Replica: 5bd5471c739745a6a72dc06b703b2076, State: Initialized, Role: FOLLOWER
I20260709 13:11:03.593988  3746 consensus_queue.cc:260] T a9fdcc6715aa4cb888ef37daa7233fe2 P 5bd5471c739745a6a72dc06b703b2076 [NON_LEADER]: Queue going to NON_LEADER mode. State: All replicated index: 0, Majority replicated index: 0, Committed index: 0, Last appended: 0.0, Last appended by leader: 0, Current term: 0, Majority size: -1, State: 0, Mode: NON_LEADER, active raft config: opid_index: -1 OBSOLETE_local: false peers { permanent_uuid: "6d0329bdadf64080ab5eb4df377b5113" member_type: VOTER last_known_addr { host: "127.2.220.129" port: 44797 } } peers { permanent_uuid: "c22af3bd433f4f2d9f3482add97fc602" member_type: VOTER last_known_addr { host: "127.2.220.130" port: 43185 } } peers { permanent_uuid: "5bd5471c739745a6a72dc06b703b2076" member_type: VOTER last_known_addr { host: "127.2.220.131" port: 43421 } }
I20260709 13:11:03.596184  3746 ts_tablet_manager.cc:1434] T a9fdcc6715aa4cb888ef37daa7233fe2 P 5bd5471c739745a6a72dc06b703b2076: Time spent starting tablet: real 0.006s	user 0.003s	sys 0.002s
I20260709 13:11:03.598913  3555 raft_consensus.cc:2468] T 96839bff5b254a2282fb7966aa741766 P 6d0329bdadf64080ab5eb4df377b5113 [term 1 FOLLOWER]: Leader election vote request: Granting yes vote for candidate 5bd5471c739745a6a72dc06b703b2076 in term 1.
I20260709 13:11:03.600451  3746 tablet_bootstrap.cc:492] T 32e3c083ed85445ebd80bb480efae0c8 P 5bd5471c739745a6a72dc06b703b2076: Bootstrap starting.
I20260709 13:11:03.599545  3744 tablet_bootstrap.cc:492] T 2edf57009fef43758493d0a2dccbc954 P c22af3bd433f4f2d9f3482add97fc602: Bootstrap starting.
I20260709 13:11:03.603211  3451 catalog_manager.cc:5697] T 96839bff5b254a2282fb7966aa741766 P 5bd5471c739745a6a72dc06b703b2076 reported cstate change: term changed from 0 to 1, leader changed from <none> to 5bd5471c739745a6a72dc06b703b2076 (127.2.220.131). New cstate: current_term: 1 leader_uuid: "5bd5471c739745a6a72dc06b703b2076" committed_config { opid_index: -1 OBSOLETE_local: false peers { permanent_uuid: "c22af3bd433f4f2d9f3482add97fc602" member_type: VOTER last_known_addr { host: "127.2.220.130" port: 43185 } health_report { overall_health: UNKNOWN } } peers { permanent_uuid: "6d0329bdadf64080ab5eb4df377b5113" member_type: VOTER last_known_addr { host: "127.2.220.129" port: 44797 } health_report { overall_health: UNKNOWN } } peers { permanent_uuid: "5bd5471c739745a6a72dc06b703b2076" member_type: VOTER last_known_addr { host: "127.2.220.131" port: 43421 } health_report { overall_health: HEALTHY } } }
I20260709 13:11:03.607067  3744 tablet_bootstrap.cc:654] T 2edf57009fef43758493d0a2dccbc954 P c22af3bd433f4f2d9f3482add97fc602: Neither blocks nor log segments found. Creating new log.
I20260709 13:11:03.607889  3746 tablet_bootstrap.cc:654] T 32e3c083ed85445ebd80bb480efae0c8 P 5bd5471c739745a6a72dc06b703b2076: Neither blocks nor log segments found. Creating new log.
I20260709 13:11:03.619864  3746 tablet_bootstrap.cc:492] T 32e3c083ed85445ebd80bb480efae0c8 P 5bd5471c739745a6a72dc06b703b2076: No bootstrap required, opened a new log
I20260709 13:11:03.620424  3746 ts_tablet_manager.cc:1403] T 32e3c083ed85445ebd80bb480efae0c8 P 5bd5471c739745a6a72dc06b703b2076: Time spent bootstrapping tablet: real 0.020s	user 0.007s	sys 0.010s
I20260709 13:11:03.621672  3744 tablet_bootstrap.cc:492] T 2edf57009fef43758493d0a2dccbc954 P c22af3bd433f4f2d9f3482add97fc602: No bootstrap required, opened a new log
I20260709 13:11:03.622025  3745 tablet_bootstrap.cc:492] T 32e3c083ed85445ebd80bb480efae0c8 P 6d0329bdadf64080ab5eb4df377b5113: No bootstrap required, opened a new log
I20260709 13:11:03.622181  3744 ts_tablet_manager.cc:1403] T 2edf57009fef43758493d0a2dccbc954 P c22af3bd433f4f2d9f3482add97fc602: Time spent bootstrapping tablet: real 0.023s	user 0.009s	sys 0.009s
I20260709 13:11:03.622534  3745 ts_tablet_manager.cc:1403] T 32e3c083ed85445ebd80bb480efae0c8 P 6d0329bdadf64080ab5eb4df377b5113: Time spent bootstrapping tablet: real 0.039s	user 0.026s	sys 0.007s
I20260709 13:11:03.623404  3746 raft_consensus.cc:359] T 32e3c083ed85445ebd80bb480efae0c8 P 5bd5471c739745a6a72dc06b703b2076 [term 0 FOLLOWER]: Replica starting. Triggering 0 pending ops. Active config: opid_index: -1 OBSOLETE_local: false peers { permanent_uuid: "6d0329bdadf64080ab5eb4df377b5113" member_type: VOTER last_known_addr { host: "127.2.220.129" port: 44797 } } peers { permanent_uuid: "c22af3bd433f4f2d9f3482add97fc602" member_type: VOTER last_known_addr { host: "127.2.220.130" port: 43185 } } peers { permanent_uuid: "5bd5471c739745a6a72dc06b703b2076" member_type: VOTER last_known_addr { host: "127.2.220.131" port: 43421 } }
I20260709 13:11:03.624064  3746 raft_consensus.cc:385] T 32e3c083ed85445ebd80bb480efae0c8 P 5bd5471c739745a6a72dc06b703b2076 [term 0 FOLLOWER]: Consensus starting up: Expiring failure detector timer to make a prompt election more likely
I20260709 13:11:03.624284  3746 raft_consensus.cc:740] T 32e3c083ed85445ebd80bb480efae0c8 P 5bd5471c739745a6a72dc06b703b2076 [term 0 FOLLOWER]: Becoming Follower/Learner. State: Replica: 5bd5471c739745a6a72dc06b703b2076, State: Initialized, Role: FOLLOWER
I20260709 13:11:03.624882  3746 consensus_queue.cc:260] T 32e3c083ed85445ebd80bb480efae0c8 P 5bd5471c739745a6a72dc06b703b2076 [NON_LEADER]: Queue going to NON_LEADER mode. State: All replicated index: 0, Majority replicated index: 0, Committed index: 0, Last appended: 0.0, Last appended by leader: 0, Current term: 0, Majority size: -1, State: 0, Mode: NON_LEADER, active raft config: opid_index: -1 OBSOLETE_local: false peers { permanent_uuid: "6d0329bdadf64080ab5eb4df377b5113" member_type: VOTER last_known_addr { host: "127.2.220.129" port: 44797 } } peers { permanent_uuid: "c22af3bd433f4f2d9f3482add97fc602" member_type: VOTER last_known_addr { host: "127.2.220.130" port: 43185 } } peers { permanent_uuid: "5bd5471c739745a6a72dc06b703b2076" member_type: VOTER last_known_addr { host: "127.2.220.131" port: 43421 } }
I20260709 13:11:03.625027  3744 raft_consensus.cc:359] T 2edf57009fef43758493d0a2dccbc954 P c22af3bd433f4f2d9f3482add97fc602 [term 0 FOLLOWER]: Replica starting. Triggering 0 pending ops. Active config: opid_index: -1 OBSOLETE_local: false peers { permanent_uuid: "6d0329bdadf64080ab5eb4df377b5113" member_type: VOTER last_known_addr { host: "127.2.220.129" port: 44797 } } peers { permanent_uuid: "c22af3bd433f4f2d9f3482add97fc602" member_type: VOTER last_known_addr { host: "127.2.220.130" port: 43185 } } peers { permanent_uuid: "5bd5471c739745a6a72dc06b703b2076" member_type: VOTER last_known_addr { host: "127.2.220.131" port: 43421 } }
I20260709 13:11:03.625165  3745 raft_consensus.cc:359] T 32e3c083ed85445ebd80bb480efae0c8 P 6d0329bdadf64080ab5eb4df377b5113 [term 0 FOLLOWER]: Replica starting. Triggering 0 pending ops. Active config: opid_index: -1 OBSOLETE_local: false peers { permanent_uuid: "6d0329bdadf64080ab5eb4df377b5113" member_type: VOTER last_known_addr { host: "127.2.220.129" port: 44797 } } peers { permanent_uuid: "c22af3bd433f4f2d9f3482add97fc602" member_type: VOTER last_known_addr { host: "127.2.220.130" port: 43185 } } peers { permanent_uuid: "5bd5471c739745a6a72dc06b703b2076" member_type: VOTER last_known_addr { host: "127.2.220.131" port: 43421 } }
I20260709 13:11:03.625855  3744 raft_consensus.cc:385] T 2edf57009fef43758493d0a2dccbc954 P c22af3bd433f4f2d9f3482add97fc602 [term 0 FOLLOWER]: Consensus starting up: Expiring failure detector timer to make a prompt election more likely
I20260709 13:11:03.625937  3745 raft_consensus.cc:385] T 32e3c083ed85445ebd80bb480efae0c8 P 6d0329bdadf64080ab5eb4df377b5113 [term 0 FOLLOWER]: Consensus starting up: Expiring failure detector timer to make a prompt election more likely
I20260709 13:11:03.626363  3744 raft_consensus.cc:740] T 2edf57009fef43758493d0a2dccbc954 P c22af3bd433f4f2d9f3482add97fc602 [term 0 FOLLOWER]: Becoming Follower/Learner. State: Replica: c22af3bd433f4f2d9f3482add97fc602, State: Initialized, Role: FOLLOWER
I20260709 13:11:03.626437  3745 raft_consensus.cc:740] T 32e3c083ed85445ebd80bb480efae0c8 P 6d0329bdadf64080ab5eb4df377b5113 [term 0 FOLLOWER]: Becoming Follower/Learner. State: Replica: 6d0329bdadf64080ab5eb4df377b5113, State: Initialized, Role: FOLLOWER
I20260709 13:11:03.626792  3746 ts_tablet_manager.cc:1434] T 32e3c083ed85445ebd80bb480efae0c8 P 5bd5471c739745a6a72dc06b703b2076: Time spent starting tablet: real 0.006s	user 0.005s	sys 0.000s
I20260709 13:11:03.627236  3744 consensus_queue.cc:260] T 2edf57009fef43758493d0a2dccbc954 P c22af3bd433f4f2d9f3482add97fc602 [NON_LEADER]: Queue going to NON_LEADER mode. State: All replicated index: 0, Majority replicated index: 0, Committed index: 0, Last appended: 0.0, Last appended by leader: 0, Current term: 0, Majority size: -1, State: 0, Mode: NON_LEADER, active raft config: opid_index: -1 OBSOLETE_local: false peers { permanent_uuid: "6d0329bdadf64080ab5eb4df377b5113" member_type: VOTER last_known_addr { host: "127.2.220.129" port: 44797 } } peers { permanent_uuid: "c22af3bd433f4f2d9f3482add97fc602" member_type: VOTER last_known_addr { host: "127.2.220.130" port: 43185 } } peers { permanent_uuid: "5bd5471c739745a6a72dc06b703b2076" member_type: VOTER last_known_addr { host: "127.2.220.131" port: 43421 } }
I20260709 13:11:03.627858  3746 tablet_bootstrap.cc:492] T 0bda3667be364f3fa4d96fe6aec626e9 P 5bd5471c739745a6a72dc06b703b2076: Bootstrap starting.
I20260709 13:11:03.627307  3745 consensus_queue.cc:260] T 32e3c083ed85445ebd80bb480efae0c8 P 6d0329bdadf64080ab5eb4df377b5113 [NON_LEADER]: Queue going to NON_LEADER mode. State: All replicated index: 0, Majority replicated index: 0, Committed index: 0, Last appended: 0.0, Last appended by leader: 0, Current term: 0, Majority size: -1, State: 0, Mode: NON_LEADER, active raft config: opid_index: -1 OBSOLETE_local: false peers { permanent_uuid: "6d0329bdadf64080ab5eb4df377b5113" member_type: VOTER last_known_addr { host: "127.2.220.129" port: 44797 } } peers { permanent_uuid: "c22af3bd433f4f2d9f3482add97fc602" member_type: VOTER last_known_addr { host: "127.2.220.130" port: 43185 } } peers { permanent_uuid: "5bd5471c739745a6a72dc06b703b2076" member_type: VOTER last_known_addr { host: "127.2.220.131" port: 43421 } }
I20260709 13:11:03.629537  3744 ts_tablet_manager.cc:1434] T 2edf57009fef43758493d0a2dccbc954 P c22af3bd433f4f2d9f3482add97fc602: Time spent starting tablet: real 0.007s	user 0.005s	sys 0.001s
I20260709 13:11:03.630534  3744 tablet_bootstrap.cc:492] T a9fdcc6715aa4cb888ef37daa7233fe2 P c22af3bd433f4f2d9f3482add97fc602: Bootstrap starting.
I20260709 13:11:03.631794  3745 ts_tablet_manager.cc:1434] T 32e3c083ed85445ebd80bb480efae0c8 P 6d0329bdadf64080ab5eb4df377b5113: Time spent starting tablet: real 0.009s	user 0.005s	sys 0.000s
I20260709 13:11:03.632757  3745 tablet_bootstrap.cc:492] T 2edf57009fef43758493d0a2dccbc954 P 6d0329bdadf64080ab5eb4df377b5113: Bootstrap starting.
I20260709 13:11:03.636777  3744 tablet_bootstrap.cc:654] T a9fdcc6715aa4cb888ef37daa7233fe2 P c22af3bd433f4f2d9f3482add97fc602: Neither blocks nor log segments found. Creating new log.
I20260709 13:11:03.638772  3745 tablet_bootstrap.cc:654] T 2edf57009fef43758493d0a2dccbc954 P 6d0329bdadf64080ab5eb4df377b5113: Neither blocks nor log segments found. Creating new log.
I20260709 13:11:03.644884  3745 tablet_bootstrap.cc:492] T 2edf57009fef43758493d0a2dccbc954 P 6d0329bdadf64080ab5eb4df377b5113: No bootstrap required, opened a new log
I20260709 13:11:03.645364  3745 ts_tablet_manager.cc:1403] T 2edf57009fef43758493d0a2dccbc954 P 6d0329bdadf64080ab5eb4df377b5113: Time spent bootstrapping tablet: real 0.013s	user 0.009s	sys 0.000s
I20260709 13:11:03.647989  3745 raft_consensus.cc:359] T 2edf57009fef43758493d0a2dccbc954 P 6d0329bdadf64080ab5eb4df377b5113 [term 0 FOLLOWER]: Replica starting. Triggering 0 pending ops. Active config: opid_index: -1 OBSOLETE_local: false peers { permanent_uuid: "6d0329bdadf64080ab5eb4df377b5113" member_type: VOTER last_known_addr { host: "127.2.220.129" port: 44797 } } peers { permanent_uuid: "c22af3bd433f4f2d9f3482add97fc602" member_type: VOTER last_known_addr { host: "127.2.220.130" port: 43185 } } peers { permanent_uuid: "5bd5471c739745a6a72dc06b703b2076" member_type: VOTER last_known_addr { host: "127.2.220.131" port: 43421 } }
I20260709 13:11:03.648499  3744 tablet_bootstrap.cc:492] T a9fdcc6715aa4cb888ef37daa7233fe2 P c22af3bd433f4f2d9f3482add97fc602: No bootstrap required, opened a new log
I20260709 13:11:03.648705  3745 raft_consensus.cc:385] T 2edf57009fef43758493d0a2dccbc954 P 6d0329bdadf64080ab5eb4df377b5113 [term 0 FOLLOWER]: Consensus starting up: Expiring failure detector timer to make a prompt election more likely
I20260709 13:11:03.648922  3744 ts_tablet_manager.cc:1403] T a9fdcc6715aa4cb888ef37daa7233fe2 P c22af3bd433f4f2d9f3482add97fc602: Time spent bootstrapping tablet: real 0.019s	user 0.009s	sys 0.008s
I20260709 13:11:03.649048  3745 raft_consensus.cc:740] T 2edf57009fef43758493d0a2dccbc954 P 6d0329bdadf64080ab5eb4df377b5113 [term 0 FOLLOWER]: Becoming Follower/Learner. State: Replica: 6d0329bdadf64080ab5eb4df377b5113, State: Initialized, Role: FOLLOWER
I20260709 13:11:03.649850  3745 consensus_queue.cc:260] T 2edf57009fef43758493d0a2dccbc954 P 6d0329bdadf64080ab5eb4df377b5113 [NON_LEADER]: Queue going to NON_LEADER mode. State: All replicated index: 0, Majority replicated index: 0, Committed index: 0, Last appended: 0.0, Last appended by leader: 0, Current term: 0, Majority size: -1, State: 0, Mode: NON_LEADER, active raft config: opid_index: -1 OBSOLETE_local: false peers { permanent_uuid: "6d0329bdadf64080ab5eb4df377b5113" member_type: VOTER last_known_addr { host: "127.2.220.129" port: 44797 } } peers { permanent_uuid: "c22af3bd433f4f2d9f3482add97fc602" member_type: VOTER last_known_addr { host: "127.2.220.130" port: 43185 } } peers { permanent_uuid: "5bd5471c739745a6a72dc06b703b2076" member_type: VOTER last_known_addr { host: "127.2.220.131" port: 43421 } }
I20260709 13:11:03.651000  3746 tablet_bootstrap.cc:654] T 0bda3667be364f3fa4d96fe6aec626e9 P 5bd5471c739745a6a72dc06b703b2076: Neither blocks nor log segments found. Creating new log.
I20260709 13:11:03.651437  3744 raft_consensus.cc:359] T a9fdcc6715aa4cb888ef37daa7233fe2 P c22af3bd433f4f2d9f3482add97fc602 [term 0 FOLLOWER]: Replica starting. Triggering 0 pending ops. Active config: opid_index: -1 OBSOLETE_local: false peers { permanent_uuid: "6d0329bdadf64080ab5eb4df377b5113" member_type: VOTER last_known_addr { host: "127.2.220.129" port: 44797 } } peers { permanent_uuid: "c22af3bd433f4f2d9f3482add97fc602" member_type: VOTER last_known_addr { host: "127.2.220.130" port: 43185 } } peers { permanent_uuid: "5bd5471c739745a6a72dc06b703b2076" member_type: VOTER last_known_addr { host: "127.2.220.131" port: 43421 } }
I20260709 13:11:03.651984  3745 ts_tablet_manager.cc:1434] T 2edf57009fef43758493d0a2dccbc954 P 6d0329bdadf64080ab5eb4df377b5113: Time spent starting tablet: real 0.006s	user 0.005s	sys 0.000s
I20260709 13:11:03.652173  3744 raft_consensus.cc:385] T a9fdcc6715aa4cb888ef37daa7233fe2 P c22af3bd433f4f2d9f3482add97fc602 [term 0 FOLLOWER]: Consensus starting up: Expiring failure detector timer to make a prompt election more likely
I20260709 13:11:03.652588  3744 raft_consensus.cc:740] T a9fdcc6715aa4cb888ef37daa7233fe2 P c22af3bd433f4f2d9f3482add97fc602 [term 0 FOLLOWER]: Becoming Follower/Learner. State: Replica: c22af3bd433f4f2d9f3482add97fc602, State: Initialized, Role: FOLLOWER
I20260709 13:11:03.653003  3745 tablet_bootstrap.cc:492] T 0bda3667be364f3fa4d96fe6aec626e9 P 6d0329bdadf64080ab5eb4df377b5113: Bootstrap starting.
I20260709 13:11:03.653432  3744 consensus_queue.cc:260] T a9fdcc6715aa4cb888ef37daa7233fe2 P c22af3bd433f4f2d9f3482add97fc602 [NON_LEADER]: Queue going to NON_LEADER mode. State: All replicated index: 0, Majority replicated index: 0, Committed index: 0, Last appended: 0.0, Last appended by leader: 0, Current term: 0, Majority size: -1, State: 0, Mode: NON_LEADER, active raft config: opid_index: -1 OBSOLETE_local: false peers { permanent_uuid: "6d0329bdadf64080ab5eb4df377b5113" member_type: VOTER last_known_addr { host: "127.2.220.129" port: 44797 } } peers { permanent_uuid: "c22af3bd433f4f2d9f3482add97fc602" member_type: VOTER last_known_addr { host: "127.2.220.130" port: 43185 } } peers { permanent_uuid: "5bd5471c739745a6a72dc06b703b2076" member_type: VOTER last_known_addr { host: "127.2.220.131" port: 43421 } }
I20260709 13:11:03.656636  3750 raft_consensus.cc:493] T a72d132a2be14b399c61d828df6dac90 P c22af3bd433f4f2d9f3482add97fc602 [term 0 FOLLOWER]: Starting pre-election (no leader contacted us within the election timeout)
I20260709 13:11:03.657102  3750 raft_consensus.cc:515] T a72d132a2be14b399c61d828df6dac90 P c22af3bd433f4f2d9f3482add97fc602 [term 0 FOLLOWER]: Starting pre-election with config: opid_index: -1 OBSOLETE_local: false peers { permanent_uuid: "6d0329bdadf64080ab5eb4df377b5113" member_type: VOTER last_known_addr { host: "127.2.220.129" port: 44797 } } peers { permanent_uuid: "c22af3bd433f4f2d9f3482add97fc602" member_type: VOTER last_known_addr { host: "127.2.220.130" port: 43185 } } peers { permanent_uuid: "5bd5471c739745a6a72dc06b703b2076" member_type: VOTER last_known_addr { host: "127.2.220.131" port: 43421 } }
I20260709 13:11:03.657860  3744 ts_tablet_manager.cc:1434] T a9fdcc6715aa4cb888ef37daa7233fe2 P c22af3bd433f4f2d9f3482add97fc602: Time spent starting tablet: real 0.009s	user 0.002s	sys 0.003s
I20260709 13:11:03.658813  3744 tablet_bootstrap.cc:492] T de2989deed934bc79e3ba8b6198c8b49 P c22af3bd433f4f2d9f3482add97fc602: Bootstrap starting.
I20260709 13:11:03.659771  3745 tablet_bootstrap.cc:654] T 0bda3667be364f3fa4d96fe6aec626e9 P 6d0329bdadf64080ab5eb4df377b5113: Neither blocks nor log segments found. Creating new log.
I20260709 13:11:03.664841  3744 tablet_bootstrap.cc:654] T de2989deed934bc79e3ba8b6198c8b49 P c22af3bd433f4f2d9f3482add97fc602: Neither blocks nor log segments found. Creating new log.
I20260709 13:11:03.671841  3753 raft_consensus.cc:493] T 2edf57009fef43758493d0a2dccbc954 P 6d0329bdadf64080ab5eb4df377b5113 [term 0 FOLLOWER]: Starting pre-election (no leader contacted us within the election timeout)
I20260709 13:11:03.672380  3753 raft_consensus.cc:515] T 2edf57009fef43758493d0a2dccbc954 P 6d0329bdadf64080ab5eb4df377b5113 [term 0 FOLLOWER]: Starting pre-election with config: opid_index: -1 OBSOLETE_local: false peers { permanent_uuid: "6d0329bdadf64080ab5eb4df377b5113" member_type: VOTER last_known_addr { host: "127.2.220.129" port: 44797 } } peers { permanent_uuid: "c22af3bd433f4f2d9f3482add97fc602" member_type: VOTER last_known_addr { host: "127.2.220.130" port: 43185 } } peers { permanent_uuid: "5bd5471c739745a6a72dc06b703b2076" member_type: VOTER last_known_addr { host: "127.2.220.131" port: 43421 } }
I20260709 13:11:03.681262  3750 leader_election.cc:290] T a72d132a2be14b399c61d828df6dac90 P c22af3bd433f4f2d9f3482add97fc602 [CANDIDATE]: Term 1 pre-election: Requested pre-vote from peers 6d0329bdadf64080ab5eb4df377b5113 (127.2.220.129:44797), 5bd5471c739745a6a72dc06b703b2076 (127.2.220.131:43421)
I20260709 13:11:03.682350  3750 raft_consensus.cc:493] T 4d4efbcd7995445eb2b6ac48dce16b87 P c22af3bd433f4f2d9f3482add97fc602 [term 0 FOLLOWER]: Starting pre-election (no leader contacted us within the election timeout)
I20260709 13:11:03.683336  3704 tablet_service.cc:1917] Received RequestConsensusVote() RPC: tablet_id: "a72d132a2be14b399c61d828df6dac90" candidate_uuid: "c22af3bd433f4f2d9f3482add97fc602" candidate_term: 1 candidate_status { last_received { term: 0 index: 0 } } ignore_live_leader: false dest_uuid: "5bd5471c739745a6a72dc06b703b2076" is_pre_election: true
W20260709 13:11:03.685088  3595 leader_election.cc:343] T a72d132a2be14b399c61d828df6dac90 P c22af3bd433f4f2d9f3482add97fc602 [CANDIDATE]: Term 1 pre-election: Tablet error from VoteRequest() call to peer 5bd5471c739745a6a72dc06b703b2076 (127.2.220.131:43421): Illegal state: must be running to vote when last-logged opid is not known
I20260709 13:11:03.681756  3753 leader_election.cc:290] T 2edf57009fef43758493d0a2dccbc954 P 6d0329bdadf64080ab5eb4df377b5113 [CANDIDATE]: Term 1 pre-election: Requested pre-vote from peers c22af3bd433f4f2d9f3482add97fc602 (127.2.220.130:43185), 5bd5471c739745a6a72dc06b703b2076 (127.2.220.131:43421)
I20260709 13:11:03.686357  3750 raft_consensus.cc:515] T 4d4efbcd7995445eb2b6ac48dce16b87 P c22af3bd433f4f2d9f3482add97fc602 [term 0 FOLLOWER]: Starting pre-election with config: opid_index: -1 OBSOLETE_local: false peers { permanent_uuid: "6d0329bdadf64080ab5eb4df377b5113" member_type: VOTER last_known_addr { host: "127.2.220.129" port: 44797 } } peers { permanent_uuid: "c22af3bd433f4f2d9f3482add97fc602" member_type: VOTER last_known_addr { host: "127.2.220.130" port: 43185 } } peers { permanent_uuid: "5bd5471c739745a6a72dc06b703b2076" member_type: VOTER last_known_addr { host: "127.2.220.131" port: 43421 } }
I20260709 13:11:03.687074  3753 raft_consensus.cc:493] T 4d4efbcd7995445eb2b6ac48dce16b87 P 6d0329bdadf64080ab5eb4df377b5113 [term 0 FOLLOWER]: Starting pre-election (no leader contacted us within the election timeout)
I20260709 13:11:03.687541  3753 raft_consensus.cc:515] T 4d4efbcd7995445eb2b6ac48dce16b87 P 6d0329bdadf64080ab5eb4df377b5113 [term 0 FOLLOWER]: Starting pre-election with config: opid_index: -1 OBSOLETE_local: false peers { permanent_uuid: "6d0329bdadf64080ab5eb4df377b5113" member_type: VOTER last_known_addr { host: "127.2.220.129" port: 44797 } } peers { permanent_uuid: "c22af3bd433f4f2d9f3482add97fc602" member_type: VOTER last_known_addr { host: "127.2.220.130" port: 43185 } } peers { permanent_uuid: "5bd5471c739745a6a72dc06b703b2076" member_type: VOTER last_known_addr { host: "127.2.220.131" port: 43421 } }
I20260709 13:11:03.688414  3750 leader_election.cc:290] T 4d4efbcd7995445eb2b6ac48dce16b87 P c22af3bd433f4f2d9f3482add97fc602 [CANDIDATE]: Term 1 pre-election: Requested pre-vote from peers 6d0329bdadf64080ab5eb4df377b5113 (127.2.220.129:44797), 5bd5471c739745a6a72dc06b703b2076 (127.2.220.131:43421)
I20260709 13:11:03.689528  3704 tablet_service.cc:1917] Received RequestConsensusVote() RPC: tablet_id: "4d4efbcd7995445eb2b6ac48dce16b87" candidate_uuid: "c22af3bd433f4f2d9f3482add97fc602" candidate_term: 1 candidate_status { last_received { term: 0 index: 0 } } ignore_live_leader: false dest_uuid: "5bd5471c739745a6a72dc06b703b2076" is_pre_election: true
I20260709 13:11:03.689478  3745 tablet_bootstrap.cc:492] T 0bda3667be364f3fa4d96fe6aec626e9 P 6d0329bdadf64080ab5eb4df377b5113: No bootstrap required, opened a new log
I20260709 13:11:03.692188  3745 ts_tablet_manager.cc:1403] T 0bda3667be364f3fa4d96fe6aec626e9 P 6d0329bdadf64080ab5eb4df377b5113: Time spent bootstrapping tablet: real 0.039s	user 0.022s	sys 0.012s
W20260709 13:11:03.692854  3595 leader_election.cc:343] T 4d4efbcd7995445eb2b6ac48dce16b87 P c22af3bd433f4f2d9f3482add97fc602 [CANDIDATE]: Term 1 pre-election: Tablet error from VoteRequest() call to peer 5bd5471c739745a6a72dc06b703b2076 (127.2.220.131:43421): Illegal state: must be running to vote when last-logged opid is not known
I20260709 13:11:03.694132  3753 leader_election.cc:290] T 4d4efbcd7995445eb2b6ac48dce16b87 P 6d0329bdadf64080ab5eb4df377b5113 [CANDIDATE]: Term 1 pre-election: Requested pre-vote from peers c22af3bd433f4f2d9f3482add97fc602 (127.2.220.130:43185), 5bd5471c739745a6a72dc06b703b2076 (127.2.220.131:43421)
I20260709 13:11:03.695183  3745 raft_consensus.cc:359] T 0bda3667be364f3fa4d96fe6aec626e9 P 6d0329bdadf64080ab5eb4df377b5113 [term 0 FOLLOWER]: Replica starting. Triggering 0 pending ops. Active config: opid_index: -1 OBSOLETE_local: false peers { permanent_uuid: "6d0329bdadf64080ab5eb4df377b5113" member_type: VOTER last_known_addr { host: "127.2.220.129" port: 44797 } } peers { permanent_uuid: "c22af3bd433f4f2d9f3482add97fc602" member_type: VOTER last_known_addr { host: "127.2.220.130" port: 43185 } } peers { permanent_uuid: "5bd5471c739745a6a72dc06b703b2076" member_type: VOTER last_known_addr { host: "127.2.220.131" port: 43421 } }
I20260709 13:11:03.695940  3745 raft_consensus.cc:385] T 0bda3667be364f3fa4d96fe6aec626e9 P 6d0329bdadf64080ab5eb4df377b5113 [term 0 FOLLOWER]: Consensus starting up: Expiring failure detector timer to make a prompt election more likely
I20260709 13:11:03.696265  3745 raft_consensus.cc:740] T 0bda3667be364f3fa4d96fe6aec626e9 P 6d0329bdadf64080ab5eb4df377b5113 [term 0 FOLLOWER]: Becoming Follower/Learner. State: Replica: 6d0329bdadf64080ab5eb4df377b5113, State: Initialized, Role: FOLLOWER
I20260709 13:11:03.697078  3745 consensus_queue.cc:260] T 0bda3667be364f3fa4d96fe6aec626e9 P 6d0329bdadf64080ab5eb4df377b5113 [NON_LEADER]: Queue going to NON_LEADER mode. State: All replicated index: 0, Majority replicated index: 0, Committed index: 0, Last appended: 0.0, Last appended by leader: 0, Current term: 0, Majority size: -1, State: 0, Mode: NON_LEADER, active raft config: opid_index: -1 OBSOLETE_local: false peers { permanent_uuid: "6d0329bdadf64080ab5eb4df377b5113" member_type: VOTER last_known_addr { host: "127.2.220.129" port: 44797 } } peers { permanent_uuid: "c22af3bd433f4f2d9f3482add97fc602" member_type: VOTER last_known_addr { host: "127.2.220.130" port: 43185 } } peers { permanent_uuid: "5bd5471c739745a6a72dc06b703b2076" member_type: VOTER last_known_addr { host: "127.2.220.131" port: 43421 } }
I20260709 13:11:03.698729  3555 tablet_service.cc:1917] Received RequestConsensusVote() RPC: tablet_id: "a72d132a2be14b399c61d828df6dac90" candidate_uuid: "c22af3bd433f4f2d9f3482add97fc602" candidate_term: 1 candidate_status { last_received { term: 0 index: 0 } } ignore_live_leader: false dest_uuid: "6d0329bdadf64080ab5eb4df377b5113" is_pre_election: true
I20260709 13:11:03.699272  3745 ts_tablet_manager.cc:1434] T 0bda3667be364f3fa4d96fe6aec626e9 P 6d0329bdadf64080ab5eb4df377b5113: Time spent starting tablet: real 0.007s	user 0.005s	sys 0.000s
I20260709 13:11:03.699927  3554 tablet_service.cc:1917] Received RequestConsensusVote() RPC: tablet_id: "4d4efbcd7995445eb2b6ac48dce16b87" candidate_uuid: "c22af3bd433f4f2d9f3482add97fc602" candidate_term: 1 candidate_status { last_received { term: 0 index: 0 } } ignore_live_leader: false dest_uuid: "6d0329bdadf64080ab5eb4df377b5113" is_pre_election: true
I20260709 13:11:03.700229  3745 tablet_bootstrap.cc:492] T de2989deed934bc79e3ba8b6198c8b49 P 6d0329bdadf64080ab5eb4df377b5113: Bootstrap starting.
I20260709 13:11:03.700289  3704 tablet_service.cc:1917] Received RequestConsensusVote() RPC: tablet_id: "2edf57009fef43758493d0a2dccbc954" candidate_uuid: "6d0329bdadf64080ab5eb4df377b5113" candidate_term: 1 candidate_status { last_received { term: 0 index: 0 } } ignore_live_leader: false dest_uuid: "5bd5471c739745a6a72dc06b703b2076" is_pre_election: true
I20260709 13:11:03.700548  3554 raft_consensus.cc:2468] T 4d4efbcd7995445eb2b6ac48dce16b87 P 6d0329bdadf64080ab5eb4df377b5113 [term 0 FOLLOWER]: Leader pre-election vote request: Granting yes vote for candidate c22af3bd433f4f2d9f3482add97fc602 in term 0.
I20260709 13:11:03.700681  3703 tablet_service.cc:1917] Received RequestConsensusVote() RPC: tablet_id: "4d4efbcd7995445eb2b6ac48dce16b87" candidate_uuid: "6d0329bdadf64080ab5eb4df377b5113" candidate_term: 1 candidate_status { last_received { term: 0 index: 0 } } ignore_live_leader: false dest_uuid: "5bd5471c739745a6a72dc06b703b2076" is_pre_election: true
W20260709 13:11:03.702055  3594 leader_election.cc:343] T a72d132a2be14b399c61d828df6dac90 P c22af3bd433f4f2d9f3482add97fc602 [CANDIDATE]: Term 1 pre-election: Tablet error from VoteRequest() call to peer 6d0329bdadf64080ab5eb4df377b5113 (127.2.220.129:44797): Illegal state: must be running to vote when last-logged opid is not known
I20260709 13:11:03.702508  3594 leader_election.cc:304] T a72d132a2be14b399c61d828df6dac90 P c22af3bd433f4f2d9f3482add97fc602 [CANDIDATE]: Term 1 pre-election: Election decided. Result: candidate lost. Election summary: received 3 responses out of 3 voters: 1 yes votes; 2 no votes. yes voters: c22af3bd433f4f2d9f3482add97fc602; no voters: 5bd5471c739745a6a72dc06b703b2076, 6d0329bdadf64080ab5eb4df377b5113
I20260709 13:11:03.703644  3594 leader_election.cc:304] T 4d4efbcd7995445eb2b6ac48dce16b87 P c22af3bd433f4f2d9f3482add97fc602 [CANDIDATE]: Term 1 pre-election: Election decided. Result: candidate won. Election summary: received 3 responses out of 3 voters: 2 yes votes; 1 no votes. yes voters: 6d0329bdadf64080ab5eb4df377b5113, c22af3bd433f4f2d9f3482add97fc602; no voters: 5bd5471c739745a6a72dc06b703b2076
W20260709 13:11:03.705714  3520 leader_election.cc:343] T 2edf57009fef43758493d0a2dccbc954 P 6d0329bdadf64080ab5eb4df377b5113 [CANDIDATE]: Term 1 pre-election: Tablet error from VoteRequest() call to peer 5bd5471c739745a6a72dc06b703b2076 (127.2.220.131:43421): Illegal state: must be running to vote when last-logged opid is not known
W20260709 13:11:03.706390  3520 leader_election.cc:343] T 4d4efbcd7995445eb2b6ac48dce16b87 P 6d0329bdadf64080ab5eb4df377b5113 [CANDIDATE]: Term 1 pre-election: Tablet error from VoteRequest() call to peer 5bd5471c739745a6a72dc06b703b2076 (127.2.220.131:43421): Illegal state: must be running to vote when last-logged opid is not known
I20260709 13:11:03.706763  3745 tablet_bootstrap.cc:654] T de2989deed934bc79e3ba8b6198c8b49 P 6d0329bdadf64080ab5eb4df377b5113: Neither blocks nor log segments found. Creating new log.
I20260709 13:11:03.706990  3750 raft_consensus.cc:2804] T 4d4efbcd7995445eb2b6ac48dce16b87 P c22af3bd433f4f2d9f3482add97fc602 [term 0 FOLLOWER]: Leader pre-election won for term 1
I20260709 13:11:03.707360  3750 raft_consensus.cc:493] T 4d4efbcd7995445eb2b6ac48dce16b87 P c22af3bd433f4f2d9f3482add97fc602 [term 0 FOLLOWER]: Starting leader election (no leader contacted us within the election timeout)
I20260709 13:11:03.707667  3750 raft_consensus.cc:3060] T 4d4efbcd7995445eb2b6ac48dce16b87 P c22af3bd433f4f2d9f3482add97fc602 [term 0 FOLLOWER]: Advancing to term 1
I20260709 13:11:03.709401  3630 tablet_service.cc:1917] Received RequestConsensusVote() RPC: tablet_id: "2edf57009fef43758493d0a2dccbc954" candidate_uuid: "6d0329bdadf64080ab5eb4df377b5113" candidate_term: 1 candidate_status { last_received { term: 0 index: 0 } } ignore_live_leader: false dest_uuid: "c22af3bd433f4f2d9f3482add97fc602" is_pre_election: true
I20260709 13:11:03.710011  3630 raft_consensus.cc:2468] T 2edf57009fef43758493d0a2dccbc954 P c22af3bd433f4f2d9f3482add97fc602 [term 0 FOLLOWER]: Leader pre-election vote request: Granting yes vote for candidate 6d0329bdadf64080ab5eb4df377b5113 in term 0.
I20260709 13:11:03.711031  3629 tablet_service.cc:1917] Received RequestConsensusVote() RPC: tablet_id: "4d4efbcd7995445eb2b6ac48dce16b87" candidate_uuid: "6d0329bdadf64080ab5eb4df377b5113" candidate_term: 1 candidate_status { last_received { term: 0 index: 0 } } ignore_live_leader: false dest_uuid: "c22af3bd433f4f2d9f3482add97fc602" is_pre_election: true
I20260709 13:11:03.712309  3518 leader_election.cc:304] T 2edf57009fef43758493d0a2dccbc954 P 6d0329bdadf64080ab5eb4df377b5113 [CANDIDATE]: Term 1 pre-election: Election decided. Result: candidate won. Election summary: received 3 responses out of 3 voters: 2 yes votes; 1 no votes. yes voters: 6d0329bdadf64080ab5eb4df377b5113, c22af3bd433f4f2d9f3482add97fc602; no voters: 5bd5471c739745a6a72dc06b703b2076
I20260709 13:11:03.713104  3753 raft_consensus.cc:2804] T 2edf57009fef43758493d0a2dccbc954 P 6d0329bdadf64080ab5eb4df377b5113 [term 0 FOLLOWER]: Leader pre-election won for term 1
I20260709 13:11:03.713424  3753 raft_consensus.cc:493] T 2edf57009fef43758493d0a2dccbc954 P 6d0329bdadf64080ab5eb4df377b5113 [term 0 FOLLOWER]: Starting leader election (no leader contacted us within the election timeout)
I20260709 13:11:03.713766  3753 raft_consensus.cc:3060] T 2edf57009fef43758493d0a2dccbc954 P 6d0329bdadf64080ab5eb4df377b5113 [term 0 FOLLOWER]: Advancing to term 1
I20260709 13:11:03.720811  3750 raft_consensus.cc:515] T 4d4efbcd7995445eb2b6ac48dce16b87 P c22af3bd433f4f2d9f3482add97fc602 [term 1 FOLLOWER]: Starting leader election with config: opid_index: -1 OBSOLETE_local: false peers { permanent_uuid: "6d0329bdadf64080ab5eb4df377b5113" member_type: VOTER last_known_addr { host: "127.2.220.129" port: 44797 } } peers { permanent_uuid: "c22af3bd433f4f2d9f3482add97fc602" member_type: VOTER last_known_addr { host: "127.2.220.130" port: 43185 } } peers { permanent_uuid: "5bd5471c739745a6a72dc06b703b2076" member_type: VOTER last_known_addr { host: "127.2.220.131" port: 43421 } }
I20260709 13:11:03.721112  3753 raft_consensus.cc:515] T 2edf57009fef43758493d0a2dccbc954 P 6d0329bdadf64080ab5eb4df377b5113 [term 1 FOLLOWER]: Starting leader election with config: opid_index: -1 OBSOLETE_local: false peers { permanent_uuid: "6d0329bdadf64080ab5eb4df377b5113" member_type: VOTER last_known_addr { host: "127.2.220.129" port: 44797 } } peers { permanent_uuid: "c22af3bd433f4f2d9f3482add97fc602" member_type: VOTER last_known_addr { host: "127.2.220.130" port: 43185 } } peers { permanent_uuid: "5bd5471c739745a6a72dc06b703b2076" member_type: VOTER last_known_addr { host: "127.2.220.131" port: 43421 } }
I20260709 13:11:03.721958  3629 raft_consensus.cc:2393] T 4d4efbcd7995445eb2b6ac48dce16b87 P c22af3bd433f4f2d9f3482add97fc602 [term 1 FOLLOWER]: Leader pre-election vote request: Denying vote to candidate 6d0329bdadf64080ab5eb4df377b5113 in current term 1: Already voted for candidate c22af3bd433f4f2d9f3482add97fc602 in this term.
I20260709 13:11:03.724467  3630 tablet_service.cc:1917] Received RequestConsensusVote() RPC: tablet_id: "2edf57009fef43758493d0a2dccbc954" candidate_uuid: "6d0329bdadf64080ab5eb4df377b5113" candidate_term: 1 candidate_status { last_received { term: 0 index: 0 } } ignore_live_leader: false dest_uuid: "c22af3bd433f4f2d9f3482add97fc602"
I20260709 13:11:03.725000  3630 raft_consensus.cc:3060] T 2edf57009fef43758493d0a2dccbc954 P c22af3bd433f4f2d9f3482add97fc602 [term 0 FOLLOWER]: Advancing to term 1
I20260709 13:11:03.727311  3518 leader_election.cc:304] T 4d4efbcd7995445eb2b6ac48dce16b87 P 6d0329bdadf64080ab5eb4df377b5113 [CANDIDATE]: Term 1 pre-election: Election decided. Result: candidate lost. Election summary: received 3 responses out of 3 voters: 1 yes votes; 2 no votes. yes voters: 6d0329bdadf64080ab5eb4df377b5113; no voters: 5bd5471c739745a6a72dc06b703b2076, c22af3bd433f4f2d9f3482add97fc602
I20260709 13:11:03.727744  3746 tablet_bootstrap.cc:492] T 0bda3667be364f3fa4d96fe6aec626e9 P 5bd5471c739745a6a72dc06b703b2076: No bootstrap required, opened a new log
I20260709 13:11:03.727541  3554 tablet_service.cc:1917] Received RequestConsensusVote() RPC: tablet_id: "4d4efbcd7995445eb2b6ac48dce16b87" candidate_uuid: "c22af3bd433f4f2d9f3482add97fc602" candidate_term: 1 candidate_status { last_received { term: 0 index: 0 } } ignore_live_leader: false dest_uuid: "6d0329bdadf64080ab5eb4df377b5113"
I20260709 13:11:03.728178  3554 raft_consensus.cc:3060] T 4d4efbcd7995445eb2b6ac48dce16b87 P 6d0329bdadf64080ab5eb4df377b5113 [term 0 FOLLOWER]: Advancing to term 1
I20260709 13:11:03.728240  3746 ts_tablet_manager.cc:1403] T 0bda3667be364f3fa4d96fe6aec626e9 P 5bd5471c739745a6a72dc06b703b2076: Time spent bootstrapping tablet: real 0.101s	user 0.009s	sys 0.007s
I20260709 13:11:03.731254  3746 raft_consensus.cc:359] T 0bda3667be364f3fa4d96fe6aec626e9 P 5bd5471c739745a6a72dc06b703b2076 [term 0 FOLLOWER]: Replica starting. Triggering 0 pending ops. Active config: opid_index: -1 OBSOLETE_local: false peers { permanent_uuid: "6d0329bdadf64080ab5eb4df377b5113" member_type: VOTER last_known_addr { host: "127.2.220.129" port: 44797 } } peers { permanent_uuid: "c22af3bd433f4f2d9f3482add97fc602" member_type: VOTER last_known_addr { host: "127.2.220.130" port: 43185 } } peers { permanent_uuid: "5bd5471c739745a6a72dc06b703b2076" member_type: VOTER last_known_addr { host: "127.2.220.131" port: 43421 } }
I20260709 13:11:03.731945  3746 raft_consensus.cc:385] T 0bda3667be364f3fa4d96fe6aec626e9 P 5bd5471c739745a6a72dc06b703b2076 [term 0 FOLLOWER]: Consensus starting up: Expiring failure detector timer to make a prompt election more likely
I20260709 13:11:03.732220  3746 raft_consensus.cc:740] T 0bda3667be364f3fa4d96fe6aec626e9 P 5bd5471c739745a6a72dc06b703b2076 [term 0 FOLLOWER]: Becoming Follower/Learner. State: Replica: 5bd5471c739745a6a72dc06b703b2076, State: Initialized, Role: FOLLOWER
I20260709 13:11:03.733014  3746 consensus_queue.cc:260] T 0bda3667be364f3fa4d96fe6aec626e9 P 5bd5471c739745a6a72dc06b703b2076 [NON_LEADER]: Queue going to NON_LEADER mode. State: All replicated index: 0, Majority replicated index: 0, Committed index: 0, Last appended: 0.0, Last appended by leader: 0, Current term: 0, Majority size: -1, State: 0, Mode: NON_LEADER, active raft config: opid_index: -1 OBSOLETE_local: false peers { permanent_uuid: "6d0329bdadf64080ab5eb4df377b5113" member_type: VOTER last_known_addr { host: "127.2.220.129" port: 44797 } } peers { permanent_uuid: "c22af3bd433f4f2d9f3482add97fc602" member_type: VOTER last_known_addr { host: "127.2.220.130" port: 43185 } } peers { permanent_uuid: "5bd5471c739745a6a72dc06b703b2076" member_type: VOTER last_known_addr { host: "127.2.220.131" port: 43421 } }
I20260709 13:11:03.735273  3554 raft_consensus.cc:2468] T 4d4efbcd7995445eb2b6ac48dce16b87 P 6d0329bdadf64080ab5eb4df377b5113 [term 1 FOLLOWER]: Leader election vote request: Granting yes vote for candidate c22af3bd433f4f2d9f3482add97fc602 in term 1.
I20260709 13:11:03.735476  3746 ts_tablet_manager.cc:1434] T 0bda3667be364f3fa4d96fe6aec626e9 P 5bd5471c739745a6a72dc06b703b2076: Time spent starting tablet: real 0.007s	user 0.005s	sys 0.000s
I20260709 13:11:03.736603  3751 raft_consensus.cc:493] T de2989deed934bc79e3ba8b6198c8b49 P 5bd5471c739745a6a72dc06b703b2076 [term 0 FOLLOWER]: Starting pre-election (no leader contacted us within the election timeout)
I20260709 13:11:03.737021  3751 raft_consensus.cc:515] T de2989deed934bc79e3ba8b6198c8b49 P 5bd5471c739745a6a72dc06b703b2076 [term 0 FOLLOWER]: Starting pre-election with config: opid_index: -1 OBSOLETE_local: false peers { permanent_uuid: "6d0329bdadf64080ab5eb4df377b5113" member_type: VOTER last_known_addr { host: "127.2.220.129" port: 44797 } } peers { permanent_uuid: "c22af3bd433f4f2d9f3482add97fc602" member_type: VOTER last_known_addr { host: "127.2.220.130" port: 43185 } } peers { permanent_uuid: "5bd5471c739745a6a72dc06b703b2076" member_type: VOTER last_known_addr { host: "127.2.220.131" port: 43421 } }
I20260709 13:11:03.738055  3594 leader_election.cc:304] T 4d4efbcd7995445eb2b6ac48dce16b87 P c22af3bd433f4f2d9f3482add97fc602 [CANDIDATE]: Term 1 election: Election decided. Result: candidate won. Election summary: received 2 responses out of 3 voters: 2 yes votes; 0 no votes. yes voters: 6d0329bdadf64080ab5eb4df377b5113, c22af3bd433f4f2d9f3482add97fc602; no voters: 
I20260709 13:11:03.742795  3629 tablet_service.cc:1917] Received RequestConsensusVote() RPC: tablet_id: "de2989deed934bc79e3ba8b6198c8b49" candidate_uuid: "5bd5471c739745a6a72dc06b703b2076" candidate_term: 1 candidate_status { last_received { term: 0 index: 0 } } ignore_live_leader: false dest_uuid: "c22af3bd433f4f2d9f3482add97fc602" is_pre_election: true
I20260709 13:11:03.769752  3630 raft_consensus.cc:2468] T 2edf57009fef43758493d0a2dccbc954 P c22af3bd433f4f2d9f3482add97fc602 [term 1 FOLLOWER]: Leader election vote request: Granting yes vote for candidate 6d0329bdadf64080ab5eb4df377b5113 in term 1.
I20260709 13:11:03.737167  3744 tablet_bootstrap.cc:492] T de2989deed934bc79e3ba8b6198c8b49 P c22af3bd433f4f2d9f3482add97fc602: No bootstrap required, opened a new log
I20260709 13:11:03.739558  3746 tablet_bootstrap.cc:492] T 4d4efbcd7995445eb2b6ac48dce16b87 P 5bd5471c739745a6a72dc06b703b2076: Bootstrap starting.
I20260709 13:11:03.705730  3773 raft_consensus.cc:2749] T a72d132a2be14b399c61d828df6dac90 P c22af3bd433f4f2d9f3482add97fc602 [term 0 FOLLOWER]: Leader pre-election lost for term 1. Reason: could not achieve majority
I20260709 13:11:03.739923  3750 leader_election.cc:290] T 4d4efbcd7995445eb2b6ac48dce16b87 P c22af3bd433f4f2d9f3482add97fc602 [CANDIDATE]: Term 1 election: Requested vote from peers 6d0329bdadf64080ab5eb4df377b5113 (127.2.220.129:44797), 5bd5471c739745a6a72dc06b703b2076 (127.2.220.131:43421)
I20260709 13:11:03.741787  3703 tablet_service.cc:1917] Received RequestConsensusVote() RPC: tablet_id: "4d4efbcd7995445eb2b6ac48dce16b87" candidate_uuid: "c22af3bd433f4f2d9f3482add97fc602" candidate_term: 1 candidate_status { last_received { term: 0 index: 0 } } ignore_live_leader: false dest_uuid: "5bd5471c739745a6a72dc06b703b2076"
W20260709 13:11:03.782698  3594 outbound_call.cc:321] RPC callback for RPC call kudu.consensus.ConsensusService.RequestConsensusVote -> {remote=127.2.220.129:44797, user_credentials={real_user=slave}} blocked reactor thread for 44708.4us
I20260709 13:11:03.783074  3779 raft_consensus.cc:2804] T 4d4efbcd7995445eb2b6ac48dce16b87 P c22af3bd433f4f2d9f3482add97fc602 [term 1 FOLLOWER]: Leader election won for term 1
I20260709 13:11:03.784312  3779 raft_consensus.cc:697] T 4d4efbcd7995445eb2b6ac48dce16b87 P c22af3bd433f4f2d9f3482add97fc602 [term 1 LEADER]: Becoming Leader. State: Replica: c22af3bd433f4f2d9f3482add97fc602, State: Running, Role: LEADER
I20260709 13:11:03.784482  3745 tablet_bootstrap.cc:492] T de2989deed934bc79e3ba8b6198c8b49 P 6d0329bdadf64080ab5eb4df377b5113: No bootstrap required, opened a new log
I20260709 13:11:03.741736  3751 leader_election.cc:290] T de2989deed934bc79e3ba8b6198c8b49 P 5bd5471c739745a6a72dc06b703b2076 [CANDIDATE]: Term 1 pre-election: Requested pre-vote from peers 6d0329bdadf64080ab5eb4df377b5113 (127.2.220.129:44797), c22af3bd433f4f2d9f3482add97fc602 (127.2.220.130:43185)
W20260709 13:11:03.770594  3667 leader_election.cc:343] T de2989deed934bc79e3ba8b6198c8b49 P 5bd5471c739745a6a72dc06b703b2076 [CANDIDATE]: Term 1 pre-election: Tablet error from VoteRequest() call to peer c22af3bd433f4f2d9f3482add97fc602 (127.2.220.130:43185): Illegal state: must be running to vote when last-logged opid is not known
I20260709 13:11:03.777309  3554 tablet_service.cc:1917] Received RequestConsensusVote() RPC: tablet_id: "de2989deed934bc79e3ba8b6198c8b49" candidate_uuid: "5bd5471c739745a6a72dc06b703b2076" candidate_term: 1 candidate_status { last_received { term: 0 index: 0 } } ignore_live_leader: false dest_uuid: "6d0329bdadf64080ab5eb4df377b5113" is_pre_election: true
I20260709 13:11:03.784781  3781 raft_consensus.cc:493] T 32e3c083ed85445ebd80bb480efae0c8 P c22af3bd433f4f2d9f3482add97fc602 [term 0 FOLLOWER]: Starting pre-election (no leader contacted us within the election timeout)
I20260709 13:11:03.785527  3777 raft_consensus.cc:2749] T 4d4efbcd7995445eb2b6ac48dce16b87 P 6d0329bdadf64080ab5eb4df377b5113 [term 1 FOLLOWER]: Leader pre-election lost for term 1. Reason: could not achieve majority
I20260709 13:11:03.781236  3744 ts_tablet_manager.cc:1403] T de2989deed934bc79e3ba8b6198c8b49 P c22af3bd433f4f2d9f3482add97fc602: Time spent bootstrapping tablet: real 0.123s	user 0.020s	sys 0.027s
I20260709 13:11:03.788090  3781 raft_consensus.cc:515] T 32e3c083ed85445ebd80bb480efae0c8 P c22af3bd433f4f2d9f3482add97fc602 [term 0 FOLLOWER]: Starting pre-election with config: opid_index: -1 OBSOLETE_local: false peers { permanent_uuid: "6d0329bdadf64080ab5eb4df377b5113" member_type: VOTER last_known_addr { host: "127.2.220.129" port: 44797 } } peers { permanent_uuid: "c22af3bd433f4f2d9f3482add97fc602" member_type: VOTER last_known_addr { host: "127.2.220.130" port: 43185 } } peers { permanent_uuid: "5bd5471c739745a6a72dc06b703b2076" member_type: VOTER last_known_addr { host: "127.2.220.131" port: 43421 } }
W20260709 13:11:03.787382  3501 auto_rebalancer.cc:288] Could not retrieve cluster info: Service unavailable: Tablet not running
I20260709 13:11:03.788573  3704 tablet_service.cc:1917] Received RequestConsensusVote() RPC: tablet_id: "2edf57009fef43758493d0a2dccbc954" candidate_uuid: "6d0329bdadf64080ab5eb4df377b5113" candidate_term: 1 candidate_status { last_received { term: 0 index: 0 } } ignore_live_leader: false dest_uuid: "5bd5471c739745a6a72dc06b703b2076"
I20260709 13:11:03.787251  3777 raft_consensus.cc:493] T 0bda3667be364f3fa4d96fe6aec626e9 P 6d0329bdadf64080ab5eb4df377b5113 [term 0 FOLLOWER]: Starting pre-election (no leader contacted us within the election timeout)
I20260709 13:11:03.785310  3753 leader_election.cc:290] T 2edf57009fef43758493d0a2dccbc954 P 6d0329bdadf64080ab5eb4df377b5113 [CANDIDATE]: Term 1 election: Requested vote from peers c22af3bd433f4f2d9f3482add97fc602 (127.2.220.130:43185), 5bd5471c739745a6a72dc06b703b2076 (127.2.220.131:43421)
W20260709 13:11:03.787354  3668 leader_election.cc:343] T de2989deed934bc79e3ba8b6198c8b49 P 5bd5471c739745a6a72dc06b703b2076 [CANDIDATE]: Term 1 pre-election: Tablet error from VoteRequest() call to peer 6d0329bdadf64080ab5eb4df377b5113 (127.2.220.129:44797): Illegal state: must be running to vote when last-logged opid is not known
I20260709 13:11:03.791361  3668 leader_election.cc:304] T de2989deed934bc79e3ba8b6198c8b49 P 5bd5471c739745a6a72dc06b703b2076 [CANDIDATE]: Term 1 pre-election: Election decided. Result: candidate lost. Election summary: received 3 responses out of 3 voters: 1 yes votes; 2 no votes. yes voters: 5bd5471c739745a6a72dc06b703b2076; no voters: 6d0329bdadf64080ab5eb4df377b5113, c22af3bd433f4f2d9f3482add97fc602
I20260709 13:11:03.791153  3777 raft_consensus.cc:515] T 0bda3667be364f3fa4d96fe6aec626e9 P 6d0329bdadf64080ab5eb4df377b5113 [term 0 FOLLOWER]: Starting pre-election with config: opid_index: -1 OBSOLETE_local: false peers { permanent_uuid: "6d0329bdadf64080ab5eb4df377b5113" member_type: VOTER last_known_addr { host: "127.2.220.129" port: 44797 } } peers { permanent_uuid: "c22af3bd433f4f2d9f3482add97fc602" member_type: VOTER last_known_addr { host: "127.2.220.130" port: 43185 } } peers { permanent_uuid: "5bd5471c739745a6a72dc06b703b2076" member_type: VOTER last_known_addr { host: "127.2.220.131" port: 43421 } }
W20260709 13:11:03.791546  3595 leader_election.cc:343] T 4d4efbcd7995445eb2b6ac48dce16b87 P c22af3bd433f4f2d9f3482add97fc602 [CANDIDATE]: Term 1 election: Tablet error from VoteRequest() call to peer 5bd5471c739745a6a72dc06b703b2076 (127.2.220.131:43421): Illegal state: must be running to vote when last-logged opid is not known
