I20260709 13:11:09.194341  1112 consensus_queue.cc:237] T 451d1f2ed2b64a77b57af0ac97bb624b P 8e3f12b5053441bfa8abe4c6ea39e194 [LEADER]: Queue going to LEADER mode. State: All replicated index: 0, Majority replicated index: 2, Committed index: 2, Last appended: 2.2, Last appended by leader: 2, Current term: 3, Majority size: 2, State: 0, Mode: LEADER, active raft config: opid_index: -1 OBSOLETE_local: false peers { permanent_uuid: "7b987f7dddad492cba226d2086c12a70" member_type: VOTER last_known_addr { host: "127.31.243.193" port: 45437 } } peers { permanent_uuid: "5c47a535d57f42cd94cd46b8008cef53" member_type: VOTER last_known_addr { host: "127.31.243.194" port: 39181 } } peers { permanent_uuid: "8e3f12b5053441bfa8abe4c6ea39e194" member_type: VOTER last_known_addr { host: "127.31.243.195" port: 40487 } }
I20260709 13:11:09.202173   784 catalog_manager.cc:5697] T 451d1f2ed2b64a77b57af0ac97bb624b P 8e3f12b5053441bfa8abe4c6ea39e194 reported cstate change: term changed from 2 to 3, leader changed from 7b987f7dddad492cba226d2086c12a70 (127.31.243.193) to 8e3f12b5053441bfa8abe4c6ea39e194 (127.31.243.195). New cstate: current_term: 3 leader_uuid: "8e3f12b5053441bfa8abe4c6ea39e194" committed_config { opid_index: -1 OBSOLETE_local: false peers { permanent_uuid: "7b987f7dddad492cba226d2086c12a70" member_type: VOTER last_known_addr { host: "127.31.243.193" port: 45437 } health_report { overall_health: UNKNOWN } } peers { permanent_uuid: "5c47a535d57f42cd94cd46b8008cef53" member_type: VOTER last_known_addr { host: "127.31.243.194" port: 39181 } health_report { overall_health: UNKNOWN } } peers { permanent_uuid: "8e3f12b5053441bfa8abe4c6ea39e194" member_type: VOTER last_known_addr { host: "127.31.243.195" port: 40487 } health_report { overall_health: HEALTHY } } }
I20260709 13:11:09.594520   886 raft_consensus.cc:1275] T 34e8b51553ba4f89a85effb8722d82ed P 7b987f7dddad492cba226d2086c12a70 [term 3 FOLLOWER]: Refusing update from remote peer 8e3f12b5053441bfa8abe4c6ea39e194: Log matching property violated. Preceding OpId in replica: term: 2 index: 2. Preceding OpId from leader: term: 3 index: 3. (index mismatch)
I20260709 13:11:09.596225  1112 consensus_queue.cc:1048] T 34e8b51553ba4f89a85effb8722d82ed P 8e3f12b5053441bfa8abe4c6ea39e194 [LEADER]: Connected to new peer: Peer: permanent_uuid: "7b987f7dddad492cba226d2086c12a70" member_type: VOTER last_known_addr { host: "127.31.243.193" port: 45437 }, Status: LMP_MISMATCH, Last received: 0.0, Next index: 3, Last known committed idx: 2, Time since last communication: 0.000s
I20260709 13:11:09.606179   960 raft_consensus.cc:1275] T 34e8b51553ba4f89a85effb8722d82ed P 5c47a535d57f42cd94cd46b8008cef53 [term 3 FOLLOWER]: Refusing update from remote peer 8e3f12b5053441bfa8abe4c6ea39e194: Log matching property violated. Preceding OpId in replica: term: 2 index: 2. Preceding OpId from leader: term: 3 index: 3. (index mismatch)
I20260709 13:11:09.607699  1112 consensus_queue.cc:1048] T 34e8b51553ba4f89a85effb8722d82ed P 8e3f12b5053441bfa8abe4c6ea39e194 [LEADER]: Connected to new peer: Peer: permanent_uuid: "5c47a535d57f42cd94cd46b8008cef53" member_type: VOTER last_known_addr { host: "127.31.243.194" port: 39181 }, Status: LMP_MISMATCH, Last received: 0.0, Next index: 3, Last known committed idx: 2, Time since last communication: 0.000s
I20260709 13:11:09.640208   960 raft_consensus.cc:1275] T 451d1f2ed2b64a77b57af0ac97bb624b P 5c47a535d57f42cd94cd46b8008cef53 [term 3 FOLLOWER]: Refusing update from remote peer 8e3f12b5053441bfa8abe4c6ea39e194: Log matching property violated. Preceding OpId in replica: term: 2 index: 2. Preceding OpId from leader: term: 3 index: 3. (index mismatch)
I20260709 13:11:09.641886  1112 consensus_queue.cc:1048] T 451d1f2ed2b64a77b57af0ac97bb624b P 8e3f12b5053441bfa8abe4c6ea39e194 [LEADER]: Connected to new peer: Peer: permanent_uuid: "5c47a535d57f42cd94cd46b8008cef53" member_type: VOTER last_known_addr { host: "127.31.243.194" port: 39181 }, Status: LMP_MISMATCH, Last received: 0.0, Next index: 3, Last known committed idx: 2, Time since last communication: 0.000s
I20260709 13:11:09.651391   886 raft_consensus.cc:1275] T 451d1f2ed2b64a77b57af0ac97bb624b P 7b987f7dddad492cba226d2086c12a70 [term 3 FOLLOWER]: Refusing update from remote peer 8e3f12b5053441bfa8abe4c6ea39e194: Log matching property violated. Preceding OpId in replica: term: 2 index: 2. Preceding OpId from leader: term: 3 index: 3. (index mismatch)
I20260709 13:11:09.653198  1193 consensus_queue.cc:1048] T 451d1f2ed2b64a77b57af0ac97bb624b P 8e3f12b5053441bfa8abe4c6ea39e194 [LEADER]: Connected to new peer: Peer: permanent_uuid: "7b987f7dddad492cba226d2086c12a70" member_type: VOTER last_known_addr { host: "127.31.243.193" port: 45437 }, Status: LMP_MISMATCH, Last received: 0.0, Next index: 3, Last known committed idx: 2, Time since last communication: 0.000s
I20260709 13:11:09.923529 32719 auto_leader_rebalancer.cc:141] leader rebalance for table test-workload
I20260709 13:11:09.934733  1035 tablet_service.cc:2072] Received LeaderStepDown RPC: tablet_id: "34e8b51553ba4f89a85effb8722d82ed"
dest_uuid: "8e3f12b5053441bfa8abe4c6ea39e194"
mode: GRACEFUL
new_leader_uuid: "7b987f7dddad492cba226d2086c12a70"
 from {username='slave'} at 127.0.0.1:51478
I20260709 13:11:09.935316  1035 raft_consensus.cc:606] T 34e8b51553ba4f89a85effb8722d82ed P 8e3f12b5053441bfa8abe4c6ea39e194 [term 3 LEADER]: Received request to transfer leadership to TS 7b987f7dddad492cba226d2086c12a70
I20260709 13:11:09.945659  1035 tablet_service.cc:2072] Received LeaderStepDown RPC: tablet_id: "451d1f2ed2b64a77b57af0ac97bb624b"
dest_uuid: "8e3f12b5053441bfa8abe4c6ea39e194"
mode: GRACEFUL
new_leader_uuid: "7b987f7dddad492cba226d2086c12a70"
 from {username='slave'} at 127.0.0.1:51478
I20260709 13:11:09.946249  1035 raft_consensus.cc:606] T 451d1f2ed2b64a77b57af0ac97bb624b P 8e3f12b5053441bfa8abe4c6ea39e194 [term 3 LEADER]: Received request to transfer leadership to TS 7b987f7dddad492cba226d2086c12a70
I20260709 13:11:09.953915   960 tablet_service.cc:2072] Received LeaderStepDown RPC: tablet_id: "872e2055e9c148e0a9f22021b936208e"
dest_uuid: "5c47a535d57f42cd94cd46b8008cef53"
mode: GRACEFUL
new_leader_uuid: "7b987f7dddad492cba226d2086c12a70"
 from {username='slave'} at 127.0.0.1:40144
I20260709 13:11:09.954718   960 raft_consensus.cc:606] T 872e2055e9c148e0a9f22021b936208e P 5c47a535d57f42cd94cd46b8008cef53 [term 2 LEADER]: Received request to transfer leadership to TS 7b987f7dddad492cba226d2086c12a70
I20260709 13:11:09.960062   962 tablet_service.cc:2072] Received LeaderStepDown RPC: tablet_id: "144e37a7b3d04bbe812562d11bda8f21"
dest_uuid: "5c47a535d57f42cd94cd46b8008cef53"
mode: GRACEFUL
new_leader_uuid: "7b987f7dddad492cba226d2086c12a70"
 from {username='slave'} at 127.0.0.1:40144
I20260709 13:11:09.960521   962 raft_consensus.cc:606] T 144e37a7b3d04bbe812562d11bda8f21 P 5c47a535d57f42cd94cd46b8008cef53 [term 2 LEADER]: Received request to transfer leadership to TS 7b987f7dddad492cba226d2086c12a70
I20260709 13:11:09.965255   962 tablet_service.cc:2072] Received LeaderStepDown RPC: tablet_id: "09985717176c499f87edafd81f61501b"
dest_uuid: "5c47a535d57f42cd94cd46b8008cef53"
mode: GRACEFUL
new_leader_uuid: "7b987f7dddad492cba226d2086c12a70"
 from {username='slave'} at 127.0.0.1:40144
I20260709 13:11:09.965734   962 raft_consensus.cc:606] T 09985717176c499f87edafd81f61501b P 5c47a535d57f42cd94cd46b8008cef53 [term 2 LEADER]: Received request to transfer leadership to TS 7b987f7dddad492cba226d2086c12a70
I20260709 13:11:10.037757  1178 raft_consensus.cc:993] T 09985717176c499f87edafd81f61501b P 5c47a535d57f42cd94cd46b8008cef53: : Instructing follower 7b987f7dddad492cba226d2086c12a70 to start an election
I20260709 13:11:10.038338  1196 raft_consensus.cc:1081] T 09985717176c499f87edafd81f61501b P 5c47a535d57f42cd94cd46b8008cef53 [term 2 LEADER]: Signalling peer 7b987f7dddad492cba226d2086c12a70 to start an election
I20260709 13:11:10.040112   886 tablet_service.cc:2044] Received Run Leader Election RPC: tablet_id: "09985717176c499f87edafd81f61501b"
dest_uuid: "7b987f7dddad492cba226d2086c12a70"
 from {username='slave'} at 127.0.0.1:58848
I20260709 13:11:10.040546   886 raft_consensus.cc:493] T 09985717176c499f87edafd81f61501b P 7b987f7dddad492cba226d2086c12a70 [term 2 FOLLOWER]: Starting forced leader election (received explicit request)
I20260709 13:11:10.040788   886 raft_consensus.cc:3060] T 09985717176c499f87edafd81f61501b P 7b987f7dddad492cba226d2086c12a70 [term 2 FOLLOWER]: Advancing to term 3
I20260709 13:11:10.046106   886 raft_consensus.cc:515] T 09985717176c499f87edafd81f61501b P 7b987f7dddad492cba226d2086c12a70 [term 3 FOLLOWER]: Starting forced leader election with config: opid_index: -1 OBSOLETE_local: false peers { permanent_uuid: "7b987f7dddad492cba226d2086c12a70" member_type: VOTER last_known_addr { host: "127.31.243.193" port: 45437 } } peers { permanent_uuid: "5c47a535d57f42cd94cd46b8008cef53" member_type: VOTER last_known_addr { host: "127.31.243.194" port: 39181 } } peers { permanent_uuid: "8e3f12b5053441bfa8abe4c6ea39e194" member_type: VOTER last_known_addr { host: "127.31.243.195" port: 40487 } }
I20260709 13:11:10.047876   886 leader_election.cc:290] T 09985717176c499f87edafd81f61501b P 7b987f7dddad492cba226d2086c12a70 [CANDIDATE]: Term 3 election: Requested vote from peers 5c47a535d57f42cd94cd46b8008cef53 (127.31.243.194:39181), 8e3f12b5053441bfa8abe4c6ea39e194 (127.31.243.195:40487)
I20260709 13:11:10.048681   962 tablet_service.cc:1917] Received RequestConsensusVote() RPC: tablet_id: "09985717176c499f87edafd81f61501b" candidate_uuid: "7b987f7dddad492cba226d2086c12a70" candidate_term: 3 candidate_status { last_received { term: 2 index: 2 } } ignore_live_leader: true dest_uuid: "5c47a535d57f42cd94cd46b8008cef53"
I20260709 13:11:10.049314   962 raft_consensus.cc:3055] T 09985717176c499f87edafd81f61501b P 5c47a535d57f42cd94cd46b8008cef53 [term 2 LEADER]: Stepping down as leader of term 2
I20260709 13:11:10.049611   962 raft_consensus.cc:740] T 09985717176c499f87edafd81f61501b P 5c47a535d57f42cd94cd46b8008cef53 [term 2 LEADER]: Becoming Follower/Learner. State: Replica: 5c47a535d57f42cd94cd46b8008cef53, State: Running, Role: LEADER
I20260709 13:11:10.050554  1035 tablet_service.cc:1917] Received RequestConsensusVote() RPC: tablet_id: "09985717176c499f87edafd81f61501b" candidate_uuid: "7b987f7dddad492cba226d2086c12a70" candidate_term: 3 candidate_status { last_received { term: 2 index: 2 } } ignore_live_leader: true dest_uuid: "8e3f12b5053441bfa8abe4c6ea39e194"
I20260709 13:11:10.050428   962 consensus_queue.cc:260] T 09985717176c499f87edafd81f61501b P 5c47a535d57f42cd94cd46b8008cef53 [NON_LEADER]: Queue going to NON_LEADER mode. State: All replicated index: 0, Majority replicated index: 2, Committed index: 2, Last appended: 2.2, Last appended by leader: 2, Current term: 2, Majority size: -1, State: 0, Mode: NON_LEADER, active raft config: opid_index: -1 OBSOLETE_local: false peers { permanent_uuid: "7b987f7dddad492cba226d2086c12a70" member_type: VOTER last_known_addr { host: "127.31.243.193" port: 45437 } } peers { permanent_uuid: "5c47a535d57f42cd94cd46b8008cef53" member_type: VOTER last_known_addr { host: "127.31.243.194" port: 39181 } } peers { permanent_uuid: "8e3f12b5053441bfa8abe4c6ea39e194" member_type: VOTER last_known_addr { host: "127.31.243.195" port: 40487 } }
I20260709 13:11:10.051105  1035 raft_consensus.cc:3060] T 09985717176c499f87edafd81f61501b P 8e3f12b5053441bfa8abe4c6ea39e194 [term 2 FOLLOWER]: Advancing to term 3
I20260709 13:11:10.051805   962 raft_consensus.cc:3060] T 09985717176c499f87edafd81f61501b P 5c47a535d57f42cd94cd46b8008cef53 [term 2 FOLLOWER]: Advancing to term 3
I20260709 13:11:10.058914  1035 raft_consensus.cc:2468] T 09985717176c499f87edafd81f61501b P 8e3f12b5053441bfa8abe4c6ea39e194 [term 3 FOLLOWER]: Leader election vote request: Granting yes vote for candidate 7b987f7dddad492cba226d2086c12a70 in term 3.
I20260709 13:11:10.058914   962 raft_consensus.cc:2468] T 09985717176c499f87edafd81f61501b P 5c47a535d57f42cd94cd46b8008cef53 [term 3 FOLLOWER]: Leader election vote request: Granting yes vote for candidate 7b987f7dddad492cba226d2086c12a70 in term 3.
I20260709 13:11:10.060519   852 leader_election.cc:304] T 09985717176c499f87edafd81f61501b P 7b987f7dddad492cba226d2086c12a70 [CANDIDATE]: Term 3 election: Election decided. Result: candidate won. Election summary: received 2 responses out of 3 voters: 2 yes votes; 0 no votes. yes voters: 7b987f7dddad492cba226d2086c12a70, 8e3f12b5053441bfa8abe4c6ea39e194; no voters: 
I20260709 13:11:10.061290  1195 raft_consensus.cc:2804] T 09985717176c499f87edafd81f61501b P 7b987f7dddad492cba226d2086c12a70 [term 3 FOLLOWER]: Leader election won for term 3
I20260709 13:11:10.061757  1195 raft_consensus.cc:697] T 09985717176c499f87edafd81f61501b P 7b987f7dddad492cba226d2086c12a70 [term 3 LEADER]: Becoming Leader. State: Replica: 7b987f7dddad492cba226d2086c12a70, State: Running, Role: LEADER
I20260709 13:11:10.062542  1195 consensus_queue.cc:237] T 09985717176c499f87edafd81f61501b P 7b987f7dddad492cba226d2086c12a70 [LEADER]: Queue going to LEADER mode. State: All replicated index: 0, Majority replicated index: 2, Committed index: 2, Last appended: 2.2, Last appended by leader: 2, Current term: 3, Majority size: 2, State: 0, Mode: LEADER, active raft config: opid_index: -1 OBSOLETE_local: false peers { permanent_uuid: "7b987f7dddad492cba226d2086c12a70" member_type: VOTER last_known_addr { host: "127.31.243.193" port: 45437 } } peers { permanent_uuid: "5c47a535d57f42cd94cd46b8008cef53" member_type: VOTER last_known_addr { host: "127.31.243.194" port: 39181 } } peers { permanent_uuid: "8e3f12b5053441bfa8abe4c6ea39e194" member_type: VOTER last_known_addr { host: "127.31.243.195" port: 40487 } }
I20260709 13:11:10.071130   782 catalog_manager.cc:5697] T 09985717176c499f87edafd81f61501b P 7b987f7dddad492cba226d2086c12a70 reported cstate change: term changed from 2 to 3, leader changed from 5c47a535d57f42cd94cd46b8008cef53 (127.31.243.194) to 7b987f7dddad492cba226d2086c12a70 (127.31.243.193). New cstate: current_term: 3 leader_uuid: "7b987f7dddad492cba226d2086c12a70" committed_config { opid_index: -1 OBSOLETE_local: false peers { permanent_uuid: "7b987f7dddad492cba226d2086c12a70" member_type: VOTER last_known_addr { host: "127.31.243.193" port: 45437 } health_report { overall_health: HEALTHY } } peers { permanent_uuid: "5c47a535d57f42cd94cd46b8008cef53" member_type: VOTER last_known_addr { host: "127.31.243.194" port: 39181 } health_report { overall_health: UNKNOWN } } peers { permanent_uuid: "8e3f12b5053441bfa8abe4c6ea39e194" member_type: VOTER last_known_addr { host: "127.31.243.195" port: 40487 } health_report { overall_health: UNKNOWN } } }
I20260709 13:11:10.103134  1192 raft_consensus.cc:993] T 451d1f2ed2b64a77b57af0ac97bb624b P 8e3f12b5053441bfa8abe4c6ea39e194: : Instructing follower 7b987f7dddad492cba226d2086c12a70 to start an election
I20260709 13:11:10.103644  1112 raft_consensus.cc:1081] T 451d1f2ed2b64a77b57af0ac97bb624b P 8e3f12b5053441bfa8abe4c6ea39e194 [term 3 LEADER]: Signalling peer 7b987f7dddad492cba226d2086c12a70 to start an election
I20260709 13:11:10.105382   886 tablet_service.cc:2044] Received Run Leader Election RPC: tablet_id: "451d1f2ed2b64a77b57af0ac97bb624b"
dest_uuid: "7b987f7dddad492cba226d2086c12a70"
 from {username='slave'} at 127.0.0.1:58852
I20260709 13:11:10.105994   886 raft_consensus.cc:493] T 451d1f2ed2b64a77b57af0ac97bb624b P 7b987f7dddad492cba226d2086c12a70 [term 3 FOLLOWER]: Starting forced leader election (received explicit request)
I20260709 13:11:10.106305   886 raft_consensus.cc:3060] T 451d1f2ed2b64a77b57af0ac97bb624b P 7b987f7dddad492cba226d2086c12a70 [term 3 FOLLOWER]: Advancing to term 4
I20260709 13:11:10.110939   886 raft_consensus.cc:515] T 451d1f2ed2b64a77b57af0ac97bb624b P 7b987f7dddad492cba226d2086c12a70 [term 4 FOLLOWER]: Starting forced leader election with config: opid_index: -1 OBSOLETE_local: false peers { permanent_uuid: "7b987f7dddad492cba226d2086c12a70" member_type: VOTER last_known_addr { host: "127.31.243.193" port: 45437 } } peers { permanent_uuid: "5c47a535d57f42cd94cd46b8008cef53" member_type: VOTER last_known_addr { host: "127.31.243.194" port: 39181 } } peers { permanent_uuid: "8e3f12b5053441bfa8abe4c6ea39e194" member_type: VOTER last_known_addr { host: "127.31.243.195" port: 40487 } }
I20260709 13:11:10.112576   886 leader_election.cc:290] T 451d1f2ed2b64a77b57af0ac97bb624b P 7b987f7dddad492cba226d2086c12a70 [CANDIDATE]: Term 4 election: Requested vote from peers 5c47a535d57f42cd94cd46b8008cef53 (127.31.243.194:39181), 8e3f12b5053441bfa8abe4c6ea39e194 (127.31.243.195:40487)
I20260709 13:11:10.113504   960 tablet_service.cc:1917] Received RequestConsensusVote() RPC: tablet_id: "451d1f2ed2b64a77b57af0ac97bb624b" candidate_uuid: "7b987f7dddad492cba226d2086c12a70" candidate_term: 4 candidate_status { last_received { term: 3 index: 3 } } ignore_live_leader: true dest_uuid: "5c47a535d57f42cd94cd46b8008cef53"
I20260709 13:11:10.113842  1035 tablet_service.cc:1917] Received RequestConsensusVote() RPC: tablet_id: "451d1f2ed2b64a77b57af0ac97bb624b" candidate_uuid: "7b987f7dddad492cba226d2086c12a70" candidate_term: 4 candidate_status { last_received { term: 3 index: 3 } } ignore_live_leader: true dest_uuid: "8e3f12b5053441bfa8abe4c6ea39e194"
I20260709 13:11:10.114188   960 raft_consensus.cc:3060] T 451d1f2ed2b64a77b57af0ac97bb624b P 5c47a535d57f42cd94cd46b8008cef53 [term 3 FOLLOWER]: Advancing to term 4
I20260709 13:11:10.114434  1035 raft_consensus.cc:3055] T 451d1f2ed2b64a77b57af0ac97bb624b P 8e3f12b5053441bfa8abe4c6ea39e194 [term 3 LEADER]: Stepping down as leader of term 3
I20260709 13:11:10.114806  1035 raft_consensus.cc:740] T 451d1f2ed2b64a77b57af0ac97bb624b P 8e3f12b5053441bfa8abe4c6ea39e194 [term 3 LEADER]: Becoming Follower/Learner. State: Replica: 8e3f12b5053441bfa8abe4c6ea39e194, State: Running, Role: LEADER
I20260709 13:11:10.115751  1035 consensus_queue.cc:260] T 451d1f2ed2b64a77b57af0ac97bb624b P 8e3f12b5053441bfa8abe4c6ea39e194 [NON_LEADER]: Queue going to NON_LEADER mode. State: All replicated index: 0, Majority replicated index: 3, Committed index: 3, Last appended: 3.3, Last appended by leader: 3, Current term: 3, Majority size: -1, State: 0, Mode: NON_LEADER, active raft config: opid_index: -1 OBSOLETE_local: false peers { permanent_uuid: "7b987f7dddad492cba226d2086c12a70" member_type: VOTER last_known_addr { host: "127.31.243.193" port: 45437 } } peers { permanent_uuid: "5c47a535d57f42cd94cd46b8008cef53" member_type: VOTER last_known_addr { host: "127.31.243.194" port: 39181 } } peers { permanent_uuid: "8e3f12b5053441bfa8abe4c6ea39e194" member_type: VOTER last_known_addr { host: "127.31.243.195" port: 40487 } }
I20260709 13:11:10.117110  1035 raft_consensus.cc:3060] T 451d1f2ed2b64a77b57af0ac97bb624b P 8e3f12b5053441bfa8abe4c6ea39e194 [term 3 FOLLOWER]: Advancing to term 4
I20260709 13:11:10.122300   960 raft_consensus.cc:2468] T 451d1f2ed2b64a77b57af0ac97bb624b P 5c47a535d57f42cd94cd46b8008cef53 [term 4 FOLLOWER]: Leader election vote request: Granting yes vote for candidate 7b987f7dddad492cba226d2086c12a70 in term 4.
I20260709 13:11:10.123577   851 leader_election.cc:304] T 451d1f2ed2b64a77b57af0ac97bb624b P 7b987f7dddad492cba226d2086c12a70 [CANDIDATE]: Term 4 election: Election decided. Result: candidate won. Election summary: received 2 responses out of 3 voters: 2 yes votes; 0 no votes. yes voters: 5c47a535d57f42cd94cd46b8008cef53, 7b987f7dddad492cba226d2086c12a70; no voters: 
I20260709 13:11:10.124464  1195 raft_consensus.cc:2804] T 451d1f2ed2b64a77b57af0ac97bb624b P 7b987f7dddad492cba226d2086c12a70 [term 4 FOLLOWER]: Leader election won for term 4
I20260709 13:11:10.124989  1195 raft_consensus.cc:697] T 451d1f2ed2b64a77b57af0ac97bb624b P 7b987f7dddad492cba226d2086c12a70 [term 4 LEADER]: Becoming Leader. State: Replica: 7b987f7dddad492cba226d2086c12a70, State: Running, Role: LEADER
I20260709 13:11:10.125105  1035 raft_consensus.cc:2468] T 451d1f2ed2b64a77b57af0ac97bb624b P 8e3f12b5053441bfa8abe4c6ea39e194 [term 4 FOLLOWER]: Leader election vote request: Granting yes vote for candidate 7b987f7dddad492cba226d2086c12a70 in term 4.
I20260709 13:11:10.125823  1195 consensus_queue.cc:237] T 451d1f2ed2b64a77b57af0ac97bb624b P 7b987f7dddad492cba226d2086c12a70 [LEADER]: Queue going to LEADER mode. State: All replicated index: 0, Majority replicated index: 3, Committed index: 3, Last appended: 3.3, Last appended by leader: 3, Current term: 4, Majority size: 2, State: 0, Mode: LEADER, active raft config: opid_index: -1 OBSOLETE_local: false peers { permanent_uuid: "7b987f7dddad492cba226d2086c12a70" member_type: VOTER last_known_addr { host: "127.31.243.193" port: 45437 } } peers { permanent_uuid: "5c47a535d57f42cd94cd46b8008cef53" member_type: VOTER last_known_addr { host: "127.31.243.194" port: 39181 } } peers { permanent_uuid: "8e3f12b5053441bfa8abe4c6ea39e194" member_type: VOTER last_known_addr { host: "127.31.243.195" port: 40487 } }
I20260709 13:11:10.133255   782 catalog_manager.cc:5697] T 451d1f2ed2b64a77b57af0ac97bb624b P 7b987f7dddad492cba226d2086c12a70 reported cstate change: term changed from 3 to 4, leader changed from 8e3f12b5053441bfa8abe4c6ea39e194 (127.31.243.195) to 7b987f7dddad492cba226d2086c12a70 (127.31.243.193). New cstate: current_term: 4 leader_uuid: "7b987f7dddad492cba226d2086c12a70" committed_config { opid_index: -1 OBSOLETE_local: false peers { permanent_uuid: "7b987f7dddad492cba226d2086c12a70" member_type: VOTER last_known_addr { host: "127.31.243.193" port: 45437 } health_report { overall_health: HEALTHY } } peers { permanent_uuid: "5c47a535d57f42cd94cd46b8008cef53" member_type: VOTER last_known_addr { host: "127.31.243.194" port: 39181 } health_report { overall_health: UNKNOWN } } peers { permanent_uuid: "8e3f12b5053441bfa8abe4c6ea39e194" member_type: VOTER last_known_addr { host: "127.31.243.195" port: 40487 } health_report { overall_health: UNKNOWN } } }
I20260709 13:11:10.199013  1192 raft_consensus.cc:993] T 34e8b51553ba4f89a85effb8722d82ed P 8e3f12b5053441bfa8abe4c6ea39e194: : Instructing follower 7b987f7dddad492cba226d2086c12a70 to start an election
I20260709 13:11:10.199807  1112 raft_consensus.cc:1081] T 34e8b51553ba4f89a85effb8722d82ed P 8e3f12b5053441bfa8abe4c6ea39e194 [term 3 LEADER]: Signalling peer 7b987f7dddad492cba226d2086c12a70 to start an election
I20260709 13:11:10.201561   886 tablet_service.cc:2044] Received Run Leader Election RPC: tablet_id: "34e8b51553ba4f89a85effb8722d82ed"
dest_uuid: "7b987f7dddad492cba226d2086c12a70"
 from {username='slave'} at 127.0.0.1:58852
I20260709 13:11:10.202030   886 raft_consensus.cc:493] T 34e8b51553ba4f89a85effb8722d82ed P 7b987f7dddad492cba226d2086c12a70 [term 3 FOLLOWER]: Starting forced leader election (received explicit request)
I20260709 13:11:10.202275   886 raft_consensus.cc:3060] T 34e8b51553ba4f89a85effb8722d82ed P 7b987f7dddad492cba226d2086c12a70 [term 3 FOLLOWER]: Advancing to term 4
I20260709 13:11:10.206781   886 raft_consensus.cc:515] T 34e8b51553ba4f89a85effb8722d82ed P 7b987f7dddad492cba226d2086c12a70 [term 4 FOLLOWER]: Starting forced leader election with config: opid_index: -1 OBSOLETE_local: false peers { permanent_uuid: "7b987f7dddad492cba226d2086c12a70" member_type: VOTER last_known_addr { host: "127.31.243.193" port: 45437 } } peers { permanent_uuid: "5c47a535d57f42cd94cd46b8008cef53" member_type: VOTER last_known_addr { host: "127.31.243.194" port: 39181 } } peers { permanent_uuid: "8e3f12b5053441bfa8abe4c6ea39e194" member_type: VOTER last_known_addr { host: "127.31.243.195" port: 40487 } }
I20260709 13:11:10.208534   886 leader_election.cc:290] T 34e8b51553ba4f89a85effb8722d82ed P 7b987f7dddad492cba226d2086c12a70 [CANDIDATE]: Term 4 election: Requested vote from peers 5c47a535d57f42cd94cd46b8008cef53 (127.31.243.194:39181), 8e3f12b5053441bfa8abe4c6ea39e194 (127.31.243.195:40487)
I20260709 13:11:10.209697  1035 tablet_service.cc:1917] Received RequestConsensusVote() RPC: tablet_id: "34e8b51553ba4f89a85effb8722d82ed" candidate_uuid: "7b987f7dddad492cba226d2086c12a70" candidate_term: 4 candidate_status { last_received { term: 3 index: 3 } } ignore_live_leader: true dest_uuid: "8e3f12b5053441bfa8abe4c6ea39e194"
I20260709 13:11:10.209702   960 tablet_service.cc:1917] Received RequestConsensusVote() RPC: tablet_id: "34e8b51553ba4f89a85effb8722d82ed" candidate_uuid: "7b987f7dddad492cba226d2086c12a70" candidate_term: 4 candidate_status { last_received { term: 3 index: 3 } } ignore_live_leader: true dest_uuid: "5c47a535d57f42cd94cd46b8008cef53"
I20260709 13:11:10.210469  1035 raft_consensus.cc:3055] T 34e8b51553ba4f89a85effb8722d82ed P 8e3f12b5053441bfa8abe4c6ea39e194 [term 3 LEADER]: Stepping down as leader of term 3
I20260709 13:11:10.210575   960 raft_consensus.cc:3060] T 34e8b51553ba4f89a85effb8722d82ed P 5c47a535d57f42cd94cd46b8008cef53 [term 3 FOLLOWER]: Advancing to term 4
I20260709 13:11:10.210777  1035 raft_consensus.cc:740] T 34e8b51553ba4f89a85effb8722d82ed P 8e3f12b5053441bfa8abe4c6ea39e194 [term 3 LEADER]: Becoming Follower/Learner. State: Replica: 8e3f12b5053441bfa8abe4c6ea39e194, State: Running, Role: LEADER
I20260709 13:11:10.211656  1035 consensus_queue.cc:260] T 34e8b51553ba4f89a85effb8722d82ed P 8e3f12b5053441bfa8abe4c6ea39e194 [NON_LEADER]: Queue going to NON_LEADER mode. State: All replicated index: 0, Majority replicated index: 3, Committed index: 3, Last appended: 3.3, Last appended by leader: 3, Current term: 3, Majority size: -1, State: 0, Mode: NON_LEADER, active raft config: opid_index: -1 OBSOLETE_local: false peers { permanent_uuid: "7b987f7dddad492cba226d2086c12a70" member_type: VOTER last_known_addr { host: "127.31.243.193" port: 45437 } } peers { permanent_uuid: "5c47a535d57f42cd94cd46b8008cef53" member_type: VOTER last_known_addr { host: "127.31.243.194" port: 39181 } } peers { permanent_uuid: "8e3f12b5053441bfa8abe4c6ea39e194" member_type: VOTER last_known_addr { host: "127.31.243.195" port: 40487 } }
I20260709 13:11:10.212610  1035 raft_consensus.cc:3060] T 34e8b51553ba4f89a85effb8722d82ed P 8e3f12b5053441bfa8abe4c6ea39e194 [term 3 FOLLOWER]: Advancing to term 4
I20260709 13:11:10.217404   960 raft_consensus.cc:2468] T 34e8b51553ba4f89a85effb8722d82ed P 5c47a535d57f42cd94cd46b8008cef53 [term 4 FOLLOWER]: Leader election vote request: Granting yes vote for candidate 7b987f7dddad492cba226d2086c12a70 in term 4.
I20260709 13:11:10.217599  1035 raft_consensus.cc:2468] T 34e8b51553ba4f89a85effb8722d82ed P 8e3f12b5053441bfa8abe4c6ea39e194 [term 4 FOLLOWER]: Leader election vote request: Granting yes vote for candidate 7b987f7dddad492cba226d2086c12a70 in term 4.
I20260709 13:11:10.218904   851 leader_election.cc:304] T 34e8b51553ba4f89a85effb8722d82ed P 7b987f7dddad492cba226d2086c12a70 [CANDIDATE]: Term 4 election: Election decided. Result: candidate won. Election summary: received 2 responses out of 3 voters: 2 yes votes; 0 no votes. yes voters: 5c47a535d57f42cd94cd46b8008cef53, 7b987f7dddad492cba226d2086c12a70; no voters: 
I20260709 13:11:10.219815  1195 raft_consensus.cc:2804] T 34e8b51553ba4f89a85effb8722d82ed P 7b987f7dddad492cba226d2086c12a70 [term 4 FOLLOWER]: Leader election won for term 4
I20260709 13:11:10.220337  1195 raft_consensus.cc:697] T 34e8b51553ba4f89a85effb8722d82ed P 7b987f7dddad492cba226d2086c12a70 [term 4 LEADER]: Becoming Leader. State: Replica: 7b987f7dddad492cba226d2086c12a70, State: Running, Role: LEADER
I20260709 13:11:10.221117  1195 consensus_queue.cc:237] T 34e8b51553ba4f89a85effb8722d82ed P 7b987f7dddad492cba226d2086c12a70 [LEADER]: Queue going to LEADER mode. State: All replicated index: 0, Majority replicated index: 3, Committed index: 3, Last appended: 3.3, Last appended by leader: 3, Current term: 4, Majority size: 2, State: 0, Mode: LEADER, active raft config: opid_index: -1 OBSOLETE_local: false peers { permanent_uuid: "7b987f7dddad492cba226d2086c12a70" member_type: VOTER last_known_addr { host: "127.31.243.193" port: 45437 } } peers { permanent_uuid: "5c47a535d57f42cd94cd46b8008cef53" member_type: VOTER last_known_addr { host: "127.31.243.194" port: 39181 } } peers { permanent_uuid: "8e3f12b5053441bfa8abe4c6ea39e194" member_type: VOTER last_known_addr { host: "127.31.243.195" port: 40487 } }
I20260709 13:11:10.227401   782 catalog_manager.cc:5697] T 34e8b51553ba4f89a85effb8722d82ed P 7b987f7dddad492cba226d2086c12a70 reported cstate change: term changed from 3 to 4, leader changed from 8e3f12b5053441bfa8abe4c6ea39e194 (127.31.243.195) to 7b987f7dddad492cba226d2086c12a70 (127.31.243.193). New cstate: current_term: 4 leader_uuid: "7b987f7dddad492cba226d2086c12a70" committed_config { opid_index: -1 OBSOLETE_local: false peers { permanent_uuid: "7b987f7dddad492cba226d2086c12a70" member_type: VOTER last_known_addr { host: "127.31.243.193" port: 45437 } health_report { overall_health: HEALTHY } } peers { permanent_uuid: "5c47a535d57f42cd94cd46b8008cef53" member_type: VOTER last_known_addr { host: "127.31.243.194" port: 39181 } health_report { overall_health: UNKNOWN } } peers { permanent_uuid: "8e3f12b5053441bfa8abe4c6ea39e194" member_type: VOTER last_known_addr { host: "127.31.243.195" port: 40487 } health_report { overall_health: UNKNOWN } } }
I20260709 13:11:10.264657  1178 raft_consensus.cc:993] T 144e37a7b3d04bbe812562d11bda8f21 P 5c47a535d57f42cd94cd46b8008cef53: : Instructing follower 7b987f7dddad492cba226d2086c12a70 to start an election
I20260709 13:11:10.265141  1196 raft_consensus.cc:1081] T 144e37a7b3d04bbe812562d11bda8f21 P 5c47a535d57f42cd94cd46b8008cef53 [term 2 LEADER]: Signalling peer 7b987f7dddad492cba226d2086c12a70 to start an election
I20260709 13:11:10.266656   886 tablet_service.cc:2044] Received Run Leader Election RPC: tablet_id: "144e37a7b3d04bbe812562d11bda8f21"
dest_uuid: "7b987f7dddad492cba226d2086c12a70"
 from {username='slave'} at 127.0.0.1:58848
I20260709 13:11:10.267199   886 raft_consensus.cc:493] T 144e37a7b3d04bbe812562d11bda8f21 P 7b987f7dddad492cba226d2086c12a70 [term 2 FOLLOWER]: Starting forced leader election (received explicit request)
I20260709 13:11:10.267516   886 raft_consensus.cc:3060] T 144e37a7b3d04bbe812562d11bda8f21 P 7b987f7dddad492cba226d2086c12a70 [term 2 FOLLOWER]: Advancing to term 3
I20260709 13:11:10.272001   886 raft_consensus.cc:515] T 144e37a7b3d04bbe812562d11bda8f21 P 7b987f7dddad492cba226d2086c12a70 [term 3 FOLLOWER]: Starting forced leader election with config: opid_index: -1 OBSOLETE_local: false peers { permanent_uuid: "7b987f7dddad492cba226d2086c12a70" member_type: VOTER last_known_addr { host: "127.31.243.193" port: 45437 } } peers { permanent_uuid: "5c47a535d57f42cd94cd46b8008cef53" member_type: VOTER last_known_addr { host: "127.31.243.194" port: 39181 } } peers { permanent_uuid: "8e3f12b5053441bfa8abe4c6ea39e194" member_type: VOTER last_known_addr { host: "127.31.243.195" port: 40487 } }
I20260709 13:11:10.273507   886 leader_election.cc:290] T 144e37a7b3d04bbe812562d11bda8f21 P 7b987f7dddad492cba226d2086c12a70 [CANDIDATE]: Term 3 election: Requested vote from peers 5c47a535d57f42cd94cd46b8008cef53 (127.31.243.194:39181), 8e3f12b5053441bfa8abe4c6ea39e194 (127.31.243.195:40487)
I20260709 13:11:10.274502   960 tablet_service.cc:1917] Received RequestConsensusVote() RPC: tablet_id: "144e37a7b3d04bbe812562d11bda8f21" candidate_uuid: "7b987f7dddad492cba226d2086c12a70" candidate_term: 3 candidate_status { last_received { term: 2 index: 2 } } ignore_live_leader: true dest_uuid: "5c47a535d57f42cd94cd46b8008cef53"
I20260709 13:11:10.274623  1035 tablet_service.cc:1917] Received RequestConsensusVote() RPC: tablet_id: "144e37a7b3d04bbe812562d11bda8f21" candidate_uuid: "7b987f7dddad492cba226d2086c12a70" candidate_term: 3 candidate_status { last_received { term: 2 index: 2 } } ignore_live_leader: true dest_uuid: "8e3f12b5053441bfa8abe4c6ea39e194"
I20260709 13:11:10.275095   960 raft_consensus.cc:3055] T 144e37a7b3d04bbe812562d11bda8f21 P 5c47a535d57f42cd94cd46b8008cef53 [term 2 LEADER]: Stepping down as leader of term 2
I20260709 13:11:10.275182  1035 raft_consensus.cc:3060] T 144e37a7b3d04bbe812562d11bda8f21 P 8e3f12b5053441bfa8abe4c6ea39e194 [term 2 FOLLOWER]: Advancing to term 3
I20260709 13:11:10.275386   960 raft_consensus.cc:740] T 144e37a7b3d04bbe812562d11bda8f21 P 5c47a535d57f42cd94cd46b8008cef53 [term 2 LEADER]: Becoming Follower/Learner. State: Replica: 5c47a535d57f42cd94cd46b8008cef53, State: Running, Role: LEADER
I20260709 13:11:10.276177   960 consensus_queue.cc:260] T 144e37a7b3d04bbe812562d11bda8f21 P 5c47a535d57f42cd94cd46b8008cef53 [NON_LEADER]: Queue going to NON_LEADER mode. State: All replicated index: 0, Majority replicated index: 2, Committed index: 2, Last appended: 2.2, Last appended by leader: 2, Current term: 2, Majority size: -1, State: 0, Mode: NON_LEADER, active raft config: opid_index: -1 OBSOLETE_local: false peers { permanent_uuid: "7b987f7dddad492cba226d2086c12a70" member_type: VOTER last_known_addr { host: "127.31.243.193" port: 45437 } } peers { permanent_uuid: "5c47a535d57f42cd94cd46b8008cef53" member_type: VOTER last_known_addr { host: "127.31.243.194" port: 39181 } } peers { permanent_uuid: "8e3f12b5053441bfa8abe4c6ea39e194" member_type: VOTER last_known_addr { host: "127.31.243.195" port: 40487 } }
I20260709 13:11:10.277109   960 raft_consensus.cc:3060] T 144e37a7b3d04bbe812562d11bda8f21 P 5c47a535d57f42cd94cd46b8008cef53 [term 2 FOLLOWER]: Advancing to term 3
I20260709 13:11:10.281235  1035 raft_consensus.cc:2468] T 144e37a7b3d04bbe812562d11bda8f21 P 8e3f12b5053441bfa8abe4c6ea39e194 [term 3 FOLLOWER]: Leader election vote request: Granting yes vote for candidate 7b987f7dddad492cba226d2086c12a70 in term 3.
I20260709 13:11:10.281775   960 raft_consensus.cc:2468] T 144e37a7b3d04bbe812562d11bda8f21 P 5c47a535d57f42cd94cd46b8008cef53 [term 3 FOLLOWER]: Leader election vote request: Granting yes vote for candidate 7b987f7dddad492cba226d2086c12a70 in term 3.
I20260709 13:11:10.282603   852 leader_election.cc:304] T 144e37a7b3d04bbe812562d11bda8f21 P 7b987f7dddad492cba226d2086c12a70 [CANDIDATE]: Term 3 election: Election decided. Result: candidate won. Election summary: received 2 responses out of 3 voters: 2 yes votes; 0 no votes. yes voters: 7b987f7dddad492cba226d2086c12a70, 8e3f12b5053441bfa8abe4c6ea39e194; no voters: 
I20260709 13:11:10.283651  1195 raft_consensus.cc:2804] T 144e37a7b3d04bbe812562d11bda8f21 P 7b987f7dddad492cba226d2086c12a70 [term 3 FOLLOWER]: Leader election won for term 3
I20260709 13:11:10.284029  1195 raft_consensus.cc:697] T 144e37a7b3d04bbe812562d11bda8f21 P 7b987f7dddad492cba226d2086c12a70 [term 3 LEADER]: Becoming Leader. State: Replica: 7b987f7dddad492cba226d2086c12a70, State: Running, Role: LEADER
I20260709 13:11:10.284735  1195 consensus_queue.cc:237] T 144e37a7b3d04bbe812562d11bda8f21 P 7b987f7dddad492cba226d2086c12a70 [LEADER]: Queue going to LEADER mode. State: All replicated index: 0, Majority replicated index: 2, Committed index: 2, Last appended: 2.2, Last appended by leader: 2, Current term: 3, Majority size: 2, State: 0, Mode: LEADER, active raft config: opid_index: -1 OBSOLETE_local: false peers { permanent_uuid: "7b987f7dddad492cba226d2086c12a70" member_type: VOTER last_known_addr { host: "127.31.243.193" port: 45437 } } peers { permanent_uuid: "5c47a535d57f42cd94cd46b8008cef53" member_type: VOTER last_known_addr { host: "127.31.243.194" port: 39181 } } peers { permanent_uuid: "8e3f12b5053441bfa8abe4c6ea39e194" member_type: VOTER last_known_addr { host: "127.31.243.195" port: 40487 } }
I20260709 13:11:10.291247   782 catalog_manager.cc:5697] T 144e37a7b3d04bbe812562d11bda8f21 P 7b987f7dddad492cba226d2086c12a70 reported cstate change: term changed from 2 to 3, leader changed from 5c47a535d57f42cd94cd46b8008cef53 (127.31.243.194) to 7b987f7dddad492cba226d2086c12a70 (127.31.243.193). New cstate: current_term: 3 leader_uuid: "7b987f7dddad492cba226d2086c12a70" committed_config { opid_index: -1 OBSOLETE_local: false peers { permanent_uuid: "7b987f7dddad492cba226d2086c12a70" member_type: VOTER last_known_addr { host: "127.31.243.193" port: 45437 } health_report { overall_health: HEALTHY } } peers { permanent_uuid: "5c47a535d57f42cd94cd46b8008cef53" member_type: VOTER last_known_addr { host: "127.31.243.194" port: 39181 } health_report { overall_health: UNKNOWN } } peers { permanent_uuid: "8e3f12b5053441bfa8abe4c6ea39e194" member_type: VOTER last_known_addr { host: "127.31.243.195" port: 40487 } health_report { overall_health: UNKNOWN } } }
I20260709 13:11:10.485795  1178 raft_consensus.cc:993] T 872e2055e9c148e0a9f22021b936208e P 5c47a535d57f42cd94cd46b8008cef53: : Instructing follower 7b987f7dddad492cba226d2086c12a70 to start an election
I20260709 13:11:10.486265  1196 raft_consensus.cc:1081] T 872e2055e9c148e0a9f22021b936208e P 5c47a535d57f42cd94cd46b8008cef53 [term 2 LEADER]: Signalling peer 7b987f7dddad492cba226d2086c12a70 to start an election
I20260709 13:11:10.487913   886 tablet_service.cc:2044] Received Run Leader Election RPC: tablet_id: "872e2055e9c148e0a9f22021b936208e"
dest_uuid: "7b987f7dddad492cba226d2086c12a70"
 from {username='slave'} at 127.0.0.1:58848
I20260709 13:11:10.488489   886 raft_consensus.cc:493] T 872e2055e9c148e0a9f22021b936208e P 7b987f7dddad492cba226d2086c12a70 [term 2 FOLLOWER]: Starting forced leader election (received explicit request)
I20260709 13:11:10.488862   886 raft_consensus.cc:3060] T 872e2055e9c148e0a9f22021b936208e P 7b987f7dddad492cba226d2086c12a70 [term 2 FOLLOWER]: Advancing to term 3
I20260709 13:11:10.494275   886 raft_consensus.cc:515] T 872e2055e9c148e0a9f22021b936208e P 7b987f7dddad492cba226d2086c12a70 [term 3 FOLLOWER]: Starting forced leader election with config: opid_index: -1 OBSOLETE_local: false peers { permanent_uuid: "7b987f7dddad492cba226d2086c12a70" member_type: VOTER last_known_addr { host: "127.31.243.193" port: 45437 } } peers { permanent_uuid: "5c47a535d57f42cd94cd46b8008cef53" member_type: VOTER last_known_addr { host: "127.31.243.194" port: 39181 } } peers { permanent_uuid: "8e3f12b5053441bfa8abe4c6ea39e194" member_type: VOTER last_known_addr { host: "127.31.243.195" port: 40487 } }
I20260709 13:11:10.495855   886 leader_election.cc:290] T 872e2055e9c148e0a9f22021b936208e P 7b987f7dddad492cba226d2086c12a70 [CANDIDATE]: Term 3 election: Requested vote from peers 5c47a535d57f42cd94cd46b8008cef53 (127.31.243.194:39181), 8e3f12b5053441bfa8abe4c6ea39e194 (127.31.243.195:40487)
I20260709 13:11:10.496793   962 tablet_service.cc:1917] Received RequestConsensusVote() RPC: tablet_id: "872e2055e9c148e0a9f22021b936208e" candidate_uuid: "7b987f7dddad492cba226d2086c12a70" candidate_term: 3 candidate_status { last_received { term: 2 index: 2 } } ignore_live_leader: true dest_uuid: "5c47a535d57f42cd94cd46b8008cef53"
I20260709 13:11:10.497002  1035 tablet_service.cc:1917] Received RequestConsensusVote() RPC: tablet_id: "872e2055e9c148e0a9f22021b936208e" candidate_uuid: "7b987f7dddad492cba226d2086c12a70" candidate_term: 3 candidate_status { last_received { term: 2 index: 2 } } ignore_live_leader: true dest_uuid: "8e3f12b5053441bfa8abe4c6ea39e194"
I20260709 13:11:10.497337   962 raft_consensus.cc:3055] T 872e2055e9c148e0a9f22021b936208e P 5c47a535d57f42cd94cd46b8008cef53 [term 2 LEADER]: Stepping down as leader of term 2
I20260709 13:11:10.497534  1035 raft_consensus.cc:3060] T 872e2055e9c148e0a9f22021b936208e P 8e3f12b5053441bfa8abe4c6ea39e194 [term 2 FOLLOWER]: Advancing to term 3
I20260709 13:11:10.497717   962 raft_consensus.cc:740] T 872e2055e9c148e0a9f22021b936208e P 5c47a535d57f42cd94cd46b8008cef53 [term 2 LEADER]: Becoming Follower/Learner. State: Replica: 5c47a535d57f42cd94cd46b8008cef53, State: Running, Role: LEADER
I20260709 13:11:10.498553   962 consensus_queue.cc:260] T 872e2055e9c148e0a9f22021b936208e P 5c47a535d57f42cd94cd46b8008cef53 [NON_LEADER]: Queue going to NON_LEADER mode. State: All replicated index: 0, Majority replicated index: 2, Committed index: 2, Last appended: 2.2, Last appended by leader: 2, Current term: 2, Majority size: -1, State: 0, Mode: NON_LEADER, active raft config: opid_index: -1 OBSOLETE_local: false peers { permanent_uuid: "7b987f7dddad492cba226d2086c12a70" member_type: VOTER last_known_addr { host: "127.31.243.193" port: 45437 } } peers { permanent_uuid: "5c47a535d57f42cd94cd46b8008cef53" member_type: VOTER last_known_addr { host: "127.31.243.194" port: 39181 } } peers { permanent_uuid: "8e3f12b5053441bfa8abe4c6ea39e194" member_type: VOTER last_known_addr { host: "127.31.243.195" port: 40487 } }
I20260709 13:11:10.499517   962 raft_consensus.cc:3060] T 872e2055e9c148e0a9f22021b936208e P 5c47a535d57f42cd94cd46b8008cef53 [term 2 FOLLOWER]: Advancing to term 3
I20260709 13:11:10.504117  1035 raft_consensus.cc:2468] T 872e2055e9c148e0a9f22021b936208e P 8e3f12b5053441bfa8abe4c6ea39e194 [term 3 FOLLOWER]: Leader election vote request: Granting yes vote for candidate 7b987f7dddad492cba226d2086c12a70 in term 3.
I20260709 13:11:10.505263   852 leader_election.cc:304] T 872e2055e9c148e0a9f22021b936208e P 7b987f7dddad492cba226d2086c12a70 [CANDIDATE]: Term 3 election: Election decided. Result: candidate won. Election summary: received 2 responses out of 3 voters: 2 yes votes; 0 no votes. yes voters: 7b987f7dddad492cba226d2086c12a70, 8e3f12b5053441bfa8abe4c6ea39e194; no voters: 
I20260709 13:11:10.505821   962 raft_consensus.cc:2468] T 872e2055e9c148e0a9f22021b936208e P 5c47a535d57f42cd94cd46b8008cef53 [term 3 FOLLOWER]: Leader election vote request: Granting yes vote for candidate 7b987f7dddad492cba226d2086c12a70 in term 3.
I20260709 13:11:10.506165  1195 raft_consensus.cc:2804] T 872e2055e9c148e0a9f22021b936208e P 7b987f7dddad492cba226d2086c12a70 [term 3 FOLLOWER]: Leader election won for term 3
I20260709 13:11:10.506688  1195 raft_consensus.cc:697] T 872e2055e9c148e0a9f22021b936208e P 7b987f7dddad492cba226d2086c12a70 [term 3 LEADER]: Becoming Leader. State: Replica: 7b987f7dddad492cba226d2086c12a70, State: Running, Role: LEADER
I20260709 13:11:10.507575  1195 consensus_queue.cc:237] T 872e2055e9c148e0a9f22021b936208e P 7b987f7dddad492cba226d2086c12a70 [LEADER]: Queue going to LEADER mode. State: All replicated index: 0, Majority replicated index: 2, Committed index: 2, Last appended: 2.2, Last appended by leader: 2, Current term: 3, Majority size: 2, State: 0, Mode: LEADER, active raft config: opid_index: -1 OBSOLETE_local: false peers { permanent_uuid: "7b987f7dddad492cba226d2086c12a70" member_type: VOTER last_known_addr { host: "127.31.243.193" port: 45437 } } peers { permanent_uuid: "5c47a535d57f42cd94cd46b8008cef53" member_type: VOTER last_known_addr { host: "127.31.243.194" port: 39181 } } peers { permanent_uuid: "8e3f12b5053441bfa8abe4c6ea39e194" member_type: VOTER last_known_addr { host: "127.31.243.195" port: 40487 } }
I20260709 13:11:10.514106   782 catalog_manager.cc:5697] T 872e2055e9c148e0a9f22021b936208e P 7b987f7dddad492cba226d2086c12a70 reported cstate change: term changed from 2 to 3, leader changed from 5c47a535d57f42cd94cd46b8008cef53 (127.31.243.194) to 7b987f7dddad492cba226d2086c12a70 (127.31.243.193). New cstate: current_term: 3 leader_uuid: "7b987f7dddad492cba226d2086c12a70" committed_config { opid_index: -1 OBSOLETE_local: false peers { permanent_uuid: "7b987f7dddad492cba226d2086c12a70" member_type: VOTER last_known_addr { host: "127.31.243.193" port: 45437 } health_report { overall_health: HEALTHY } } peers { permanent_uuid: "5c47a535d57f42cd94cd46b8008cef53" member_type: VOTER last_known_addr { host: "127.31.243.194" port: 39181 } health_report { overall_health: UNKNOWN } } peers { permanent_uuid: "8e3f12b5053441bfa8abe4c6ea39e194" member_type: VOTER last_known_addr { host: "127.31.243.195" port: 40487 } health_report { overall_health: UNKNOWN } } }
I20260709 13:11:10.544394   962 raft_consensus.cc:1275] T 09985717176c499f87edafd81f61501b P 5c47a535d57f42cd94cd46b8008cef53 [term 3 FOLLOWER]: Refusing update from remote peer 7b987f7dddad492cba226d2086c12a70: Log matching property violated. Preceding OpId in replica: term: 2 index: 2. Preceding OpId from leader: term: 3 index: 3. (index mismatch)
I20260709 13:11:10.545701  1195 consensus_queue.cc:1048] T 09985717176c499f87edafd81f61501b P 7b987f7dddad492cba226d2086c12a70 [LEADER]: Connected to new peer: Peer: permanent_uuid: "5c47a535d57f42cd94cd46b8008cef53" member_type: VOTER last_known_addr { host: "127.31.243.194" port: 39181 }, Status: LMP_MISMATCH, Last received: 0.0, Next index: 3, Last known committed idx: 2, Time since last communication: 0.000s
I20260709 13:11:10.555652  1035 raft_consensus.cc:1275] T 09985717176c499f87edafd81f61501b P 8e3f12b5053441bfa8abe4c6ea39e194 [term 3 FOLLOWER]: Refusing update from remote peer 7b987f7dddad492cba226d2086c12a70: Log matching property violated. Preceding OpId in replica: term: 2 index: 2. Preceding OpId from leader: term: 3 index: 3. (index mismatch)
I20260709 13:11:10.558260  1195 consensus_queue.cc:1048] T 09985717176c499f87edafd81f61501b P 7b987f7dddad492cba226d2086c12a70 [LEADER]: Connected to new peer: Peer: permanent_uuid: "8e3f12b5053441bfa8abe4c6ea39e194" member_type: VOTER last_known_addr { host: "127.31.243.195" port: 40487 }, Status: LMP_MISMATCH, Last received: 0.0, Next index: 3, Last known committed idx: 2, Time since last communication: 0.000s
I20260709 13:11:10.638499  1036 raft_consensus.cc:1275] T 451d1f2ed2b64a77b57af0ac97bb624b P 8e3f12b5053441bfa8abe4c6ea39e194 [term 4 FOLLOWER]: Refusing update from remote peer 7b987f7dddad492cba226d2086c12a70: Log matching property violated. Preceding OpId in replica: term: 3 index: 3. Preceding OpId from leader: term: 4 index: 4. (index mismatch)
I20260709 13:11:10.639838  1195 consensus_queue.cc:1048] T 451d1f2ed2b64a77b57af0ac97bb624b P 7b987f7dddad492cba226d2086c12a70 [LEADER]: Connected to new peer: Peer: permanent_uuid: "8e3f12b5053441bfa8abe4c6ea39e194" member_type: VOTER last_known_addr { host: "127.31.243.195" port: 40487 }, Status: LMP_MISMATCH, Last received: 0.0, Next index: 4, Last known committed idx: 3, Time since last communication: 0.000s
I20260709 13:11:10.647174   962 raft_consensus.cc:1275] T 451d1f2ed2b64a77b57af0ac97bb624b P 5c47a535d57f42cd94cd46b8008cef53 [term 4 FOLLOWER]: Refusing update from remote peer 7b987f7dddad492cba226d2086c12a70: Log matching property violated. Preceding OpId in replica: term: 3 index: 3. Preceding OpId from leader: term: 4 index: 4. (index mismatch)
I20260709 13:11:10.648799  1081 consensus_queue.cc:1048] T 451d1f2ed2b64a77b57af0ac97bb624b P 7b987f7dddad492cba226d2086c12a70 [LEADER]: Connected to new peer: Peer: permanent_uuid: "5c47a535d57f42cd94cd46b8008cef53" member_type: VOTER last_known_addr { host: "127.31.243.194" port: 39181 }, Status: LMP_MISMATCH, Last received: 0.0, Next index: 4, Last known committed idx: 3, Time since last communication: 0.000s
I20260709 13:11:10.665407  1036 raft_consensus.cc:1275] T 144e37a7b3d04bbe812562d11bda8f21 P 8e3f12b5053441bfa8abe4c6ea39e194 [term 3 FOLLOWER]: Refusing update from remote peer 7b987f7dddad492cba226d2086c12a70: Log matching property violated. Preceding OpId in replica: term: 2 index: 2. Preceding OpId from leader: term: 3 index: 3. (index mismatch)
I20260709 13:11:10.666684  1081 consensus_queue.cc:1048] T 144e37a7b3d04bbe812562d11bda8f21 P 7b987f7dddad492cba226d2086c12a70 [LEADER]: Connected to new peer: Peer: permanent_uuid: "8e3f12b5053441bfa8abe4c6ea39e194" member_type: VOTER last_known_addr { host: "127.31.243.195" port: 40487 }, Status: LMP_MISMATCH, Last received: 0.0, Next index: 3, Last known committed idx: 2, Time since last communication: 0.000s
I20260709 13:11:10.675944   962 raft_consensus.cc:1275] T 144e37a7b3d04bbe812562d11bda8f21 P 5c47a535d57f42cd94cd46b8008cef53 [term 3 FOLLOWER]: Refusing update from remote peer 7b987f7dddad492cba226d2086c12a70: Log matching property violated. Preceding OpId in replica: term: 2 index: 2. Preceding OpId from leader: term: 3 index: 3. (index mismatch)
I20260709 13:11:10.677683  1195 consensus_queue.cc:1048] T 144e37a7b3d04bbe812562d11bda8f21 P 7b987f7dddad492cba226d2086c12a70 [LEADER]: Connected to new peer: Peer: permanent_uuid: "5c47a535d57f42cd94cd46b8008cef53" member_type: VOTER last_known_addr { host: "127.31.243.194" port: 39181 }, Status: LMP_MISMATCH, Last received: 0.0, Next index: 3, Last known committed idx: 2, Time since last communication: 0.000s
I20260709 13:11:10.723639   962 raft_consensus.cc:1275] T 34e8b51553ba4f89a85effb8722d82ed P 5c47a535d57f42cd94cd46b8008cef53 [term 4 FOLLOWER]: Refusing update from remote peer 7b987f7dddad492cba226d2086c12a70: Log matching property violated. Preceding OpId in replica: term: 3 index: 3. Preceding OpId from leader: term: 4 index: 4. (index mismatch)
I20260709 13:11:10.727279  1205 consensus_queue.cc:1048] T 34e8b51553ba4f89a85effb8722d82ed P 7b987f7dddad492cba226d2086c12a70 [LEADER]: Connected to new peer: Peer: permanent_uuid: "5c47a535d57f42cd94cd46b8008cef53" member_type: VOTER last_known_addr { host: "127.31.243.194" port: 39181 }, Status: LMP_MISMATCH, Last received: 0.0, Next index: 4, Last known committed idx: 3, Time since last communication: 0.001s
I20260709 13:11:10.740342  1036 raft_consensus.cc:1275] T 34e8b51553ba4f89a85effb8722d82ed P 8e3f12b5053441bfa8abe4c6ea39e194 [term 4 FOLLOWER]: Refusing update from remote peer 7b987f7dddad492cba226d2086c12a70: Log matching property violated. Preceding OpId in replica: term: 3 index: 3. Preceding OpId from leader: term: 4 index: 4. (index mismatch)
I20260709 13:11:10.742218  1205 consensus_queue.cc:1048] T 34e8b51553ba4f89a85effb8722d82ed P 7b987f7dddad492cba226d2086c12a70 [LEADER]: Connected to new peer: Peer: permanent_uuid: "8e3f12b5053441bfa8abe4c6ea39e194" member_type: VOTER last_known_addr { host: "127.31.243.195" port: 40487 }, Status: LMP_MISMATCH, Last received: 0.0, Next index: 4, Last known committed idx: 3, Time since last communication: 0.001s
