I20260709 13:10:53.847237 28176 ts_tablet_manager.cc:1403] T b070b33ad8754aba9a39f43cdb2a300a P bc28df3658414d9ca1db88e458434066: Time spent bootstrapping tablet: real 0.018s	user 0.012s	sys 0.002s
I20260709 13:10:53.847338 28210 raft_consensus.cc:493] T 8cfa0c0bc4f44d9cac6a0980ed9460db P bc28df3658414d9ca1db88e458434066 [term 0 FOLLOWER]: Starting pre-election (no leader contacted us within the election timeout)
I20260709 13:10:53.847769 28210 raft_consensus.cc:515] T 8cfa0c0bc4f44d9cac6a0980ed9460db P bc28df3658414d9ca1db88e458434066 [term 0 FOLLOWER]: Starting pre-election with config: opid_index: -1 OBSOLETE_local: false peers { permanent_uuid: "bc28df3658414d9ca1db88e458434066" member_type: VOTER last_known_addr { host: "127.27.50.65" port: 46397 } } peers { permanent_uuid: "e51e2d6e5025403f93291a356c43e31a" member_type: VOTER last_known_addr { host: "127.27.50.66" port: 41269 } } peers { permanent_uuid: "5ce0ed82c2be4482845f813f96001ad5" member_type: VOTER last_known_addr { host: "127.27.50.67" port: 34921 } }
I20260709 13:10:53.848414 28058 raft_consensus.cc:2468] T de6c57460f724c1e9e2efd0c711efcc2 P e51e2d6e5025403f93291a356c43e31a [term 1 FOLLOWER]: Leader election vote request: Granting yes vote for candidate bc28df3658414d9ca1db88e458434066 in term 1.
I20260709 13:10:53.849480 27948 leader_election.cc:304] T de6c57460f724c1e9e2efd0c711efcc2 P bc28df3658414d9ca1db88e458434066 [CANDIDATE]: Term 1 election: Election decided. Result: candidate won. Election summary: received 2 responses out of 3 voters: 2 yes votes; 0 no votes. yes voters: bc28df3658414d9ca1db88e458434066, e51e2d6e5025403f93291a356c43e31a; no voters: 
I20260709 13:10:53.849792 28210 leader_election.cc:290] T 8cfa0c0bc4f44d9cac6a0980ed9460db P bc28df3658414d9ca1db88e458434066 [CANDIDATE]: Term 1 pre-election: Requested pre-vote from peers e51e2d6e5025403f93291a356c43e31a (127.27.50.66:41269), 5ce0ed82c2be4482845f813f96001ad5 (127.27.50.67:34921)
I20260709 13:10:53.850353 28210 raft_consensus.cc:2804] T de6c57460f724c1e9e2efd0c711efcc2 P bc28df3658414d9ca1db88e458434066 [term 1 FOLLOWER]: Leader election won for term 1
I20260709 13:10:53.850783 28210 raft_consensus.cc:697] T de6c57460f724c1e9e2efd0c711efcc2 P bc28df3658414d9ca1db88e458434066 [term 1 LEADER]: Becoming Leader. State: Replica: bc28df3658414d9ca1db88e458434066, State: Running, Role: LEADER
I20260709 13:10:53.851291 28057 tablet_service.cc:1917] Received RequestConsensusVote() RPC: tablet_id: "8cfa0c0bc4f44d9cac6a0980ed9460db" candidate_uuid: "bc28df3658414d9ca1db88e458434066" candidate_term: 1 candidate_status { last_received { term: 0 index: 0 } } ignore_live_leader: false dest_uuid: "e51e2d6e5025403f93291a356c43e31a" is_pre_election: true
I20260709 13:10:53.851576 28210 consensus_queue.cc:237] T de6c57460f724c1e9e2efd0c711efcc2 P bc28df3658414d9ca1db88e458434066 [LEADER]: Queue going to LEADER mode. State: All replicated index: 0, Majority replicated index: 0, Committed index: 0, Last appended: 0.0, Last appended by leader: 0, Current term: 1, Majority size: 2, State: 0, Mode: LEADER, active raft config: opid_index: -1 OBSOLETE_local: false peers { permanent_uuid: "bc28df3658414d9ca1db88e458434066" member_type: VOTER last_known_addr { host: "127.27.50.65" port: 46397 } } peers { permanent_uuid: "e51e2d6e5025403f93291a356c43e31a" member_type: VOTER last_known_addr { host: "127.27.50.66" port: 41269 } } peers { permanent_uuid: "5ce0ed82c2be4482845f813f96001ad5" member_type: VOTER last_known_addr { host: "127.27.50.67" port: 34921 } }
I20260709 13:10:53.852056 28057 raft_consensus.cc:2393] T 8cfa0c0bc4f44d9cac6a0980ed9460db P e51e2d6e5025403f93291a356c43e31a [term 1 FOLLOWER]: Leader pre-election vote request: Denying vote to candidate bc28df3658414d9ca1db88e458434066 in current term 1: Already voted for candidate 5ce0ed82c2be4482845f813f96001ad5 in this term.
I20260709 13:10:53.852063 28217 leader_election.cc:290] T de6c57460f724c1e9e2efd0c711efcc2 P bc28df3658414d9ca1db88e458434066 [CANDIDATE]: Term 1 election: Requested vote from peers e51e2d6e5025403f93291a356c43e31a (127.27.50.66:41269), 5ce0ed82c2be4482845f813f96001ad5 (127.27.50.67:34921)
I20260709 13:10:53.853645 28131 tablet_service.cc:1917] Received RequestConsensusVote() RPC: tablet_id: "8cfa0c0bc4f44d9cac6a0980ed9460db" candidate_uuid: "bc28df3658414d9ca1db88e458434066" candidate_term: 1 candidate_status { last_received { term: 0 index: 0 } } ignore_live_leader: false dest_uuid: "5ce0ed82c2be4482845f813f96001ad5" is_pre_election: true
I20260709 13:10:53.853750 28132 tablet_service.cc:1917] Received RequestConsensusVote() RPC: tablet_id: "de6c57460f724c1e9e2efd0c711efcc2" candidate_uuid: "bc28df3658414d9ca1db88e458434066" candidate_term: 1 candidate_status { last_received { term: 0 index: 0 } } ignore_live_leader: false dest_uuid: "5ce0ed82c2be4482845f813f96001ad5"
I20260709 13:10:53.854365 28132 raft_consensus.cc:3060] T de6c57460f724c1e9e2efd0c711efcc2 P 5ce0ed82c2be4482845f813f96001ad5 [term 0 FOLLOWER]: Advancing to term 1
I20260709 13:10:53.855197 27950 leader_election.cc:304] T 8cfa0c0bc4f44d9cac6a0980ed9460db P bc28df3658414d9ca1db88e458434066 [CANDIDATE]: Term 1 pre-election: Election decided. Result: candidate lost. Election summary: received 3 responses out of 3 voters: 1 yes votes; 2 no votes. yes voters: bc28df3658414d9ca1db88e458434066; no voters: 5ce0ed82c2be4482845f813f96001ad5, e51e2d6e5025403f93291a356c43e31a
I20260709 13:10:53.855747 28176 raft_consensus.cc:359] T b070b33ad8754aba9a39f43cdb2a300a P bc28df3658414d9ca1db88e458434066 [term 0 FOLLOWER]: Replica starting. Triggering 0 pending ops. Active config: opid_index: -1 OBSOLETE_local: false peers { permanent_uuid: "bc28df3658414d9ca1db88e458434066" member_type: VOTER last_known_addr { host: "127.27.50.65" port: 46397 } } peers { permanent_uuid: "e51e2d6e5025403f93291a356c43e31a" member_type: VOTER last_known_addr { host: "127.27.50.66" port: 41269 } } peers { permanent_uuid: "5ce0ed82c2be4482845f813f96001ad5" member_type: VOTER last_known_addr { host: "127.27.50.67" port: 34921 } }
I20260709 13:10:53.856386 28176 raft_consensus.cc:385] T b070b33ad8754aba9a39f43cdb2a300a P bc28df3658414d9ca1db88e458434066 [term 0 FOLLOWER]: Consensus starting up: Expiring failure detector timer to make a prompt election more likely
I20260709 13:10:53.856665 28176 raft_consensus.cc:740] T b070b33ad8754aba9a39f43cdb2a300a P bc28df3658414d9ca1db88e458434066 [term 0 FOLLOWER]: Becoming Follower/Learner. State: Replica: bc28df3658414d9ca1db88e458434066, State: Initialized, Role: FOLLOWER
I20260709 13:10:53.856982 28210 raft_consensus.cc:3060] T 8cfa0c0bc4f44d9cac6a0980ed9460db P bc28df3658414d9ca1db88e458434066 [term 0 FOLLOWER]: Advancing to term 1
I20260709 13:10:53.862162 27881 catalog_manager.cc:5697] T de6c57460f724c1e9e2efd0c711efcc2 P bc28df3658414d9ca1db88e458434066 reported cstate change: term changed from 0 to 1, leader changed from <none> to bc28df3658414d9ca1db88e458434066 (127.27.50.65). New cstate: current_term: 1 leader_uuid: "bc28df3658414d9ca1db88e458434066" committed_config { opid_index: -1 OBSOLETE_local: false peers { permanent_uuid: "bc28df3658414d9ca1db88e458434066" member_type: VOTER last_known_addr { host: "127.27.50.65" port: 46397 } health_report { overall_health: HEALTHY } } peers { permanent_uuid: "e51e2d6e5025403f93291a356c43e31a" member_type: VOTER last_known_addr { host: "127.27.50.66" port: 41269 } health_report { overall_health: UNKNOWN } } peers { permanent_uuid: "5ce0ed82c2be4482845f813f96001ad5" member_type: VOTER last_known_addr { host: "127.27.50.67" port: 34921 } health_report { overall_health: UNKNOWN } } }
I20260709 13:10:53.863293 28132 raft_consensus.cc:2468] T de6c57460f724c1e9e2efd0c711efcc2 P 5ce0ed82c2be4482845f813f96001ad5 [term 1 FOLLOWER]: Leader election vote request: Granting yes vote for candidate bc28df3658414d9ca1db88e458434066 in term 1.
I20260709 13:10:53.863732 28210 raft_consensus.cc:2749] T 8cfa0c0bc4f44d9cac6a0980ed9460db P bc28df3658414d9ca1db88e458434066 [term 1 FOLLOWER]: Leader pre-election lost for term 1. Reason: could not achieve majority
I20260709 13:10:53.865145 28176 consensus_queue.cc:260] T b070b33ad8754aba9a39f43cdb2a300a P bc28df3658414d9ca1db88e458434066 [NON_LEADER]: Queue going to NON_LEADER mode. State: All replicated index: 0, Majority replicated index: 0, Committed index: 0, Last appended: 0.0, Last appended by leader: 0, Current term: 0, Majority size: -1, State: 0, Mode: NON_LEADER, active raft config: opid_index: -1 OBSOLETE_local: false peers { permanent_uuid: "bc28df3658414d9ca1db88e458434066" member_type: VOTER last_known_addr { host: "127.27.50.65" port: 46397 } } peers { permanent_uuid: "e51e2d6e5025403f93291a356c43e31a" member_type: VOTER last_known_addr { host: "127.27.50.66" port: 41269 } } peers { permanent_uuid: "5ce0ed82c2be4482845f813f96001ad5" member_type: VOTER last_known_addr { host: "127.27.50.67" port: 34921 } }
I20260709 13:10:53.867162 28176 ts_tablet_manager.cc:1434] T b070b33ad8754aba9a39f43cdb2a300a P bc28df3658414d9ca1db88e458434066: Time spent starting tablet: real 0.020s	user 0.006s	sys 0.000s
W20260709 13:10:53.878924 27928 auto_rebalancer.cc:288] Could not retrieve cluster info: Service unavailable: Tablet not running
I20260709 13:10:53.889820 28195 raft_consensus.cc:493] T 65febbf5bbd742beb3b0244cc4d8eeae P e51e2d6e5025403f93291a356c43e31a [term 0 FOLLOWER]: Starting pre-election (no leader contacted us within the election timeout)
I20260709 13:10:53.890407 28195 raft_consensus.cc:515] T 65febbf5bbd742beb3b0244cc4d8eeae P e51e2d6e5025403f93291a356c43e31a [term 0 FOLLOWER]: Starting pre-election with config: opid_index: -1 OBSOLETE_local: false peers { permanent_uuid: "bc28df3658414d9ca1db88e458434066" member_type: VOTER last_known_addr { host: "127.27.50.65" port: 46397 } } peers { permanent_uuid: "e51e2d6e5025403f93291a356c43e31a" member_type: VOTER last_known_addr { host: "127.27.50.66" port: 41269 } } peers { permanent_uuid: "5ce0ed82c2be4482845f813f96001ad5" member_type: VOTER last_known_addr { host: "127.27.50.67" port: 34921 } }
I20260709 13:10:53.892103 28195 leader_election.cc:290] T 65febbf5bbd742beb3b0244cc4d8eeae P e51e2d6e5025403f93291a356c43e31a [CANDIDATE]: Term 1 pre-election: Requested pre-vote from peers bc28df3658414d9ca1db88e458434066 (127.27.50.65:46397), 5ce0ed82c2be4482845f813f96001ad5 (127.27.50.67:34921)
I20260709 13:10:53.892985 27984 tablet_service.cc:1917] Received RequestConsensusVote() RPC: tablet_id: "65febbf5bbd742beb3b0244cc4d8eeae" candidate_uuid: "e51e2d6e5025403f93291a356c43e31a" candidate_term: 1 candidate_status { last_received { term: 0 index: 0 } } ignore_live_leader: false dest_uuid: "bc28df3658414d9ca1db88e458434066" is_pre_election: true
I20260709 13:10:53.893225 28132 tablet_service.cc:1917] Received RequestConsensusVote() RPC: tablet_id: "65febbf5bbd742beb3b0244cc4d8eeae" candidate_uuid: "e51e2d6e5025403f93291a356c43e31a" candidate_term: 1 candidate_status { last_received { term: 0 index: 0 } } ignore_live_leader: false dest_uuid: "5ce0ed82c2be4482845f813f96001ad5" is_pre_election: true
I20260709 13:10:53.894024 28132 raft_consensus.cc:2393] T 65febbf5bbd742beb3b0244cc4d8eeae P 5ce0ed82c2be4482845f813f96001ad5 [term 1 FOLLOWER]: Leader pre-election vote request: Denying vote to candidate e51e2d6e5025403f93291a356c43e31a in current term 1: Already voted for candidate bc28df3658414d9ca1db88e458434066 in this term.
I20260709 13:10:53.894981 28025 leader_election.cc:304] T 65febbf5bbd742beb3b0244cc4d8eeae P e51e2d6e5025403f93291a356c43e31a [CANDIDATE]: Term 1 pre-election: Election decided. Result: candidate lost. Election summary: received 3 responses out of 3 voters: 1 yes votes; 2 no votes. yes voters: e51e2d6e5025403f93291a356c43e31a; no voters: 5ce0ed82c2be4482845f813f96001ad5, bc28df3658414d9ca1db88e458434066
I20260709 13:10:53.895704 28195 raft_consensus.cc:3060] T 65febbf5bbd742beb3b0244cc4d8eeae P e51e2d6e5025403f93291a356c43e31a [term 0 FOLLOWER]: Advancing to term 1
I20260709 13:10:53.899920 28195 raft_consensus.cc:2749] T 65febbf5bbd742beb3b0244cc4d8eeae P e51e2d6e5025403f93291a356c43e31a [term 1 FOLLOWER]: Leader pre-election lost for term 1. Reason: could not achieve majority
I20260709 13:10:53.915762 28195 consensus_queue.cc:1048] T c4c4bd62d3154be2be2a0cb6ef0abc50 P e51e2d6e5025403f93291a356c43e31a [LEADER]: Connected to new peer: Peer: permanent_uuid: "bc28df3658414d9ca1db88e458434066" member_type: VOTER last_known_addr { host: "127.27.50.65" port: 46397 }, Status: LMP_MISMATCH, Last received: 0.0, Next index: 1, Last known committed idx: 0, Time since last communication: 0.000s
I20260709 13:10:53.931959 28212 consensus_queue.cc:1048] T c4c4bd62d3154be2be2a0cb6ef0abc50 P e51e2d6e5025403f93291a356c43e31a [LEADER]: Connected to new peer: Peer: permanent_uuid: "5ce0ed82c2be4482845f813f96001ad5" member_type: VOTER last_known_addr { host: "127.27.50.67" port: 34921 }, Status: LMP_MISMATCH, Last received: 0.0, Next index: 1, Last known committed idx: 0, Time since last communication: 0.000s
I20260709 13:10:53.937853 28212 consensus_queue.cc:1048] T 1f1758da54f844fabd8a1cd03ff7f10c P e51e2d6e5025403f93291a356c43e31a [LEADER]: Connected to new peer: Peer: permanent_uuid: "5ce0ed82c2be4482845f813f96001ad5" member_type: VOTER last_known_addr { host: "127.27.50.67" port: 34921 }, Status: LMP_MISMATCH, Last received: 0.0, Next index: 1, Last known committed idx: 0, Time since last communication: 0.000s
I20260709 13:10:53.956741 28185 consensus_queue.cc:1048] T 1f1758da54f844fabd8a1cd03ff7f10c P e51e2d6e5025403f93291a356c43e31a [LEADER]: Connected to new peer: Peer: permanent_uuid: "bc28df3658414d9ca1db88e458434066" member_type: VOTER last_known_addr { host: "127.27.50.65" port: 46397 }, Status: LMP_MISMATCH, Last received: 0.0, Next index: 1, Last known committed idx: 0, Time since last communication: 0.001s
I20260709 13:10:53.965526 28210 consensus_queue.cc:1048] T 65febbf5bbd742beb3b0244cc4d8eeae P bc28df3658414d9ca1db88e458434066 [LEADER]: Connected to new peer: Peer: permanent_uuid: "5ce0ed82c2be4482845f813f96001ad5" member_type: VOTER last_known_addr { host: "127.27.50.67" port: 34921 }, Status: LMP_MISMATCH, Last received: 0.0, Next index: 1, Last known committed idx: 0, Time since last communication: 0.001s
I20260709 13:10:53.985186 28182 consensus_queue.cc:1048] T 65febbf5bbd742beb3b0244cc4d8eeae P bc28df3658414d9ca1db88e458434066 [LEADER]: Connected to new peer: Peer: permanent_uuid: "e51e2d6e5025403f93291a356c43e31a" member_type: VOTER last_known_addr { host: "127.27.50.66" port: 41269 }, Status: LMP_MISMATCH, Last received: 0.0, Next index: 1, Last known committed idx: 0, Time since last communication: 0.000s
I20260709 13:10:54.009692 28182 raft_consensus.cc:493] T 79030fd6ed2e4d3b8699bbef25f5073e P bc28df3658414d9ca1db88e458434066 [term 0 FOLLOWER]: Starting pre-election (no leader contacted us within the election timeout)
I20260709 13:10:54.010221 28182 raft_consensus.cc:515] T 79030fd6ed2e4d3b8699bbef25f5073e P bc28df3658414d9ca1db88e458434066 [term 0 FOLLOWER]: Starting pre-election with config: opid_index: -1 OBSOLETE_local: false peers { permanent_uuid: "bc28df3658414d9ca1db88e458434066" member_type: VOTER last_known_addr { host: "127.27.50.65" port: 46397 } } peers { permanent_uuid: "e51e2d6e5025403f93291a356c43e31a" member_type: VOTER last_known_addr { host: "127.27.50.66" port: 41269 } } peers { permanent_uuid: "5ce0ed82c2be4482845f813f96001ad5" member_type: VOTER last_known_addr { host: "127.27.50.67" port: 34921 } }
I20260709 13:10:54.012027 28182 leader_election.cc:290] T 79030fd6ed2e4d3b8699bbef25f5073e P bc28df3658414d9ca1db88e458434066 [CANDIDATE]: Term 1 pre-election: Requested pre-vote from peers e51e2d6e5025403f93291a356c43e31a (127.27.50.66:41269), 5ce0ed82c2be4482845f813f96001ad5 (127.27.50.67:34921)
I20260709 13:10:54.013085 28057 tablet_service.cc:1917] Received RequestConsensusVote() RPC: tablet_id: "79030fd6ed2e4d3b8699bbef25f5073e" candidate_uuid: "bc28df3658414d9ca1db88e458434066" candidate_term: 1 candidate_status { last_received { term: 0 index: 0 } } ignore_live_leader: false dest_uuid: "e51e2d6e5025403f93291a356c43e31a" is_pre_election: true
I20260709 13:10:54.013527 28132 tablet_service.cc:1917] Received RequestConsensusVote() RPC: tablet_id: "79030fd6ed2e4d3b8699bbef25f5073e" candidate_uuid: "bc28df3658414d9ca1db88e458434066" candidate_term: 1 candidate_status { last_received { term: 0 index: 0 } } ignore_live_leader: false dest_uuid: "5ce0ed82c2be4482845f813f96001ad5" is_pre_election: true
I20260709 13:10:54.013700 28057 raft_consensus.cc:2468] T 79030fd6ed2e4d3b8699bbef25f5073e P e51e2d6e5025403f93291a356c43e31a [term 0 FOLLOWER]: Leader pre-election vote request: Granting yes vote for candidate bc28df3658414d9ca1db88e458434066 in term 0.
I20260709 13:10:54.014228 28132 raft_consensus.cc:2468] T 79030fd6ed2e4d3b8699bbef25f5073e P 5ce0ed82c2be4482845f813f96001ad5 [term 0 FOLLOWER]: Leader pre-election vote request: Granting yes vote for candidate bc28df3658414d9ca1db88e458434066 in term 0.
I20260709 13:10:54.014781 27948 leader_election.cc:304] T 79030fd6ed2e4d3b8699bbef25f5073e P bc28df3658414d9ca1db88e458434066 [CANDIDATE]: Term 1 pre-election: Election decided. Result: candidate won. Election summary: received 2 responses out of 3 voters: 2 yes votes; 0 no votes. yes voters: bc28df3658414d9ca1db88e458434066, e51e2d6e5025403f93291a356c43e31a; no voters: 
I20260709 13:10:54.015586 28182 raft_consensus.cc:2804] T 79030fd6ed2e4d3b8699bbef25f5073e P bc28df3658414d9ca1db88e458434066 [term 0 FOLLOWER]: Leader pre-election won for term 1
I20260709 13:10:54.015969 28182 raft_consensus.cc:493] T 79030fd6ed2e4d3b8699bbef25f5073e P bc28df3658414d9ca1db88e458434066 [term 0 FOLLOWER]: Starting leader election (no leader contacted us within the election timeout)
I20260709 13:10:54.016268 28182 raft_consensus.cc:3060] T 79030fd6ed2e4d3b8699bbef25f5073e P bc28df3658414d9ca1db88e458434066 [term 0 FOLLOWER]: Advancing to term 1
I20260709 13:10:54.020483 28182 raft_consensus.cc:515] T 79030fd6ed2e4d3b8699bbef25f5073e P bc28df3658414d9ca1db88e458434066 [term 1 FOLLOWER]: Starting leader election with config: opid_index: -1 OBSOLETE_local: false peers { permanent_uuid: "bc28df3658414d9ca1db88e458434066" member_type: VOTER last_known_addr { host: "127.27.50.65" port: 46397 } } peers { permanent_uuid: "e51e2d6e5025403f93291a356c43e31a" member_type: VOTER last_known_addr { host: "127.27.50.66" port: 41269 } } peers { permanent_uuid: "5ce0ed82c2be4482845f813f96001ad5" member_type: VOTER last_known_addr { host: "127.27.50.67" port: 34921 } }
I20260709 13:10:54.022145 28182 leader_election.cc:290] T 79030fd6ed2e4d3b8699bbef25f5073e P bc28df3658414d9ca1db88e458434066 [CANDIDATE]: Term 1 election: Requested vote from peers e51e2d6e5025403f93291a356c43e31a (127.27.50.66:41269), 5ce0ed82c2be4482845f813f96001ad5 (127.27.50.67:34921)
I20260709 13:10:54.022887 28057 tablet_service.cc:1917] Received RequestConsensusVote() RPC: tablet_id: "79030fd6ed2e4d3b8699bbef25f5073e" candidate_uuid: "bc28df3658414d9ca1db88e458434066" candidate_term: 1 candidate_status { last_received { term: 0 index: 0 } } ignore_live_leader: false dest_uuid: "e51e2d6e5025403f93291a356c43e31a"
I20260709 13:10:54.023025 28132 tablet_service.cc:1917] Received RequestConsensusVote() RPC: tablet_id: "79030fd6ed2e4d3b8699bbef25f5073e" candidate_uuid: "bc28df3658414d9ca1db88e458434066" candidate_term: 1 candidate_status { last_received { term: 0 index: 0 } } ignore_live_leader: false dest_uuid: "5ce0ed82c2be4482845f813f96001ad5"
I20260709 13:10:54.023473 28057 raft_consensus.cc:3060] T 79030fd6ed2e4d3b8699bbef25f5073e P e51e2d6e5025403f93291a356c43e31a [term 0 FOLLOWER]: Advancing to term 1
I20260709 13:10:54.023530 28132 raft_consensus.cc:3060] T 79030fd6ed2e4d3b8699bbef25f5073e P 5ce0ed82c2be4482845f813f96001ad5 [term 0 FOLLOWER]: Advancing to term 1
I20260709 13:10:54.028033 28132 raft_consensus.cc:2468] T 79030fd6ed2e4d3b8699bbef25f5073e P 5ce0ed82c2be4482845f813f96001ad5 [term 1 FOLLOWER]: Leader election vote request: Granting yes vote for candidate bc28df3658414d9ca1db88e458434066 in term 1.
I20260709 13:10:54.028965 27950 leader_election.cc:304] T 79030fd6ed2e4d3b8699bbef25f5073e P bc28df3658414d9ca1db88e458434066 [CANDIDATE]: Term 1 election: Election decided. Result: candidate won. Election summary: received 2 responses out of 3 voters: 2 yes votes; 0 no votes. yes voters: 5ce0ed82c2be4482845f813f96001ad5, bc28df3658414d9ca1db88e458434066; no voters: 
I20260709 13:10:54.029616 28182 raft_consensus.cc:2804] T 79030fd6ed2e4d3b8699bbef25f5073e P bc28df3658414d9ca1db88e458434066 [term 1 FOLLOWER]: Leader election won for term 1
I20260709 13:10:54.030246 28057 raft_consensus.cc:2468] T 79030fd6ed2e4d3b8699bbef25f5073e P e51e2d6e5025403f93291a356c43e31a [term 1 FOLLOWER]: Leader election vote request: Granting yes vote for candidate bc28df3658414d9ca1db88e458434066 in term 1.
I20260709 13:10:54.030287 28182 raft_consensus.cc:697] T 79030fd6ed2e4d3b8699bbef25f5073e P bc28df3658414d9ca1db88e458434066 [term 1 LEADER]: Becoming Leader. State: Replica: bc28df3658414d9ca1db88e458434066, State: Running, Role: LEADER
I20260709 13:10:54.032117 28182 consensus_queue.cc:237] T 79030fd6ed2e4d3b8699bbef25f5073e P bc28df3658414d9ca1db88e458434066 [LEADER]: Queue going to LEADER mode. State: All replicated index: 0, Majority replicated index: 0, Committed index: 0, Last appended: 0.0, Last appended by leader: 0, Current term: 1, Majority size: 2, State: 0, Mode: LEADER, active raft config: opid_index: -1 OBSOLETE_local: false peers { permanent_uuid: "bc28df3658414d9ca1db88e458434066" member_type: VOTER last_known_addr { host: "127.27.50.65" port: 46397 } } peers { permanent_uuid: "e51e2d6e5025403f93291a356c43e31a" member_type: VOTER last_known_addr { host: "127.27.50.66" port: 41269 } } peers { permanent_uuid: "5ce0ed82c2be4482845f813f96001ad5" member_type: VOTER last_known_addr { host: "127.27.50.67" port: 34921 } }
I20260709 13:10:54.033805 28183 consensus_queue.cc:1048] T 8cfa0c0bc4f44d9cac6a0980ed9460db P 5ce0ed82c2be4482845f813f96001ad5 [LEADER]: Connected to new peer: Peer: permanent_uuid: "e51e2d6e5025403f93291a356c43e31a" member_type: VOTER last_known_addr { host: "127.27.50.66" port: 41269 }, Status: LMP_MISMATCH, Last received: 0.0, Next index: 1, Last known committed idx: 0, Time since last communication: 0.000s
I20260709 13:10:54.040695 27880 catalog_manager.cc:5697] T 79030fd6ed2e4d3b8699bbef25f5073e P bc28df3658414d9ca1db88e458434066 reported cstate change: term changed from 0 to 1, leader changed from <none> to bc28df3658414d9ca1db88e458434066 (127.27.50.65). New cstate: current_term: 1 leader_uuid: "bc28df3658414d9ca1db88e458434066" committed_config { opid_index: -1 OBSOLETE_local: false peers { permanent_uuid: "bc28df3658414d9ca1db88e458434066" member_type: VOTER last_known_addr { host: "127.27.50.65" port: 46397 } health_report { overall_health: HEALTHY } } peers { permanent_uuid: "e51e2d6e5025403f93291a356c43e31a" member_type: VOTER last_known_addr { host: "127.27.50.66" port: 41269 } health_report { overall_health: UNKNOWN } } peers { permanent_uuid: "5ce0ed82c2be4482845f813f96001ad5" member_type: VOTER last_known_addr { host: "127.27.50.67" port: 34921 } health_report { overall_health: UNKNOWN } } }
I20260709 13:10:54.052376 28183 consensus_queue.cc:1048] T 8cfa0c0bc4f44d9cac6a0980ed9460db P 5ce0ed82c2be4482845f813f96001ad5 [LEADER]: Connected to new peer: Peer: permanent_uuid: "bc28df3658414d9ca1db88e458434066" member_type: VOTER last_known_addr { host: "127.27.50.65" port: 46397 }, Status: LMP_MISMATCH, Last received: 0.0, Next index: 1, Last known committed idx: 0, Time since last communication: 0.001s
I20260709 13:10:54.057834 28210 consensus_queue.cc:1048] T d91c8d5d3d2a44cf82fa6039e3dc9eaf P bc28df3658414d9ca1db88e458434066 [LEADER]: Connected to new peer: Peer: permanent_uuid: "5ce0ed82c2be4482845f813f96001ad5" member_type: VOTER last_known_addr { host: "127.27.50.67" port: 34921 }, Status: LMP_MISMATCH, Last received: 0.0, Next index: 1, Last known committed idx: 0, Time since last communication: 0.000s
I20260709 13:10:54.062036 27982 raft_consensus.cc:3060] T 7d426e67768c4acb8be049a688496200 P bc28df3658414d9ca1db88e458434066 [term 0 FOLLOWER]: Advancing to term 1
I20260709 13:10:54.072343 28183 consensus_queue.cc:1048] T 7d426e67768c4acb8be049a688496200 P 5ce0ed82c2be4482845f813f96001ad5 [LEADER]: Connected to new peer: Peer: permanent_uuid: "bc28df3658414d9ca1db88e458434066" member_type: VOTER last_known_addr { host: "127.27.50.65" port: 46397 }, Status: LMP_MISMATCH, Last received: 0.0, Next index: 1, Last known committed idx: 0, Time since last communication: 0.000s
I20260709 13:10:54.094419 28217 consensus_queue.cc:1048] T d91c8d5d3d2a44cf82fa6039e3dc9eaf P bc28df3658414d9ca1db88e458434066 [LEADER]: Connected to new peer: Peer: permanent_uuid: "e51e2d6e5025403f93291a356c43e31a" member_type: VOTER last_known_addr { host: "127.27.50.66" port: 41269 }, Status: LMP_MISMATCH, Last received: 0.0, Next index: 1, Last known committed idx: 0, Time since last communication: 0.000s
I20260709 13:10:54.098093 28249 consensus_queue.cc:1048] T 7d426e67768c4acb8be049a688496200 P 5ce0ed82c2be4482845f813f96001ad5 [LEADER]: Connected to new peer: Peer: permanent_uuid: "e51e2d6e5025403f93291a356c43e31a" member_type: VOTER last_known_addr { host: "127.27.50.66" port: 41269 }, Status: LMP_MISMATCH, Last received: 0.0, Next index: 1, Last known committed idx: 0, Time since last communication: 0.001s
I20260709 13:10:54.143297 28217 raft_consensus.cc:493] T b070b33ad8754aba9a39f43cdb2a300a P bc28df3658414d9ca1db88e458434066 [term 0 FOLLOWER]: Starting pre-election (no leader contacted us within the election timeout)
I20260709 13:10:54.143810 28217 raft_consensus.cc:515] T b070b33ad8754aba9a39f43cdb2a300a P bc28df3658414d9ca1db88e458434066 [term 0 FOLLOWER]: Starting pre-election with config: opid_index: -1 OBSOLETE_local: false peers { permanent_uuid: "bc28df3658414d9ca1db88e458434066" member_type: VOTER last_known_addr { host: "127.27.50.65" port: 46397 } } peers { permanent_uuid: "e51e2d6e5025403f93291a356c43e31a" member_type: VOTER last_known_addr { host: "127.27.50.66" port: 41269 } } peers { permanent_uuid: "5ce0ed82c2be4482845f813f96001ad5" member_type: VOTER last_known_addr { host: "127.27.50.67" port: 34921 } }
I20260709 13:10:54.145834 28217 leader_election.cc:290] T b070b33ad8754aba9a39f43cdb2a300a P bc28df3658414d9ca1db88e458434066 [CANDIDATE]: Term 1 pre-election: Requested pre-vote from peers e51e2d6e5025403f93291a356c43e31a (127.27.50.66:41269), 5ce0ed82c2be4482845f813f96001ad5 (127.27.50.67:34921)
I20260709 13:10:54.146590 28059 tablet_service.cc:1917] Received RequestConsensusVote() RPC: tablet_id: "b070b33ad8754aba9a39f43cdb2a300a" candidate_uuid: "bc28df3658414d9ca1db88e458434066" candidate_term: 1 candidate_status { last_received { term: 0 index: 0 } } ignore_live_leader: false dest_uuid: "e51e2d6e5025403f93291a356c43e31a" is_pre_election: true
I20260709 13:10:54.148427 28132 tablet_service.cc:1917] Received RequestConsensusVote() RPC: tablet_id: "b070b33ad8754aba9a39f43cdb2a300a" candidate_uuid: "bc28df3658414d9ca1db88e458434066" candidate_term: 1 candidate_status { last_received { term: 0 index: 0 } } ignore_live_leader: false dest_uuid: "5ce0ed82c2be4482845f813f96001ad5" is_pre_election: true
I20260709 13:10:54.149626 28132 raft_consensus.cc:2393] T b070b33ad8754aba9a39f43cdb2a300a P 5ce0ed82c2be4482845f813f96001ad5 [term 1 FOLLOWER]: Leader pre-election vote request: Denying vote to candidate bc28df3658414d9ca1db88e458434066 in current term 1: Already voted for candidate e51e2d6e5025403f93291a356c43e31a in this term.
I20260709 13:10:54.150754 27950 leader_election.cc:304] T b070b33ad8754aba9a39f43cdb2a300a P bc28df3658414d9ca1db88e458434066 [CANDIDATE]: Term 1 pre-election: Election decided. Result: candidate lost. Election summary: received 3 responses out of 3 voters: 1 yes votes; 2 no votes. yes voters: bc28df3658414d9ca1db88e458434066; no voters: 5ce0ed82c2be4482845f813f96001ad5, e51e2d6e5025403f93291a356c43e31a
I20260709 13:10:54.151818 28217 raft_consensus.cc:3060] T b070b33ad8754aba9a39f43cdb2a300a P bc28df3658414d9ca1db88e458434066 [term 0 FOLLOWER]: Advancing to term 1
I20260709 13:10:54.152410 28059 tablet_service.cc:2072] Received LeaderStepDown RPC: tablet_id: "c4c4bd62d3154be2be2a0cb6ef0abc50"
dest_uuid: "e51e2d6e5025403f93291a356c43e31a"
mode: GRACEFUL
new_leader_uuid: "bc28df3658414d9ca1db88e458434066"
 from {username='slave'} at 127.0.0.1:34144
I20260709 13:10:54.153080 28059 raft_consensus.cc:606] T c4c4bd62d3154be2be2a0cb6ef0abc50 P e51e2d6e5025403f93291a356c43e31a [term 1 LEADER]: Received request to transfer leadership to TS bc28df3658414d9ca1db88e458434066
I20260709 13:10:54.157583 28217 raft_consensus.cc:2749] T b070b33ad8754aba9a39f43cdb2a300a P bc28df3658414d9ca1db88e458434066 [term 1 FOLLOWER]: Leader pre-election lost for term 1. Reason: could not achieve majority
I20260709 13:10:54.159374 28059 tablet_service.cc:2072] Received LeaderStepDown RPC: tablet_id: "1f1758da54f844fabd8a1cd03ff7f10c"
dest_uuid: "e51e2d6e5025403f93291a356c43e31a"
mode: GRACEFUL
new_leader_uuid: "bc28df3658414d9ca1db88e458434066"
 from {username='slave'} at 127.0.0.1:34144
I20260709 13:10:54.159965 28059 raft_consensus.cc:606] T 1f1758da54f844fabd8a1cd03ff7f10c P e51e2d6e5025403f93291a356c43e31a [term 1 LEADER]: Received request to transfer leadership to TS bc28df3658414d9ca1db88e458434066
I20260709 13:10:54.179725 27982 tablet_service.cc:2072] Received LeaderStepDown RPC: tablet_id: "d91c8d5d3d2a44cf82fa6039e3dc9eaf"
dest_uuid: "bc28df3658414d9ca1db88e458434066"
mode: GRACEFUL
new_leader_uuid: "e51e2d6e5025403f93291a356c43e31a"
 from {username='slave'} at 127.0.0.1:58462
I20260709 13:10:54.180431 27982 raft_consensus.cc:606] T d91c8d5d3d2a44cf82fa6039e3dc9eaf P bc28df3658414d9ca1db88e458434066 [term 1 LEADER]: Received request to transfer leadership to TS e51e2d6e5025403f93291a356c43e31a
I20260709 13:10:54.193872 28132 tablet_service.cc:2072] Received LeaderStepDown RPC: tablet_id: "8cfa0c0bc4f44d9cac6a0980ed9460db"
dest_uuid: "5ce0ed82c2be4482845f813f96001ad5"
mode: GRACEFUL
new_leader_uuid: "e51e2d6e5025403f93291a356c43e31a"
 from {username='slave'} at 127.0.0.1:40074
I20260709 13:10:54.194490 28132 raft_consensus.cc:606] T 8cfa0c0bc4f44d9cac6a0980ed9460db P 5ce0ed82c2be4482845f813f96001ad5 [term 1 LEADER]: Received request to transfer leadership to TS e51e2d6e5025403f93291a356c43e31a
I20260709 13:10:54.199523 28132 tablet_service.cc:2072] Received LeaderStepDown RPC: tablet_id: "7d426e67768c4acb8be049a688496200"
dest_uuid: "5ce0ed82c2be4482845f813f96001ad5"
mode: GRACEFUL
new_leader_uuid: "e51e2d6e5025403f93291a356c43e31a"
 from {username='slave'} at 127.0.0.1:40074
I20260709 13:10:54.200029 28132 raft_consensus.cc:606] T 7d426e67768c4acb8be049a688496200 P 5ce0ed82c2be4482845f813f96001ad5 [term 1 LEADER]: Received request to transfer leadership to TS e51e2d6e5025403f93291a356c43e31a
I20260709 13:10:54.207993 27982 tablet_service.cc:2072] Received LeaderStepDown RPC: tablet_id: "79030fd6ed2e4d3b8699bbef25f5073e"
dest_uuid: "bc28df3658414d9ca1db88e458434066"
mode: GRACEFUL
new_leader_uuid: "5ce0ed82c2be4482845f813f96001ad5"
 from {username='slave'} at 127.0.0.1:58462
I20260709 13:10:54.208534 27982 raft_consensus.cc:606] T 79030fd6ed2e4d3b8699bbef25f5073e P bc28df3658414d9ca1db88e458434066 [term 1 LEADER]: Received request to transfer leadership to TS 5ce0ed82c2be4482845f813f96001ad5
I20260709 13:10:54.216470 28185 consensus_queue.cc:1048] T b070b33ad8754aba9a39f43cdb2a300a P e51e2d6e5025403f93291a356c43e31a [LEADER]: Connected to new peer: Peer: permanent_uuid: "bc28df3658414d9ca1db88e458434066" member_type: VOTER last_known_addr { host: "127.27.50.65" port: 46397 }, Status: LMP_MISMATCH, Last received: 0.0, Next index: 1, Last known committed idx: 0, Time since last communication: 0.000s
I20260709 13:10:54.231964 28195 consensus_queue.cc:1048] T b070b33ad8754aba9a39f43cdb2a300a P e51e2d6e5025403f93291a356c43e31a [LEADER]: Connected to new peer: Peer: permanent_uuid: "5ce0ed82c2be4482845f813f96001ad5" member_type: VOTER last_known_addr { host: "127.27.50.67" port: 34921 }, Status: LMP_MISMATCH, Last received: 0.0, Next index: 1, Last known committed idx: 0, Time since last communication: 0.001s
I20260709 13:10:54.279400 28217 consensus_queue.cc:1048] T de6c57460f724c1e9e2efd0c711efcc2 P bc28df3658414d9ca1db88e458434066 [LEADER]: Connected to new peer: Peer: permanent_uuid: "e51e2d6e5025403f93291a356c43e31a" member_type: VOTER last_known_addr { host: "127.27.50.66" port: 41269 }, Status: LMP_MISMATCH, Last received: 0.0, Next index: 1, Last known committed idx: 0, Time since last communication: 0.000s
I20260709 13:10:54.290542 28210 consensus_queue.cc:1048] T de6c57460f724c1e9e2efd0c711efcc2 P bc28df3658414d9ca1db88e458434066 [LEADER]: Connected to new peer: Peer: permanent_uuid: "5ce0ed82c2be4482845f813f96001ad5" member_type: VOTER last_known_addr { host: "127.27.50.67" port: 34921 }, Status: LMP_MISMATCH, Last received: 0.0, Next index: 1, Last known committed idx: 0, Time since last communication: 0.000s
I20260709 13:10:54.380772 28185 raft_consensus.cc:993] T c4c4bd62d3154be2be2a0cb6ef0abc50 P e51e2d6e5025403f93291a356c43e31a: : Instructing follower bc28df3658414d9ca1db88e458434066 to start an election
I20260709 13:10:54.381286 28195 raft_consensus.cc:1081] T c4c4bd62d3154be2be2a0cb6ef0abc50 P e51e2d6e5025403f93291a356c43e31a [term 1 LEADER]: Signalling peer bc28df3658414d9ca1db88e458434066 to start an election
I20260709 13:10:54.383060 27982 tablet_service.cc:2044] Received Run Leader Election RPC: tablet_id: "c4c4bd62d3154be2be2a0cb6ef0abc50"
dest_uuid: "bc28df3658414d9ca1db88e458434066"
 from {username='slave'} at 127.0.0.1:58446
I20260709 13:10:54.383651 27982 raft_consensus.cc:493] T c4c4bd62d3154be2be2a0cb6ef0abc50 P bc28df3658414d9ca1db88e458434066 [term 1 FOLLOWER]: Starting forced leader election (received explicit request)
I20260709 13:10:54.383965 27982 raft_consensus.cc:3060] T c4c4bd62d3154be2be2a0cb6ef0abc50 P bc28df3658414d9ca1db88e458434066 [term 1 FOLLOWER]: Advancing to term 2
I20260709 13:10:54.388367 27982 raft_consensus.cc:515] T c4c4bd62d3154be2be2a0cb6ef0abc50 P bc28df3658414d9ca1db88e458434066 [term 2 FOLLOWER]: Starting forced leader election with config: opid_index: -1 OBSOLETE_local: false peers { permanent_uuid: "bc28df3658414d9ca1db88e458434066" member_type: VOTER last_known_addr { host: "127.27.50.65" port: 46397 } } peers { permanent_uuid: "e51e2d6e5025403f93291a356c43e31a" member_type: VOTER last_known_addr { host: "127.27.50.66" port: 41269 } } peers { permanent_uuid: "5ce0ed82c2be4482845f813f96001ad5" member_type: VOTER last_known_addr { host: "127.27.50.67" port: 34921 } }
I20260709 13:10:54.390017 27982 leader_election.cc:290] T c4c4bd62d3154be2be2a0cb6ef0abc50 P bc28df3658414d9ca1db88e458434066 [CANDIDATE]: Term 2 election: Requested vote from peers e51e2d6e5025403f93291a356c43e31a (127.27.50.66:41269), 5ce0ed82c2be4482845f813f96001ad5 (127.27.50.67:34921)
I20260709 13:10:54.390652 28059 tablet_service.cc:1917] Received RequestConsensusVote() RPC: tablet_id: "c4c4bd62d3154be2be2a0cb6ef0abc50" candidate_uuid: "bc28df3658414d9ca1db88e458434066" candidate_term: 2 candidate_status { last_received { term: 1 index: 1 } } ignore_live_leader: true dest_uuid: "e51e2d6e5025403f93291a356c43e31a"
I20260709 13:10:54.390931 28132 tablet_service.cc:1917] Received RequestConsensusVote() RPC: tablet_id: "c4c4bd62d3154be2be2a0cb6ef0abc50" candidate_uuid: "bc28df3658414d9ca1db88e458434066" candidate_term: 2 candidate_status { last_received { term: 1 index: 1 } } ignore_live_leader: true dest_uuid: "5ce0ed82c2be4482845f813f96001ad5"
I20260709 13:10:54.391213 28059 raft_consensus.cc:3055] T c4c4bd62d3154be2be2a0cb6ef0abc50 P e51e2d6e5025403f93291a356c43e31a [term 1 LEADER]: Stepping down as leader of term 1
I20260709 13:10:54.391338 28132 raft_consensus.cc:3060] T c4c4bd62d3154be2be2a0cb6ef0abc50 P 5ce0ed82c2be4482845f813f96001ad5 [term 1 FOLLOWER]: Advancing to term 2
I20260709 13:10:54.391585 28059 raft_consensus.cc:740] T c4c4bd62d3154be2be2a0cb6ef0abc50 P e51e2d6e5025403f93291a356c43e31a [term 1 LEADER]: Becoming Follower/Learner. State: Replica: e51e2d6e5025403f93291a356c43e31a, State: Running, Role: LEADER
I20260709 13:10:54.392409 28059 consensus_queue.cc:260] T c4c4bd62d3154be2be2a0cb6ef0abc50 P e51e2d6e5025403f93291a356c43e31a [NON_LEADER]: Queue going to NON_LEADER mode. State: All replicated index: 0, Majority replicated index: 1, Committed index: 1, Last appended: 1.1, Last appended by leader: 1, Current term: 1, Majority size: -1, State: 0, Mode: NON_LEADER, active raft config: opid_index: -1 OBSOLETE_local: false peers { permanent_uuid: "bc28df3658414d9ca1db88e458434066" member_type: VOTER last_known_addr { host: "127.27.50.65" port: 46397 } } peers { permanent_uuid: "e51e2d6e5025403f93291a356c43e31a" member_type: VOTER last_known_addr { host: "127.27.50.66" port: 41269 } } peers { permanent_uuid: "5ce0ed82c2be4482845f813f96001ad5" member_type: VOTER last_known_addr { host: "127.27.50.67" port: 34921 } }
I20260709 13:10:54.393740 28059 raft_consensus.cc:3060] T c4c4bd62d3154be2be2a0cb6ef0abc50 P e51e2d6e5025403f93291a356c43e31a [term 1 FOLLOWER]: Advancing to term 2
I20260709 13:10:54.397001 28132 raft_consensus.cc:2468] T c4c4bd62d3154be2be2a0cb6ef0abc50 P 5ce0ed82c2be4482845f813f96001ad5 [term 2 FOLLOWER]: Leader election vote request: Granting yes vote for candidate bc28df3658414d9ca1db88e458434066 in term 2.
I20260709 13:10:54.398372 27950 leader_election.cc:304] T c4c4bd62d3154be2be2a0cb6ef0abc50 P bc28df3658414d9ca1db88e458434066 [CANDIDATE]: Term 2 election: Election decided. Result: candidate won. Election summary: received 2 responses out of 3 voters: 2 yes votes; 0 no votes. yes voters: 5ce0ed82c2be4482845f813f96001ad5, bc28df3658414d9ca1db88e458434066; no voters: 
I20260709 13:10:54.399264 28210 raft_consensus.cc:2804] T c4c4bd62d3154be2be2a0cb6ef0abc50 P bc28df3658414d9ca1db88e458434066 [term 2 FOLLOWER]: Leader election won for term 2
I20260709 13:10:54.399696 28210 raft_consensus.cc:697] T c4c4bd62d3154be2be2a0cb6ef0abc50 P bc28df3658414d9ca1db88e458434066 [term 2 LEADER]: Becoming Leader. State: Replica: bc28df3658414d9ca1db88e458434066, State: Running, Role: LEADER
I20260709 13:10:54.400391 28210 consensus_queue.cc:237] T c4c4bd62d3154be2be2a0cb6ef0abc50 P bc28df3658414d9ca1db88e458434066 [LEADER]: Queue going to LEADER mode. State: All replicated index: 0, Majority replicated index: 1, Committed index: 1, Last appended: 1.1, Last appended by leader: 1, Current term: 2, Majority size: 2, State: 0, Mode: LEADER, active raft config: opid_index: -1 OBSOLETE_local: false peers { permanent_uuid: "bc28df3658414d9ca1db88e458434066" member_type: VOTER last_known_addr { host: "127.27.50.65" port: 46397 } } peers { permanent_uuid: "e51e2d6e5025403f93291a356c43e31a" member_type: VOTER last_known_addr { host: "127.27.50.66" port: 41269 } } peers { permanent_uuid: "5ce0ed82c2be4482845f813f96001ad5" member_type: VOTER last_known_addr { host: "127.27.50.67" port: 34921 } }
I20260709 13:10:54.400930 28059 raft_consensus.cc:2468] T c4c4bd62d3154be2be2a0cb6ef0abc50 P e51e2d6e5025403f93291a356c43e31a [term 2 FOLLOWER]: Leader election vote request: Granting yes vote for candidate bc28df3658414d9ca1db88e458434066 in term 2.
I20260709 13:10:54.407445 27880 catalog_manager.cc:5697] T c4c4bd62d3154be2be2a0cb6ef0abc50 P bc28df3658414d9ca1db88e458434066 reported cstate change: term changed from 1 to 2, leader changed from e51e2d6e5025403f93291a356c43e31a (127.27.50.66) to bc28df3658414d9ca1db88e458434066 (127.27.50.65). New cstate: current_term: 2 leader_uuid: "bc28df3658414d9ca1db88e458434066" committed_config { opid_index: -1 OBSOLETE_local: false peers { permanent_uuid: "bc28df3658414d9ca1db88e458434066" member_type: VOTER last_known_addr { host: "127.27.50.65" port: 46397 } health_report { overall_health: HEALTHY } } peers { permanent_uuid: "e51e2d6e5025403f93291a356c43e31a" member_type: VOTER last_known_addr { host: "127.27.50.66" port: 41269 } health_report { overall_health: UNKNOWN } } peers { permanent_uuid: "5ce0ed82c2be4482845f813f96001ad5" member_type: VOTER last_known_addr { host: "127.27.50.67" port: 34921 } health_report { overall_health: UNKNOWN } } }
I20260709 13:10:54.420310 28206 raft_consensus.cc:993] T 1f1758da54f844fabd8a1cd03ff7f10c P e51e2d6e5025403f93291a356c43e31a: : Instructing follower bc28df3658414d9ca1db88e458434066 to start an election
I20260709 13:10:54.420749 28195 raft_consensus.cc:1081] T 1f1758da54f844fabd8a1cd03ff7f10c P e51e2d6e5025403f93291a356c43e31a [term 1 LEADER]: Signalling peer bc28df3658414d9ca1db88e458434066 to start an election
I20260709 13:10:54.422204 27982 tablet_service.cc:2044] Received Run Leader Election RPC: tablet_id: "1f1758da54f844fabd8a1cd03ff7f10c"
dest_uuid: "bc28df3658414d9ca1db88e458434066"
 from {username='slave'} at 127.0.0.1:58446
I20260709 13:10:54.422683 27982 raft_consensus.cc:493] T 1f1758da54f844fabd8a1cd03ff7f10c P bc28df3658414d9ca1db88e458434066 [term 1 FOLLOWER]: Starting forced leader election (received explicit request)
I20260709 13:10:54.422996 27982 raft_consensus.cc:3060] T 1f1758da54f844fabd8a1cd03ff7f10c P bc28df3658414d9ca1db88e458434066 [term 1 FOLLOWER]: Advancing to term 2
I20260709 13:10:54.427608 27982 raft_consensus.cc:515] T 1f1758da54f844fabd8a1cd03ff7f10c P bc28df3658414d9ca1db88e458434066 [term 2 FOLLOWER]: Starting forced leader election with config: opid_index: -1 OBSOLETE_local: false peers { permanent_uuid: "bc28df3658414d9ca1db88e458434066" member_type: VOTER last_known_addr { host: "127.27.50.65" port: 46397 } } peers { permanent_uuid: "e51e2d6e5025403f93291a356c43e31a" member_type: VOTER last_known_addr { host: "127.27.50.66" port: 41269 } } peers { permanent_uuid: "5ce0ed82c2be4482845f813f96001ad5" member_type: VOTER last_known_addr { host: "127.27.50.67" port: 34921 } }
I20260709 13:10:54.429152 27982 leader_election.cc:290] T 1f1758da54f844fabd8a1cd03ff7f10c P bc28df3658414d9ca1db88e458434066 [CANDIDATE]: Term 2 election: Requested vote from peers e51e2d6e5025403f93291a356c43e31a (127.27.50.66:41269), 5ce0ed82c2be4482845f813f96001ad5 (127.27.50.67:34921)
I20260709 13:10:54.429981 28059 tablet_service.cc:1917] Received RequestConsensusVote() RPC: tablet_id: "1f1758da54f844fabd8a1cd03ff7f10c" candidate_uuid: "bc28df3658414d9ca1db88e458434066" candidate_term: 2 candidate_status { last_received { term: 1 index: 1 } } ignore_live_leader: true dest_uuid: "e51e2d6e5025403f93291a356c43e31a"
I20260709 13:10:54.430140 28132 tablet_service.cc:1917] Received RequestConsensusVote() RPC: tablet_id: "1f1758da54f844fabd8a1cd03ff7f10c" candidate_uuid: "bc28df3658414d9ca1db88e458434066" candidate_term: 2 candidate_status { last_received { term: 1 index: 1 } } ignore_live_leader: true dest_uuid: "5ce0ed82c2be4482845f813f96001ad5"
I20260709 13:10:54.430619 28059 raft_consensus.cc:3055] T 1f1758da54f844fabd8a1cd03ff7f10c P e51e2d6e5025403f93291a356c43e31a [term 1 LEADER]: Stepping down as leader of term 1
I20260709 13:10:54.430733 28132 raft_consensus.cc:3060] T 1f1758da54f844fabd8a1cd03ff7f10c P 5ce0ed82c2be4482845f813f96001ad5 [term 1 FOLLOWER]: Advancing to term 2
I20260709 13:10:54.430982 28059 raft_consensus.cc:740] T 1f1758da54f844fabd8a1cd03ff7f10c P e51e2d6e5025403f93291a356c43e31a [term 1 LEADER]: Becoming Follower/Learner. State: Replica: e51e2d6e5025403f93291a356c43e31a, State: Running, Role: LEADER
I20260709 13:10:54.431815 28059 consensus_queue.cc:260] T 1f1758da54f844fabd8a1cd03ff7f10c P e51e2d6e5025403f93291a356c43e31a [NON_LEADER]: Queue going to NON_LEADER mode. State: All replicated index: 0, Majority replicated index: 1, Committed index: 1, Last appended: 1.1, Last appended by leader: 1, Current term: 1, Majority size: -1, State: 0, Mode: NON_LEADER, active raft config: opid_index: -1 OBSOLETE_local: false peers { permanent_uuid: "bc28df3658414d9ca1db88e458434066" member_type: VOTER last_known_addr { host: "127.27.50.65" port: 46397 } } peers { permanent_uuid: "e51e2d6e5025403f93291a356c43e31a" member_type: VOTER last_known_addr { host: "127.27.50.66" port: 41269 } } peers { permanent_uuid: "5ce0ed82c2be4482845f813f96001ad5" member_type: VOTER last_known_addr { host: "127.27.50.67" port: 34921 } }
I20260709 13:10:54.432997 28059 raft_consensus.cc:3060] T 1f1758da54f844fabd8a1cd03ff7f10c P e51e2d6e5025403f93291a356c43e31a [term 1 FOLLOWER]: Advancing to term 2
I20260709 13:10:54.435215 28132 raft_consensus.cc:2468] T 1f1758da54f844fabd8a1cd03ff7f10c P 5ce0ed82c2be4482845f813f96001ad5 [term 2 FOLLOWER]: Leader election vote request: Granting yes vote for candidate bc28df3658414d9ca1db88e458434066 in term 2.
I20260709 13:10:54.436231 27950 leader_election.cc:304] T 1f1758da54f844fabd8a1cd03ff7f10c P bc28df3658414d9ca1db88e458434066 [CANDIDATE]: Term 2 election: Election decided. Result: candidate won. Election summary: received 2 responses out of 3 voters: 2 yes votes; 0 no votes. yes voters: 5ce0ed82c2be4482845f813f96001ad5, bc28df3658414d9ca1db88e458434066; no voters: 
I20260709 13:10:54.436929 28210 raft_consensus.cc:2804] T 1f1758da54f844fabd8a1cd03ff7f10c P bc28df3658414d9ca1db88e458434066 [term 2 FOLLOWER]: Leader election won for term 2
I20260709 13:10:54.437362 28210 raft_consensus.cc:697] T 1f1758da54f844fabd8a1cd03ff7f10c P bc28df3658414d9ca1db88e458434066 [term 2 LEADER]: Becoming Leader. State: Replica: bc28df3658414d9ca1db88e458434066, State: Running, Role: LEADER
I20260709 13:10:54.438097 28210 consensus_queue.cc:237] T 1f1758da54f844fabd8a1cd03ff7f10c P bc28df3658414d9ca1db88e458434066 [LEADER]: Queue going to LEADER mode. State: All replicated index: 0, Majority replicated index: 1, Committed index: 1, Last appended: 1.1, Last appended by leader: 1, Current term: 2, Majority size: 2, State: 0, Mode: LEADER, active raft config: opid_index: -1 OBSOLETE_local: false peers { permanent_uuid: "bc28df3658414d9ca1db88e458434066" member_type: VOTER last_known_addr { host: "127.27.50.65" port: 46397 } } peers { permanent_uuid: "e51e2d6e5025403f93291a356c43e31a" member_type: VOTER last_known_addr { host: "127.27.50.66" port: 41269 } } peers { permanent_uuid: "5ce0ed82c2be4482845f813f96001ad5" member_type: VOTER last_known_addr { host: "127.27.50.67" port: 34921 } }
I20260709 13:10:54.439850 28059 raft_consensus.cc:2468] T 1f1758da54f844fabd8a1cd03ff7f10c P e51e2d6e5025403f93291a356c43e31a [term 2 FOLLOWER]: Leader election vote request: Granting yes vote for candidate bc28df3658414d9ca1db88e458434066 in term 2.
I20260709 13:10:54.445046 27880 catalog_manager.cc:5697] T 1f1758da54f844fabd8a1cd03ff7f10c P bc28df3658414d9ca1db88e458434066 reported cstate change: term changed from 1 to 2, leader changed from e51e2d6e5025403f93291a356c43e31a (127.27.50.66) to bc28df3658414d9ca1db88e458434066 (127.27.50.65). New cstate: current_term: 2 leader_uuid: "bc28df3658414d9ca1db88e458434066" committed_config { opid_index: -1 OBSOLETE_local: false peers { permanent_uuid: "bc28df3658414d9ca1db88e458434066" member_type: VOTER last_known_addr { host: "127.27.50.65" port: 46397 } health_report { overall_health: HEALTHY } } peers { permanent_uuid: "e51e2d6e5025403f93291a356c43e31a" member_type: VOTER last_known_addr { host: "127.27.50.66" port: 41269 } health_report { overall_health: UNKNOWN } } peers { permanent_uuid: "5ce0ed82c2be4482845f813f96001ad5" member_type: VOTER last_known_addr { host: "127.27.50.67" port: 34921 } health_report { overall_health: UNKNOWN } } }
I20260709 13:10:54.510326 28210 consensus_queue.cc:1048] T 79030fd6ed2e4d3b8699bbef25f5073e P bc28df3658414d9ca1db88e458434066 [LEADER]: Connected to new peer: Peer: permanent_uuid: "5ce0ed82c2be4482845f813f96001ad5" member_type: VOTER last_known_addr { host: "127.27.50.67" port: 34921 }, Status: LMP_MISMATCH, Last received: 0.0, Next index: 1, Last known committed idx: 0, Time since last communication: 0.000s
I20260709 13:10:54.516716 28182 raft_consensus.cc:993] T 79030fd6ed2e4d3b8699bbef25f5073e P bc28df3658414d9ca1db88e458434066: : Instructing follower 5ce0ed82c2be4482845f813f96001ad5 to start an election
I20260709 13:10:54.517159 28182 raft_consensus.cc:1081] T 79030fd6ed2e4d3b8699bbef25f5073e P bc28df3658414d9ca1db88e458434066 [term 1 LEADER]: Signalling peer 5ce0ed82c2be4482845f813f96001ad5 to start an election
I20260709 13:10:54.521485 28132 tablet_service.cc:2044] Received Run Leader Election RPC: tablet_id: "79030fd6ed2e4d3b8699bbef25f5073e"
dest_uuid: "5ce0ed82c2be4482845f813f96001ad5"
 from {username='slave'} at 127.0.0.1:40064
I20260709 13:10:54.522087 28132 raft_consensus.cc:493] T 79030fd6ed2e4d3b8699bbef25f5073e P 5ce0ed82c2be4482845f813f96001ad5 [term 1 FOLLOWER]: Starting forced leader election (received explicit request)
I20260709 13:10:54.522459 28132 raft_consensus.cc:3060] T 79030fd6ed2e4d3b8699bbef25f5073e P 5ce0ed82c2be4482845f813f96001ad5 [term 1 FOLLOWER]: Advancing to term 2
I20260709 13:10:54.524458 28182 consensus_queue.cc:1048] T 79030fd6ed2e4d3b8699bbef25f5073e P bc28df3658414d9ca1db88e458434066 [LEADER]: Connected to new peer: Peer: permanent_uuid: "e51e2d6e5025403f93291a356c43e31a" member_type: VOTER last_known_addr { host: "127.27.50.66" port: 41269 }, Status: LMP_MISMATCH, Last received: 0.0, Next index: 1, Last known committed idx: 0, Time since last communication: 0.000s
