[==========] Running 8 tests from 2 test suites.
[----------] Global test environment set-up.
[----------] 6 tests from LeaderRebalancerTest
[ RUN      ] LeaderRebalancerTest.FunctionalTestForDivided
WARNING: Logging before InitGoogleLogging() is written to STDERR
I20260709 13:10:50.362295 27849 internal_mini_cluster.cc:156] Creating distributed mini masters. Addrs: 127.27.50.126:34689
I20260709 13:10:50.363852 27849 env_posix.cc:2285] Not raising this process' open files per process limit of 1048576; it is already as high as it can go
I20260709 13:10:50.364944 27849 file_cache.cc:504] Constructed file cache file cache with capacity 419430
W20260709 13:10:50.382957 27855 instance_detector.cc:116] could not retrieve AWS instance metadata: Network error: curl error: HTTP response code said error: The requested URL returned error: 404
W20260709 13:10:50.383046 27856 instance_detector.cc:116] could not retrieve Azure instance metadata: Network error: curl error: HTTP response code said error: The requested URL returned error: 404
W20260709 13:10:50.383891 27858 instance_detector.cc:116] could not retrieve OpenStack instance metadata: Network error: curl error: HTTP response code said error: The requested URL returned error: 404
I20260709 13:10:50.383908 27849 server_base.cc:1061] running on GCE node
I20260709 13:10:51.593956 27849 hybrid_clock.cc:584] initializing the hybrid clock with 'system_unsync' time source
W20260709 13:10:51.594270 27849 system_unsync_time.cc:38] NTP support is disabled. Clock error bounds will not be accurate. This configuration is not suitable for distributed clusters.
I20260709 13:10:51.594514 27849 hybrid_clock.cc:648] HybridClock initialized: now 1783602651594487 us; error 0 us; skew 500 ppm
I20260709 13:10:51.595391 27849 server_base.cc:861] Flag tcmalloc_max_total_thread_cache_bytes is not working since tcmalloc is not enabled.
I20260709 13:10:51.600953 27849 webserver.cc:533] Webserver started at http://127.27.50.126:38419/ using document root <none> and password file <none>
I20260709 13:10:51.601881 27849 fs_manager.cc:362] Metadata directory not provided
I20260709 13:10:51.602170 27849 fs_manager.cc:368] Using write-ahead log directory (fs_wal_dir) as metadata directory
I20260709 13:10:51.602676 27849 server_base.cc:909] This appears to be a new deployment of Kudu; creating new FS layout
I20260709 13:10:51.608547 27849 fs_manager.cc:1068] Generated new instance metadata in path /tmp/dist-test-taskvzjaea/test-tmp/auto_leader_rebalancer-test.0.LeaderRebalancerTest.FunctionalTestForDivided.1783602650193858-27849-0/minicluster-data/master-0-root/instance:
uuid: "85cce5a370624cd0b5aa3eb93854e164"
format_stamp: "Formatted at 2026-07-09 13:10:51 on dist-test-slave-qvmw"
I20260709 13:10:51.616616 27849 fs_manager.cc:696] Time spent creating directory manager: real 0.007s	user 0.009s	sys 0.000s
I20260709 13:10:51.622223 27864 log_block_manager.cc:4127] Time spent loading block containers with low live blocks: real 0.000s	user 0.000s	sys 0.000s
I20260709 13:10:51.623414 27849 fs_manager.cc:730] Time spent opening block manager: real 0.004s	user 0.001s	sys 0.002s
I20260709 13:10:51.623780 27849 fs_manager.cc:647] Opened local filesystem: /tmp/dist-test-taskvzjaea/test-tmp/auto_leader_rebalancer-test.0.LeaderRebalancerTest.FunctionalTestForDivided.1783602650193858-27849-0/minicluster-data/master-0-root
uuid: "85cce5a370624cd0b5aa3eb93854e164"
format_stamp: "Formatted at 2026-07-09 13:10:51 on dist-test-slave-qvmw"
I20260709 13:10:51.624145 27849 fs_report.cc:389] FS layout report
--------------------
wal directory: /tmp/dist-test-taskvzjaea/test-tmp/auto_leader_rebalancer-test.0.LeaderRebalancerTest.FunctionalTestForDivided.1783602650193858-27849-0/minicluster-data/master-0-root
metadata directory: /tmp/dist-test-taskvzjaea/test-tmp/auto_leader_rebalancer-test.0.LeaderRebalancerTest.FunctionalTestForDivided.1783602650193858-27849-0/minicluster-data/master-0-root
1 data directories: /tmp/dist-test-taskvzjaea/test-tmp/auto_leader_rebalancer-test.0.LeaderRebalancerTest.FunctionalTestForDivided.1783602650193858-27849-0/minicluster-data/master-0-root/data
Total live blocks: 0
Total live bytes: 0
Total live bytes (after alignment): 0
Total number of LBM containers: 0 (0 full)
Did not check for missing blocks
Did not check for orphaned blocks
Total full LBM containers with extra space: 0 (0 repaired)
Total full LBM container extra space in bytes: 0 (0 repaired)
Total incomplete LBM containers: 0 (0 repaired)
Total LBM partial records: 0 (0 repaired)
Total corrupted LBM metadata records in RocksDB: 0 (0 repaired)
I20260709 13:10:51.684033 27849 rpc_server.cc:225] running with OpenSSL 1.1.1  11 Sep 2018
I20260709 13:10:51.685652 27849 env_posix.cc:2285] Not raising this process' running threads per effective uid limit of 18446744073709551615; it is already as high as it can go
I20260709 13:10:51.686164 27849 kserver.cc:163] Server-wide thread pool size limit: 3276
I20260709 13:10:51.760093 27849 rpc_server.cc:307] RPC server started. Bound to: 127.27.50.126:34689
I20260709 13:10:51.760179 27915 acceptor_pool.cc:272] collecting diagnostics on the listening RPC socket 127.27.50.126:34689 every 8 connection(s)
I20260709 13:10:51.768087 27916 data_dirs.cc:400] Could only allocate 1 dirs of requested 3 for tablet 00000000000000000000000000000000. 1 dirs total, 0 dirs full, 0 dirs failed
I20260709 13:10:51.790084 27916 tablet_bootstrap.cc:492] T 00000000000000000000000000000000 P 85cce5a370624cd0b5aa3eb93854e164: Bootstrap starting.
I20260709 13:10:51.798851 27916 tablet_bootstrap.cc:654] T 00000000000000000000000000000000 P 85cce5a370624cd0b5aa3eb93854e164: Neither blocks nor log segments found. Creating new log.
I20260709 13:10:51.801085 27916 log.cc:826] T 00000000000000000000000000000000 P 85cce5a370624cd0b5aa3eb93854e164: Log is configured to *not* fsync() on all Append() calls
I20260709 13:10:51.805747 27916 tablet_bootstrap.cc:492] T 00000000000000000000000000000000 P 85cce5a370624cd0b5aa3eb93854e164: No bootstrap required, opened a new log
I20260709 13:10:51.826814 27916 raft_consensus.cc:359] T 00000000000000000000000000000000 P 85cce5a370624cd0b5aa3eb93854e164 [term 0 FOLLOWER]: Replica starting. Triggering 0 pending ops. Active config: opid_index: -1 OBSOLETE_local: true peers { permanent_uuid: "85cce5a370624cd0b5aa3eb93854e164" member_type: VOTER }
I20260709 13:10:51.827404 27916 raft_consensus.cc:385] T 00000000000000000000000000000000 P 85cce5a370624cd0b5aa3eb93854e164 [term 0 FOLLOWER]: Consensus starting up: Expiring failure detector timer to make a prompt election more likely
I20260709 13:10:51.827668 27916 raft_consensus.cc:740] T 00000000000000000000000000000000 P 85cce5a370624cd0b5aa3eb93854e164 [term 0 FOLLOWER]: Becoming Follower/Learner. State: Replica: 85cce5a370624cd0b5aa3eb93854e164, State: Initialized, Role: FOLLOWER
I20260709 13:10:51.828683 27916 consensus_queue.cc:260] T 00000000000000000000000000000000 P 85cce5a370624cd0b5aa3eb93854e164 [NON_LEADER]: Queue going to NON_LEADER mode. State: All replicated index: 0, Majority replicated index: 0, Committed index: 0, Last appended: 0.0, Last appended by leader: 0, Current term: 0, Majority size: -1, State: 0, Mode: NON_LEADER, active raft config: opid_index: -1 OBSOLETE_local: true peers { permanent_uuid: "85cce5a370624cd0b5aa3eb93854e164" member_type: VOTER }
I20260709 13:10:51.829198 27916 raft_consensus.cc:399] T 00000000000000000000000000000000 P 85cce5a370624cd0b5aa3eb93854e164 [term 0 FOLLOWER]: Only one voter in the Raft config. Triggering election immediately
I20260709 13:10:51.829502 27916 raft_consensus.cc:493] T 00000000000000000000000000000000 P 85cce5a370624cd0b5aa3eb93854e164 [term 0 FOLLOWER]: Starting leader election (initial election of a single-replica configuration)
I20260709 13:10:51.829843 27916 raft_consensus.cc:3060] T 00000000000000000000000000000000 P 85cce5a370624cd0b5aa3eb93854e164 [term 0 FOLLOWER]: Advancing to term 1
I20260709 13:10:51.834061 27916 raft_consensus.cc:515] T 00000000000000000000000000000000 P 85cce5a370624cd0b5aa3eb93854e164 [term 1 FOLLOWER]: Starting leader election with config: opid_index: -1 OBSOLETE_local: true peers { permanent_uuid: "85cce5a370624cd0b5aa3eb93854e164" member_type: VOTER }
I20260709 13:10:51.834810 27916 leader_election.cc:304] T 00000000000000000000000000000000 P 85cce5a370624cd0b5aa3eb93854e164 [CANDIDATE]: Term 1 election: Election decided. Result: candidate won. Election summary: received 1 responses out of 1 voters: 1 yes votes; 0 no votes. yes voters: 85cce5a370624cd0b5aa3eb93854e164; no voters: 
I20260709 13:10:51.836526 27916 leader_election.cc:290] T 00000000000000000000000000000000 P 85cce5a370624cd0b5aa3eb93854e164 [CANDIDATE]: Term 1 election: Requested vote from peers 
I20260709 13:10:51.836901 27919 raft_consensus.cc:2804] T 00000000000000000000000000000000 P 85cce5a370624cd0b5aa3eb93854e164 [term 1 FOLLOWER]: Leader election won for term 1
I20260709 13:10:51.839160 27919 raft_consensus.cc:697] T 00000000000000000000000000000000 P 85cce5a370624cd0b5aa3eb93854e164 [term 1 LEADER]: Becoming Leader. State: Replica: 85cce5a370624cd0b5aa3eb93854e164, State: Running, Role: LEADER
I20260709 13:10:51.840188 27919 consensus_queue.cc:237] T 00000000000000000000000000000000 P 85cce5a370624cd0b5aa3eb93854e164 [LEADER]: Queue going to LEADER mode. State: All replicated index: 0, Majority replicated index: 0, Committed index: 0, Last appended: 0.0, Last appended by leader: 0, Current term: 1, Majority size: 1, State: 0, Mode: LEADER, active raft config: opid_index: -1 OBSOLETE_local: true peers { permanent_uuid: "85cce5a370624cd0b5aa3eb93854e164" member_type: VOTER }
I20260709 13:10:51.841166 27916 sys_catalog.cc:565] T 00000000000000000000000000000000 P 85cce5a370624cd0b5aa3eb93854e164 [sys.catalog]: configured and running, proceeding with master startup.
I20260709 13:10:51.852365 27921 sys_catalog.cc:455] T 00000000000000000000000000000000 P 85cce5a370624cd0b5aa3eb93854e164 [sys.catalog]: SysCatalogTable state changed. Reason: New leader 85cce5a370624cd0b5aa3eb93854e164. Latest consensus state: current_term: 1 leader_uuid: "85cce5a370624cd0b5aa3eb93854e164" committed_config { opid_index: -1 OBSOLETE_local: true peers { permanent_uuid: "85cce5a370624cd0b5aa3eb93854e164" member_type: VOTER } }
I20260709 13:10:51.852867 27920 sys_catalog.cc:455] T 00000000000000000000000000000000 P 85cce5a370624cd0b5aa3eb93854e164 [sys.catalog]: SysCatalogTable state changed. Reason: RaftConsensus started. Latest consensus state: current_term: 1 leader_uuid: "85cce5a370624cd0b5aa3eb93854e164" committed_config { opid_index: -1 OBSOLETE_local: true peers { permanent_uuid: "85cce5a370624cd0b5aa3eb93854e164" member_type: VOTER } }
I20260709 13:10:51.853384 27921 sys_catalog.cc:458] T 00000000000000000000000000000000 P 85cce5a370624cd0b5aa3eb93854e164 [sys.catalog]: This master's current role is: LEADER
I20260709 13:10:51.853785 27920 sys_catalog.cc:458] T 00000000000000000000000000000000 P 85cce5a370624cd0b5aa3eb93854e164 [sys.catalog]: This master's current role is: LEADER
I20260709 13:10:51.856048 27929 catalog_manager.cc:1511] Loading table and tablet metadata into memory...
I20260709 13:10:51.869161 27929 catalog_manager.cc:1520] Initializing Kudu cluster ID...
I20260709 13:10:51.871794 27849 internal_mini_cluster.cc:184] Waiting to initialize catalog manager on master 0
I20260709 13:10:51.887454 27929 catalog_manager.cc:1383] Generated new cluster ID: 6e1aacd3995042db8ade01d2503a80e4
I20260709 13:10:51.887784 27929 catalog_manager.cc:1531] Initializing Kudu internal certificate authority...
I20260709 13:10:51.906541 27929 catalog_manager.cc:1406] Generated new certificate authority record
I20260709 13:10:51.908115 27929 catalog_manager.cc:1540] Loading token signing keys...
I20260709 13:10:51.926458 27929 catalog_manager.cc:6070] T 00000000000000000000000000000000 P 85cce5a370624cd0b5aa3eb93854e164: Generated new TSK 0
I20260709 13:10:51.927486 27929 catalog_manager.cc:1550] Initializing in-progress tserver states...
I20260709 13:10:51.938344 27849 file_cache.cc:504] Constructed file cache file cache with capacity 419430
W20260709 13:10:51.947201 27938 instance_detector.cc:116] could not retrieve AWS instance metadata: Network error: curl error: HTTP response code said error: The requested URL returned error: 404
W20260709 13:10:51.948669 27939 instance_detector.cc:116] could not retrieve Azure instance metadata: Network error: curl error: HTTP response code said error: The requested URL returned error: 404
W20260709 13:10:51.953050 27941 instance_detector.cc:116] could not retrieve OpenStack instance metadata: Network error: curl error: HTTP response code said error: The requested URL returned error: 404
I20260709 13:10:51.953557 27849 server_base.cc:1061] running on GCE node
I20260709 13:10:51.954523 27849 hybrid_clock.cc:584] initializing the hybrid clock with 'system_unsync' time source
W20260709 13:10:51.954802 27849 system_unsync_time.cc:38] NTP support is disabled. Clock error bounds will not be accurate. This configuration is not suitable for distributed clusters.
I20260709 13:10:51.955021 27849 hybrid_clock.cc:648] HybridClock initialized: now 1783602651954983 us; error 0 us; skew 500 ppm
I20260709 13:10:51.955636 27849 server_base.cc:861] Flag tcmalloc_max_total_thread_cache_bytes is not working since tcmalloc is not enabled.
I20260709 13:10:51.960371 27849 webserver.cc:533] Webserver started at http://127.27.50.65:35685/ using document root <none> and password file <none>
I20260709 13:10:51.961023 27849 fs_manager.cc:362] Metadata directory not provided
I20260709 13:10:51.961297 27849 fs_manager.cc:368] Using write-ahead log directory (fs_wal_dir) as metadata directory
I20260709 13:10:51.961602 27849 server_base.cc:909] This appears to be a new deployment of Kudu; creating new FS layout
I20260709 13:10:51.962806 27849 fs_manager.cc:1068] Generated new instance metadata in path /tmp/dist-test-taskvzjaea/test-tmp/auto_leader_rebalancer-test.0.LeaderRebalancerTest.FunctionalTestForDivided.1783602650193858-27849-0/minicluster-data/ts-0-root/instance:
uuid: "bc28df3658414d9ca1db88e458434066"
format_stamp: "Formatted at 2026-07-09 13:10:51 on dist-test-slave-qvmw"
I20260709 13:10:51.968638 27849 fs_manager.cc:696] Time spent creating directory manager: real 0.005s	user 0.004s	sys 0.002s
I20260709 13:10:51.973268 27946 log_block_manager.cc:4127] Time spent loading block containers with low live blocks: real 0.000s	user 0.000s	sys 0.000s
I20260709 13:10:51.974203 27849 fs_manager.cc:730] Time spent opening block manager: real 0.003s	user 0.003s	sys 0.000s
I20260709 13:10:51.974512 27849 fs_manager.cc:647] Opened local filesystem: /tmp/dist-test-taskvzjaea/test-tmp/auto_leader_rebalancer-test.0.LeaderRebalancerTest.FunctionalTestForDivided.1783602650193858-27849-0/minicluster-data/ts-0-root
uuid: "bc28df3658414d9ca1db88e458434066"
format_stamp: "Formatted at 2026-07-09 13:10:51 on dist-test-slave-qvmw"
I20260709 13:10:51.974828 27849 fs_report.cc:389] FS layout report
--------------------
wal directory: /tmp/dist-test-taskvzjaea/test-tmp/auto_leader_rebalancer-test.0.LeaderRebalancerTest.FunctionalTestForDivided.1783602650193858-27849-0/minicluster-data/ts-0-root
metadata directory: /tmp/dist-test-taskvzjaea/test-tmp/auto_leader_rebalancer-test.0.LeaderRebalancerTest.FunctionalTestForDivided.1783602650193858-27849-0/minicluster-data/ts-0-root
1 data directories: /tmp/dist-test-taskvzjaea/test-tmp/auto_leader_rebalancer-test.0.LeaderRebalancerTest.FunctionalTestForDivided.1783602650193858-27849-0/minicluster-data/ts-0-root/data
Total live blocks: 0
Total live bytes: 0
Total live bytes (after alignment): 0
Total number of LBM containers: 0 (0 full)
Did not check for missing blocks
Did not check for orphaned blocks
Total full LBM containers with extra space: 0 (0 repaired)
Total full LBM container extra space in bytes: 0 (0 repaired)
Total incomplete LBM containers: 0 (0 repaired)
Total LBM partial records: 0 (0 repaired)
Total corrupted LBM metadata records in RocksDB: 0 (0 repaired)
I20260709 13:10:52.001590 27849 rpc_server.cc:225] running with OpenSSL 1.1.1  11 Sep 2018
I20260709 13:10:52.003022 27849 kserver.cc:163] Server-wide thread pool size limit: 3276
I20260709 13:10:52.005831 27849 txn_system_client.cc:432] TxnSystemClient initialization is disabled...
I20260709 13:10:52.010488 27849 ts_tablet_manager.cc:585] Loaded tablet metadata (0 total tablets, 0 live tablets)
I20260709 13:10:52.010702 27849 ts_tablet_manager.cc:531] Time spent load tablet metadata: real 0.000s	user 0.000s	sys 0.000s
I20260709 13:10:52.011034 27849 ts_tablet_manager.cc:616] Registered 0 tablets
I20260709 13:10:52.011196 27849 ts_tablet_manager.cc:595] Time spent register tablets: real 0.000s	user 0.000s	sys 0.000s
I20260709 13:10:52.121023 27849 rpc_server.cc:307] RPC server started. Bound to: 127.27.50.65:46397
I20260709 13:10:52.121061 28008 acceptor_pool.cc:272] collecting diagnostics on the listening RPC socket 127.27.50.65:46397 every 8 connection(s)
I20260709 13:10:52.128175 27849 file_cache.cc:504] Constructed file cache file cache with capacity 419430
W20260709 13:10:52.149370 28013 instance_detector.cc:116] could not retrieve AWS instance metadata: Network error: curl error: HTTP response code said error: The requested URL returned error: 404
W20260709 13:10:52.149535 28014 instance_detector.cc:116] could not retrieve Azure instance metadata: Network error: curl error: HTTP response code said error: The requested URL returned error: 404
I20260709 13:10:52.154738 27849 server_base.cc:1061] running on GCE node
W20260709 13:10:52.155340 28016 instance_detector.cc:116] could not retrieve OpenStack instance metadata: Network error: curl error: HTTP response code said error: The requested URL returned error: 404
I20260709 13:10:52.156523 27849 hybrid_clock.cc:584] initializing the hybrid clock with 'system_unsync' time source
W20260709 13:10:52.156812 27849 system_unsync_time.cc:38] NTP support is disabled. Clock error bounds will not be accurate. This configuration is not suitable for distributed clusters.
I20260709 13:10:52.157023 27849 hybrid_clock.cc:648] HybridClock initialized: now 1783602652157008 us; error 0 us; skew 500 ppm
I20260709 13:10:52.157692 28009 heartbeater.cc:344] Connected to a master server at 127.27.50.126:34689
I20260709 13:10:52.157814 27849 server_base.cc:861] Flag tcmalloc_max_total_thread_cache_bytes is not working since tcmalloc is not enabled.
I20260709 13:10:52.158226 28009 heartbeater.cc:461] Registering TS with master...
I20260709 13:10:52.159495 28009 heartbeater.cc:507] Master 127.27.50.126:34689 requested a full tablet report, sending...
I20260709 13:10:52.161171 27849 webserver.cc:533] Webserver started at http://127.27.50.66:37917/ using document root <none> and password file <none>
I20260709 13:10:52.161855 27849 fs_manager.cc:362] Metadata directory not provided
I20260709 13:10:52.162163 27849 fs_manager.cc:368] Using write-ahead log directory (fs_wal_dir) as metadata directory
I20260709 13:10:52.162508 27849 server_base.cc:909] This appears to be a new deployment of Kudu; creating new FS layout
I20260709 13:10:52.162806 27881 ts_manager.cc:194] Registered new tserver with Master: bc28df3658414d9ca1db88e458434066 (127.27.50.65:46397)
I20260709 13:10:52.163981 27849 fs_manager.cc:1068] Generated new instance metadata in path /tmp/dist-test-taskvzjaea/test-tmp/auto_leader_rebalancer-test.0.LeaderRebalancerTest.FunctionalTestForDivided.1783602650193858-27849-0/minicluster-data/ts-1-root/instance:
uuid: "e51e2d6e5025403f93291a356c43e31a"
format_stamp: "Formatted at 2026-07-09 13:10:52 on dist-test-slave-qvmw"
I20260709 13:10:52.164985 27881 master_service.cc:502] Signed X509 certificate for tserver {username='slave'} at 127.0.0.1:37214
I20260709 13:10:52.170711 27849 fs_manager.cc:696] Time spent creating directory manager: real 0.006s	user 0.007s	sys 0.001s
I20260709 13:10:52.176183 28021 log_block_manager.cc:4127] Time spent loading block containers with low live blocks: real 0.000s	user 0.000s	sys 0.000s
I20260709 13:10:52.177117 27849 fs_manager.cc:730] Time spent opening block manager: real 0.003s	user 0.003s	sys 0.002s
I20260709 13:10:52.177455 27849 fs_manager.cc:647] Opened local filesystem: /tmp/dist-test-taskvzjaea/test-tmp/auto_leader_rebalancer-test.0.LeaderRebalancerTest.FunctionalTestForDivided.1783602650193858-27849-0/minicluster-data/ts-1-root
uuid: "e51e2d6e5025403f93291a356c43e31a"
format_stamp: "Formatted at 2026-07-09 13:10:52 on dist-test-slave-qvmw"
I20260709 13:10:52.177806 27849 fs_report.cc:389] FS layout report
--------------------
wal directory: /tmp/dist-test-taskvzjaea/test-tmp/auto_leader_rebalancer-test.0.LeaderRebalancerTest.FunctionalTestForDivided.1783602650193858-27849-0/minicluster-data/ts-1-root
metadata directory: /tmp/dist-test-taskvzjaea/test-tmp/auto_leader_rebalancer-test.0.LeaderRebalancerTest.FunctionalTestForDivided.1783602650193858-27849-0/minicluster-data/ts-1-root
1 data directories: /tmp/dist-test-taskvzjaea/test-tmp/auto_leader_rebalancer-test.0.LeaderRebalancerTest.FunctionalTestForDivided.1783602650193858-27849-0/minicluster-data/ts-1-root/data
Total live blocks: 0
Total live bytes: 0
Total live bytes (after alignment): 0
Total number of LBM containers: 0 (0 full)
Did not check for missing blocks
Did not check for orphaned blocks
Total full LBM containers with extra space: 0 (0 repaired)
Total full LBM container extra space in bytes: 0 (0 repaired)
Total incomplete LBM containers: 0 (0 repaired)
Total LBM partial records: 0 (0 repaired)
Total corrupted LBM metadata records in RocksDB: 0 (0 repaired)
I20260709 13:10:52.217202 27849 rpc_server.cc:225] running with OpenSSL 1.1.1  11 Sep 2018
I20260709 13:10:52.218912 27849 kserver.cc:163] Server-wide thread pool size limit: 3276
I20260709 13:10:52.221479 27849 txn_system_client.cc:432] TxnSystemClient initialization is disabled...
I20260709 13:10:52.225186 27849 ts_tablet_manager.cc:585] Loaded tablet metadata (0 total tablets, 0 live tablets)
I20260709 13:10:52.225447 27849 ts_tablet_manager.cc:531] Time spent load tablet metadata: real 0.000s	user 0.000s	sys 0.000s
I20260709 13:10:52.225729 27849 ts_tablet_manager.cc:616] Registered 0 tablets
I20260709 13:10:52.225937 27849 ts_tablet_manager.cc:595] Time spent register tablets: real 0.000s	user 0.000s	sys 0.000s
I20260709 13:10:52.313218 27849 rpc_server.cc:307] RPC server started. Bound to: 127.27.50.66:41269
I20260709 13:10:52.313314 28083 acceptor_pool.cc:272] collecting diagnostics on the listening RPC socket 127.27.50.66:41269 every 8 connection(s)
I20260709 13:10:52.320722 27849 file_cache.cc:504] Constructed file cache file cache with capacity 419430
W20260709 13:10:52.329077 28087 instance_detector.cc:116] could not retrieve AWS instance metadata: Network error: curl error: HTTP response code said error: The requested URL returned error: 404
W20260709 13:10:52.330413 28088 instance_detector.cc:116] could not retrieve Azure instance metadata: Network error: curl error: HTTP response code said error: The requested URL returned error: 404
I20260709 13:10:52.335031 28084 heartbeater.cc:344] Connected to a master server at 127.27.50.126:34689
I20260709 13:10:52.335430 28084 heartbeater.cc:461] Registering TS with master...
I20260709 13:10:52.335559 27849 server_base.cc:1061] running on GCE node
I20260709 13:10:52.336272 28084 heartbeater.cc:507] Master 127.27.50.126:34689 requested a full tablet report, sending...
I20260709 13:10:52.338492 27881 ts_manager.cc:194] Registered new tserver with Master: e51e2d6e5025403f93291a356c43e31a (127.27.50.66:41269)
W20260709 13:10:52.338564 28090 instance_detector.cc:116] could not retrieve OpenStack instance metadata: Network error: curl error: HTTP response code said error: The requested URL returned error: 404
I20260709 13:10:52.339818 27849 hybrid_clock.cc:584] initializing the hybrid clock with 'system_unsync' time source
I20260709 13:10:52.340082 27881 master_service.cc:502] Signed X509 certificate for tserver {username='slave'} at 127.0.0.1:37222
W20260709 13:10:52.340130 27849 system_unsync_time.cc:38] NTP support is disabled. Clock error bounds will not be accurate. This configuration is not suitable for distributed clusters.
I20260709 13:10:52.340481 27849 hybrid_clock.cc:648] HybridClock initialized: now 1783602652340459 us; error 0 us; skew 500 ppm
I20260709 13:10:52.341231 27849 server_base.cc:861] Flag tcmalloc_max_total_thread_cache_bytes is not working since tcmalloc is not enabled.
I20260709 13:10:52.344101 27849 webserver.cc:533] Webserver started at http://127.27.50.67:40449/ using document root <none> and password file <none>
I20260709 13:10:52.344712 27849 fs_manager.cc:362] Metadata directory not provided
I20260709 13:10:52.344946 27849 fs_manager.cc:368] Using write-ahead log directory (fs_wal_dir) as metadata directory
I20260709 13:10:52.345260 27849 server_base.cc:909] This appears to be a new deployment of Kudu; creating new FS layout
I20260709 13:10:52.346750 27849 fs_manager.cc:1068] Generated new instance metadata in path /tmp/dist-test-taskvzjaea/test-tmp/auto_leader_rebalancer-test.0.LeaderRebalancerTest.FunctionalTestForDivided.1783602650193858-27849-0/minicluster-data/ts-2-root/instance:
uuid: "5ce0ed82c2be4482845f813f96001ad5"
format_stamp: "Formatted at 2026-07-09 13:10:52 on dist-test-slave-qvmw"
I20260709 13:10:52.352557 27849 fs_manager.cc:696] Time spent creating directory manager: real 0.005s	user 0.006s	sys 0.000s
I20260709 13:10:52.356750 28095 log_block_manager.cc:4127] Time spent loading block containers with low live blocks: real 0.000s	user 0.000s	sys 0.000s
I20260709 13:10:52.357715 27849 fs_manager.cc:730] Time spent opening block manager: real 0.003s	user 0.001s	sys 0.001s
I20260709 13:10:52.358072 27849 fs_manager.cc:647] Opened local filesystem: /tmp/dist-test-taskvzjaea/test-tmp/auto_leader_rebalancer-test.0.LeaderRebalancerTest.FunctionalTestForDivided.1783602650193858-27849-0/minicluster-data/ts-2-root
uuid: "5ce0ed82c2be4482845f813f96001ad5"
format_stamp: "Formatted at 2026-07-09 13:10:52 on dist-test-slave-qvmw"
I20260709 13:10:52.358450 27849 fs_report.cc:389] FS layout report
--------------------
wal directory: /tmp/dist-test-taskvzjaea/test-tmp/auto_leader_rebalancer-test.0.LeaderRebalancerTest.FunctionalTestForDivided.1783602650193858-27849-0/minicluster-data/ts-2-root
metadata directory: /tmp/dist-test-taskvzjaea/test-tmp/auto_leader_rebalancer-test.0.LeaderRebalancerTest.FunctionalTestForDivided.1783602650193858-27849-0/minicluster-data/ts-2-root
1 data directories: /tmp/dist-test-taskvzjaea/test-tmp/auto_leader_rebalancer-test.0.LeaderRebalancerTest.FunctionalTestForDivided.1783602650193858-27849-0/minicluster-data/ts-2-root/data
Total live blocks: 0
Total live bytes: 0
Total live bytes (after alignment): 0
Total number of LBM containers: 0 (0 full)
Did not check for missing blocks
Did not check for orphaned blocks
Total full LBM containers with extra space: 0 (0 repaired)
Total full LBM container extra space in bytes: 0 (0 repaired)
Total incomplete LBM containers: 0 (0 repaired)
Total LBM partial records: 0 (0 repaired)
Total corrupted LBM metadata records in RocksDB: 0 (0 repaired)
I20260709 13:10:52.379498 27849 rpc_server.cc:225] running with OpenSSL 1.1.1  11 Sep 2018
I20260709 13:10:52.381060 27849 kserver.cc:163] Server-wide thread pool size limit: 3276
I20260709 13:10:52.382678 27849 txn_system_client.cc:432] TxnSystemClient initialization is disabled...
I20260709 13:10:52.386334 27849 ts_tablet_manager.cc:585] Loaded tablet metadata (0 total tablets, 0 live tablets)
I20260709 13:10:52.386597 27849 ts_tablet_manager.cc:531] Time spent load tablet metadata: real 0.000s	user 0.000s	sys 0.000s
I20260709 13:10:52.386869 27849 ts_tablet_manager.cc:616] Registered 0 tablets
I20260709 13:10:52.387070 27849 ts_tablet_manager.cc:595] Time spent register tablets: real 0.000s	user 0.000s	sys 0.000s
I20260709 13:10:52.479988 27849 rpc_server.cc:307] RPC server started. Bound to: 127.27.50.67:34921
I20260709 13:10:52.480082 28157 acceptor_pool.cc:272] collecting diagnostics on the listening RPC socket 127.27.50.67:34921 every 8 connection(s)
I20260709 13:10:52.496408 28158 heartbeater.cc:344] Connected to a master server at 127.27.50.126:34689
I20260709 13:10:52.496805 28158 heartbeater.cc:461] Registering TS with master...
I20260709 13:10:52.497615 28158 heartbeater.cc:507] Master 127.27.50.126:34689 requested a full tablet report, sending...
I20260709 13:10:52.499698 27881 ts_manager.cc:194] Registered new tserver with Master: 5ce0ed82c2be4482845f813f96001ad5 (127.27.50.67:34921)
I20260709 13:10:52.500571 27849 internal_mini_cluster.cc:371] 3 TS(s) registered with all masters after 0.015745308s
I20260709 13:10:52.501277 27881 master_service.cc:502] Signed X509 certificate for tserver {username='slave'} at 127.0.0.1:37228
I20260709 13:10:52.550318 27881 catalog_manager.cc:2283] Servicing CreateTable request from {username='slave'} at 127.0.0.1:37230:
name: "test-workload"
schema {
  columns {
    name: "key"
    type: INT32
    is_key: true
    is_nullable: false
    encoding: AUTO_ENCODING
    compression: DEFAULT_COMPRESSION
    cfile_block_size: 0
    immutable: false
  }
  columns {
    name: "int_val"
    type: INT32
    is_key: false
    is_nullable: false
    encoding: AUTO_ENCODING
    compression: DEFAULT_COMPRESSION
    cfile_block_size: 0
    immutable: false
  }
  columns {
    name: "string_val"
    type: STRING
    is_key: false
    is_nullable: true
    encoding: AUTO_ENCODING
    compression: DEFAULT_COMPRESSION
    cfile_block_size: 0
    immutable: false
  }
}
num_replicas: 3
split_rows_range_bounds {
  rows: "\004\001\000\216\3438\016\004\001\000\034\307q\034\004\001\000\252\252\252*\004\001\0008\216\3438\004\001\000\306q\034G\004\001\000TUUU\004\001\000\3428\216c\004\001\000p\034\307q""\004\001\000\216\3438\016\004\001\000\034\307q\034\004\001\000\252\252\252*\004\001\0008\216\3438\004\001\000\306q\034G\004\001\000TUUU\004\001\000\3428\216c\004\001\000p\034\307q"
  indirect_data: """"
}
partition_schema {
  range_schema {
    columns {
      name: "key"
    }
  }
}
W20260709 13:10:52.553838 27881 catalog_manager.cc:7077] The number of live tablet servers is not enough to re-replicate a tablet replica of the newly created table test-workload in case of a server failure: 4 tablet servers would be needed, 3 are available. Consider bringing up more tablet servers.
I20260709 13:10:52.679510 27973 tablet_service.cc:1511] Processing CreateTablet for tablet 1f1758da54f844fabd8a1cd03ff7f10c (DEFAULT_TABLE table=test-workload [id=e49bbad53f534d609883c2b31dad37da]), partition=RANGE (key) PARTITION 238609294 <= VALUES < 477218588
I20260709 13:10:52.679674 27974 tablet_service.cc:1511] Processing CreateTablet for tablet c4c4bd62d3154be2be2a0cb6ef0abc50 (DEFAULT_TABLE table=test-workload [id=e49bbad53f534d609883c2b31dad37da]), partition=RANGE (key) PARTITION VALUES < 238609294
I20260709 13:10:52.681267 27973 data_dirs.cc:400] Could only allocate 1 dirs of requested 3 for tablet 1f1758da54f844fabd8a1cd03ff7f10c. 1 dirs total, 0 dirs full, 0 dirs failed
I20260709 13:10:52.683398 27974 data_dirs.cc:400] Could only allocate 1 dirs of requested 3 for tablet c4c4bd62d3154be2be2a0cb6ef0abc50. 1 dirs total, 0 dirs full, 0 dirs failed
I20260709 13:10:52.686530 27972 tablet_service.cc:1511] Processing CreateTablet for tablet 65febbf5bbd742beb3b0244cc4d8eeae (DEFAULT_TABLE table=test-workload [id=e49bbad53f534d609883c2b31dad37da]), partition=RANGE (key) PARTITION 477218588 <= VALUES < 715827882
I20260709 13:10:52.688362 27972 data_dirs.cc:400] Could only allocate 1 dirs of requested 3 for tablet 65febbf5bbd742beb3b0244cc4d8eeae. 1 dirs total, 0 dirs full, 0 dirs failed
I20260709 13:10:52.698187 27971 tablet_service.cc:1511] Processing CreateTablet for tablet de6c57460f724c1e9e2efd0c711efcc2 (DEFAULT_TABLE table=test-workload [id=e49bbad53f534d609883c2b31dad37da]), partition=RANGE (key) PARTITION 715827882 <= VALUES < 954437176
I20260709 13:10:52.700241 27971 data_dirs.cc:400] Could only allocate 1 dirs of requested 3 for tablet de6c57460f724c1e9e2efd0c711efcc2. 1 dirs total, 0 dirs full, 0 dirs failed
I20260709 13:10:52.712899 27970 tablet_service.cc:1511] Processing CreateTablet for tablet d91c8d5d3d2a44cf82fa6039e3dc9eaf (DEFAULT_TABLE table=test-workload [id=e49bbad53f534d609883c2b31dad37da]), partition=RANGE (key) PARTITION 954437176 <= VALUES < 1193046470
I20260709 13:10:52.714982 27970 data_dirs.cc:400] Could only allocate 1 dirs of requested 3 for tablet d91c8d5d3d2a44cf82fa6039e3dc9eaf. 1 dirs total, 0 dirs full, 0 dirs failed
I20260709 13:10:52.718938 27969 tablet_service.cc:1511] Processing CreateTablet for tablet 8cfa0c0bc4f44d9cac6a0980ed9460db (DEFAULT_TABLE table=test-workload [id=e49bbad53f534d609883c2b31dad37da]), partition=RANGE (key) PARTITION 1193046470 <= VALUES < 1431655764
I20260709 13:10:52.722548 27969 data_dirs.cc:400] Could only allocate 1 dirs of requested 3 for tablet 8cfa0c0bc4f44d9cac6a0980ed9460db. 1 dirs total, 0 dirs full, 0 dirs failed
I20260709 13:10:52.745833 27968 tablet_service.cc:1511] Processing CreateTablet for tablet 7d426e67768c4acb8be049a688496200 (DEFAULT_TABLE table=test-workload [id=e49bbad53f534d609883c2b31dad37da]), partition=RANGE (key) PARTITION 1431655764 <= VALUES < 1670265058
I20260709 13:10:52.751778 27968 data_dirs.cc:400] Could only allocate 1 dirs of requested 3 for tablet 7d426e67768c4acb8be049a688496200. 1 dirs total, 0 dirs full, 0 dirs failed
I20260709 13:10:52.759984 28047 tablet_service.cc:1511] Processing CreateTablet for tablet 65febbf5bbd742beb3b0244cc4d8eeae (DEFAULT_TABLE table=test-workload [id=e49bbad53f534d609883c2b31dad37da]), partition=RANGE (key) PARTITION 477218588 <= VALUES < 715827882
I20260709 13:10:52.761943 28047 data_dirs.cc:400] Could only allocate 1 dirs of requested 3 for tablet 65febbf5bbd742beb3b0244cc4d8eeae. 1 dirs total, 0 dirs full, 0 dirs failed
I20260709 13:10:52.755844 28048 tablet_service.cc:1511] Processing CreateTablet for tablet 1f1758da54f844fabd8a1cd03ff7f10c (DEFAULT_TABLE table=test-workload [id=e49bbad53f534d609883c2b31dad37da]), partition=RANGE (key) PARTITION 238609294 <= VALUES < 477218588
I20260709 13:10:52.766908 28046 tablet_service.cc:1511] Processing CreateTablet for tablet de6c57460f724c1e9e2efd0c711efcc2 (DEFAULT_TABLE table=test-workload [id=e49bbad53f534d609883c2b31dad37da]), partition=RANGE (key) PARTITION 715827882 <= VALUES < 954437176
I20260709 13:10:52.769461 28049 tablet_service.cc:1511] Processing CreateTablet for tablet c4c4bd62d3154be2be2a0cb6ef0abc50 (DEFAULT_TABLE table=test-workload [id=e49bbad53f534d609883c2b31dad37da]), partition=RANGE (key) PARTITION VALUES < 238609294
I20260709 13:10:52.758772 28045 tablet_service.cc:1511] Processing CreateTablet for tablet d91c8d5d3d2a44cf82fa6039e3dc9eaf (DEFAULT_TABLE table=test-workload [id=e49bbad53f534d609883c2b31dad37da]), partition=RANGE (key) PARTITION 954437176 <= VALUES < 1193046470
I20260709 13:10:52.759147 28044 tablet_service.cc:1511] Processing CreateTablet for tablet 8cfa0c0bc4f44d9cac6a0980ed9460db (DEFAULT_TABLE table=test-workload [id=e49bbad53f534d609883c2b31dad37da]), partition=RANGE (key) PARTITION 1193046470 <= VALUES < 1431655764
I20260709 13:10:52.779140 28048 data_dirs.cc:400] Could only allocate 1 dirs of requested 3 for tablet 1f1758da54f844fabd8a1cd03ff7f10c. 1 dirs total, 0 dirs full, 0 dirs failed
I20260709 13:10:52.793673 28123 tablet_service.cc:1511] Processing CreateTablet for tablet c4c4bd62d3154be2be2a0cb6ef0abc50 (DEFAULT_TABLE table=test-workload [id=e49bbad53f534d609883c2b31dad37da]), partition=RANGE (key) PARTITION VALUES < 238609294
I20260709 13:10:52.796854 28123 data_dirs.cc:400] Could only allocate 1 dirs of requested 3 for tablet c4c4bd62d3154be2be2a0cb6ef0abc50. 1 dirs total, 0 dirs full, 0 dirs failed
I20260709 13:10:52.797230 27972 tablet_service.cc:1511] Processing CreateTablet for tablet b070b33ad8754aba9a39f43cdb2a300a (DEFAULT_TABLE table=test-workload [id=e49bbad53f534d609883c2b31dad37da]), partition=RANGE (key) PARTITION 1670265058 <= VALUES < 1908874352
I20260709 13:10:52.798875 28043 tablet_service.cc:1511] Processing CreateTablet for tablet 7d426e67768c4acb8be049a688496200 (DEFAULT_TABLE table=test-workload [id=e49bbad53f534d609883c2b31dad37da]), partition=RANGE (key) PARTITION 1431655764 <= VALUES < 1670265058
I20260709 13:10:52.800525 28042 tablet_service.cc:1511] Processing CreateTablet for tablet b070b33ad8754aba9a39f43cdb2a300a (DEFAULT_TABLE table=test-workload [id=e49bbad53f534d609883c2b31dad37da]), partition=RANGE (key) PARTITION 1670265058 <= VALUES < 1908874352
I20260709 13:10:52.801549 27972 data_dirs.cc:400] Could only allocate 1 dirs of requested 3 for tablet b070b33ad8754aba9a39f43cdb2a300a. 1 dirs total, 0 dirs full, 0 dirs failed
I20260709 13:10:52.794565 28122 tablet_service.cc:1511] Processing CreateTablet for tablet 1f1758da54f844fabd8a1cd03ff7f10c (DEFAULT_TABLE table=test-workload [id=e49bbad53f534d609883c2b31dad37da]), partition=RANGE (key) PARTITION 238609294 <= VALUES < 477218588
I20260709 13:10:52.808753 28121 tablet_service.cc:1511] Processing CreateTablet for tablet 65febbf5bbd742beb3b0244cc4d8eeae (DEFAULT_TABLE table=test-workload [id=e49bbad53f534d609883c2b31dad37da]), partition=RANGE (key) PARTITION 477218588 <= VALUES < 715827882
I20260709 13:10:52.815909 28122 data_dirs.cc:400] Could only allocate 1 dirs of requested 3 for tablet 1f1758da54f844fabd8a1cd03ff7f10c. 1 dirs total, 0 dirs full, 0 dirs failed
I20260709 13:10:52.815894 28119 tablet_service.cc:1511] Processing CreateTablet for tablet d91c8d5d3d2a44cf82fa6039e3dc9eaf (DEFAULT_TABLE table=test-workload [id=e49bbad53f534d609883c2b31dad37da]), partition=RANGE (key) PARTITION 954437176 <= VALUES < 1193046470
I20260709 13:10:52.817349 28176 tablet_bootstrap.cc:492] T c4c4bd62d3154be2be2a0cb6ef0abc50 P bc28df3658414d9ca1db88e458434066: Bootstrap starting.
I20260709 13:10:52.820114 28121 data_dirs.cc:400] Could only allocate 1 dirs of requested 3 for tablet 65febbf5bbd742beb3b0244cc4d8eeae. 1 dirs total, 0 dirs full, 0 dirs failed
I20260709 13:10:52.810858 28120 tablet_service.cc:1511] Processing CreateTablet for tablet de6c57460f724c1e9e2efd0c711efcc2 (DEFAULT_TABLE table=test-workload [id=e49bbad53f534d609883c2b31dad37da]), partition=RANGE (key) PARTITION 715827882 <= VALUES < 954437176
I20260709 13:10:52.827275 28116 tablet_service.cc:1511] Processing CreateTablet for tablet b070b33ad8754aba9a39f43cdb2a300a (DEFAULT_TABLE table=test-workload [id=e49bbad53f534d609883c2b31dad37da]), partition=RANGE (key) PARTITION 1670265058 <= VALUES < 1908874352
I20260709 13:10:52.829378 28117 tablet_service.cc:1511] Processing CreateTablet for tablet 7d426e67768c4acb8be049a688496200 (DEFAULT_TABLE table=test-workload [id=e49bbad53f534d609883c2b31dad37da]), partition=RANGE (key) PARTITION 1431655764 <= VALUES < 1670265058
I20260709 13:10:52.818354 28118 tablet_service.cc:1511] Processing CreateTablet for tablet 8cfa0c0bc4f44d9cac6a0980ed9460db (DEFAULT_TABLE table=test-workload [id=e49bbad53f534d609883c2b31dad37da]), partition=RANGE (key) PARTITION 1193046470 <= VALUES < 1431655764
I20260709 13:10:52.834870 28044 data_dirs.cc:400] Could only allocate 1 dirs of requested 3 for tablet 8cfa0c0bc4f44d9cac6a0980ed9460db. 1 dirs total, 0 dirs full, 0 dirs failed
I20260709 13:10:52.838661 28049 data_dirs.cc:400] Could only allocate 1 dirs of requested 3 for tablet c4c4bd62d3154be2be2a0cb6ef0abc50. 1 dirs total, 0 dirs full, 0 dirs failed
I20260709 13:10:52.838595 28119 data_dirs.cc:400] Could only allocate 1 dirs of requested 3 for tablet d91c8d5d3d2a44cf82fa6039e3dc9eaf. 1 dirs total, 0 dirs full, 0 dirs failed
I20260709 13:10:52.843261 28043 data_dirs.cc:400] Could only allocate 1 dirs of requested 3 for tablet 7d426e67768c4acb8be049a688496200. 1 dirs total, 0 dirs full, 0 dirs failed
I20260709 13:10:52.846629 28042 data_dirs.cc:400] Could only allocate 1 dirs of requested 3 for tablet b070b33ad8754aba9a39f43cdb2a300a. 1 dirs total, 0 dirs full, 0 dirs failed
I20260709 13:10:52.845561 28041 tablet_service.cc:1511] Processing CreateTablet for tablet 79030fd6ed2e4d3b8699bbef25f5073e (DEFAULT_TABLE table=test-workload [id=e49bbad53f534d609883c2b31dad37da]), partition=RANGE (key) PARTITION 1908874352 <= VALUES
I20260709 13:10:52.846719 27973 tablet_service.cc:1511] Processing CreateTablet for tablet 79030fd6ed2e4d3b8699bbef25f5073e (DEFAULT_TABLE table=test-workload [id=e49bbad53f534d609883c2b31dad37da]), partition=RANGE (key) PARTITION 1908874352 <= VALUES
I20260709 13:10:52.852941 28045 data_dirs.cc:400] Could only allocate 1 dirs of requested 3 for tablet d91c8d5d3d2a44cf82fa6039e3dc9eaf. 1 dirs total, 0 dirs full, 0 dirs failed
I20260709 13:10:52.850629 28115 tablet_service.cc:1511] Processing CreateTablet for tablet 79030fd6ed2e4d3b8699bbef25f5073e (DEFAULT_TABLE table=test-workload [id=e49bbad53f534d609883c2b31dad37da]), partition=RANGE (key) PARTITION 1908874352 <= VALUES
I20260709 13:10:52.865233 28120 data_dirs.cc:400] Could only allocate 1 dirs of requested 3 for tablet de6c57460f724c1e9e2efd0c711efcc2. 1 dirs total, 0 dirs full, 0 dirs failed
W20260709 13:10:52.870389 27928 auto_rebalancer.cc:288] Could not retrieve cluster info: Service unavailable: Tablet not running
I20260709 13:10:52.870977 28041 data_dirs.cc:400] Could only allocate 1 dirs of requested 3 for tablet 79030fd6ed2e4d3b8699bbef25f5073e. 1 dirs total, 0 dirs full, 0 dirs failed
I20260709 13:10:52.868431 28116 data_dirs.cc:400] Could only allocate 1 dirs of requested 3 for tablet b070b33ad8754aba9a39f43cdb2a300a. 1 dirs total, 0 dirs full, 0 dirs failed
I20260709 13:10:52.871364 27973 data_dirs.cc:400] Could only allocate 1 dirs of requested 3 for tablet 79030fd6ed2e4d3b8699bbef25f5073e. 1 dirs total, 0 dirs full, 0 dirs failed
I20260709 13:10:52.877594 28115 data_dirs.cc:400] Could only allocate 1 dirs of requested 3 for tablet 79030fd6ed2e4d3b8699bbef25f5073e. 1 dirs total, 0 dirs full, 0 dirs failed
I20260709 13:10:52.887288 28118 data_dirs.cc:400] Could only allocate 1 dirs of requested 3 for tablet 8cfa0c0bc4f44d9cac6a0980ed9460db. 1 dirs total, 0 dirs full, 0 dirs failed
I20260709 13:10:52.888792 28046 data_dirs.cc:400] Could only allocate 1 dirs of requested 3 for tablet de6c57460f724c1e9e2efd0c711efcc2. 1 dirs total, 0 dirs full, 0 dirs failed
I20260709 13:10:52.895116 28117 data_dirs.cc:400] Could only allocate 1 dirs of requested 3 for tablet 7d426e67768c4acb8be049a688496200. 1 dirs total, 0 dirs full, 0 dirs failed
I20260709 13:10:52.961290 28178 tablet_bootstrap.cc:492] T 65febbf5bbd742beb3b0244cc4d8eeae P 5ce0ed82c2be4482845f813f96001ad5: Bootstrap starting.
I20260709 13:10:52.971043 28177 tablet_bootstrap.cc:492] T 1f1758da54f844fabd8a1cd03ff7f10c P e51e2d6e5025403f93291a356c43e31a: Bootstrap starting.
I20260709 13:10:52.994913 28176 tablet_bootstrap.cc:654] T c4c4bd62d3154be2be2a0cb6ef0abc50 P bc28df3658414d9ca1db88e458434066: Neither blocks nor log segments found. Creating new log.
I20260709 13:10:53.001012 28178 tablet_bootstrap.cc:654] T 65febbf5bbd742beb3b0244cc4d8eeae P 5ce0ed82c2be4482845f813f96001ad5: Neither blocks nor log segments found. Creating new log.
I20260709 13:10:53.040899 28177 tablet_bootstrap.cc:654] T 1f1758da54f844fabd8a1cd03ff7f10c P e51e2d6e5025403f93291a356c43e31a: Neither blocks nor log segments found. Creating new log.
I20260709 13:10:53.044508 28176 tablet_bootstrap.cc:492] T c4c4bd62d3154be2be2a0cb6ef0abc50 P bc28df3658414d9ca1db88e458434066: No bootstrap required, opened a new log
I20260709 13:10:53.045192 28176 ts_tablet_manager.cc:1403] T c4c4bd62d3154be2be2a0cb6ef0abc50 P bc28df3658414d9ca1db88e458434066: Time spent bootstrapping tablet: real 0.242s	user 0.016s	sys 0.017s
I20260709 13:10:53.048137 28178 tablet_bootstrap.cc:492] T 65febbf5bbd742beb3b0244cc4d8eeae P 5ce0ed82c2be4482845f813f96001ad5: No bootstrap required, opened a new log
I20260709 13:10:53.048597 28178 ts_tablet_manager.cc:1403] T 65febbf5bbd742beb3b0244cc4d8eeae P 5ce0ed82c2be4482845f813f96001ad5: Time spent bootstrapping tablet: real 0.089s	user 0.015s	sys 0.005s
I20260709 13:10:53.050918 28176 raft_consensus.cc:359] T c4c4bd62d3154be2be2a0cb6ef0abc50 P bc28df3658414d9ca1db88e458434066 [term 0 FOLLOWER]: Replica starting. Triggering 0 pending ops. Active config: opid_index: -1 OBSOLETE_local: false peers { permanent_uuid: "bc28df3658414d9ca1db88e458434066" member_type: VOTER last_known_addr { host: "127.27.50.65" port: 46397 } } peers { permanent_uuid: "e51e2d6e5025403f93291a356c43e31a" member_type: VOTER last_known_addr { host: "127.27.50.66" port: 41269 } } peers { permanent_uuid: "5ce0ed82c2be4482845f813f96001ad5" member_type: VOTER last_known_addr { host: "127.27.50.67" port: 34921 } }
I20260709 13:10:53.051715 28176 raft_consensus.cc:385] T c4c4bd62d3154be2be2a0cb6ef0abc50 P bc28df3658414d9ca1db88e458434066 [term 0 FOLLOWER]: Consensus starting up: Expiring failure detector timer to make a prompt election more likely
I20260709 13:10:53.051736 28178 raft_consensus.cc:359] T 65febbf5bbd742beb3b0244cc4d8eeae P 5ce0ed82c2be4482845f813f96001ad5 [term 0 FOLLOWER]: Replica starting. Triggering 0 pending ops. Active config: opid_index: -1 OBSOLETE_local: false peers { permanent_uuid: "bc28df3658414d9ca1db88e458434066" member_type: VOTER last_known_addr { host: "127.27.50.65" port: 46397 } } peers { permanent_uuid: "e51e2d6e5025403f93291a356c43e31a" member_type: VOTER last_known_addr { host: "127.27.50.66" port: 41269 } } peers { permanent_uuid: "5ce0ed82c2be4482845f813f96001ad5" member_type: VOTER last_known_addr { host: "127.27.50.67" port: 34921 } }
I20260709 13:10:53.052138 28176 raft_consensus.cc:740] T c4c4bd62d3154be2be2a0cb6ef0abc50 P bc28df3658414d9ca1db88e458434066 [term 0 FOLLOWER]: Becoming Follower/Learner. State: Replica: bc28df3658414d9ca1db88e458434066, State: Initialized, Role: FOLLOWER
I20260709 13:10:53.052528 28178 raft_consensus.cc:385] T 65febbf5bbd742beb3b0244cc4d8eeae P 5ce0ed82c2be4482845f813f96001ad5 [term 0 FOLLOWER]: Consensus starting up: Expiring failure detector timer to make a prompt election more likely
I20260709 13:10:53.052856 28178 raft_consensus.cc:740] T 65febbf5bbd742beb3b0244cc4d8eeae P 5ce0ed82c2be4482845f813f96001ad5 [term 0 FOLLOWER]: Becoming Follower/Learner. State: Replica: 5ce0ed82c2be4482845f813f96001ad5, State: Initialized, Role: FOLLOWER
I20260709 13:10:53.053031 28176 consensus_queue.cc:260] T c4c4bd62d3154be2be2a0cb6ef0abc50 P bc28df3658414d9ca1db88e458434066 [NON_LEADER]: Queue going to NON_LEADER mode. State: All replicated index: 0, Majority replicated index: 0, Committed index: 0, Last appended: 0.0, Last appended by leader: 0, Current term: 0, Majority size: -1, State: 0, Mode: NON_LEADER, active raft config: opid_index: -1 OBSOLETE_local: false peers { permanent_uuid: "bc28df3658414d9ca1db88e458434066" member_type: VOTER last_known_addr { host: "127.27.50.65" port: 46397 } } peers { permanent_uuid: "e51e2d6e5025403f93291a356c43e31a" member_type: VOTER last_known_addr { host: "127.27.50.66" port: 41269 } } peers { permanent_uuid: "5ce0ed82c2be4482845f813f96001ad5" member_type: VOTER last_known_addr { host: "127.27.50.67" port: 34921 } }
I20260709 13:10:53.053581 28178 consensus_queue.cc:260] T 65febbf5bbd742beb3b0244cc4d8eeae P 5ce0ed82c2be4482845f813f96001ad5 [NON_LEADER]: Queue going to NON_LEADER mode. State: All replicated index: 0, Majority replicated index: 0, Committed index: 0, Last appended: 0.0, Last appended by leader: 0, Current term: 0, Majority size: -1, State: 0, Mode: NON_LEADER, active raft config: opid_index: -1 OBSOLETE_local: false peers { permanent_uuid: "bc28df3658414d9ca1db88e458434066" member_type: VOTER last_known_addr { host: "127.27.50.65" port: 46397 } } peers { permanent_uuid: "e51e2d6e5025403f93291a356c43e31a" member_type: VOTER last_known_addr { host: "127.27.50.66" port: 41269 } } peers { permanent_uuid: "5ce0ed82c2be4482845f813f96001ad5" member_type: VOTER last_known_addr { host: "127.27.50.67" port: 34921 } }
I20260709 13:10:53.058502 28158 heartbeater.cc:499] Master 127.27.50.126:34689 was elected leader, sending a full tablet report...
I20260709 13:10:53.059340 28178 ts_tablet_manager.cc:1434] T 65febbf5bbd742beb3b0244cc4d8eeae P 5ce0ed82c2be4482845f813f96001ad5: Time spent starting tablet: real 0.010s	user 0.008s	sys 0.000s
I20260709 13:10:53.060326 28178 tablet_bootstrap.cc:492] T 7d426e67768c4acb8be049a688496200 P 5ce0ed82c2be4482845f813f96001ad5: Bootstrap starting.
I20260709 13:10:53.064404 28176 ts_tablet_manager.cc:1434] T c4c4bd62d3154be2be2a0cb6ef0abc50 P bc28df3658414d9ca1db88e458434066: Time spent starting tablet: real 0.019s	user 0.009s	sys 0.004s
I20260709 13:10:53.065083 28009 heartbeater.cc:499] Master 127.27.50.126:34689 was elected leader, sending a full tablet report...
I20260709 13:10:53.066707 28178 tablet_bootstrap.cc:654] T 7d426e67768c4acb8be049a688496200 P 5ce0ed82c2be4482845f813f96001ad5: Neither blocks nor log segments found. Creating new log.
I20260709 13:10:53.069068 28176 tablet_bootstrap.cc:492] T 65febbf5bbd742beb3b0244cc4d8eeae P bc28df3658414d9ca1db88e458434066: Bootstrap starting.
I20260709 13:10:53.072463 28177 tablet_bootstrap.cc:492] T 1f1758da54f844fabd8a1cd03ff7f10c P e51e2d6e5025403f93291a356c43e31a: No bootstrap required, opened a new log
I20260709 13:10:53.072924 28177 ts_tablet_manager.cc:1403] T 1f1758da54f844fabd8a1cd03ff7f10c P e51e2d6e5025403f93291a356c43e31a: Time spent bootstrapping tablet: real 0.104s	user 0.011s	sys 0.009s
I20260709 13:10:53.076659 28176 tablet_bootstrap.cc:654] T 65febbf5bbd742beb3b0244cc4d8eeae P bc28df3658414d9ca1db88e458434066: Neither blocks nor log segments found. Creating new log.
