I20260709 13:10:52.979588  3130 raft_consensus.cc:359] T a323528c04ba46b283fa52c7350d6d0d P 3b6ed922ca884c0495cb0510679a16e8 [term 0 FOLLOWER]: Replica starting. Triggering 0 pending ops. Active config: opid_index: -1 OBSOLETE_local: false peers { permanent_uuid: "3b6ed922ca884c0495cb0510679a16e8" member_type: VOTER last_known_addr { host: "127.2.188.65" port: 33543 } } peers { permanent_uuid: "a36a9a68d16348799aabd9c822183830" member_type: VOTER last_known_addr { host: "127.2.188.66" port: 44891 } } peers { permanent_uuid: "3ce72dddb2034fdeb1daa6a052c65da7" member_type: VOTER last_known_addr { host: "127.2.188.67" port: 33153 } }
I20260709 13:10:52.980523  3130 raft_consensus.cc:385] T a323528c04ba46b283fa52c7350d6d0d P 3b6ed922ca884c0495cb0510679a16e8 [term 0 FOLLOWER]: Consensus starting up: Expiring failure detector timer to make a prompt election more likely
I20260709 13:10:52.980823  3130 raft_consensus.cc:740] T a323528c04ba46b283fa52c7350d6d0d P 3b6ed922ca884c0495cb0510679a16e8 [term 0 FOLLOWER]: Becoming Follower/Learner. State: Replica: 3b6ed922ca884c0495cb0510679a16e8, State: Initialized, Role: FOLLOWER
I20260709 13:10:52.981487  3130 consensus_queue.cc:260] T a323528c04ba46b283fa52c7350d6d0d P 3b6ed922ca884c0495cb0510679a16e8 [NON_LEADER]: Queue going to NON_LEADER mode. State: All replicated index: 0, Majority replicated index: 0, Committed index: 0, Last appended: 0.0, Last appended by leader: 0, Current term: 0, Majority size: -1, State: 0, Mode: NON_LEADER, active raft config: opid_index: -1 OBSOLETE_local: false peers { permanent_uuid: "3b6ed922ca884c0495cb0510679a16e8" member_type: VOTER last_known_addr { host: "127.2.188.65" port: 33543 } } peers { permanent_uuid: "a36a9a68d16348799aabd9c822183830" member_type: VOTER last_known_addr { host: "127.2.188.66" port: 44891 } } peers { permanent_uuid: "3ce72dddb2034fdeb1daa6a052c65da7" member_type: VOTER last_known_addr { host: "127.2.188.67" port: 33153 } }
I20260709 13:10:52.986760  3128 tablet_bootstrap.cc:492] T d3329cf082fd462d88829183410b0484 P a36a9a68d16348799aabd9c822183830: No bootstrap required, opened a new log
I20260709 13:10:52.987242  3128 ts_tablet_manager.cc:1403] T d3329cf082fd462d88829183410b0484 P a36a9a68d16348799aabd9c822183830: Time spent bootstrapping tablet: real 0.038s	user 0.012s	sys 0.002s
I20260709 13:10:52.988631  3129 tablet_bootstrap.cc:654] T a323528c04ba46b283fa52c7350d6d0d P 3ce72dddb2034fdeb1daa6a052c65da7: Neither blocks nor log segments found. Creating new log.
I20260709 13:10:52.990113  3128 raft_consensus.cc:359] T d3329cf082fd462d88829183410b0484 P a36a9a68d16348799aabd9c822183830 [term 0 FOLLOWER]: Replica starting. Triggering 0 pending ops. Active config: opid_index: -1 OBSOLETE_local: false peers { permanent_uuid: "3ce72dddb2034fdeb1daa6a052c65da7" member_type: VOTER last_known_addr { host: "127.2.188.67" port: 33153 } } peers { permanent_uuid: "3b6ed922ca884c0495cb0510679a16e8" member_type: VOTER last_known_addr { host: "127.2.188.65" port: 33543 } } peers { permanent_uuid: "a36a9a68d16348799aabd9c822183830" member_type: VOTER last_known_addr { host: "127.2.188.66" port: 44891 } }
I20260709 13:10:52.991034  3128 raft_consensus.cc:385] T d3329cf082fd462d88829183410b0484 P a36a9a68d16348799aabd9c822183830 [term 0 FOLLOWER]: Consensus starting up: Expiring failure detector timer to make a prompt election more likely
I20260709 13:10:52.991163  3130 ts_tablet_manager.cc:1434] T a323528c04ba46b283fa52c7350d6d0d P 3b6ed922ca884c0495cb0510679a16e8: Time spent starting tablet: real 0.015s	user 0.007s	sys 0.000s
I20260709 13:10:52.991358  3128 raft_consensus.cc:740] T d3329cf082fd462d88829183410b0484 P a36a9a68d16348799aabd9c822183830 [term 0 FOLLOWER]: Becoming Follower/Learner. State: Replica: a36a9a68d16348799aabd9c822183830, State: Initialized, Role: FOLLOWER
I20260709 13:10:52.991839  2961 heartbeater.cc:499] Master 127.2.188.126:41227 was elected leader, sending a full tablet report...
I20260709 13:10:52.992130  3128 consensus_queue.cc:260] T d3329cf082fd462d88829183410b0484 P a36a9a68d16348799aabd9c822183830 [NON_LEADER]: Queue going to NON_LEADER mode. State: All replicated index: 0, Majority replicated index: 0, Committed index: 0, Last appended: 0.0, Last appended by leader: 0, Current term: 0, Majority size: -1, State: 0, Mode: NON_LEADER, active raft config: opid_index: -1 OBSOLETE_local: false peers { permanent_uuid: "3ce72dddb2034fdeb1daa6a052c65da7" member_type: VOTER last_known_addr { host: "127.2.188.67" port: 33153 } } peers { permanent_uuid: "3b6ed922ca884c0495cb0510679a16e8" member_type: VOTER last_known_addr { host: "127.2.188.65" port: 33543 } } peers { permanent_uuid: "a36a9a68d16348799aabd9c822183830" member_type: VOTER last_known_addr { host: "127.2.188.66" port: 44891 } }
I20260709 13:10:52.997467  3128 ts_tablet_manager.cc:1434] T d3329cf082fd462d88829183410b0484 P a36a9a68d16348799aabd9c822183830: Time spent starting tablet: real 0.010s	user 0.009s	sys 0.000s
I20260709 13:10:52.998363  3128 tablet_bootstrap.cc:492] T c60b40070a35484295d8f8f0834605b2 P a36a9a68d16348799aabd9c822183830: Bootstrap starting.
I20260709 13:10:53.000077  3130 tablet_bootstrap.cc:492] T 5b040ec7deba4699b27f49072299eba6 P 3b6ed922ca884c0495cb0510679a16e8: Bootstrap starting.
W20260709 13:10:53.004479  3111 tablet.cc:2406] T d3329cf082fd462d88829183410b0484 P 3ce72dddb2034fdeb1daa6a052c65da7: Can't schedule compaction. Clean time has not been advanced past its initial value.
I20260709 13:10:53.007143  3130 tablet_bootstrap.cc:654] T 5b040ec7deba4699b27f49072299eba6 P 3b6ed922ca884c0495cb0510679a16e8: Neither blocks nor log segments found. Creating new log.
I20260709 13:10:53.009495  3128 tablet_bootstrap.cc:654] T c60b40070a35484295d8f8f0834605b2 P a36a9a68d16348799aabd9c822183830: Neither blocks nor log segments found. Creating new log.
I20260709 13:10:53.012760  3129 tablet_bootstrap.cc:492] T a323528c04ba46b283fa52c7350d6d0d P 3ce72dddb2034fdeb1daa6a052c65da7: No bootstrap required, opened a new log
I20260709 13:10:53.013208  3129 ts_tablet_manager.cc:1403] T a323528c04ba46b283fa52c7350d6d0d P 3ce72dddb2034fdeb1daa6a052c65da7: Time spent bootstrapping tablet: real 0.039s	user 0.004s	sys 0.006s
I20260709 13:10:53.016229  3129 raft_consensus.cc:359] T a323528c04ba46b283fa52c7350d6d0d P 3ce72dddb2034fdeb1daa6a052c65da7 [term 0 FOLLOWER]: Replica starting. Triggering 0 pending ops. Active config: opid_index: -1 OBSOLETE_local: false peers { permanent_uuid: "3b6ed922ca884c0495cb0510679a16e8" member_type: VOTER last_known_addr { host: "127.2.188.65" port: 33543 } } peers { permanent_uuid: "a36a9a68d16348799aabd9c822183830" member_type: VOTER last_known_addr { host: "127.2.188.66" port: 44891 } } peers { permanent_uuid: "3ce72dddb2034fdeb1daa6a052c65da7" member_type: VOTER last_known_addr { host: "127.2.188.67" port: 33153 } }
I20260709 13:10:53.016945  3129 raft_consensus.cc:385] T a323528c04ba46b283fa52c7350d6d0d P 3ce72dddb2034fdeb1daa6a052c65da7 [term 0 FOLLOWER]: Consensus starting up: Expiring failure detector timer to make a prompt election more likely
I20260709 13:10:53.017225  3129 raft_consensus.cc:740] T a323528c04ba46b283fa52c7350d6d0d P 3ce72dddb2034fdeb1daa6a052c65da7 [term 0 FOLLOWER]: Becoming Follower/Learner. State: Replica: 3ce72dddb2034fdeb1daa6a052c65da7, State: Initialized, Role: FOLLOWER
I20260709 13:10:53.017963  3129 consensus_queue.cc:260] T a323528c04ba46b283fa52c7350d6d0d P 3ce72dddb2034fdeb1daa6a052c65da7 [NON_LEADER]: Queue going to NON_LEADER mode. State: All replicated index: 0, Majority replicated index: 0, Committed index: 0, Last appended: 0.0, Last appended by leader: 0, Current term: 0, Majority size: -1, State: 0, Mode: NON_LEADER, active raft config: opid_index: -1 OBSOLETE_local: false peers { permanent_uuid: "3b6ed922ca884c0495cb0510679a16e8" member_type: VOTER last_known_addr { host: "127.2.188.65" port: 33543 } } peers { permanent_uuid: "a36a9a68d16348799aabd9c822183830" member_type: VOTER last_known_addr { host: "127.2.188.66" port: 44891 } } peers { permanent_uuid: "3ce72dddb2034fdeb1daa6a052c65da7" member_type: VOTER last_known_addr { host: "127.2.188.67" port: 33153 } }
I20260709 13:10:53.019946  3129 ts_tablet_manager.cc:1434] T a323528c04ba46b283fa52c7350d6d0d P 3ce72dddb2034fdeb1daa6a052c65da7: Time spent starting tablet: real 0.006s	user 0.004s	sys 0.000s
I20260709 13:10:53.020833  3129 tablet_bootstrap.cc:492] T c60b40070a35484295d8f8f0834605b2 P 3ce72dddb2034fdeb1daa6a052c65da7: Bootstrap starting.
I20260709 13:10:53.030985  3130 tablet_bootstrap.cc:492] T 5b040ec7deba4699b27f49072299eba6 P 3b6ed922ca884c0495cb0510679a16e8: No bootstrap required, opened a new log
I20260709 13:10:53.031440  3130 ts_tablet_manager.cc:1403] T 5b040ec7deba4699b27f49072299eba6 P 3b6ed922ca884c0495cb0510679a16e8: Time spent bootstrapping tablet: real 0.032s	user 0.012s	sys 0.000s
I20260709 13:10:53.034242  3130 raft_consensus.cc:359] T 5b040ec7deba4699b27f49072299eba6 P 3b6ed922ca884c0495cb0510679a16e8 [term 0 FOLLOWER]: Replica starting. Triggering 0 pending ops. Active config: opid_index: -1 OBSOLETE_local: false peers { permanent_uuid: "3b6ed922ca884c0495cb0510679a16e8" member_type: VOTER last_known_addr { host: "127.2.188.65" port: 33543 } } peers { permanent_uuid: "a36a9a68d16348799aabd9c822183830" member_type: VOTER last_known_addr { host: "127.2.188.66" port: 44891 } } peers { permanent_uuid: "3ce72dddb2034fdeb1daa6a052c65da7" member_type: VOTER last_known_addr { host: "127.2.188.67" port: 33153 } }
I20260709 13:10:53.034929  3130 raft_consensus.cc:385] T 5b040ec7deba4699b27f49072299eba6 P 3b6ed922ca884c0495cb0510679a16e8 [term 0 FOLLOWER]: Consensus starting up: Expiring failure detector timer to make a prompt election more likely
I20260709 13:10:53.035230  3130 raft_consensus.cc:740] T 5b040ec7deba4699b27f49072299eba6 P 3b6ed922ca884c0495cb0510679a16e8 [term 0 FOLLOWER]: Becoming Follower/Learner. State: Replica: 3b6ed922ca884c0495cb0510679a16e8, State: Initialized, Role: FOLLOWER
I20260709 13:10:53.036819  3129 tablet_bootstrap.cc:654] T c60b40070a35484295d8f8f0834605b2 P 3ce72dddb2034fdeb1daa6a052c65da7: Neither blocks nor log segments found. Creating new log.
I20260709 13:10:53.038026  3130 consensus_queue.cc:260] T 5b040ec7deba4699b27f49072299eba6 P 3b6ed922ca884c0495cb0510679a16e8 [NON_LEADER]: Queue going to NON_LEADER mode. State: All replicated index: 0, Majority replicated index: 0, Committed index: 0, Last appended: 0.0, Last appended by leader: 0, Current term: 0, Majority size: -1, State: 0, Mode: NON_LEADER, active raft config: opid_index: -1 OBSOLETE_local: false peers { permanent_uuid: "3b6ed922ca884c0495cb0510679a16e8" member_type: VOTER last_known_addr { host: "127.2.188.65" port: 33543 } } peers { permanent_uuid: "a36a9a68d16348799aabd9c822183830" member_type: VOTER last_known_addr { host: "127.2.188.66" port: 44891 } } peers { permanent_uuid: "3ce72dddb2034fdeb1daa6a052c65da7" member_type: VOTER last_known_addr { host: "127.2.188.67" port: 33153 } }
I20260709 13:10:53.040644  3130 ts_tablet_manager.cc:1434] T 5b040ec7deba4699b27f49072299eba6 P 3b6ed922ca884c0495cb0510679a16e8: Time spent starting tablet: real 0.009s	user 0.001s	sys 0.007s
I20260709 13:10:53.041683  3130 tablet_bootstrap.cc:492] T d3329cf082fd462d88829183410b0484 P 3b6ed922ca884c0495cb0510679a16e8: Bootstrap starting.
I20260709 13:10:53.044137  3128 tablet_bootstrap.cc:492] T c60b40070a35484295d8f8f0834605b2 P a36a9a68d16348799aabd9c822183830: No bootstrap required, opened a new log
I20260709 13:10:53.045612  3128 ts_tablet_manager.cc:1403] T c60b40070a35484295d8f8f0834605b2 P a36a9a68d16348799aabd9c822183830: Time spent bootstrapping tablet: real 0.047s	user 0.018s	sys 0.013s
I20260709 13:10:53.048892  3128 raft_consensus.cc:359] T c60b40070a35484295d8f8f0834605b2 P a36a9a68d16348799aabd9c822183830 [term 0 FOLLOWER]: Replica starting. Triggering 0 pending ops. Active config: opid_index: -1 OBSOLETE_local: false peers { permanent_uuid: "3b6ed922ca884c0495cb0510679a16e8" member_type: VOTER last_known_addr { host: "127.2.188.65" port: 33543 } } peers { permanent_uuid: "a36a9a68d16348799aabd9c822183830" member_type: VOTER last_known_addr { host: "127.2.188.66" port: 44891 } } peers { permanent_uuid: "3ce72dddb2034fdeb1daa6a052c65da7" member_type: VOTER last_known_addr { host: "127.2.188.67" port: 33153 } }
I20260709 13:10:53.049661  3128 raft_consensus.cc:385] T c60b40070a35484295d8f8f0834605b2 P a36a9a68d16348799aabd9c822183830 [term 0 FOLLOWER]: Consensus starting up: Expiring failure detector timer to make a prompt election more likely
I20260709 13:10:53.049970  3128 raft_consensus.cc:740] T c60b40070a35484295d8f8f0834605b2 P a36a9a68d16348799aabd9c822183830 [term 0 FOLLOWER]: Becoming Follower/Learner. State: Replica: a36a9a68d16348799aabd9c822183830, State: Initialized, Role: FOLLOWER
I20260709 13:10:53.050892  3128 consensus_queue.cc:260] T c60b40070a35484295d8f8f0834605b2 P a36a9a68d16348799aabd9c822183830 [NON_LEADER]: Queue going to NON_LEADER mode. State: All replicated index: 0, Majority replicated index: 0, Committed index: 0, Last appended: 0.0, Last appended by leader: 0, Current term: 0, Majority size: -1, State: 0, Mode: NON_LEADER, active raft config: opid_index: -1 OBSOLETE_local: false peers { permanent_uuid: "3b6ed922ca884c0495cb0510679a16e8" member_type: VOTER last_known_addr { host: "127.2.188.65" port: 33543 } } peers { permanent_uuid: "a36a9a68d16348799aabd9c822183830" member_type: VOTER last_known_addr { host: "127.2.188.66" port: 44891 } } peers { permanent_uuid: "3ce72dddb2034fdeb1daa6a052c65da7" member_type: VOTER last_known_addr { host: "127.2.188.67" port: 33153 } }
I20260709 13:10:53.052845  3129 tablet_bootstrap.cc:492] T c60b40070a35484295d8f8f0834605b2 P 3ce72dddb2034fdeb1daa6a052c65da7: No bootstrap required, opened a new log
I20260709 13:10:53.053004  3128 ts_tablet_manager.cc:1434] T c60b40070a35484295d8f8f0834605b2 P a36a9a68d16348799aabd9c822183830: Time spent starting tablet: real 0.007s	user 0.004s	sys 0.000s
I20260709 13:10:53.053510  3129 ts_tablet_manager.cc:1403] T c60b40070a35484295d8f8f0834605b2 P 3ce72dddb2034fdeb1daa6a052c65da7: Time spent bootstrapping tablet: real 0.033s	user 0.014s	sys 0.000s
I20260709 13:10:53.053982  3128 tablet_bootstrap.cc:492] T 5b040ec7deba4699b27f49072299eba6 P a36a9a68d16348799aabd9c822183830: Bootstrap starting.
I20260709 13:10:53.054699  3133 raft_consensus.cc:493] T a323528c04ba46b283fa52c7350d6d0d P a36a9a68d16348799aabd9c822183830 [term 0 FOLLOWER]: Starting pre-election (no leader contacted us within the election timeout)
I20260709 13:10:53.055158  3133 raft_consensus.cc:515] T a323528c04ba46b283fa52c7350d6d0d P a36a9a68d16348799aabd9c822183830 [term 0 FOLLOWER]: Starting pre-election with config: opid_index: -1 OBSOLETE_local: false peers { permanent_uuid: "3b6ed922ca884c0495cb0510679a16e8" member_type: VOTER last_known_addr { host: "127.2.188.65" port: 33543 } } peers { permanent_uuid: "a36a9a68d16348799aabd9c822183830" member_type: VOTER last_known_addr { host: "127.2.188.66" port: 44891 } } peers { permanent_uuid: "3ce72dddb2034fdeb1daa6a052c65da7" member_type: VOTER last_known_addr { host: "127.2.188.67" port: 33153 } }
I20260709 13:10:53.058342  3133 leader_election.cc:290] T a323528c04ba46b283fa52c7350d6d0d P a36a9a68d16348799aabd9c822183830 [CANDIDATE]: Term 1 pre-election: Requested pre-vote from peers 3b6ed922ca884c0495cb0510679a16e8 (127.2.188.65:33543), 3ce72dddb2034fdeb1daa6a052c65da7 (127.2.188.67:33153)
I20260709 13:10:53.062922  3129 raft_consensus.cc:359] T c60b40070a35484295d8f8f0834605b2 P 3ce72dddb2034fdeb1daa6a052c65da7 [term 0 FOLLOWER]: Replica starting. Triggering 0 pending ops. Active config: opid_index: -1 OBSOLETE_local: false peers { permanent_uuid: "3b6ed922ca884c0495cb0510679a16e8" member_type: VOTER last_known_addr { host: "127.2.188.65" port: 33543 } } peers { permanent_uuid: "a36a9a68d16348799aabd9c822183830" member_type: VOTER last_known_addr { host: "127.2.188.66" port: 44891 } } peers { permanent_uuid: "3ce72dddb2034fdeb1daa6a052c65da7" member_type: VOTER last_known_addr { host: "127.2.188.67" port: 33153 } }
I20260709 13:10:53.063910  3129 raft_consensus.cc:385] T c60b40070a35484295d8f8f0834605b2 P 3ce72dddb2034fdeb1daa6a052c65da7 [term 0 FOLLOWER]: Consensus starting up: Expiring failure detector timer to make a prompt election more likely
I20260709 13:10:53.064256  3129 raft_consensus.cc:740] T c60b40070a35484295d8f8f0834605b2 P 3ce72dddb2034fdeb1daa6a052c65da7 [term 0 FOLLOWER]: Becoming Follower/Learner. State: Replica: 3ce72dddb2034fdeb1daa6a052c65da7, State: Initialized, Role: FOLLOWER
I20260709 13:10:53.064971  3130 tablet_bootstrap.cc:654] T d3329cf082fd462d88829183410b0484 P 3b6ed922ca884c0495cb0510679a16e8: Neither blocks nor log segments found. Creating new log.
I20260709 13:10:53.065783  3129 consensus_queue.cc:260] T c60b40070a35484295d8f8f0834605b2 P 3ce72dddb2034fdeb1daa6a052c65da7 [NON_LEADER]: Queue going to NON_LEADER mode. State: All replicated index: 0, Majority replicated index: 0, Committed index: 0, Last appended: 0.0, Last appended by leader: 0, Current term: 0, Majority size: -1, State: 0, Mode: NON_LEADER, active raft config: opid_index: -1 OBSOLETE_local: false peers { permanent_uuid: "3b6ed922ca884c0495cb0510679a16e8" member_type: VOTER last_known_addr { host: "127.2.188.65" port: 33543 } } peers { permanent_uuid: "a36a9a68d16348799aabd9c822183830" member_type: VOTER last_known_addr { host: "127.2.188.66" port: 44891 } } peers { permanent_uuid: "3ce72dddb2034fdeb1daa6a052c65da7" member_type: VOTER last_known_addr { host: "127.2.188.67" port: 33153 } }
I20260709 13:10:53.068190  3129 ts_tablet_manager.cc:1434] T c60b40070a35484295d8f8f0834605b2 P 3ce72dddb2034fdeb1daa6a052c65da7: Time spent starting tablet: real 0.014s	user 0.005s	sys 0.001s
I20260709 13:10:53.069078  3129 tablet_bootstrap.cc:492] T 5b040ec7deba4699b27f49072299eba6 P 3ce72dddb2034fdeb1daa6a052c65da7: Bootstrap starting.
I20260709 13:10:53.077595  3129 tablet_bootstrap.cc:654] T 5b040ec7deba4699b27f49072299eba6 P 3ce72dddb2034fdeb1daa6a052c65da7: Neither blocks nor log segments found. Creating new log.
I20260709 13:10:53.079833  3133 raft_consensus.cc:493] T d3329cf082fd462d88829183410b0484 P a36a9a68d16348799aabd9c822183830 [term 0 FOLLOWER]: Starting pre-election (no leader contacted us within the election timeout)
I20260709 13:10:53.080315  3133 raft_consensus.cc:515] T d3329cf082fd462d88829183410b0484 P a36a9a68d16348799aabd9c822183830 [term 0 FOLLOWER]: Starting pre-election with config: opid_index: -1 OBSOLETE_local: false peers { permanent_uuid: "3ce72dddb2034fdeb1daa6a052c65da7" member_type: VOTER last_known_addr { host: "127.2.188.67" port: 33153 } } peers { permanent_uuid: "3b6ed922ca884c0495cb0510679a16e8" member_type: VOTER last_known_addr { host: "127.2.188.65" port: 33543 } } peers { permanent_uuid: "a36a9a68d16348799aabd9c822183830" member_type: VOTER last_known_addr { host: "127.2.188.66" port: 44891 } }
I20260709 13:10:53.082544  3133 leader_election.cc:290] T d3329cf082fd462d88829183410b0484 P a36a9a68d16348799aabd9c822183830 [CANDIDATE]: Term 1 pre-election: Requested pre-vote from peers 3ce72dddb2034fdeb1daa6a052c65da7 (127.2.188.67:33153), 3b6ed922ca884c0495cb0510679a16e8 (127.2.188.65:33543)
I20260709 13:10:53.088817  3128 tablet_bootstrap.cc:654] T 5b040ec7deba4699b27f49072299eba6 P a36a9a68d16348799aabd9c822183830: Neither blocks nor log segments found. Creating new log.
I20260709 13:10:53.089677  3129 tablet_bootstrap.cc:492] T 5b040ec7deba4699b27f49072299eba6 P 3ce72dddb2034fdeb1daa6a052c65da7: No bootstrap required, opened a new log
I20260709 13:10:53.090188  3129 ts_tablet_manager.cc:1403] T 5b040ec7deba4699b27f49072299eba6 P 3ce72dddb2034fdeb1daa6a052c65da7: Time spent bootstrapping tablet: real 0.021s	user 0.011s	sys 0.006s
I20260709 13:10:53.091732  2936 tablet_service.cc:1917] Received RequestConsensusVote() RPC: tablet_id: "a323528c04ba46b283fa52c7350d6d0d" candidate_uuid: "a36a9a68d16348799aabd9c822183830" candidate_term: 1 candidate_status { last_received { term: 0 index: 0 } } ignore_live_leader: false dest_uuid: "3b6ed922ca884c0495cb0510679a16e8" is_pre_election: true
I20260709 13:10:53.092618  2936 raft_consensus.cc:2468] T a323528c04ba46b283fa52c7350d6d0d P 3b6ed922ca884c0495cb0510679a16e8 [term 0 FOLLOWER]: Leader pre-election vote request: Granting yes vote for candidate a36a9a68d16348799aabd9c822183830 in term 0.
I20260709 13:10:53.093255  3129 raft_consensus.cc:359] T 5b040ec7deba4699b27f49072299eba6 P 3ce72dddb2034fdeb1daa6a052c65da7 [term 0 FOLLOWER]: Replica starting. Triggering 0 pending ops. Active config: opid_index: -1 OBSOLETE_local: false peers { permanent_uuid: "3b6ed922ca884c0495cb0510679a16e8" member_type: VOTER last_known_addr { host: "127.2.188.65" port: 33543 } } peers { permanent_uuid: "a36a9a68d16348799aabd9c822183830" member_type: VOTER last_known_addr { host: "127.2.188.66" port: 44891 } } peers { permanent_uuid: "3ce72dddb2034fdeb1daa6a052c65da7" member_type: VOTER last_known_addr { host: "127.2.188.67" port: 33153 } }
I20260709 13:10:53.094027  3129 raft_consensus.cc:385] T 5b040ec7deba4699b27f49072299eba6 P 3ce72dddb2034fdeb1daa6a052c65da7 [term 0 FOLLOWER]: Consensus starting up: Expiring failure detector timer to make a prompt election more likely
I20260709 13:10:53.094352  3129 raft_consensus.cc:740] T 5b040ec7deba4699b27f49072299eba6 P 3ce72dddb2034fdeb1daa6a052c65da7 [term 0 FOLLOWER]: Becoming Follower/Learner. State: Replica: 3ce72dddb2034fdeb1daa6a052c65da7, State: Initialized, Role: FOLLOWER
I20260709 13:10:53.094269  2935 tablet_service.cc:1917] Received RequestConsensusVote() RPC: tablet_id: "d3329cf082fd462d88829183410b0484" candidate_uuid: "a36a9a68d16348799aabd9c822183830" candidate_term: 1 candidate_status { last_received { term: 0 index: 0 } } ignore_live_leader: false dest_uuid: "3b6ed922ca884c0495cb0510679a16e8" is_pre_election: true
I20260709 13:10:53.095144  3129 consensus_queue.cc:260] T 5b040ec7deba4699b27f49072299eba6 P 3ce72dddb2034fdeb1daa6a052c65da7 [NON_LEADER]: Queue going to NON_LEADER mode. State: All replicated index: 0, Majority replicated index: 0, Committed index: 0, Last appended: 0.0, Last appended by leader: 0, Current term: 0, Majority size: -1, State: 0, Mode: NON_LEADER, active raft config: opid_index: -1 OBSOLETE_local: false peers { permanent_uuid: "3b6ed922ca884c0495cb0510679a16e8" member_type: VOTER last_known_addr { host: "127.2.188.65" port: 33543 } } peers { permanent_uuid: "a36a9a68d16348799aabd9c822183830" member_type: VOTER last_known_addr { host: "127.2.188.66" port: 44891 } } peers { permanent_uuid: "3ce72dddb2034fdeb1daa6a052c65da7" member_type: VOTER last_known_addr { host: "127.2.188.67" port: 33153 } }
I20260709 13:10:53.096472  2974 leader_election.cc:304] T a323528c04ba46b283fa52c7350d6d0d P a36a9a68d16348799aabd9c822183830 [CANDIDATE]: Term 1 pre-election: Election decided. Result: candidate won. Election summary: received 2 responses out of 3 voters: 2 yes votes; 0 no votes. yes voters: 3b6ed922ca884c0495cb0510679a16e8, a36a9a68d16348799aabd9c822183830; no voters: 
I20260709 13:10:53.097321  3133 raft_consensus.cc:2804] T a323528c04ba46b283fa52c7350d6d0d P a36a9a68d16348799aabd9c822183830 [term 0 FOLLOWER]: Leader pre-election won for term 1
W20260709 13:10:53.097508  2974 leader_election.cc:343] T d3329cf082fd462d88829183410b0484 P a36a9a68d16348799aabd9c822183830 [CANDIDATE]: Term 1 pre-election: Tablet error from VoteRequest() call to peer 3b6ed922ca884c0495cb0510679a16e8 (127.2.188.65:33543): Illegal state: must be running to vote when last-logged opid is not known
I20260709 13:10:53.097923  3133 raft_consensus.cc:493] T a323528c04ba46b283fa52c7350d6d0d P a36a9a68d16348799aabd9c822183830 [term 0 FOLLOWER]: Starting leader election (no leader contacted us within the election timeout)
I20260709 13:10:53.098536  3133 raft_consensus.cc:3060] T a323528c04ba46b283fa52c7350d6d0d P a36a9a68d16348799aabd9c822183830 [term 0 FOLLOWER]: Advancing to term 1
I20260709 13:10:53.104051  3085 tablet_service.cc:1917] Received RequestConsensusVote() RPC: tablet_id: "a323528c04ba46b283fa52c7350d6d0d" candidate_uuid: "a36a9a68d16348799aabd9c822183830" candidate_term: 1 candidate_status { last_received { term: 0 index: 0 } } ignore_live_leader: false dest_uuid: "3ce72dddb2034fdeb1daa6a052c65da7" is_pre_election: true
I20260709 13:10:53.104552  3129 ts_tablet_manager.cc:1434] T 5b040ec7deba4699b27f49072299eba6 P 3ce72dddb2034fdeb1daa6a052c65da7: Time spent starting tablet: real 0.014s	user 0.003s	sys 0.004s
I20260709 13:10:53.104743  3085 raft_consensus.cc:2468] T a323528c04ba46b283fa52c7350d6d0d P 3ce72dddb2034fdeb1daa6a052c65da7 [term 0 FOLLOWER]: Leader pre-election vote request: Granting yes vote for candidate a36a9a68d16348799aabd9c822183830 in term 0.
I20260709 13:10:53.105373  3084 tablet_service.cc:1917] Received RequestConsensusVote() RPC: tablet_id: "d3329cf082fd462d88829183410b0484" candidate_uuid: "a36a9a68d16348799aabd9c822183830" candidate_term: 1 candidate_status { last_received { term: 0 index: 0 } } ignore_live_leader: false dest_uuid: "3ce72dddb2034fdeb1daa6a052c65da7" is_pre_election: true
I20260709 13:10:53.105706  3129 tablet_bootstrap.cc:492] T 43f52ccd9eb34c8a8619814e1c03f317 P 3ce72dddb2034fdeb1daa6a052c65da7: Bootstrap starting.
I20260709 13:10:53.106068  3084 raft_consensus.cc:2468] T d3329cf082fd462d88829183410b0484 P 3ce72dddb2034fdeb1daa6a052c65da7 [term 0 FOLLOWER]: Leader pre-election vote request: Granting yes vote for candidate a36a9a68d16348799aabd9c822183830 in term 0.
I20260709 13:10:53.106878  3133 raft_consensus.cc:515] T a323528c04ba46b283fa52c7350d6d0d P a36a9a68d16348799aabd9c822183830 [term 1 FOLLOWER]: Starting leader election with config: opid_index: -1 OBSOLETE_local: false peers { permanent_uuid: "3b6ed922ca884c0495cb0510679a16e8" member_type: VOTER last_known_addr { host: "127.2.188.65" port: 33543 } } peers { permanent_uuid: "a36a9a68d16348799aabd9c822183830" member_type: VOTER last_known_addr { host: "127.2.188.66" port: 44891 } } peers { permanent_uuid: "3ce72dddb2034fdeb1daa6a052c65da7" member_type: VOTER last_known_addr { host: "127.2.188.67" port: 33153 } }
I20260709 13:10:53.108857  3133 leader_election.cc:290] T a323528c04ba46b283fa52c7350d6d0d P a36a9a68d16348799aabd9c822183830 [CANDIDATE]: Term 1 election: Requested vote from peers 3b6ed922ca884c0495cb0510679a16e8 (127.2.188.65:33543), 3ce72dddb2034fdeb1daa6a052c65da7 (127.2.188.67:33153)
I20260709 13:10:53.096928  3130 tablet_bootstrap.cc:492] T d3329cf082fd462d88829183410b0484 P 3b6ed922ca884c0495cb0510679a16e8: No bootstrap required, opened a new log
I20260709 13:10:53.109660  3130 ts_tablet_manager.cc:1403] T d3329cf082fd462d88829183410b0484 P 3b6ed922ca884c0495cb0510679a16e8: Time spent bootstrapping tablet: real 0.068s	user 0.023s	sys 0.008s
I20260709 13:10:53.109706  2935 tablet_service.cc:1917] Received RequestConsensusVote() RPC: tablet_id: "a323528c04ba46b283fa52c7350d6d0d" candidate_uuid: "a36a9a68d16348799aabd9c822183830" candidate_term: 1 candidate_status { last_received { term: 0 index: 0 } } ignore_live_leader: false dest_uuid: "3b6ed922ca884c0495cb0510679a16e8"
I20260709 13:10:53.110381  2935 raft_consensus.cc:3060] T a323528c04ba46b283fa52c7350d6d0d P 3b6ed922ca884c0495cb0510679a16e8 [term 0 FOLLOWER]: Advancing to term 1
I20260709 13:10:53.111967  3129 tablet_bootstrap.cc:654] T 43f52ccd9eb34c8a8619814e1c03f317 P 3ce72dddb2034fdeb1daa6a052c65da7: Neither blocks nor log segments found. Creating new log.
I20260709 13:10:53.112658  3130 raft_consensus.cc:359] T d3329cf082fd462d88829183410b0484 P 3b6ed922ca884c0495cb0510679a16e8 [term 0 FOLLOWER]: Replica starting. Triggering 0 pending ops. Active config: opid_index: -1 OBSOLETE_local: false peers { permanent_uuid: "3ce72dddb2034fdeb1daa6a052c65da7" member_type: VOTER last_known_addr { host: "127.2.188.67" port: 33153 } } peers { permanent_uuid: "3b6ed922ca884c0495cb0510679a16e8" member_type: VOTER last_known_addr { host: "127.2.188.65" port: 33543 } } peers { permanent_uuid: "a36a9a68d16348799aabd9c822183830" member_type: VOTER last_known_addr { host: "127.2.188.66" port: 44891 } }
I20260709 13:10:53.113369  3130 raft_consensus.cc:385] T d3329cf082fd462d88829183410b0484 P 3b6ed922ca884c0495cb0510679a16e8 [term 0 FOLLOWER]: Consensus starting up: Expiring failure detector timer to make a prompt election more likely
I20260709 13:10:53.113657  3130 raft_consensus.cc:740] T d3329cf082fd462d88829183410b0484 P 3b6ed922ca884c0495cb0510679a16e8 [term 0 FOLLOWER]: Becoming Follower/Learner. State: Replica: 3b6ed922ca884c0495cb0510679a16e8, State: Initialized, Role: FOLLOWER
I20260709 13:10:53.114799  3130 consensus_queue.cc:260] T d3329cf082fd462d88829183410b0484 P 3b6ed922ca884c0495cb0510679a16e8 [NON_LEADER]: Queue going to NON_LEADER mode. State: All replicated index: 0, Majority replicated index: 0, Committed index: 0, Last appended: 0.0, Last appended by leader: 0, Current term: 0, Majority size: -1, State: 0, Mode: NON_LEADER, active raft config: opid_index: -1 OBSOLETE_local: false peers { permanent_uuid: "3ce72dddb2034fdeb1daa6a052c65da7" member_type: VOTER last_known_addr { host: "127.2.188.67" port: 33153 } } peers { permanent_uuid: "3b6ed922ca884c0495cb0510679a16e8" member_type: VOTER last_known_addr { host: "127.2.188.65" port: 33543 } } peers { permanent_uuid: "a36a9a68d16348799aabd9c822183830" member_type: VOTER last_known_addr { host: "127.2.188.66" port: 44891 } }
I20260709 13:10:53.115666  2977 leader_election.cc:304] T d3329cf082fd462d88829183410b0484 P a36a9a68d16348799aabd9c822183830 [CANDIDATE]: Term 1 pre-election: Election decided. Result: candidate won. Election summary: received 3 responses out of 3 voters: 2 yes votes; 1 no votes. yes voters: 3ce72dddb2034fdeb1daa6a052c65da7, a36a9a68d16348799aabd9c822183830; no voters: 3b6ed922ca884c0495cb0510679a16e8
I20260709 13:10:53.116535  3133 raft_consensus.cc:2804] T d3329cf082fd462d88829183410b0484 P a36a9a68d16348799aabd9c822183830 [term 0 FOLLOWER]: Leader pre-election won for term 1
I20260709 13:10:53.116881  3133 raft_consensus.cc:493] T d3329cf082fd462d88829183410b0484 P a36a9a68d16348799aabd9c822183830 [term 0 FOLLOWER]: Starting leader election (no leader contacted us within the election timeout)
I20260709 13:10:53.117216  3133 raft_consensus.cc:3060] T d3329cf082fd462d88829183410b0484 P a36a9a68d16348799aabd9c822183830 [term 0 FOLLOWER]: Advancing to term 1
I20260709 13:10:53.118625  3084 tablet_service.cc:1917] Received RequestConsensusVote() RPC: tablet_id: "a323528c04ba46b283fa52c7350d6d0d" candidate_uuid: "a36a9a68d16348799aabd9c822183830" candidate_term: 1 candidate_status { last_received { term: 0 index: 0 } } ignore_live_leader: false dest_uuid: "3ce72dddb2034fdeb1daa6a052c65da7"
I20260709 13:10:53.119153  3084 raft_consensus.cc:3060] T a323528c04ba46b283fa52c7350d6d0d P 3ce72dddb2034fdeb1daa6a052c65da7 [term 0 FOLLOWER]: Advancing to term 1
I20260709 13:10:53.122148  3133 raft_consensus.cc:515] T d3329cf082fd462d88829183410b0484 P a36a9a68d16348799aabd9c822183830 [term 1 FOLLOWER]: Starting leader election with config: opid_index: -1 OBSOLETE_local: false peers { permanent_uuid: "3ce72dddb2034fdeb1daa6a052c65da7" member_type: VOTER last_known_addr { host: "127.2.188.67" port: 33153 } } peers { permanent_uuid: "3b6ed922ca884c0495cb0510679a16e8" member_type: VOTER last_known_addr { host: "127.2.188.65" port: 33543 } } peers { permanent_uuid: "a36a9a68d16348799aabd9c822183830" member_type: VOTER last_known_addr { host: "127.2.188.66" port: 44891 } }
I20260709 13:10:53.123493  3128 tablet_bootstrap.cc:492] T 5b040ec7deba4699b27f49072299eba6 P a36a9a68d16348799aabd9c822183830: No bootstrap required, opened a new log
I20260709 13:10:53.125038  3128 ts_tablet_manager.cc:1403] T 5b040ec7deba4699b27f49072299eba6 P a36a9a68d16348799aabd9c822183830: Time spent bootstrapping tablet: real 0.071s	user 0.020s	sys 0.005s
I20260709 13:10:53.125100  3130 ts_tablet_manager.cc:1434] T d3329cf082fd462d88829183410b0484 P 3b6ed922ca884c0495cb0510679a16e8: Time spent starting tablet: real 0.015s	user 0.002s	sys 0.006s
I20260709 13:10:53.125775  2936 tablet_service.cc:1917] Received RequestConsensusVote() RPC: tablet_id: "d3329cf082fd462d88829183410b0484" candidate_uuid: "a36a9a68d16348799aabd9c822183830" candidate_term: 1 candidate_status { last_received { term: 0 index: 0 } } ignore_live_leader: false dest_uuid: "3b6ed922ca884c0495cb0510679a16e8"
I20260709 13:10:53.126158  3130 tablet_bootstrap.cc:492] T c60b40070a35484295d8f8f0834605b2 P 3b6ed922ca884c0495cb0510679a16e8: Bootstrap starting.
I20260709 13:10:53.126324  2936 raft_consensus.cc:3060] T d3329cf082fd462d88829183410b0484 P 3b6ed922ca884c0495cb0510679a16e8 [term 0 FOLLOWER]: Advancing to term 1
I20260709 13:10:53.124452  3133 leader_election.cc:290] T d3329cf082fd462d88829183410b0484 P a36a9a68d16348799aabd9c822183830 [CANDIDATE]: Term 1 election: Requested vote from peers 3ce72dddb2034fdeb1daa6a052c65da7 (127.2.188.67:33153), 3b6ed922ca884c0495cb0510679a16e8 (127.2.188.65:33543)
I20260709 13:10:53.128257  3128 raft_consensus.cc:359] T 5b040ec7deba4699b27f49072299eba6 P a36a9a68d16348799aabd9c822183830 [term 0 FOLLOWER]: Replica starting. Triggering 0 pending ops. Active config: opid_index: -1 OBSOLETE_local: false peers { permanent_uuid: "3b6ed922ca884c0495cb0510679a16e8" member_type: VOTER last_known_addr { host: "127.2.188.65" port: 33543 } } peers { permanent_uuid: "a36a9a68d16348799aabd9c822183830" member_type: VOTER last_known_addr { host: "127.2.188.66" port: 44891 } } peers { permanent_uuid: "3ce72dddb2034fdeb1daa6a052c65da7" member_type: VOTER last_known_addr { host: "127.2.188.67" port: 33153 } }
I20260709 13:10:53.128961  3128 raft_consensus.cc:385] T 5b040ec7deba4699b27f49072299eba6 P a36a9a68d16348799aabd9c822183830 [term 0 FOLLOWER]: Consensus starting up: Expiring failure detector timer to make a prompt election more likely
I20260709 13:10:53.129241  3128 raft_consensus.cc:740] T 5b040ec7deba4699b27f49072299eba6 P a36a9a68d16348799aabd9c822183830 [term 0 FOLLOWER]: Becoming Follower/Learner. State: Replica: a36a9a68d16348799aabd9c822183830, State: Initialized, Role: FOLLOWER
I20260709 13:10:53.130066  3128 consensus_queue.cc:260] T 5b040ec7deba4699b27f49072299eba6 P a36a9a68d16348799aabd9c822183830 [NON_LEADER]: Queue going to NON_LEADER mode. State: All replicated index: 0, Majority replicated index: 0, Committed index: 0, Last appended: 0.0, Last appended by leader: 0, Current term: 0, Majority size: -1, State: 0, Mode: NON_LEADER, active raft config: opid_index: -1 OBSOLETE_local: false peers { permanent_uuid: "3b6ed922ca884c0495cb0510679a16e8" member_type: VOTER last_known_addr { host: "127.2.188.65" port: 33543 } } peers { permanent_uuid: "a36a9a68d16348799aabd9c822183830" member_type: VOTER last_known_addr { host: "127.2.188.66" port: 44891 } } peers { permanent_uuid: "3ce72dddb2034fdeb1daa6a052c65da7" member_type: VOTER last_known_addr { host: "127.2.188.67" port: 33153 } }
I20260709 13:10:53.130607  3085 tablet_service.cc:1917] Received RequestConsensusVote() RPC: tablet_id: "d3329cf082fd462d88829183410b0484" candidate_uuid: "a36a9a68d16348799aabd9c822183830" candidate_term: 1 candidate_status { last_received { term: 0 index: 0 } } ignore_live_leader: false dest_uuid: "3ce72dddb2034fdeb1daa6a052c65da7"
I20260709 13:10:53.131181  3085 raft_consensus.cc:3060] T d3329cf082fd462d88829183410b0484 P 3ce72dddb2034fdeb1daa6a052c65da7 [term 0 FOLLOWER]: Advancing to term 1
I20260709 13:10:53.141319  3084 raft_consensus.cc:2468] T a323528c04ba46b283fa52c7350d6d0d P 3ce72dddb2034fdeb1daa6a052c65da7 [term 1 FOLLOWER]: Leader election vote request: Granting yes vote for candidate a36a9a68d16348799aabd9c822183830 in term 1.
I20260709 13:10:53.142656  2977 leader_election.cc:304] T a323528c04ba46b283fa52c7350d6d0d P a36a9a68d16348799aabd9c822183830 [CANDIDATE]: Term 1 election: Election decided. Result: candidate won. Election summary: received 2 responses out of 3 voters: 2 yes votes; 0 no votes. yes voters: 3ce72dddb2034fdeb1daa6a052c65da7, a36a9a68d16348799aabd9c822183830; no voters: 
I20260709 13:10:53.144115  3130 tablet_bootstrap.cc:654] T c60b40070a35484295d8f8f0834605b2 P 3b6ed922ca884c0495cb0510679a16e8: Neither blocks nor log segments found. Creating new log.
I20260709 13:10:53.145179  2936 raft_consensus.cc:2468] T d3329cf082fd462d88829183410b0484 P 3b6ed922ca884c0495cb0510679a16e8 [term 1 FOLLOWER]: Leader election vote request: Granting yes vote for candidate a36a9a68d16348799aabd9c822183830 in term 1.
I20260709 13:10:53.147449  3085 raft_consensus.cc:2468] T d3329cf082fd462d88829183410b0484 P 3ce72dddb2034fdeb1daa6a052c65da7 [term 1 FOLLOWER]: Leader election vote request: Granting yes vote for candidate a36a9a68d16348799aabd9c822183830 in term 1.
I20260709 13:10:53.144011  2935 raft_consensus.cc:2468] T a323528c04ba46b283fa52c7350d6d0d P 3b6ed922ca884c0495cb0510679a16e8 [term 1 FOLLOWER]: Leader election vote request: Granting yes vote for candidate a36a9a68d16348799aabd9c822183830 in term 1.
I20260709 13:10:53.148464  3148 raft_consensus.cc:2804] T a323528c04ba46b283fa52c7350d6d0d P a36a9a68d16348799aabd9c822183830 [term 1 FOLLOWER]: Leader election won for term 1
I20260709 13:10:53.149581  2977 leader_election.cc:304] T d3329cf082fd462d88829183410b0484 P a36a9a68d16348799aabd9c822183830 [CANDIDATE]: Term 1 election: Election decided. Result: candidate won. Election summary: received 2 responses out of 3 voters: 2 yes votes; 0 no votes. yes voters: 3ce72dddb2034fdeb1daa6a052c65da7, a36a9a68d16348799aabd9c822183830; no voters: 
I20260709 13:10:53.149701  3148 raft_consensus.cc:697] T a323528c04ba46b283fa52c7350d6d0d P a36a9a68d16348799aabd9c822183830 [term 1 LEADER]: Becoming Leader. State: Replica: a36a9a68d16348799aabd9c822183830, State: Running, Role: LEADER
I20260709 13:10:53.150344  3133 raft_consensus.cc:2804] T d3329cf082fd462d88829183410b0484 P a36a9a68d16348799aabd9c822183830 [term 1 FOLLOWER]: Leader election won for term 1
I20260709 13:10:53.153091  3148 consensus_queue.cc:237] T a323528c04ba46b283fa52c7350d6d0d P a36a9a68d16348799aabd9c822183830 [LEADER]: Queue going to LEADER mode. State: All replicated index: 0, Majority replicated index: 0, Committed index: 0, Last appended: 0.0, Last appended by leader: 0, Current term: 1, Majority size: 2, State: 0, Mode: LEADER, active raft config: opid_index: -1 OBSOLETE_local: false peers { permanent_uuid: "3b6ed922ca884c0495cb0510679a16e8" member_type: VOTER last_known_addr { host: "127.2.188.65" port: 33543 } } peers { permanent_uuid: "a36a9a68d16348799aabd9c822183830" member_type: VOTER last_known_addr { host: "127.2.188.66" port: 44891 } } peers { permanent_uuid: "3ce72dddb2034fdeb1daa6a052c65da7" member_type: VOTER last_known_addr { host: "127.2.188.67" port: 33153 } }
I20260709 13:10:53.156811  3137 raft_consensus.cc:493] T 5b040ec7deba4699b27f49072299eba6 P 3b6ed922ca884c0495cb0510679a16e8 [term 0 FOLLOWER]: Starting pre-election (no leader contacted us within the election timeout)
I20260709 13:10:53.157116  3133 raft_consensus.cc:697] T d3329cf082fd462d88829183410b0484 P a36a9a68d16348799aabd9c822183830 [term 1 LEADER]: Becoming Leader. State: Replica: a36a9a68d16348799aabd9c822183830, State: Running, Role: LEADER
I20260709 13:10:53.157421  3137 raft_consensus.cc:515] T 5b040ec7deba4699b27f49072299eba6 P 3b6ed922ca884c0495cb0510679a16e8 [term 0 FOLLOWER]: Starting pre-election with config: opid_index: -1 OBSOLETE_local: false peers { permanent_uuid: "3b6ed922ca884c0495cb0510679a16e8" member_type: VOTER last_known_addr { host: "127.2.188.65" port: 33543 } } peers { permanent_uuid: "a36a9a68d16348799aabd9c822183830" member_type: VOTER last_known_addr { host: "127.2.188.66" port: 44891 } } peers { permanent_uuid: "3ce72dddb2034fdeb1daa6a052c65da7" member_type: VOTER last_known_addr { host: "127.2.188.67" port: 33153 } }
I20260709 13:10:53.158056  3133 consensus_queue.cc:237] T d3329cf082fd462d88829183410b0484 P a36a9a68d16348799aabd9c822183830 [LEADER]: Queue going to LEADER mode. State: All replicated index: 0, Majority replicated index: 0, Committed index: 0, Last appended: 0.0, Last appended by leader: 0, Current term: 1, Majority size: 2, State: 0, Mode: LEADER, active raft config: opid_index: -1 OBSOLETE_local: false peers { permanent_uuid: "3ce72dddb2034fdeb1daa6a052c65da7" member_type: VOTER last_known_addr { host: "127.2.188.67" port: 33153 } } peers { permanent_uuid: "3b6ed922ca884c0495cb0510679a16e8" member_type: VOTER last_known_addr { host: "127.2.188.65" port: 33543 } } peers { permanent_uuid: "a36a9a68d16348799aabd9c822183830" member_type: VOTER last_known_addr { host: "127.2.188.66" port: 44891 } }
I20260709 13:10:53.159053  3130 tablet_bootstrap.cc:492] T c60b40070a35484295d8f8f0834605b2 P 3b6ed922ca884c0495cb0510679a16e8: No bootstrap required, opened a new log
I20260709 13:10:53.160528  3137 leader_election.cc:290] T 5b040ec7deba4699b27f49072299eba6 P 3b6ed922ca884c0495cb0510679a16e8 [CANDIDATE]: Term 1 pre-election: Requested pre-vote from peers a36a9a68d16348799aabd9c822183830 (127.2.188.66:44891), 3ce72dddb2034fdeb1daa6a052c65da7 (127.2.188.67:33153)
I20260709 13:10:53.165022  3129 tablet_bootstrap.cc:492] T 43f52ccd9eb34c8a8619814e1c03f317 P 3ce72dddb2034fdeb1daa6a052c65da7: No bootstrap required, opened a new log
I20260709 13:10:53.165503  3129 ts_tablet_manager.cc:1403] T 43f52ccd9eb34c8a8619814e1c03f317 P 3ce72dddb2034fdeb1daa6a052c65da7: Time spent bootstrapping tablet: real 0.060s	user 0.011s	sys 0.014s
I20260709 13:10:53.166499  3128 ts_tablet_manager.cc:1434] T 5b040ec7deba4699b27f49072299eba6 P a36a9a68d16348799aabd9c822183830: Time spent starting tablet: real 0.041s	user 0.000s	sys 0.007s
I20260709 13:10:53.167682  3128 tablet_bootstrap.cc:492] T 8c2e97731bcb4eab8ad7f21e47ec2df9 P a36a9a68d16348799aabd9c822183830: Bootstrap starting.
I20260709 13:10:53.168370  3129 raft_consensus.cc:359] T 43f52ccd9eb34c8a8619814e1c03f317 P 3ce72dddb2034fdeb1daa6a052c65da7 [term 0 FOLLOWER]: Replica starting. Triggering 0 pending ops. Active config: opid_index: -1 OBSOLETE_local: false peers { permanent_uuid: "3b6ed922ca884c0495cb0510679a16e8" member_type: VOTER last_known_addr { host: "127.2.188.65" port: 33543 } } peers { permanent_uuid: "a36a9a68d16348799aabd9c822183830" member_type: VOTER last_known_addr { host: "127.2.188.66" port: 44891 } } peers { permanent_uuid: "3ce72dddb2034fdeb1daa6a052c65da7" member_type: VOTER last_known_addr { host: "127.2.188.67" port: 33153 } }
I20260709 13:10:53.169421  3130 ts_tablet_manager.cc:1403] T c60b40070a35484295d8f8f0834605b2 P 3b6ed922ca884c0495cb0510679a16e8: Time spent bootstrapping tablet: real 0.043s	user 0.008s	sys 0.010s
I20260709 13:10:53.172178  3130 raft_consensus.cc:359] T c60b40070a35484295d8f8f0834605b2 P 3b6ed922ca884c0495cb0510679a16e8 [term 0 FOLLOWER]: Replica starting. Triggering 0 pending ops. Active config: opid_index: -1 OBSOLETE_local: false peers { permanent_uuid: "3b6ed922ca884c0495cb0510679a16e8" member_type: VOTER last_known_addr { host: "127.2.188.65" port: 33543 } } peers { permanent_uuid: "a36a9a68d16348799aabd9c822183830" member_type: VOTER last_known_addr { host: "127.2.188.66" port: 44891 } } peers { permanent_uuid: "3ce72dddb2034fdeb1daa6a052c65da7" member_type: VOTER last_known_addr { host: "127.2.188.67" port: 33153 } }
I20260709 13:10:53.172879  3130 raft_consensus.cc:385] T c60b40070a35484295d8f8f0834605b2 P 3b6ed922ca884c0495cb0510679a16e8 [term 0 FOLLOWER]: Consensus starting up: Expiring failure detector timer to make a prompt election more likely
I20260709 13:10:53.173171  3130 raft_consensus.cc:740] T c60b40070a35484295d8f8f0834605b2 P 3b6ed922ca884c0495cb0510679a16e8 [term 0 FOLLOWER]: Becoming Follower/Learner. State: Replica: 3b6ed922ca884c0495cb0510679a16e8, State: Initialized, Role: FOLLOWER
I20260709 13:10:53.173849  3130 consensus_queue.cc:260] T c60b40070a35484295d8f8f0834605b2 P 3b6ed922ca884c0495cb0510679a16e8 [NON_LEADER]: Queue going to NON_LEADER mode. State: All replicated index: 0, Majority replicated index: 0, Committed index: 0, Last appended: 0.0, Last appended by leader: 0, Current term: 0, Majority size: -1, State: 0, Mode: NON_LEADER, active raft config: opid_index: -1 OBSOLETE_local: false peers { permanent_uuid: "3b6ed922ca884c0495cb0510679a16e8" member_type: VOTER last_known_addr { host: "127.2.188.65" port: 33543 } } peers { permanent_uuid: "a36a9a68d16348799aabd9c822183830" member_type: VOTER last_known_addr { host: "127.2.188.66" port: 44891 } } peers { permanent_uuid: "3ce72dddb2034fdeb1daa6a052c65da7" member_type: VOTER last_known_addr { host: "127.2.188.67" port: 33153 } }
I20260709 13:10:53.169112  3129 raft_consensus.cc:385] T 43f52ccd9eb34c8a8619814e1c03f317 P 3ce72dddb2034fdeb1daa6a052c65da7 [term 0 FOLLOWER]: Consensus starting up: Expiring failure detector timer to make a prompt election more likely
I20260709 13:10:53.174886  3129 raft_consensus.cc:740] T 43f52ccd9eb34c8a8619814e1c03f317 P 3ce72dddb2034fdeb1daa6a052c65da7 [term 0 FOLLOWER]: Becoming Follower/Learner. State: Replica: 3ce72dddb2034fdeb1daa6a052c65da7, State: Initialized, Role: FOLLOWER
I20260709 13:10:53.175729  3129 consensus_queue.cc:260] T 43f52ccd9eb34c8a8619814e1c03f317 P 3ce72dddb2034fdeb1daa6a052c65da7 [NON_LEADER]: Queue going to NON_LEADER mode. State: All replicated index: 0, Majority replicated index: 0, Committed index: 0, Last appended: 0.0, Last appended by leader: 0, Current term: 0, Majority size: -1, State: 0, Mode: NON_LEADER, active raft config: opid_index: -1 OBSOLETE_local: false peers { permanent_uuid: "3b6ed922ca884c0495cb0510679a16e8" member_type: VOTER last_known_addr { host: "127.2.188.65" port: 33543 } } peers { permanent_uuid: "a36a9a68d16348799aabd9c822183830" member_type: VOTER last_known_addr { host: "127.2.188.66" port: 44891 } } peers { permanent_uuid: "3ce72dddb2034fdeb1daa6a052c65da7" member_type: VOTER last_known_addr { host: "127.2.188.67" port: 33153 } }
I20260709 13:10:53.180570  3130 ts_tablet_manager.cc:1434] T c60b40070a35484295d8f8f0834605b2 P 3b6ed922ca884c0495cb0510679a16e8: Time spent starting tablet: real 0.011s	user 0.005s	sys 0.000s
I20260709 13:10:53.182955  3130 tablet_bootstrap.cc:492] T 43f52ccd9eb34c8a8619814e1c03f317 P 3b6ed922ca884c0495cb0510679a16e8: Bootstrap starting.
I20260709 13:10:53.186874  3128 tablet_bootstrap.cc:654] T 8c2e97731bcb4eab8ad7f21e47ec2df9 P a36a9a68d16348799aabd9c822183830: Neither blocks nor log segments found. Creating new log.
I20260709 13:10:53.189266  3129 ts_tablet_manager.cc:1434] T 43f52ccd9eb34c8a8619814e1c03f317 P 3ce72dddb2034fdeb1daa6a052c65da7: Time spent starting tablet: real 0.023s	user 0.007s	sys 0.000s
I20260709 13:10:53.198072  3129 tablet_bootstrap.cc:492] T 8c2e97731bcb4eab8ad7f21e47ec2df9 P 3ce72dddb2034fdeb1daa6a052c65da7: Bootstrap starting.
I20260709 13:10:53.204541  3130 tablet_bootstrap.cc:654] T 43f52ccd9eb34c8a8619814e1c03f317 P 3b6ed922ca884c0495cb0510679a16e8: Neither blocks nor log segments found. Creating new log.
I20260709 13:10:53.216580  3129 tablet_bootstrap.cc:654] T 8c2e97731bcb4eab8ad7f21e47ec2df9 P 3ce72dddb2034fdeb1daa6a052c65da7: Neither blocks nor log segments found. Creating new log.
I20260709 13:10:53.216863  3085 tablet_service.cc:1917] Received RequestConsensusVote() RPC: tablet_id: "5b040ec7deba4699b27f49072299eba6" candidate_uuid: "3b6ed922ca884c0495cb0510679a16e8" candidate_term: 1 candidate_status { last_received { term: 0 index: 0 } } ignore_live_leader: false dest_uuid: "3ce72dddb2034fdeb1daa6a052c65da7" is_pre_election: true
I20260709 13:10:53.213011  2831 catalog_manager.cc:5697] T a323528c04ba46b283fa52c7350d6d0d P a36a9a68d16348799aabd9c822183830 reported cstate change: term changed from 0 to 1, leader changed from <none> to a36a9a68d16348799aabd9c822183830 (127.2.188.66). New cstate: current_term: 1 leader_uuid: "a36a9a68d16348799aabd9c822183830" committed_config { opid_index: -1 OBSOLETE_local: false peers { permanent_uuid: "3b6ed922ca884c0495cb0510679a16e8" member_type: VOTER last_known_addr { host: "127.2.188.65" port: 33543 } health_report { overall_health: UNKNOWN } } peers { permanent_uuid: "a36a9a68d16348799aabd9c822183830" member_type: VOTER last_known_addr { host: "127.2.188.66" port: 44891 } health_report { overall_health: HEALTHY } } peers { permanent_uuid: "3ce72dddb2034fdeb1daa6a052c65da7" member_type: VOTER last_known_addr { host: "127.2.188.67" port: 33153 } health_report { overall_health: UNKNOWN } } }
I20260709 13:10:53.218462  3085 raft_consensus.cc:2468] T 5b040ec7deba4699b27f49072299eba6 P 3ce72dddb2034fdeb1daa6a052c65da7 [term 0 FOLLOWER]: Leader pre-election vote request: Granting yes vote for candidate 3b6ed922ca884c0495cb0510679a16e8 in term 0.
I20260709 13:10:53.220858  2902 leader_election.cc:304] T 5b040ec7deba4699b27f49072299eba6 P 3b6ed922ca884c0495cb0510679a16e8 [CANDIDATE]: Term 1 pre-election: Election decided. Result: candidate won. Election summary: received 2 responses out of 3 voters: 2 yes votes; 0 no votes. yes voters: 3b6ed922ca884c0495cb0510679a16e8, 3ce72dddb2034fdeb1daa6a052c65da7; no voters: 
I20260709 13:10:53.223971  3137 raft_consensus.cc:2804] T 5b040ec7deba4699b27f49072299eba6 P 3b6ed922ca884c0495cb0510679a16e8 [term 0 FOLLOWER]: Leader pre-election won for term 1
I20260709 13:10:53.224438  3137 raft_consensus.cc:493] T 5b040ec7deba4699b27f49072299eba6 P 3b6ed922ca884c0495cb0510679a16e8 [term 0 FOLLOWER]: Starting leader election (no leader contacted us within the election timeout)
I20260709 13:10:53.224782  3137 raft_consensus.cc:3060] T 5b040ec7deba4699b27f49072299eba6 P 3b6ed922ca884c0495cb0510679a16e8 [term 0 FOLLOWER]: Advancing to term 1
