I20260709 13:11:12.221446  3571 raft_consensus.cc:515] T 73306d7fb92d453f9bf0a276dec4b2ac P cccaf695104140aa8aaab2bf13ed94e7 [term 3 FOLLOWER]: Starting forced leader election with config: opid_index: -1 OBSOLETE_local: false peers { permanent_uuid: "5297df99dc7244f6bcdea500916342f2" member_type: VOTER last_known_addr { host: "127.2.188.65" port: 36985 } } peers { permanent_uuid: "c57c742d465f420fba829953ede4d8f1" member_type: VOTER last_known_addr { host: "127.2.188.66" port: 46309 } } peers { permanent_uuid: "cccaf695104140aa8aaab2bf13ed94e7" member_type: VOTER last_known_addr { host: "127.2.188.67" port: 44683 } }
I20260709 13:11:12.223066  3571 leader_election.cc:290] T 73306d7fb92d453f9bf0a276dec4b2ac P cccaf695104140aa8aaab2bf13ed94e7 [CANDIDATE]: Term 3 election: Requested vote from peers 5297df99dc7244f6bcdea500916342f2 (127.2.188.65:36985), c57c742d465f420fba829953ede4d8f1 (127.2.188.66:46309)
I20260709 13:11:12.223937  3424 tablet_service.cc:1917] Received RequestConsensusVote() RPC: tablet_id: "73306d7fb92d453f9bf0a276dec4b2ac" candidate_uuid: "cccaf695104140aa8aaab2bf13ed94e7" candidate_term: 3 candidate_status { last_received { term: 2 index: 2 } } ignore_live_leader: true dest_uuid: "5297df99dc7244f6bcdea500916342f2"
I20260709 13:11:12.224093  3497 tablet_service.cc:1917] Received RequestConsensusVote() RPC: tablet_id: "73306d7fb92d453f9bf0a276dec4b2ac" candidate_uuid: "cccaf695104140aa8aaab2bf13ed94e7" candidate_term: 3 candidate_status { last_received { term: 2 index: 2 } } ignore_live_leader: true dest_uuid: "c57c742d465f420fba829953ede4d8f1"
I20260709 13:11:12.224447  3424 raft_consensus.cc:3055] T 73306d7fb92d453f9bf0a276dec4b2ac P 5297df99dc7244f6bcdea500916342f2 [term 2 LEADER]: Stepping down as leader of term 2
I20260709 13:11:12.224607  3497 raft_consensus.cc:3060] T 73306d7fb92d453f9bf0a276dec4b2ac P c57c742d465f420fba829953ede4d8f1 [term 2 FOLLOWER]: Advancing to term 3
I20260709 13:11:12.224788  3424 raft_consensus.cc:740] T 73306d7fb92d453f9bf0a276dec4b2ac P 5297df99dc7244f6bcdea500916342f2 [term 2 LEADER]: Becoming Follower/Learner. State: Replica: 5297df99dc7244f6bcdea500916342f2, State: Running, Role: LEADER
I20260709 13:11:12.225608  3424 consensus_queue.cc:260] T 73306d7fb92d453f9bf0a276dec4b2ac P 5297df99dc7244f6bcdea500916342f2 [NON_LEADER]: Queue going to NON_LEADER mode. State: All replicated index: 0, Majority replicated index: 2, Committed index: 2, Last appended: 2.2, Last appended by leader: 2, Current term: 2, Majority size: -1, State: 0, Mode: NON_LEADER, active raft config: opid_index: -1 OBSOLETE_local: false peers { permanent_uuid: "5297df99dc7244f6bcdea500916342f2" member_type: VOTER last_known_addr { host: "127.2.188.65" port: 36985 } } peers { permanent_uuid: "c57c742d465f420fba829953ede4d8f1" member_type: VOTER last_known_addr { host: "127.2.188.66" port: 46309 } } peers { permanent_uuid: "cccaf695104140aa8aaab2bf13ed94e7" member_type: VOTER last_known_addr { host: "127.2.188.67" port: 44683 } }
I20260709 13:11:12.226529  3424 raft_consensus.cc:3060] T 73306d7fb92d453f9bf0a276dec4b2ac P 5297df99dc7244f6bcdea500916342f2 [term 2 FOLLOWER]: Advancing to term 3
I20260709 13:11:12.229171  3497 raft_consensus.cc:2468] T 73306d7fb92d453f9bf0a276dec4b2ac P c57c742d465f420fba829953ede4d8f1 [term 3 FOLLOWER]: Leader election vote request: Granting yes vote for candidate cccaf695104140aa8aaab2bf13ed94e7 in term 3.
I20260709 13:11:12.230170  3539 leader_election.cc:304] T 73306d7fb92d453f9bf0a276dec4b2ac P cccaf695104140aa8aaab2bf13ed94e7 [CANDIDATE]: Term 3 election: Election decided. Result: candidate won. Election summary: received 2 responses out of 3 voters: 2 yes votes; 0 no votes. yes voters: c57c742d465f420fba829953ede4d8f1, cccaf695104140aa8aaab2bf13ed94e7; no voters: 
I20260709 13:11:12.230875  3747 raft_consensus.cc:2804] T 73306d7fb92d453f9bf0a276dec4b2ac P cccaf695104140aa8aaab2bf13ed94e7 [term 3 FOLLOWER]: Leader election won for term 3
I20260709 13:11:12.231240  3747 raft_consensus.cc:697] T 73306d7fb92d453f9bf0a276dec4b2ac P cccaf695104140aa8aaab2bf13ed94e7 [term 3 LEADER]: Becoming Leader. State: Replica: cccaf695104140aa8aaab2bf13ed94e7, State: Running, Role: LEADER
I20260709 13:11:12.232204  3424 raft_consensus.cc:2468] T 73306d7fb92d453f9bf0a276dec4b2ac P 5297df99dc7244f6bcdea500916342f2 [term 3 FOLLOWER]: Leader election vote request: Granting yes vote for candidate cccaf695104140aa8aaab2bf13ed94e7 in term 3.
I20260709 13:11:12.232064  3747 consensus_queue.cc:237] T 73306d7fb92d453f9bf0a276dec4b2ac P cccaf695104140aa8aaab2bf13ed94e7 [LEADER]: Queue going to LEADER mode. State: All replicated index: 0, Majority replicated index: 2, Committed index: 2, Last appended: 2.2, Last appended by leader: 2, Current term: 3, Majority size: 2, State: 0, Mode: LEADER, active raft config: opid_index: -1 OBSOLETE_local: false peers { permanent_uuid: "5297df99dc7244f6bcdea500916342f2" member_type: VOTER last_known_addr { host: "127.2.188.65" port: 36985 } } peers { permanent_uuid: "c57c742d465f420fba829953ede4d8f1" member_type: VOTER last_known_addr { host: "127.2.188.66" port: 46309 } } peers { permanent_uuid: "cccaf695104140aa8aaab2bf13ed94e7" member_type: VOTER last_known_addr { host: "127.2.188.67" port: 44683 } }
I20260709 13:11:12.238899  3322 catalog_manager.cc:5697] T 73306d7fb92d453f9bf0a276dec4b2ac P cccaf695104140aa8aaab2bf13ed94e7 reported cstate change: term changed from 2 to 3, leader changed from 5297df99dc7244f6bcdea500916342f2 (127.2.188.65) to cccaf695104140aa8aaab2bf13ed94e7 (127.2.188.67). New cstate: current_term: 3 leader_uuid: "cccaf695104140aa8aaab2bf13ed94e7" committed_config { opid_index: -1 OBSOLETE_local: false peers { permanent_uuid: "5297df99dc7244f6bcdea500916342f2" member_type: VOTER last_known_addr { host: "127.2.188.65" port: 36985 } health_report { overall_health: UNKNOWN } } peers { permanent_uuid: "c57c742d465f420fba829953ede4d8f1" member_type: VOTER last_known_addr { host: "127.2.188.66" port: 46309 } health_report { overall_health: UNKNOWN } } peers { permanent_uuid: "cccaf695104140aa8aaab2bf13ed94e7" member_type: VOTER last_known_addr { host: "127.2.188.67" port: 44683 } health_report { overall_health: HEALTHY } } }
I20260709 13:11:12.355219  3571 raft_consensus.cc:1275] T 0bd89e60b62e4268b1b2130305ac3943 P cccaf695104140aa8aaab2bf13ed94e7 [term 5 FOLLOWER]: Refusing update from remote peer c57c742d465f420fba829953ede4d8f1: Log matching property violated. Preceding OpId in replica: term: 4 index: 4. Preceding OpId from leader: term: 5 index: 5. (index mismatch)
I20260709 13:11:12.356388  3648 consensus_queue.cc:1048] T 0bd89e60b62e4268b1b2130305ac3943 P c57c742d465f420fba829953ede4d8f1 [LEADER]: Connected to new peer: Peer: permanent_uuid: "cccaf695104140aa8aaab2bf13ed94e7" member_type: VOTER last_known_addr { host: "127.2.188.67" port: 44683 }, Status: LMP_MISMATCH, Last received: 0.0, Next index: 5, Last known committed idx: 4, Time since last communication: 0.000s
I20260709 13:11:12.367318  3424 raft_consensus.cc:1275] T 0bd89e60b62e4268b1b2130305ac3943 P 5297df99dc7244f6bcdea500916342f2 [term 5 FOLLOWER]: Refusing update from remote peer c57c742d465f420fba829953ede4d8f1: Log matching property violated. Preceding OpId in replica: term: 4 index: 4. Preceding OpId from leader: term: 5 index: 5. (index mismatch)
I20260709 13:11:12.369211  3760 consensus_queue.cc:1048] T 0bd89e60b62e4268b1b2130305ac3943 P c57c742d465f420fba829953ede4d8f1 [LEADER]: Connected to new peer: Peer: permanent_uuid: "5297df99dc7244f6bcdea500916342f2" member_type: VOTER last_known_addr { host: "127.2.188.65" port: 36985 }, Status: LMP_MISMATCH, Last received: 0.0, Next index: 5, Last known committed idx: 4, Time since last communication: 0.001s
I20260709 13:11:12.494374  3424 raft_consensus.cc:1275] T f20c533e2d974c538f7b06db30b3b537 P 5297df99dc7244f6bcdea500916342f2 [term 3 FOLLOWER]: Refusing update from remote peer cccaf695104140aa8aaab2bf13ed94e7: Log matching property violated. Preceding OpId in replica: term: 2 index: 2. Preceding OpId from leader: term: 3 index: 3. (index mismatch)
I20260709 13:11:12.495721  3747 consensus_queue.cc:1048] T f20c533e2d974c538f7b06db30b3b537 P cccaf695104140aa8aaab2bf13ed94e7 [LEADER]: Connected to new peer: Peer: permanent_uuid: "5297df99dc7244f6bcdea500916342f2" member_type: VOTER last_known_addr { host: "127.2.188.65" port: 36985 }, Status: LMP_MISMATCH, Last received: 0.0, Next index: 3, Last known committed idx: 2, Time since last communication: 0.000s
I20260709 13:11:12.505563  3497 raft_consensus.cc:1275] T f20c533e2d974c538f7b06db30b3b537 P c57c742d465f420fba829953ede4d8f1 [term 3 FOLLOWER]: Refusing update from remote peer cccaf695104140aa8aaab2bf13ed94e7: Log matching property violated. Preceding OpId in replica: term: 2 index: 2. Preceding OpId from leader: term: 3 index: 3. (index mismatch)
I20260709 13:11:12.507073  3747 consensus_queue.cc:1048] T f20c533e2d974c538f7b06db30b3b537 P cccaf695104140aa8aaab2bf13ed94e7 [LEADER]: Connected to new peer: Peer: permanent_uuid: "c57c742d465f420fba829953ede4d8f1" member_type: VOTER last_known_addr { host: "127.2.188.66" port: 46309 }, Status: LMP_MISMATCH, Last received: 0.0, Next index: 3, Last known committed idx: 2, Time since last communication: 0.000s
I20260709 13:11:12.596897  3571 raft_consensus.cc:1275] T d8171cea338144db94d31b605067234e P cccaf695104140aa8aaab2bf13ed94e7 [term 3 FOLLOWER]: Refusing update from remote peer c57c742d465f420fba829953ede4d8f1: Log matching property violated. Preceding OpId in replica: term: 2 index: 2. Preceding OpId from leader: term: 3 index: 3. (index mismatch)
I20260709 13:11:12.598167  3760 consensus_queue.cc:1048] T d8171cea338144db94d31b605067234e P c57c742d465f420fba829953ede4d8f1 [LEADER]: Connected to new peer: Peer: permanent_uuid: "cccaf695104140aa8aaab2bf13ed94e7" member_type: VOTER last_known_addr { host: "127.2.188.67" port: 44683 }, Status: LMP_MISMATCH, Last received: 0.0, Next index: 3, Last known committed idx: 2, Time since last communication: 0.000s
I20260709 13:11:12.607669  3424 raft_consensus.cc:1275] T d8171cea338144db94d31b605067234e P 5297df99dc7244f6bcdea500916342f2 [term 3 FOLLOWER]: Refusing update from remote peer c57c742d465f420fba829953ede4d8f1: Log matching property violated. Preceding OpId in replica: term: 2 index: 2. Preceding OpId from leader: term: 3 index: 3. (index mismatch)
I20260709 13:11:12.609987  3768 consensus_queue.cc:1048] T d8171cea338144db94d31b605067234e P c57c742d465f420fba829953ede4d8f1 [LEADER]: Connected to new peer: Peer: permanent_uuid: "5297df99dc7244f6bcdea500916342f2" member_type: VOTER last_known_addr { host: "127.2.188.65" port: 36985 }, Status: LMP_MISMATCH, Last received: 0.0, Next index: 3, Last known committed idx: 2, Time since last communication: 0.001s
I20260709 13:11:12.848613  3497 raft_consensus.cc:1275] T 73306d7fb92d453f9bf0a276dec4b2ac P c57c742d465f420fba829953ede4d8f1 [term 3 FOLLOWER]: Refusing update from remote peer cccaf695104140aa8aaab2bf13ed94e7: Log matching property violated. Preceding OpId in replica: term: 2 index: 2. Preceding OpId from leader: term: 3 index: 3. (index mismatch)
I20260709 13:11:12.849990  3746 consensus_queue.cc:1048] T 73306d7fb92d453f9bf0a276dec4b2ac P cccaf695104140aa8aaab2bf13ed94e7 [LEADER]: Connected to new peer: Peer: permanent_uuid: "c57c742d465f420fba829953ede4d8f1" member_type: VOTER last_known_addr { host: "127.2.188.66" port: 46309 }, Status: LMP_MISMATCH, Last received: 0.0, Next index: 3, Last known committed idx: 2, Time since last communication: 0.000s
I20260709 13:11:12.855017  3424 raft_consensus.cc:1275] T 73306d7fb92d453f9bf0a276dec4b2ac P 5297df99dc7244f6bcdea500916342f2 [term 3 FOLLOWER]: Refusing update from remote peer cccaf695104140aa8aaab2bf13ed94e7: Log matching property violated. Preceding OpId in replica: term: 2 index: 2. Preceding OpId from leader: term: 3 index: 3. (index mismatch)
I20260709 13:11:12.856412  3746 consensus_queue.cc:1048] T 73306d7fb92d453f9bf0a276dec4b2ac P cccaf695104140aa8aaab2bf13ed94e7 [LEADER]: Connected to new peer: Peer: permanent_uuid: "5297df99dc7244f6bcdea500916342f2" member_type: VOTER last_known_addr { host: "127.2.188.65" port: 36985 }, Status: LMP_MISMATCH, Last received: 0.0, Next index: 3, Last known committed idx: 2, Time since last communication: 0.000s
I20260709 13:11:12.887046  2801 auto_leader_rebalancer.cc:141] leader rebalance for table test-workload
I20260709 13:11:12.892865  2801 tablet_server.cc:179] TabletServer@127.2.188.65:0 shutting down...
I20260709 13:11:12.919914  2801 ts_tablet_manager.cc:1507] Shutting down tablet manager...
I20260709 13:11:12.920706  2801 tablet_replica.cc:333] T 309fdaccd4a348b5ad3cff7698fa2ce1 P 5297df99dc7244f6bcdea500916342f2: stopping tablet replica
I20260709 13:11:12.921717  2801 raft_consensus.cc:2243] T 309fdaccd4a348b5ad3cff7698fa2ce1 P 5297df99dc7244f6bcdea500916342f2 [term 2 FOLLOWER]: Raft consensus shutting down.
I20260709 13:11:12.922386  2801 raft_consensus.cc:2272] T 309fdaccd4a348b5ad3cff7698fa2ce1 P 5297df99dc7244f6bcdea500916342f2 [term 2 FOLLOWER]: Raft consensus is shut down!
I20260709 13:11:12.924325  2801 tablet_replica.cc:333] T d4898b7c04b1497a930281b3f48e84b4 P 5297df99dc7244f6bcdea500916342f2: stopping tablet replica
I20260709 13:11:12.924952  2801 raft_consensus.cc:2243] T d4898b7c04b1497a930281b3f48e84b4 P 5297df99dc7244f6bcdea500916342f2 [term 1 FOLLOWER]: Raft consensus shutting down.
I20260709 13:11:12.925441  2801 raft_consensus.cc:2272] T d4898b7c04b1497a930281b3f48e84b4 P 5297df99dc7244f6bcdea500916342f2 [term 1 FOLLOWER]: Raft consensus is shut down!
I20260709 13:11:12.927110  2801 tablet_replica.cc:333] T f20c533e2d974c538f7b06db30b3b537 P 5297df99dc7244f6bcdea500916342f2: stopping tablet replica
I20260709 13:11:12.927615  2801 raft_consensus.cc:2243] T f20c533e2d974c538f7b06db30b3b537 P 5297df99dc7244f6bcdea500916342f2 [term 3 FOLLOWER]: Raft consensus shutting down.
I20260709 13:11:12.928025  2801 raft_consensus.cc:2272] T f20c533e2d974c538f7b06db30b3b537 P 5297df99dc7244f6bcdea500916342f2 [term 3 FOLLOWER]: Raft consensus is shut down!
I20260709 13:11:12.930392  2801 tablet_replica.cc:333] T d8171cea338144db94d31b605067234e P 5297df99dc7244f6bcdea500916342f2: stopping tablet replica
I20260709 13:11:12.930965  2801 raft_consensus.cc:2243] T d8171cea338144db94d31b605067234e P 5297df99dc7244f6bcdea500916342f2 [term 3 FOLLOWER]: Raft consensus shutting down.
I20260709 13:11:12.931373  2801 raft_consensus.cc:2272] T d8171cea338144db94d31b605067234e P 5297df99dc7244f6bcdea500916342f2 [term 3 FOLLOWER]: Raft consensus is shut down!
I20260709 13:11:12.933988  2801 tablet_replica.cc:333] T 0bd89e60b62e4268b1b2130305ac3943 P 5297df99dc7244f6bcdea500916342f2: stopping tablet replica
I20260709 13:11:12.934487  2801 raft_consensus.cc:2243] T 0bd89e60b62e4268b1b2130305ac3943 P 5297df99dc7244f6bcdea500916342f2 [term 5 FOLLOWER]: Raft consensus shutting down.
I20260709 13:11:12.934896  2801 raft_consensus.cc:2272] T 0bd89e60b62e4268b1b2130305ac3943 P 5297df99dc7244f6bcdea500916342f2 [term 5 FOLLOWER]: Raft consensus is shut down!
I20260709 13:11:12.937275  2801 tablet_replica.cc:333] T 422fbcdfc30346a3a61c1e21f7cfd509 P 5297df99dc7244f6bcdea500916342f2: stopping tablet replica
I20260709 13:11:12.937950  2801 raft_consensus.cc:2243] T 422fbcdfc30346a3a61c1e21f7cfd509 P 5297df99dc7244f6bcdea500916342f2 [term 2 LEADER]: Raft consensus shutting down.
W20260709 13:11:12.938482  3462 proxy.cc:239] Call had error, refreshing address and retrying: Remote error: Service unavailable: service kudu.consensus.ConsensusService not registered on TabletServer [suppressed 2 similar messages]
I20260709 13:11:12.938787  2801 raft_consensus.cc:2272] T 422fbcdfc30346a3a61c1e21f7cfd509 P 5297df99dc7244f6bcdea500916342f2 [term 2 FOLLOWER]: Raft consensus is shut down!
I20260709 13:11:12.940856  2801 tablet_replica.cc:333] T acbf1f3d576d4e70b4f48c3e5db07b6b P 5297df99dc7244f6bcdea500916342f2: stopping tablet replica
I20260709 13:11:12.941478  2801 raft_consensus.cc:2243] T acbf1f3d576d4e70b4f48c3e5db07b6b P 5297df99dc7244f6bcdea500916342f2 [term 4 LEADER]: Raft consensus shutting down.
W20260709 13:11:12.941517  3462 consensus_peers.cc:597] T d4898b7c04b1497a930281b3f48e84b4 P c57c742d465f420fba829953ede4d8f1 -> Peer 5297df99dc7244f6bcdea500916342f2 (127.2.188.65:36985): Couldn't send request to peer 5297df99dc7244f6bcdea500916342f2. Status: Remote error: Service unavailable: service kudu.consensus.ConsensusService not registered on TabletServer. This is attempt 1: this message will repeat every 5th retry.
I20260709 13:11:12.942361  2801 raft_consensus.cc:2272] T acbf1f3d576d4e70b4f48c3e5db07b6b P 5297df99dc7244f6bcdea500916342f2 [term 4 FOLLOWER]: Raft consensus is shut down!
I20260709 13:11:12.943969  2801 tablet_replica.cc:333] T 5b1a89c8206741ab8879393e5368e1c9 P 5297df99dc7244f6bcdea500916342f2: stopping tablet replica
I20260709 13:11:12.944409  2801 raft_consensus.cc:2243] T 5b1a89c8206741ab8879393e5368e1c9 P 5297df99dc7244f6bcdea500916342f2 [term 3 LEADER]: Raft consensus shutting down.
I20260709 13:11:12.945153  2801 raft_consensus.cc:2272] T 5b1a89c8206741ab8879393e5368e1c9 P 5297df99dc7244f6bcdea500916342f2 [term 3 FOLLOWER]: Raft consensus is shut down!
I20260709 13:11:12.946882  2801 tablet_replica.cc:333] T 73306d7fb92d453f9bf0a276dec4b2ac P 5297df99dc7244f6bcdea500916342f2: stopping tablet replica
I20260709 13:11:12.947299  2801 raft_consensus.cc:2243] T 73306d7fb92d453f9bf0a276dec4b2ac P 5297df99dc7244f6bcdea500916342f2 [term 3 FOLLOWER]: Raft consensus shutting down.
I20260709 13:11:12.947619  2801 raft_consensus.cc:2272] T 73306d7fb92d453f9bf0a276dec4b2ac P 5297df99dc7244f6bcdea500916342f2 [term 3 FOLLOWER]: Raft consensus is shut down!
I20260709 13:11:12.949573  2801 tablet_replica.cc:333] T 410060c96adb42819132a33c01d6985a P 5297df99dc7244f6bcdea500916342f2: stopping tablet replica
I20260709 13:11:12.949985  2801 raft_consensus.cc:2243] T 410060c96adb42819132a33c01d6985a P 5297df99dc7244f6bcdea500916342f2 [term 2 LEADER]: Raft consensus shutting down.
I20260709 13:11:12.950657  2801 raft_consensus.cc:2272] T 410060c96adb42819132a33c01d6985a P 5297df99dc7244f6bcdea500916342f2 [term 2 FOLLOWER]: Raft consensus is shut down!
I20260709 13:11:12.980089  2801 tablet_server.cc:196] TabletServer@127.2.188.65:0 shutdown complete.
I20260709 13:11:13.000360  2801 tablet_server.cc:179] TabletServer@127.2.188.66:0 shutting down...
I20260709 13:11:13.024025  2801 ts_tablet_manager.cc:1507] Shutting down tablet manager...
I20260709 13:11:13.024744  2801 tablet_replica.cc:333] T 309fdaccd4a348b5ad3cff7698fa2ce1 P c57c742d465f420fba829953ede4d8f1: stopping tablet replica
I20260709 13:11:13.025442  2801 raft_consensus.cc:2243] T 309fdaccd4a348b5ad3cff7698fa2ce1 P c57c742d465f420fba829953ede4d8f1 [term 2 FOLLOWER]: Raft consensus shutting down.
I20260709 13:11:13.025923  2801 raft_consensus.cc:2272] T 309fdaccd4a348b5ad3cff7698fa2ce1 P c57c742d465f420fba829953ede4d8f1 [term 2 FOLLOWER]: Raft consensus is shut down!
I20260709 13:11:13.027714  2801 tablet_replica.cc:333] T f20c533e2d974c538f7b06db30b3b537 P c57c742d465f420fba829953ede4d8f1: stopping tablet replica
I20260709 13:11:13.028236  2801 raft_consensus.cc:2243] T f20c533e2d974c538f7b06db30b3b537 P c57c742d465f420fba829953ede4d8f1 [term 3 FOLLOWER]: Raft consensus shutting down.
I20260709 13:11:13.028659  2801 raft_consensus.cc:2272] T f20c533e2d974c538f7b06db30b3b537 P c57c742d465f420fba829953ede4d8f1 [term 3 FOLLOWER]: Raft consensus is shut down!
I20260709 13:11:13.030927  2801 tablet_replica.cc:333] T d4898b7c04b1497a930281b3f48e84b4 P c57c742d465f420fba829953ede4d8f1: stopping tablet replica
I20260709 13:11:13.031436  2801 raft_consensus.cc:2243] T d4898b7c04b1497a930281b3f48e84b4 P c57c742d465f420fba829953ede4d8f1 [term 1 LEADER]: Raft consensus shutting down.
I20260709 13:11:13.032294  2801 raft_consensus.cc:2272] T d4898b7c04b1497a930281b3f48e84b4 P c57c742d465f420fba829953ede4d8f1 [term 1 FOLLOWER]: Raft consensus is shut down!
I20260709 13:11:13.034300  2801 tablet_replica.cc:333] T d8171cea338144db94d31b605067234e P c57c742d465f420fba829953ede4d8f1: stopping tablet replica
I20260709 13:11:13.034830  2801 raft_consensus.cc:2243] T d8171cea338144db94d31b605067234e P c57c742d465f420fba829953ede4d8f1 [term 3 LEADER]: Raft consensus shutting down.
I20260709 13:11:13.035542  2801 raft_consensus.cc:2272] T d8171cea338144db94d31b605067234e P c57c742d465f420fba829953ede4d8f1 [term 3 FOLLOWER]: Raft consensus is shut down!
I20260709 13:11:13.037612  2801 tablet_replica.cc:333] T 5b1a89c8206741ab8879393e5368e1c9 P c57c742d465f420fba829953ede4d8f1: stopping tablet replica
I20260709 13:11:13.038106  2801 raft_consensus.cc:2243] T 5b1a89c8206741ab8879393e5368e1c9 P c57c742d465f420fba829953ede4d8f1 [term 3 FOLLOWER]: Raft consensus shutting down.
I20260709 13:11:13.038533  2801 raft_consensus.cc:2272] T 5b1a89c8206741ab8879393e5368e1c9 P c57c742d465f420fba829953ede4d8f1 [term 3 FOLLOWER]: Raft consensus is shut down!
I20260709 13:11:13.040077  2801 tablet_replica.cc:333] T 422fbcdfc30346a3a61c1e21f7cfd509 P c57c742d465f420fba829953ede4d8f1: stopping tablet replica
I20260709 13:11:13.040561  2801 raft_consensus.cc:2243] T 422fbcdfc30346a3a61c1e21f7cfd509 P c57c742d465f420fba829953ede4d8f1 [term 2 FOLLOWER]: Raft consensus shutting down.
I20260709 13:11:13.040967  2801 raft_consensus.cc:2272] T 422fbcdfc30346a3a61c1e21f7cfd509 P c57c742d465f420fba829953ede4d8f1 [term 2 FOLLOWER]: Raft consensus is shut down!
I20260709 13:11:13.042611  2801 tablet_replica.cc:333] T acbf1f3d576d4e70b4f48c3e5db07b6b P c57c742d465f420fba829953ede4d8f1: stopping tablet replica
I20260709 13:11:13.043092  2801 raft_consensus.cc:2243] T acbf1f3d576d4e70b4f48c3e5db07b6b P c57c742d465f420fba829953ede4d8f1 [term 4 FOLLOWER]: Raft consensus shutting down.
I20260709 13:11:13.043507  2801 raft_consensus.cc:2272] T acbf1f3d576d4e70b4f48c3e5db07b6b P c57c742d465f420fba829953ede4d8f1 [term 4 FOLLOWER]: Raft consensus is shut down!
I20260709 13:11:13.045008  2801 tablet_replica.cc:333] T 410060c96adb42819132a33c01d6985a P c57c742d465f420fba829953ede4d8f1: stopping tablet replica
I20260709 13:11:13.045523  2801 raft_consensus.cc:2243] T 410060c96adb42819132a33c01d6985a P c57c742d465f420fba829953ede4d8f1 [term 2 FOLLOWER]: Raft consensus shutting down.
I20260709 13:11:13.045941  2801 raft_consensus.cc:2272] T 410060c96adb42819132a33c01d6985a P c57c742d465f420fba829953ede4d8f1 [term 2 FOLLOWER]: Raft consensus is shut down!
I20260709 13:11:13.047475  2801 tablet_replica.cc:333] T 73306d7fb92d453f9bf0a276dec4b2ac P c57c742d465f420fba829953ede4d8f1: stopping tablet replica
I20260709 13:11:13.047922  2801 raft_consensus.cc:2243] T 73306d7fb92d453f9bf0a276dec4b2ac P c57c742d465f420fba829953ede4d8f1 [term 3 FOLLOWER]: Raft consensus shutting down.
I20260709 13:11:13.048313  2801 raft_consensus.cc:2272] T 73306d7fb92d453f9bf0a276dec4b2ac P c57c742d465f420fba829953ede4d8f1 [term 3 FOLLOWER]: Raft consensus is shut down!
I20260709 13:11:13.050436  2801 tablet_replica.cc:333] T 0bd89e60b62e4268b1b2130305ac3943 P c57c742d465f420fba829953ede4d8f1: stopping tablet replica
I20260709 13:11:13.050891  2801 raft_consensus.cc:2243] T 0bd89e60b62e4268b1b2130305ac3943 P c57c742d465f420fba829953ede4d8f1 [term 5 LEADER]: Raft consensus shutting down.
I20260709 13:11:13.051558  2801 raft_consensus.cc:2272] T 0bd89e60b62e4268b1b2130305ac3943 P c57c742d465f420fba829953ede4d8f1 [term 5 FOLLOWER]: Raft consensus is shut down!
W20260709 13:11:13.070246  3536 consensus_peers.cc:597] T 309fdaccd4a348b5ad3cff7698fa2ce1 P cccaf695104140aa8aaab2bf13ed94e7 -> Peer 5297df99dc7244f6bcdea500916342f2 (127.2.188.65:36985): Couldn't send request to peer 5297df99dc7244f6bcdea500916342f2. Status: Network error: Client connection negotiation failed: client connection to 127.2.188.65:36985: connect: Connection refused (error 111). This is attempt 1: this message will repeat every 5th retry.
I20260709 13:11:13.074234  2801 tablet_server.cc:196] TabletServer@127.2.188.66:0 shutdown complete.
I20260709 13:11:13.093526  2801 tablet_server.cc:179] TabletServer@127.2.188.67:0 shutting down...
W20260709 13:11:13.098277  3536 consensus_peers.cc:597] T f20c533e2d974c538f7b06db30b3b537 P cccaf695104140aa8aaab2bf13ed94e7 -> Peer 5297df99dc7244f6bcdea500916342f2 (127.2.188.65:36985): Couldn't send request to peer 5297df99dc7244f6bcdea500916342f2. Status: Network error: Client connection negotiation failed: client connection to 127.2.188.65:36985: connect: Connection refused (error 111). This is attempt 1: this message will repeat every 5th retry.
I20260709 13:11:13.116833  2801 ts_tablet_manager.cc:1507] Shutting down tablet manager...
I20260709 13:11:13.117635  2801 tablet_replica.cc:333] T 309fdaccd4a348b5ad3cff7698fa2ce1 P cccaf695104140aa8aaab2bf13ed94e7: stopping tablet replica
I20260709 13:11:13.118635  2801 raft_consensus.cc:2243] T 309fdaccd4a348b5ad3cff7698fa2ce1 P cccaf695104140aa8aaab2bf13ed94e7 [term 2 LEADER]: Raft consensus shutting down.
I20260709 13:11:13.119719  2801 raft_consensus.cc:2272] T 309fdaccd4a348b5ad3cff7698fa2ce1 P cccaf695104140aa8aaab2bf13ed94e7 [term 2 FOLLOWER]: Raft consensus is shut down!
I20260709 13:11:13.121565  2801 tablet_replica.cc:333] T f20c533e2d974c538f7b06db30b3b537 P cccaf695104140aa8aaab2bf13ed94e7: stopping tablet replica
I20260709 13:11:13.122079  2801 raft_consensus.cc:2243] T f20c533e2d974c538f7b06db30b3b537 P cccaf695104140aa8aaab2bf13ed94e7 [term 3 LEADER]: Raft consensus shutting down.
I20260709 13:11:13.122751  2801 raft_consensus.cc:2272] T f20c533e2d974c538f7b06db30b3b537 P cccaf695104140aa8aaab2bf13ed94e7 [term 3 FOLLOWER]: Raft consensus is shut down!
I20260709 13:11:13.125385  2801 tablet_replica.cc:333] T d4898b7c04b1497a930281b3f48e84b4 P cccaf695104140aa8aaab2bf13ed94e7: stopping tablet replica
I20260709 13:11:13.125900  2801 raft_consensus.cc:2243] T d4898b7c04b1497a930281b3f48e84b4 P cccaf695104140aa8aaab2bf13ed94e7 [term 1 FOLLOWER]: Raft consensus shutting down.
I20260709 13:11:13.126305  2801 raft_consensus.cc:2272] T d4898b7c04b1497a930281b3f48e84b4 P cccaf695104140aa8aaab2bf13ed94e7 [term 1 FOLLOWER]: Raft consensus is shut down!
I20260709 13:11:13.127977  2801 tablet_replica.cc:333] T 410060c96adb42819132a33c01d6985a P cccaf695104140aa8aaab2bf13ed94e7: stopping tablet replica
I20260709 13:11:13.128499  2801 raft_consensus.cc:2243] T 410060c96adb42819132a33c01d6985a P cccaf695104140aa8aaab2bf13ed94e7 [term 2 FOLLOWER]: Raft consensus shutting down.
I20260709 13:11:13.128935  2801 raft_consensus.cc:2272] T 410060c96adb42819132a33c01d6985a P cccaf695104140aa8aaab2bf13ed94e7 [term 2 FOLLOWER]: Raft consensus is shut down!
I20260709 13:11:13.130668  2801 tablet_replica.cc:333] T 73306d7fb92d453f9bf0a276dec4b2ac P cccaf695104140aa8aaab2bf13ed94e7: stopping tablet replica
I20260709 13:11:13.131170  2801 raft_consensus.cc:2243] T 73306d7fb92d453f9bf0a276dec4b2ac P cccaf695104140aa8aaab2bf13ed94e7 [term 3 LEADER]: Raft consensus shutting down.
I20260709 13:11:13.131857  2801 raft_consensus.cc:2272] T 73306d7fb92d453f9bf0a276dec4b2ac P cccaf695104140aa8aaab2bf13ed94e7 [term 3 FOLLOWER]: Raft consensus is shut down!
I20260709 13:11:13.133842  2801 tablet_replica.cc:333] T 0bd89e60b62e4268b1b2130305ac3943 P cccaf695104140aa8aaab2bf13ed94e7: stopping tablet replica
I20260709 13:11:13.134334  2801 raft_consensus.cc:2243] T 0bd89e60b62e4268b1b2130305ac3943 P cccaf695104140aa8aaab2bf13ed94e7 [term 5 FOLLOWER]: Raft consensus shutting down.
I20260709 13:11:13.134789  2801 raft_consensus.cc:2272] T 0bd89e60b62e4268b1b2130305ac3943 P cccaf695104140aa8aaab2bf13ed94e7 [term 5 FOLLOWER]: Raft consensus is shut down!
I20260709 13:11:13.136777  2801 tablet_replica.cc:333] T 5b1a89c8206741ab8879393e5368e1c9 P cccaf695104140aa8aaab2bf13ed94e7: stopping tablet replica
I20260709 13:11:13.137250  2801 raft_consensus.cc:2243] T 5b1a89c8206741ab8879393e5368e1c9 P cccaf695104140aa8aaab2bf13ed94e7 [term 3 FOLLOWER]: Raft consensus shutting down.
I20260709 13:11:13.137737  2801 raft_consensus.cc:2272] T 5b1a89c8206741ab8879393e5368e1c9 P cccaf695104140aa8aaab2bf13ed94e7 [term 3 FOLLOWER]: Raft consensus is shut down!
I20260709 13:11:13.139257  2801 tablet_replica.cc:333] T 422fbcdfc30346a3a61c1e21f7cfd509 P cccaf695104140aa8aaab2bf13ed94e7: stopping tablet replica
I20260709 13:11:13.139719  2801 raft_consensus.cc:2243] T 422fbcdfc30346a3a61c1e21f7cfd509 P cccaf695104140aa8aaab2bf13ed94e7 [term 2 FOLLOWER]: Raft consensus shutting down.
I20260709 13:11:13.140101  2801 raft_consensus.cc:2272] T 422fbcdfc30346a3a61c1e21f7cfd509 P cccaf695104140aa8aaab2bf13ed94e7 [term 2 FOLLOWER]: Raft consensus is shut down!
I20260709 13:11:13.141764  2801 tablet_replica.cc:333] T acbf1f3d576d4e70b4f48c3e5db07b6b P cccaf695104140aa8aaab2bf13ed94e7: stopping tablet replica
I20260709 13:11:13.142196  2801 raft_consensus.cc:2243] T acbf1f3d576d4e70b4f48c3e5db07b6b P cccaf695104140aa8aaab2bf13ed94e7 [term 4 FOLLOWER]: Raft consensus shutting down.
I20260709 13:11:13.142591  2801 raft_consensus.cc:2272] T acbf1f3d576d4e70b4f48c3e5db07b6b P cccaf695104140aa8aaab2bf13ed94e7 [term 4 FOLLOWER]: Raft consensus is shut down!
I20260709 13:11:13.144074  2801 tablet_replica.cc:333] T d8171cea338144db94d31b605067234e P cccaf695104140aa8aaab2bf13ed94e7: stopping tablet replica
I20260709 13:11:13.144496  2801 raft_consensus.cc:2243] T d8171cea338144db94d31b605067234e P cccaf695104140aa8aaab2bf13ed94e7 [term 3 FOLLOWER]: Raft consensus shutting down.
I20260709 13:11:13.144876  2801 raft_consensus.cc:2272] T d8171cea338144db94d31b605067234e P cccaf695104140aa8aaab2bf13ed94e7 [term 3 FOLLOWER]: Raft consensus is shut down!
I20260709 13:11:13.164965  2801 tablet_server.cc:196] TabletServer@127.2.188.67:0 shutdown complete.
I20260709 13:11:13.184250  2801 master.cc:562] Master@127.2.188.126:40093 shutting down...
I20260709 13:11:13.203258  2801 raft_consensus.cc:2243] T 00000000000000000000000000000000 P 63ebd28fcf4244f3b8628989f14633d5 [term 1 LEADER]: Raft consensus shutting down.
I20260709 13:11:13.203744  2801 raft_consensus.cc:2272] T 00000000000000000000000000000000 P 63ebd28fcf4244f3b8628989f14633d5 [term 1 FOLLOWER]: Raft consensus is shut down!
I20260709 13:11:13.204025  2801 tablet_replica.cc:333] T 00000000000000000000000000000000 P 63ebd28fcf4244f3b8628989f14633d5: stopping tablet replica
I20260709 13:11:13.224500  2801 master.cc:584] Master@127.2.188.126:40093 shutdown complete.
5297df99dc7244f6bcdea500916342f2  5
c57c742d465f420fba829953ede4d8f1  4
cccaf695104140aa8aaab2bf13ed94e7  1
[       OK ] LeaderRebalancerTest.FunctionalTestForNotDivided (10392 ms)
[ RUN      ] LeaderRebalancerTest.AddTserver
I20260709 13:11:13.266105  2801 internal_mini_cluster.cc:156] Creating distributed mini masters. Addrs: 127.2.188.126:36353
I20260709 13:11:13.267320  2801 file_cache.cc:504] Constructed file cache file cache with capacity 419430
W20260709 13:11:13.273033  3776 instance_detector.cc:116] could not retrieve Azure instance metadata: Network error: curl error: HTTP response code said error: The requested URL returned error: 404
W20260709 13:11:13.273094  3775 instance_detector.cc:116] could not retrieve AWS instance metadata: Network error: curl error: HTTP response code said error: The requested URL returned error: 404
W20260709 13:11:13.274025  3778 instance_detector.cc:116] could not retrieve OpenStack instance metadata: Network error: curl error: HTTP response code said error: The requested URL returned error: 404
I20260709 13:11:13.275246  2801 server_base.cc:1061] running on GCE node
I20260709 13:11:13.276036  2801 hybrid_clock.cc:584] initializing the hybrid clock with 'system_unsync' time source
W20260709 13:11:13.276250  2801 system_unsync_time.cc:38] NTP support is disabled. Clock error bounds will not be accurate. This configuration is not suitable for distributed clusters.
I20260709 13:11:13.276414  2801 hybrid_clock.cc:648] HybridClock initialized: now 1783602673276395 us; error 0 us; skew 500 ppm
I20260709 13:11:13.276926  2801 server_base.cc:861] Flag tcmalloc_max_total_thread_cache_bytes is not working since tcmalloc is not enabled.
I20260709 13:11:13.279374  2801 webserver.cc:533] Webserver started at http://127.2.188.126:39055/ using document root <none> and password file <none>
I20260709 13:11:13.279891  2801 fs_manager.cc:362] Metadata directory not provided
I20260709 13:11:13.280092  2801 fs_manager.cc:368] Using write-ahead log directory (fs_wal_dir) as metadata directory
I20260709 13:11:13.280390  2801 server_base.cc:909] This appears to be a new deployment of Kudu; creating new FS layout
I20260709 13:11:13.281693  2801 fs_manager.cc:1068] Generated new instance metadata in path /tmp/dist-test-taskWLbwF1/test-tmp/auto_leader_rebalancer-test.0.LeaderRebalancerTest.AddTserver.1783602650122459-2801-0/minicluster-data/master-0-root/instance:
uuid: "0c117b766cef468eb7123e55d64d55da"
format_stamp: "Formatted at 2026-07-09 13:11:13 on dist-test-slave-ndzg"
I20260709 13:11:13.286517  2801 fs_manager.cc:696] Time spent creating directory manager: real 0.004s	user 0.004s	sys 0.000s
I20260709 13:11:13.290225  3783 log_block_manager.cc:4127] Time spent loading block containers with low live blocks: real 0.000s	user 0.000s	sys 0.000s
I20260709 13:11:13.291157  2801 fs_manager.cc:730] Time spent opening block manager: real 0.002s	user 0.004s	sys 0.000s
I20260709 13:11:13.291410  2801 fs_manager.cc:647] Opened local filesystem: /tmp/dist-test-taskWLbwF1/test-tmp/auto_leader_rebalancer-test.0.LeaderRebalancerTest.AddTserver.1783602650122459-2801-0/minicluster-data/master-0-root
uuid: "0c117b766cef468eb7123e55d64d55da"
format_stamp: "Formatted at 2026-07-09 13:11:13 on dist-test-slave-ndzg"
I20260709 13:11:13.291771  2801 fs_report.cc:389] FS layout report
--------------------
wal directory: /tmp/dist-test-taskWLbwF1/test-tmp/auto_leader_rebalancer-test.0.LeaderRebalancerTest.AddTserver.1783602650122459-2801-0/minicluster-data/master-0-root
metadata directory: /tmp/dist-test-taskWLbwF1/test-tmp/auto_leader_rebalancer-test.0.LeaderRebalancerTest.AddTserver.1783602650122459-2801-0/minicluster-data/master-0-root
1 data directories: /tmp/dist-test-taskWLbwF1/test-tmp/auto_leader_rebalancer-test.0.LeaderRebalancerTest.AddTserver.1783602650122459-2801-0/minicluster-data/master-0-root/data
Total live blocks: 0
Total live bytes: 0
Total live bytes (after alignment): 0
Total number of LBM containers: 0 (0 full)
Did not check for missing blocks
Did not check for orphaned blocks
Total full LBM containers with extra space: 0 (0 repaired)
Total full LBM container extra space in bytes: 0 (0 repaired)
Total incomplete LBM containers: 0 (0 repaired)
Total LBM partial records: 0 (0 repaired)
Total corrupted LBM metadata records in RocksDB: 0 (0 repaired)
I20260709 13:11:13.311446  2801 rpc_server.cc:225] running with OpenSSL 1.1.1  11 Sep 2018
I20260709 13:11:13.312723  2801 kserver.cc:163] Server-wide thread pool size limit: 3276
I20260709 13:11:13.351110  2801 rpc_server.cc:307] RPC server started. Bound to: 127.2.188.126:36353
I20260709 13:11:13.351219  3834 acceptor_pool.cc:272] collecting diagnostics on the listening RPC socket 127.2.188.126:36353 every 8 connection(s)
I20260709 13:11:13.355007  3835 data_dirs.cc:400] Could only allocate 1 dirs of requested 3 for tablet 00000000000000000000000000000000. 1 dirs total, 0 dirs full, 0 dirs failed
I20260709 13:11:13.364717  3835 tablet_bootstrap.cc:492] T 00000000000000000000000000000000 P 0c117b766cef468eb7123e55d64d55da: Bootstrap starting.
I20260709 13:11:13.369364  3835 tablet_bootstrap.cc:654] T 00000000000000000000000000000000 P 0c117b766cef468eb7123e55d64d55da: Neither blocks nor log segments found. Creating new log.
I20260709 13:11:13.373626  3835 tablet_bootstrap.cc:492] T 00000000000000000000000000000000 P 0c117b766cef468eb7123e55d64d55da: No bootstrap required, opened a new log
I20260709 13:11:13.375659  3835 raft_consensus.cc:359] T 00000000000000000000000000000000 P 0c117b766cef468eb7123e55d64d55da [term 0 FOLLOWER]: Replica starting. Triggering 0 pending ops. Active config: opid_index: -1 OBSOLETE_local: true peers { permanent_uuid: "0c117b766cef468eb7123e55d64d55da" member_type: VOTER }
I20260709 13:11:13.376039  3835 raft_consensus.cc:385] T 00000000000000000000000000000000 P 0c117b766cef468eb7123e55d64d55da [term 0 FOLLOWER]: Consensus starting up: Expiring failure detector timer to make a prompt election more likely
I20260709 13:11:13.376299  3835 raft_consensus.cc:740] T 00000000000000000000000000000000 P 0c117b766cef468eb7123e55d64d55da [term 0 FOLLOWER]: Becoming Follower/Learner. State: Replica: 0c117b766cef468eb7123e55d64d55da, State: Initialized, Role: FOLLOWER
I20260709 13:11:13.376926  3835 consensus_queue.cc:260] T 00000000000000000000000000000000 P 0c117b766cef468eb7123e55d64d55da [NON_LEADER]: Queue going to NON_LEADER mode. State: All replicated index: 0, Majority replicated index: 0, Committed index: 0, Last appended: 0.0, Last appended by leader: 0, Current term: 0, Majority size: -1, State: 0, Mode: NON_LEADER, active raft config: opid_index: -1 OBSOLETE_local: true peers { permanent_uuid: "0c117b766cef468eb7123e55d64d55da" member_type: VOTER }
I20260709 13:11:13.377430  3835 raft_consensus.cc:399] T 00000000000000000000000000000000 P 0c117b766cef468eb7123e55d64d55da [term 0 FOLLOWER]: Only one voter in the Raft config. Triggering election immediately
I20260709 13:11:13.377658  3835 raft_consensus.cc:493] T 00000000000000000000000000000000 P 0c117b766cef468eb7123e55d64d55da [term 0 FOLLOWER]: Starting leader election (initial election of a single-replica configuration)
I20260709 13:11:13.377928  3835 raft_consensus.cc:3060] T 00000000000000000000000000000000 P 0c117b766cef468eb7123e55d64d55da [term 0 FOLLOWER]: Advancing to term 1
I20260709 13:11:13.382866  3835 raft_consensus.cc:515] T 00000000000000000000000000000000 P 0c117b766cef468eb7123e55d64d55da [term 1 FOLLOWER]: Starting leader election with config: opid_index: -1 OBSOLETE_local: true peers { permanent_uuid: "0c117b766cef468eb7123e55d64d55da" member_type: VOTER }
I20260709 13:11:13.383406  3835 leader_election.cc:304] T 00000000000000000000000000000000 P 0c117b766cef468eb7123e55d64d55da [CANDIDATE]: Term 1 election: Election decided. Result: candidate won. Election summary: received 1 responses out of 1 voters: 1 yes votes; 0 no votes. yes voters: 0c117b766cef468eb7123e55d64d55da; no voters: 
I20260709 13:11:13.384550  3835 leader_election.cc:290] T 00000000000000000000000000000000 P 0c117b766cef468eb7123e55d64d55da [CANDIDATE]: Term 1 election: Requested vote from peers 
I20260709 13:11:13.384931  3838 raft_consensus.cc:2804] T 00000000000000000000000000000000 P 0c117b766cef468eb7123e55d64d55da [term 1 FOLLOWER]: Leader election won for term 1
I20260709 13:11:13.386324  3838 raft_consensus.cc:697] T 00000000000000000000000000000000 P 0c117b766cef468eb7123e55d64d55da [term 1 LEADER]: Becoming Leader. State: Replica: 0c117b766cef468eb7123e55d64d55da, State: Running, Role: LEADER
I20260709 13:11:13.386951  3838 consensus_queue.cc:237] T 00000000000000000000000000000000 P 0c117b766cef468eb7123e55d64d55da [LEADER]: Queue going to LEADER mode. State: All replicated index: 0, Majority replicated index: 0, Committed index: 0, Last appended: 0.0, Last appended by leader: 0, Current term: 1, Majority size: 1, State: 0, Mode: LEADER, active raft config: opid_index: -1 OBSOLETE_local: true peers { permanent_uuid: "0c117b766cef468eb7123e55d64d55da" member_type: VOTER }
I20260709 13:11:13.387495  3835 sys_catalog.cc:565] T 00000000000000000000000000000000 P 0c117b766cef468eb7123e55d64d55da [sys.catalog]: configured and running, proceeding with master startup.
I20260709 13:11:13.391783  3839 sys_catalog.cc:455] T 00000000000000000000000000000000 P 0c117b766cef468eb7123e55d64d55da [sys.catalog]: SysCatalogTable state changed. Reason: RaftConsensus started. Latest consensus state: current_term: 1 leader_uuid: "0c117b766cef468eb7123e55d64d55da" committed_config { opid_index: -1 OBSOLETE_local: true peers { permanent_uuid: "0c117b766cef468eb7123e55d64d55da" member_type: VOTER } }
I20260709 13:11:13.392033  3840 sys_catalog.cc:455] T 00000000000000000000000000000000 P 0c117b766cef468eb7123e55d64d55da [sys.catalog]: SysCatalogTable state changed. Reason: New leader 0c117b766cef468eb7123e55d64d55da. Latest consensus state: current_term: 1 leader_uuid: "0c117b766cef468eb7123e55d64d55da" committed_config { opid_index: -1 OBSOLETE_local: true peers { permanent_uuid: "0c117b766cef468eb7123e55d64d55da" member_type: VOTER } }
I20260709 13:11:13.392539  3839 sys_catalog.cc:458] T 00000000000000000000000000000000 P 0c117b766cef468eb7123e55d64d55da [sys.catalog]: This master's current role is: LEADER
I20260709 13:11:13.392706  3840 sys_catalog.cc:458] T 00000000000000000000000000000000 P 0c117b766cef468eb7123e55d64d55da [sys.catalog]: This master's current role is: LEADER
I20260709 13:11:13.395005  3845 catalog_manager.cc:1511] Loading table and tablet metadata into memory...
I20260709 13:11:13.399963  3845 catalog_manager.cc:1520] Initializing Kudu cluster ID...
I20260709 13:11:13.406605  2801 internal_mini_cluster.cc:184] Waiting to initialize catalog manager on master 0
I20260709 13:11:13.409250  3845 catalog_manager.cc:1383] Generated new cluster ID: 05d27c0b9c9e49369c8f891affb5af96
I20260709 13:11:13.409559  3845 catalog_manager.cc:1531] Initializing Kudu internal certificate authority...
I20260709 13:11:13.446401  3845 catalog_manager.cc:1406] Generated new certificate authority record
I20260709 13:11:13.447686  3845 catalog_manager.cc:1540] Loading token signing keys...
I20260709 13:11:13.461138  3845 catalog_manager.cc:6070] T 00000000000000000000000000000000 P 0c117b766cef468eb7123e55d64d55da: Generated new TSK 0
I20260709 13:11:13.461779  3845 catalog_manager.cc:1550] Initializing in-progress tserver states...
I20260709 13:11:13.473790  2801 file_cache.cc:504] Constructed file cache file cache with capacity 419430
W20260709 13:11:13.479662  3856 instance_detector.cc:116] could not retrieve AWS instance metadata: Network error: curl error: HTTP response code said error: The requested URL returned error: 404
W20260709 13:11:13.480930  3857 instance_detector.cc:116] could not retrieve Azure instance metadata: Network error: curl error: HTTP response code said error: The requested URL returned error: 404
W20260709 13:11:13.482355  3859 instance_detector.cc:116] could not retrieve OpenStack instance metadata: Network error: curl error: HTTP response code said error: The requested URL returned error: 404
I20260709 13:11:13.482815  2801 server_base.cc:1061] running on GCE node
I20260709 13:11:13.483621  2801 hybrid_clock.cc:584] initializing the hybrid clock with 'system_unsync' time source
W20260709 13:11:13.483799  2801 system_unsync_time.cc:38] NTP support is disabled. Clock error bounds will not be accurate. This configuration is not suitable for distributed clusters.
I20260709 13:11:13.483924  2801 hybrid_clock.cc:648] HybridClock initialized: now 1783602673483911 us; error 0 us; skew 500 ppm
I20260709 13:11:13.484380  2801 server_base.cc:861] Flag tcmalloc_max_total_thread_cache_bytes is not working since tcmalloc is not enabled.
I20260709 13:11:13.486716  2801 webserver.cc:533] Webserver started at http://127.2.188.65:40485/ using document root <none> and password file <none>
I20260709 13:11:13.487142  2801 fs_manager.cc:362] Metadata directory not provided
I20260709 13:11:13.487300  2801 fs_manager.cc:368] Using write-ahead log directory (fs_wal_dir) as metadata directory
I20260709 13:11:13.487506  2801 server_base.cc:909] This appears to be a new deployment of Kudu; creating new FS layout
I20260709 13:11:13.488497  2801 fs_manager.cc:1068] Generated new instance metadata in path /tmp/dist-test-taskWLbwF1/test-tmp/auto_leader_rebalancer-test.0.LeaderRebalancerTest.AddTserver.1783602650122459-2801-0/minicluster-data/ts-0-root/instance:
uuid: "560e9bec92d441528aa02c7fdfc6fcf7"
format_stamp: "Formatted at 2026-07-09 13:11:13 on dist-test-slave-ndzg"
I20260709 13:11:13.493176  2801 fs_manager.cc:696] Time spent creating directory manager: real 0.004s	user 0.000s	sys 0.006s
I20260709 13:11:13.496507  3864 log_block_manager.cc:4127] Time spent loading block containers with low live blocks: real 0.000s	user 0.000s	sys 0.000s
I20260709 13:11:13.497478  2801 fs_manager.cc:730] Time spent opening block manager: real 0.002s	user 0.003s	sys 0.000s
I20260709 13:11:13.497814  2801 fs_manager.cc:647] Opened local filesystem: /tmp/dist-test-taskWLbwF1/test-tmp/auto_leader_rebalancer-test.0.LeaderRebalancerTest.AddTserver.1783602650122459-2801-0/minicluster-data/ts-0-root
uuid: "560e9bec92d441528aa02c7fdfc6fcf7"
format_stamp: "Formatted at 2026-07-09 13:11:13 on dist-test-slave-ndzg"
I20260709 13:11:13.498117  2801 fs_report.cc:389] FS layout report
--------------------
wal directory: /tmp/dist-test-taskWLbwF1/test-tmp/auto_leader_rebalancer-test.0.LeaderRebalancerTest.AddTserver.1783602650122459-2801-0/minicluster-data/ts-0-root
metadata directory: /tmp/dist-test-taskWLbwF1/test-tmp/auto_leader_rebalancer-test.0.LeaderRebalancerTest.AddTserver.1783602650122459-2801-0/minicluster-data/ts-0-root
1 data directories: /tmp/dist-test-taskWLbwF1/test-tmp/auto_leader_rebalancer-test.0.LeaderRebalancerTest.AddTserver.1783602650122459-2801-0/minicluster-data/ts-0-root/data
Total live blocks: 0
Total live bytes: 0
Total live bytes (after alignment): 0
Total number of LBM containers: 0 (0 full)
Did not check for missing blocks
Did not check for orphaned blocks
Total full LBM containers with extra space: 0 (0 repaired)
Total full LBM container extra space in bytes: 0 (0 repaired)
Total incomplete LBM containers: 0 (0 repaired)
Total LBM partial records: 0 (0 repaired)
Total corrupted LBM metadata records in RocksDB: 0 (0 repaired)
I20260709 13:11:13.516611  2801 rpc_server.cc:225] running with OpenSSL 1.1.1  11 Sep 2018
I20260709 13:11:13.518085  2801 kserver.cc:163] Server-wide thread pool size limit: 3276
I20260709 13:11:13.519652  2801 txn_system_client.cc:432] TxnSystemClient initialization is disabled...
I20260709 13:11:13.522178  2801 ts_tablet_manager.cc:585] Loaded tablet metadata (0 total tablets, 0 live tablets)
I20260709 13:11:13.522418  2801 ts_tablet_manager.cc:531] Time spent load tablet metadata: real 0.000s	user 0.000s	sys 0.000s
I20260709 13:11:13.522696  2801 ts_tablet_manager.cc:616] Registered 0 tablets
I20260709 13:11:13.522915  2801 ts_tablet_manager.cc:595] Time spent register tablets: real 0.000s	user 0.000s	sys 0.000s
I20260709 13:11:13.566895  2801 rpc_server.cc:307] RPC server started. Bound to: 127.2.188.65:43103
I20260709 13:11:13.566980  3926 acceptor_pool.cc:272] collecting diagnostics on the listening RPC socket 127.2.188.65:43103 every 8 connection(s)
I20260709 13:11:13.571908  2801 file_cache.cc:504] Constructed file cache file cache with capacity 419430
W20260709 13:11:13.579118  3931 instance_detector.cc:116] could not retrieve AWS instance metadata: Network error: curl error: HTTP response code said error: The requested URL returned error: 404
W20260709 13:11:13.581240  3932 instance_detector.cc:116] could not retrieve Azure instance metadata: Network error: curl error: HTTP response code said error: The requested URL returned error: 404
W20260709 13:11:13.582942  3934 instance_detector.cc:116] could not retrieve OpenStack instance metadata: Network error: curl error: HTTP response code said error: The requested URL returned error: 404
I20260709 13:11:13.583061  2801 server_base.cc:1061] running on GCE node
I20260709 13:11:13.584064  2801 hybrid_clock.cc:584] initializing the hybrid clock with 'system_unsync' time source
W20260709 13:11:13.584265  2801 system_unsync_time.cc:38] NTP support is disabled. Clock error bounds will not be accurate. This configuration is not suitable for distributed clusters.
I20260709 13:11:13.584477  2801 hybrid_clock.cc:648] HybridClock initialized: now 1783602673584461 us; error 0 us; skew 500 ppm
I20260709 13:11:13.585137  2801 server_base.cc:861] Flag tcmalloc_max_total_thread_cache_bytes is not working since tcmalloc is not enabled.
I20260709 13:11:13.588253  2801 webserver.cc:533] Webserver started at http://127.2.188.66:35739/ using document root <none> and password file <none>
I20260709 13:11:13.588748  2801 fs_manager.cc:362] Metadata directory not provided
I20260709 13:11:13.588980  2801 fs_manager.cc:368] Using write-ahead log directory (fs_wal_dir) as metadata directory
I20260709 13:11:13.589139  3927 heartbeater.cc:344] Connected to a master server at 127.2.188.126:36353
I20260709 13:11:13.589425  2801 server_base.cc:909] This appears to be a new deployment of Kudu; creating new FS layout
I20260709 13:11:13.589547  3927 heartbeater.cc:461] Registering TS with master...
I20260709 13:11:13.590263  3927 heartbeater.cc:507] Master 127.2.188.126:36353 requested a full tablet report, sending...
I20260709 13:11:13.590726  2801 fs_manager.cc:1068] Generated new instance metadata in path /tmp/dist-test-taskWLbwF1/test-tmp/auto_leader_rebalancer-test.0.LeaderRebalancerTest.AddTserver.1783602650122459-2801-0/minicluster-data/ts-1-root/instance:
uuid: "0bfd3aeb9b2a4200bfe8d7153748df63"
format_stamp: "Formatted at 2026-07-09 13:11:13 on dist-test-slave-ndzg"
I20260709 13:11:13.592199  3800 ts_manager.cc:194] Registered new tserver with Master: 560e9bec92d441528aa02c7fdfc6fcf7 (127.2.188.65:43103)
I20260709 13:11:13.594048  3800 master_service.cc:502] Signed X509 certificate for tserver {username='slave'} at 127.0.0.1:43382
I20260709 13:11:13.596067  2801 fs_manager.cc:696] Time spent creating directory manager: real 0.005s	user 0.006s	sys 0.000s
I20260709 13:11:13.599468  3939 log_block_manager.cc:4127] Time spent loading block containers with low live blocks: real 0.000s	user 0.000s	sys 0.000s
