I20260709 13:11:13.796285 32581 tablet_service.cc:1917] Received RequestConsensusVote() RPC: tablet_id: "3117c3d5112b4b7582c131c2a641e92e" candidate_uuid: "e40d58df834742a7bddfb336d1443819" candidate_term: 1 candidate_status { last_received { term: 0 index: 0 } } ignore_live_leader: false dest_uuid: "5e90ea861a32465bac579ab3cf96a171" is_pre_election: true
I20260709 13:11:13.816301 32622 tablet_bootstrap.cc:492] T 084714d79e7e4964adf11c419e0c6746 P 5e90ea861a32465bac579ab3cf96a171: No bootstrap required, opened a new log
I20260709 13:11:13.817039 32622 ts_tablet_manager.cc:1403] T 084714d79e7e4964adf11c419e0c6746 P 5e90ea861a32465bac579ab3cf96a171: Time spent bootstrapping tablet: real 0.880s	user 0.022s	sys 0.013s
I20260709 13:11:13.816170 32628 raft_consensus.cc:493] T 38789950da134ad39baabce288b0ed82 P e40d58df834742a7bddfb336d1443819 [term 1 FOLLOWER]: Starting pre-election (no leader contacted us within the election timeout)
I20260709 13:11:13.817948 32628 raft_consensus.cc:515] T 38789950da134ad39baabce288b0ed82 P e40d58df834742a7bddfb336d1443819 [term 1 FOLLOWER]: Starting pre-election with config: opid_index: -1 OBSOLETE_local: false peers { permanent_uuid: "578ba26428c84893a97f911a19c77b1e" member_type: VOTER last_known_addr { host: "127.30.150.193" port: 39363 } } peers { permanent_uuid: "e40d58df834742a7bddfb336d1443819" member_type: VOTER last_known_addr { host: "127.30.150.194" port: 44065 } } peers { permanent_uuid: "5e90ea861a32465bac579ab3cf96a171" member_type: VOTER last_known_addr { host: "127.30.150.195" port: 35115 } }
I20260709 13:11:13.820145 32628 leader_election.cc:290] T 38789950da134ad39baabce288b0ed82 P e40d58df834742a7bddfb336d1443819 [CANDIDATE]: Term 2 pre-election: Requested pre-vote from peers 578ba26428c84893a97f911a19c77b1e (127.30.150.193:39363), 5e90ea861a32465bac579ab3cf96a171 (127.30.150.195:35115)
I20260709 13:11:13.821938 32624 tablet_bootstrap.cc:492] T b6f727ac380140fba143a6526cfe698b P 578ba26428c84893a97f911a19c77b1e: No bootstrap required, opened a new log
I20260709 13:11:13.822467 32624 ts_tablet_manager.cc:1403] T b6f727ac380140fba143a6526cfe698b P 578ba26428c84893a97f911a19c77b1e: Time spent bootstrapping tablet: real 0.174s	user 0.027s	sys 0.036s
I20260709 13:11:13.833107 32622 raft_consensus.cc:359] T 084714d79e7e4964adf11c419e0c6746 P 5e90ea861a32465bac579ab3cf96a171 [term 0 FOLLOWER]: Replica starting. Triggering 0 pending ops. Active config: opid_index: -1 OBSOLETE_local: false peers { permanent_uuid: "578ba26428c84893a97f911a19c77b1e" member_type: VOTER last_known_addr { host: "127.30.150.193" port: 39363 } } peers { permanent_uuid: "e40d58df834742a7bddfb336d1443819" member_type: VOTER last_known_addr { host: "127.30.150.194" port: 44065 } } peers { permanent_uuid: "5e90ea861a32465bac579ab3cf96a171" member_type: VOTER last_known_addr { host: "127.30.150.195" port: 35115 } }
I20260709 13:11:13.836395 32622 raft_consensus.cc:385] T 084714d79e7e4964adf11c419e0c6746 P 5e90ea861a32465bac579ab3cf96a171 [term 0 FOLLOWER]: Consensus starting up: Expiring failure detector timer to make a prompt election more likely
I20260709 13:11:13.837208 32622 raft_consensus.cc:740] T 084714d79e7e4964adf11c419e0c6746 P 5e90ea861a32465bac579ab3cf96a171 [term 0 FOLLOWER]: Becoming Follower/Learner. State: Replica: 5e90ea861a32465bac579ab3cf96a171, State: Initialized, Role: FOLLOWER
I20260709 13:11:13.845995 32623 tablet_bootstrap.cc:492] T 7f18a87c026b4ad6a78f5c919968a369 P e40d58df834742a7bddfb336d1443819: No bootstrap required, opened a new log
I20260709 13:11:13.846529 32623 ts_tablet_manager.cc:1403] T 7f18a87c026b4ad6a78f5c919968a369 P e40d58df834742a7bddfb336d1443819: Time spent bootstrapping tablet: real 0.196s	user 0.026s	sys 0.055s
I20260709 13:11:13.849007 32503 tablet_service.cc:1917] Received RequestConsensusVote() RPC: tablet_id: "44f65b4c1fdf4ddfa3969ae677925800" candidate_uuid: "5e90ea861a32465bac579ab3cf96a171" candidate_term: 1 candidate_status { last_received { term: 0 index: 0 } } ignore_live_leader: false dest_uuid: "e40d58df834742a7bddfb336d1443819" is_pre_election: true
I20260709 13:11:13.851778 32622 consensus_queue.cc:260] T 084714d79e7e4964adf11c419e0c6746 P 5e90ea861a32465bac579ab3cf96a171 [NON_LEADER]: Queue going to NON_LEADER mode. State: All replicated index: 0, Majority replicated index: 0, Committed index: 0, Last appended: 0.0, Last appended by leader: 0, Current term: 0, Majority size: -1, State: 0, Mode: NON_LEADER, active raft config: opid_index: -1 OBSOLETE_local: false peers { permanent_uuid: "578ba26428c84893a97f911a19c77b1e" member_type: VOTER last_known_addr { host: "127.30.150.193" port: 39363 } } peers { permanent_uuid: "e40d58df834742a7bddfb336d1443819" member_type: VOTER last_known_addr { host: "127.30.150.194" port: 44065 } } peers { permanent_uuid: "5e90ea861a32465bac579ab3cf96a171" member_type: VOTER last_known_addr { host: "127.30.150.195" port: 35115 } }
I20260709 13:11:13.854805 32657 raft_consensus.cc:493] T 9ed3a13025f44e009514486be705ae82 P e40d58df834742a7bddfb336d1443819 [term 0 FOLLOWER]: Starting pre-election (no leader contacted us within the election timeout)
I20260709 13:11:13.855520 32657 raft_consensus.cc:515] T 9ed3a13025f44e009514486be705ae82 P e40d58df834742a7bddfb336d1443819 [term 0 FOLLOWER]: Starting pre-election with config: opid_index: -1 OBSOLETE_local: false peers { permanent_uuid: "578ba26428c84893a97f911a19c77b1e" member_type: VOTER last_known_addr { host: "127.30.150.193" port: 39363 } } peers { permanent_uuid: "e40d58df834742a7bddfb336d1443819" member_type: VOTER last_known_addr { host: "127.30.150.194" port: 44065 } } peers { permanent_uuid: "5e90ea861a32465bac579ab3cf96a171" member_type: VOTER last_known_addr { host: "127.30.150.195" port: 35115 } }
I20260709 13:11:13.861995 32657 leader_election.cc:290] T 9ed3a13025f44e009514486be705ae82 P e40d58df834742a7bddfb336d1443819 [CANDIDATE]: Term 1 pre-election: Requested pre-vote from peers 578ba26428c84893a97f911a19c77b1e (127.30.150.193:39363), 5e90ea861a32465bac579ab3cf96a171 (127.30.150.195:35115)
W20260709 13:11:13.863229 32472 consensus_peers.cc:597] T 49bc14dd1d764cdabc421e667ad76ec8 P e40d58df834742a7bddfb336d1443819 -> Peer 5e90ea861a32465bac579ab3cf96a171 (127.30.150.195:35115): Couldn't send request to peer 5e90ea861a32465bac579ab3cf96a171. Error code: TABLET_NOT_RUNNING (12). Status: Illegal state: Tablet not RUNNING: INITIALIZED. This is attempt 1: this message will repeat every 5th retry.
I20260709 13:11:13.863965   412 consensus_queue.cc:1048] T 90320ed9f46844bb98ca2203e09335ff P e40d58df834742a7bddfb336d1443819 [LEADER]: Connected to new peer: Peer: permanent_uuid: "5e90ea861a32465bac579ab3cf96a171" member_type: VOTER last_known_addr { host: "127.30.150.195" port: 35115 }, Status: LMP_MISMATCH, Last received: 0.0, Next index: 1, Last known committed idx: 0, Time since last communication: 0.001s
I20260709 13:11:13.866338 32622 ts_tablet_manager.cc:1434] T 084714d79e7e4964adf11c419e0c6746 P 5e90ea861a32465bac579ab3cf96a171: Time spent starting tablet: real 0.049s	user 0.007s	sys 0.001s
I20260709 13:11:13.868975 32622 tablet_bootstrap.cc:492] T e40f023579ff47b5a6a5f4016fb28b44 P 5e90ea861a32465bac579ab3cf96a171: Bootstrap starting.
I20260709 13:11:13.870024   423 consensus_queue.cc:1048] T 38789950da134ad39baabce288b0ed82 P 5e90ea861a32465bac579ab3cf96a171 [LEADER]: Connected to new peer: Peer: permanent_uuid: "e40d58df834742a7bddfb336d1443819" member_type: VOTER last_known_addr { host: "127.30.150.194" port: 44065 }, Status: LMP_MISMATCH, Last received: 0.0, Next index: 1, Last known committed idx: 0, Time since last communication: 0.002s
I20260709 13:11:13.874478 32548 leader_election.cc:304] T 44f65b4c1fdf4ddfa3969ae677925800 P 5e90ea861a32465bac579ab3cf96a171 [CANDIDATE]: Term 1 pre-election: Election decided. Result: candidate lost. Election summary: received 3 responses out of 3 voters: 1 yes votes; 2 no votes. yes voters: 5e90ea861a32465bac579ab3cf96a171; no voters: 578ba26428c84893a97f911a19c77b1e, e40d58df834742a7bddfb336d1443819
I20260709 13:11:13.875388   361 raft_consensus.cc:2749] T 44f65b4c1fdf4ddfa3969ae677925800 P 5e90ea861a32465bac579ab3cf96a171 [term 1 FOLLOWER]: Leader pre-election lost for term 1. Reason: could not achieve majority
I20260709 13:11:13.877413 32693 consensus_queue.cc:1048] T 816b0127368149e5afbcd543dd429043 P e40d58df834742a7bddfb336d1443819 [LEADER]: Connected to new peer: Peer: permanent_uuid: "5e90ea861a32465bac579ab3cf96a171" member_type: VOTER last_known_addr { host: "127.30.150.195" port: 35115 }, Status: LMP_MISMATCH, Last received: 0.0, Next index: 1, Last known committed idx: 0, Time since last communication: 0.001s
I20260709 13:11:13.877992 32623 raft_consensus.cc:359] T 7f18a87c026b4ad6a78f5c919968a369 P e40d58df834742a7bddfb336d1443819 [term 0 FOLLOWER]: Replica starting. Triggering 0 pending ops. Active config: opid_index: -1 OBSOLETE_local: false peers { permanent_uuid: "578ba26428c84893a97f911a19c77b1e" member_type: VOTER last_known_addr { host: "127.30.150.193" port: 39363 } } peers { permanent_uuid: "e40d58df834742a7bddfb336d1443819" member_type: VOTER last_known_addr { host: "127.30.150.194" port: 44065 } } peers { permanent_uuid: "5e90ea861a32465bac579ab3cf96a171" member_type: VOTER last_known_addr { host: "127.30.150.195" port: 35115 } }
I20260709 13:11:13.878664 32623 raft_consensus.cc:385] T 7f18a87c026b4ad6a78f5c919968a369 P e40d58df834742a7bddfb336d1443819 [term 0 FOLLOWER]: Consensus starting up: Expiring failure detector timer to make a prompt election more likely
I20260709 13:11:13.878933 32623 raft_consensus.cc:740] T 7f18a87c026b4ad6a78f5c919968a369 P e40d58df834742a7bddfb336d1443819 [term 0 FOLLOWER]: Becoming Follower/Learner. State: Replica: e40d58df834742a7bddfb336d1443819, State: Initialized, Role: FOLLOWER
I20260709 13:11:13.879732 32623 consensus_queue.cc:260] T 7f18a87c026b4ad6a78f5c919968a369 P e40d58df834742a7bddfb336d1443819 [NON_LEADER]: Queue going to NON_LEADER mode. State: All replicated index: 0, Majority replicated index: 0, Committed index: 0, Last appended: 0.0, Last appended by leader: 0, Current term: 0, Majority size: -1, State: 0, Mode: NON_LEADER, active raft config: opid_index: -1 OBSOLETE_local: false peers { permanent_uuid: "578ba26428c84893a97f911a19c77b1e" member_type: VOTER last_known_addr { host: "127.30.150.193" port: 39363 } } peers { permanent_uuid: "e40d58df834742a7bddfb336d1443819" member_type: VOTER last_known_addr { host: "127.30.150.194" port: 44065 } } peers { permanent_uuid: "5e90ea861a32465bac579ab3cf96a171" member_type: VOTER last_known_addr { host: "127.30.150.195" port: 35115 } }
W20260709 13:11:13.880860 32472 leader_election.cc:343] T 46248fe9475c4729a4fa5aba9c18dae0 P e40d58df834742a7bddfb336d1443819 [CANDIDATE]: Term 1 pre-election: Tablet error from VoteRequest() call to peer 5e90ea861a32465bac579ab3cf96a171 (127.30.150.195:35115): Illegal state: must be running to vote when last-logged opid is not known
I20260709 13:11:13.881286 32623 ts_tablet_manager.cc:1434] T 7f18a87c026b4ad6a78f5c919968a369 P e40d58df834742a7bddfb336d1443819: Time spent starting tablet: real 0.034s	user 0.000s	sys 0.005s
W20260709 13:11:13.881541 32472 leader_election.cc:343] T b6f727ac380140fba143a6526cfe698b P e40d58df834742a7bddfb336d1443819 [CANDIDATE]: Term 1 pre-election: Tablet error from VoteRequest() call to peer 5e90ea861a32465bac579ab3cf96a171 (127.30.150.195:35115): Illegal state: must be running to vote when last-logged opid is not known
I20260709 13:11:13.882334 32623 tablet_bootstrap.cc:492] T 5ade560ffcc64dee92da6a51ad89503e P e40d58df834742a7bddfb336d1443819: Bootstrap starting.
W20260709 13:11:13.882606 32472 leader_election.cc:343] T 3117c3d5112b4b7582c131c2a641e92e P e40d58df834742a7bddfb336d1443819 [CANDIDATE]: Term 1 pre-election: Tablet error from VoteRequest() call to peer 5e90ea861a32465bac579ab3cf96a171 (127.30.150.195:35115): Illegal state: must be running to vote when last-logged opid is not known
I20260709 13:11:13.882602   316 consensus_queue.cc:1048] T 44f65b4c1fdf4ddfa3969ae677925800 P e40d58df834742a7bddfb336d1443819 [LEADER]: Connected to new peer: Peer: permanent_uuid: "5e90ea861a32465bac579ab3cf96a171" member_type: VOTER last_known_addr { host: "127.30.150.195" port: 35115 }, Status: LMP_MISMATCH, Last received: 0.0, Next index: 1, Last known committed idx: 0, Time since last communication: 0.001s
I20260709 13:11:13.890167 32624 raft_consensus.cc:359] T b6f727ac380140fba143a6526cfe698b P 578ba26428c84893a97f911a19c77b1e [term 0 FOLLOWER]: Replica starting. Triggering 0 pending ops. Active config: opid_index: -1 OBSOLETE_local: false peers { permanent_uuid: "578ba26428c84893a97f911a19c77b1e" member_type: VOTER last_known_addr { host: "127.30.150.193" port: 39363 } } peers { permanent_uuid: "e40d58df834742a7bddfb336d1443819" member_type: VOTER last_known_addr { host: "127.30.150.194" port: 44065 } } peers { permanent_uuid: "5e90ea861a32465bac579ab3cf96a171" member_type: VOTER last_known_addr { host: "127.30.150.195" port: 35115 } }
I20260709 13:11:13.890965 32624 raft_consensus.cc:385] T b6f727ac380140fba143a6526cfe698b P 578ba26428c84893a97f911a19c77b1e [term 0 FOLLOWER]: Consensus starting up: Expiring failure detector timer to make a prompt election more likely
I20260709 13:11:13.891245 32624 raft_consensus.cc:740] T b6f727ac380140fba143a6526cfe698b P 578ba26428c84893a97f911a19c77b1e [term 0 FOLLOWER]: Becoming Follower/Learner. State: Replica: 578ba26428c84893a97f911a19c77b1e, State: Initialized, Role: FOLLOWER
I20260709 13:11:13.892025 32472 leader_election.cc:304] T 084714d79e7e4964adf11c419e0c6746 P e40d58df834742a7bddfb336d1443819 [CANDIDATE]: Term 1 election: Election decided. Result: candidate won. Election summary: received 3 responses out of 3 voters: 2 yes votes; 1 no votes. yes voters: 578ba26428c84893a97f911a19c77b1e, e40d58df834742a7bddfb336d1443819; no voters: 5e90ea861a32465bac579ab3cf96a171
I20260709 13:11:13.891896 32624 consensus_queue.cc:260] T b6f727ac380140fba143a6526cfe698b P 578ba26428c84893a97f911a19c77b1e [NON_LEADER]: Queue going to NON_LEADER mode. State: All replicated index: 0, Majority replicated index: 0, Committed index: 0, Last appended: 0.0, Last appended by leader: 0, Current term: 0, Majority size: -1, State: 0, Mode: NON_LEADER, active raft config: opid_index: -1 OBSOLETE_local: false peers { permanent_uuid: "578ba26428c84893a97f911a19c77b1e" member_type: VOTER last_known_addr { host: "127.30.150.193" port: 39363 } } peers { permanent_uuid: "e40d58df834742a7bddfb336d1443819" member_type: VOTER last_known_addr { host: "127.30.150.194" port: 44065 } } peers { permanent_uuid: "5e90ea861a32465bac579ab3cf96a171" member_type: VOTER last_known_addr { host: "127.30.150.195" port: 35115 } }
I20260709 13:11:13.892741   316 raft_consensus.cc:2804] T 084714d79e7e4964adf11c419e0c6746 P e40d58df834742a7bddfb336d1443819 [term 1 FOLLOWER]: Leader election won for term 1
I20260709 13:11:13.896796 32624 ts_tablet_manager.cc:1434] T b6f727ac380140fba143a6526cfe698b P 578ba26428c84893a97f911a19c77b1e: Time spent starting tablet: real 0.074s	user 0.007s	sys 0.000s
I20260709 13:11:13.898379 32624 tablet_bootstrap.cc:492] T f21e24c7e021426ab435022f71f7d467 P 578ba26428c84893a97f911a19c77b1e: Bootstrap starting.
I20260709 13:11:13.898859 32657 consensus_queue.cc:1048] T 44f65b4c1fdf4ddfa3969ae677925800 P e40d58df834742a7bddfb336d1443819 [LEADER]: Connected to new peer: Peer: permanent_uuid: "578ba26428c84893a97f911a19c77b1e" member_type: VOTER last_known_addr { host: "127.30.150.193" port: 39363 }, Status: LMP_MISMATCH, Last received: 0.0, Next index: 1, Last known committed idx: 0, Time since last communication: 0.000s
I20260709 13:11:13.899284 32628 consensus_queue.cc:1048] T 90320ed9f46844bb98ca2203e09335ff P e40d58df834742a7bddfb336d1443819 [LEADER]: Connected to new peer: Peer: permanent_uuid: "578ba26428c84893a97f911a19c77b1e" member_type: VOTER last_known_addr { host: "127.30.150.193" port: 39363 }, Status: LMP_MISMATCH, Last received: 0.0, Next index: 1, Last known committed idx: 0, Time since last communication: 0.000s
I20260709 13:11:13.894613   316 raft_consensus.cc:697] T 084714d79e7e4964adf11c419e0c6746 P e40d58df834742a7bddfb336d1443819 [term 1 LEADER]: Becoming Leader. State: Replica: e40d58df834742a7bddfb336d1443819, State: Running, Role: LEADER
W20260709 13:11:13.902006 32472 leader_election.cc:343] T 46248fe9475c4729a4fa5aba9c18dae0 P e40d58df834742a7bddfb336d1443819 [CANDIDATE]: Term 1 pre-election: Tablet error from VoteRequest() call to peer 578ba26428c84893a97f911a19c77b1e (127.30.150.193:39363): Illegal state: must be running to vote when last-logged opid is not known
I20260709 13:11:13.902523 32472 leader_election.cc:304] T 46248fe9475c4729a4fa5aba9c18dae0 P e40d58df834742a7bddfb336d1443819 [CANDIDATE]: Term 1 pre-election: Election decided. Result: candidate lost. Election summary: received 3 responses out of 3 voters: 1 yes votes; 2 no votes. yes voters: e40d58df834742a7bddfb336d1443819; no voters: 578ba26428c84893a97f911a19c77b1e, 5e90ea861a32465bac579ab3cf96a171
I20260709 13:11:13.902501 32693 consensus_queue.cc:1048] T 49bc14dd1d764cdabc421e667ad76ec8 P e40d58df834742a7bddfb336d1443819 [LEADER]: Connected to new peer: Peer: permanent_uuid: "578ba26428c84893a97f911a19c77b1e" member_type: VOTER last_known_addr { host: "127.30.150.193" port: 39363 }, Status: LMP_MISMATCH, Last received: 0.0, Next index: 1, Last known committed idx: 0, Time since last communication: 0.001s
I20260709 13:11:13.903200 32622 tablet_bootstrap.cc:654] T e40f023579ff47b5a6a5f4016fb28b44 P 5e90ea861a32465bac579ab3cf96a171: Neither blocks nor log segments found. Creating new log.
W20260709 13:11:13.903767 32472 leader_election.cc:343] T b6f727ac380140fba143a6526cfe698b P e40d58df834742a7bddfb336d1443819 [CANDIDATE]: Term 1 pre-election: Tablet error from VoteRequest() call to peer 578ba26428c84893a97f911a19c77b1e (127.30.150.193:39363): Illegal state: must be running to vote when last-logged opid is not known
I20260709 13:11:13.904040 32693 raft_consensus.cc:2749] T 46248fe9475c4729a4fa5aba9c18dae0 P e40d58df834742a7bddfb336d1443819 [term 0 FOLLOWER]: Leader pre-election lost for term 1. Reason: could not achieve majority
I20260709 13:11:13.904208 32472 leader_election.cc:304] T b6f727ac380140fba143a6526cfe698b P e40d58df834742a7bddfb336d1443819 [CANDIDATE]: Term 1 pre-election: Election decided. Result: candidate lost. Election summary: received 3 responses out of 3 voters: 1 yes votes; 2 no votes. yes voters: e40d58df834742a7bddfb336d1443819; no voters: 578ba26428c84893a97f911a19c77b1e, 5e90ea861a32465bac579ab3cf96a171
I20260709 13:11:13.905043 32693 raft_consensus.cc:2749] T b6f727ac380140fba143a6526cfe698b P e40d58df834742a7bddfb336d1443819 [term 0 FOLLOWER]: Leader pre-election lost for term 1. Reason: could not achieve majority
I20260709 13:11:13.906246 32472 leader_election.cc:304] T 3117c3d5112b4b7582c131c2a641e92e P e40d58df834742a7bddfb336d1443819 [CANDIDATE]: Term 1 pre-election: Election decided. Result: candidate won. Election summary: received 3 responses out of 3 voters: 2 yes votes; 1 no votes. yes voters: 578ba26428c84893a97f911a19c77b1e, e40d58df834742a7bddfb336d1443819; no voters: 5e90ea861a32465bac579ab3cf96a171
I20260709 13:11:13.907141 32693 raft_consensus.cc:2804] T 3117c3d5112b4b7582c131c2a641e92e P e40d58df834742a7bddfb336d1443819 [term 0 FOLLOWER]: Leader pre-election won for term 1
I20260709 13:11:13.907527 32693 raft_consensus.cc:493] T 3117c3d5112b4b7582c131c2a641e92e P e40d58df834742a7bddfb336d1443819 [term 0 FOLLOWER]: Starting leader election (no leader contacted us within the election timeout)
I20260709 13:11:13.901705   316 consensus_queue.cc:237] T 084714d79e7e4964adf11c419e0c6746 P e40d58df834742a7bddfb336d1443819 [LEADER]: Queue going to LEADER mode. State: All replicated index: 0, Majority replicated index: 0, Committed index: 0, Last appended: 0.0, Last appended by leader: 0, Current term: 1, Majority size: 2, State: 0, Mode: LEADER, active raft config: opid_index: -1 OBSOLETE_local: false peers { permanent_uuid: "578ba26428c84893a97f911a19c77b1e" member_type: VOTER last_known_addr { host: "127.30.150.193" port: 39363 } } peers { permanent_uuid: "e40d58df834742a7bddfb336d1443819" member_type: VOTER last_known_addr { host: "127.30.150.194" port: 44065 } } peers { permanent_uuid: "5e90ea861a32465bac579ab3cf96a171" member_type: VOTER last_known_addr { host: "127.30.150.195" port: 35115 } }
I20260709 13:11:13.907886 32693 raft_consensus.cc:3060] T 3117c3d5112b4b7582c131c2a641e92e P e40d58df834742a7bddfb336d1443819 [term 0 FOLLOWER]: Advancing to term 1
I20260709 13:11:13.911972 32623 tablet_bootstrap.cc:654] T 5ade560ffcc64dee92da6a51ad89503e P e40d58df834742a7bddfb336d1443819: Neither blocks nor log segments found. Creating new log.
I20260709 13:11:13.915282 32624 tablet_bootstrap.cc:654] T f21e24c7e021426ab435022f71f7d467 P 578ba26428c84893a97f911a19c77b1e: Neither blocks nor log segments found. Creating new log.
I20260709 13:11:13.929718 32624 tablet_bootstrap.cc:492] T f21e24c7e021426ab435022f71f7d467 P 578ba26428c84893a97f911a19c77b1e: No bootstrap required, opened a new log
W20260709 13:11:13.929690 32379 auto_rebalancer.cc:288] Could not retrieve cluster info: Service unavailable: Tablet not running
I20260709 13:11:13.929522 32328 catalog_manager.cc:5697] T 38789950da134ad39baabce288b0ed82 P 5e90ea861a32465bac579ab3cf96a171 reported cstate change: term changed from 0 to 1, leader changed from <none> to 5e90ea861a32465bac579ab3cf96a171 (127.30.150.195). New cstate: current_term: 1 leader_uuid: "5e90ea861a32465bac579ab3cf96a171" committed_config { opid_index: -1 OBSOLETE_local: false peers { permanent_uuid: "578ba26428c84893a97f911a19c77b1e" member_type: VOTER last_known_addr { host: "127.30.150.193" port: 39363 } health_report { overall_health: UNKNOWN } } peers { permanent_uuid: "e40d58df834742a7bddfb336d1443819" member_type: VOTER last_known_addr { host: "127.30.150.194" port: 44065 } health_report { overall_health: UNKNOWN } } peers { permanent_uuid: "5e90ea861a32465bac579ab3cf96a171" member_type: VOTER last_known_addr { host: "127.30.150.195" port: 35115 } health_report { overall_health: HEALTHY } } }
I20260709 13:11:13.930433 32624 ts_tablet_manager.cc:1403] T f21e24c7e021426ab435022f71f7d467 P 578ba26428c84893a97f911a19c77b1e: Time spent bootstrapping tablet: real 0.033s	user 0.011s	sys 0.007s
I20260709 13:11:13.933672 32624 raft_consensus.cc:359] T f21e24c7e021426ab435022f71f7d467 P 578ba26428c84893a97f911a19c77b1e [term 0 FOLLOWER]: Replica starting. Triggering 0 pending ops. Active config: opid_index: -1 OBSOLETE_local: false peers { permanent_uuid: "578ba26428c84893a97f911a19c77b1e" member_type: VOTER last_known_addr { host: "127.30.150.193" port: 39363 } } peers { permanent_uuid: "e40d58df834742a7bddfb336d1443819" member_type: VOTER last_known_addr { host: "127.30.150.194" port: 44065 } } peers { permanent_uuid: "5e90ea861a32465bac579ab3cf96a171" member_type: VOTER last_known_addr { host: "127.30.150.195" port: 35115 } }
I20260709 13:11:13.934384 32624 raft_consensus.cc:385] T f21e24c7e021426ab435022f71f7d467 P 578ba26428c84893a97f911a19c77b1e [term 0 FOLLOWER]: Consensus starting up: Expiring failure detector timer to make a prompt election more likely
I20260709 13:11:13.934495 32623 tablet_bootstrap.cc:492] T 5ade560ffcc64dee92da6a51ad89503e P e40d58df834742a7bddfb336d1443819: No bootstrap required, opened a new log
I20260709 13:11:13.934729 32624 raft_consensus.cc:740] T f21e24c7e021426ab435022f71f7d467 P 578ba26428c84893a97f911a19c77b1e [term 0 FOLLOWER]: Becoming Follower/Learner. State: Replica: 578ba26428c84893a97f911a19c77b1e, State: Initialized, Role: FOLLOWER
I20260709 13:11:13.935019 32622 tablet_bootstrap.cc:492] T e40f023579ff47b5a6a5f4016fb28b44 P 5e90ea861a32465bac579ab3cf96a171: No bootstrap required, opened a new log
I20260709 13:11:13.934993 32623 ts_tablet_manager.cc:1403] T 5ade560ffcc64dee92da6a51ad89503e P e40d58df834742a7bddfb336d1443819: Time spent bootstrapping tablet: real 0.053s	user 0.015s	sys 0.005s
I20260709 13:11:13.935724 32622 ts_tablet_manager.cc:1403] T e40f023579ff47b5a6a5f4016fb28b44 P 5e90ea861a32465bac579ab3cf96a171: Time spent bootstrapping tablet: real 0.067s	user 0.013s	sys 0.005s
I20260709 13:11:13.935603 32624 consensus_queue.cc:260] T f21e24c7e021426ab435022f71f7d467 P 578ba26428c84893a97f911a19c77b1e [NON_LEADER]: Queue going to NON_LEADER mode. State: All replicated index: 0, Majority replicated index: 0, Committed index: 0, Last appended: 0.0, Last appended by leader: 0, Current term: 0, Majority size: -1, State: 0, Mode: NON_LEADER, active raft config: opid_index: -1 OBSOLETE_local: false peers { permanent_uuid: "578ba26428c84893a97f911a19c77b1e" member_type: VOTER last_known_addr { host: "127.30.150.193" port: 39363 } } peers { permanent_uuid: "e40d58df834742a7bddfb336d1443819" member_type: VOTER last_known_addr { host: "127.30.150.194" port: 44065 } } peers { permanent_uuid: "5e90ea861a32465bac579ab3cf96a171" member_type: VOTER last_known_addr { host: "127.30.150.195" port: 35115 } }
I20260709 13:11:13.938335 32622 raft_consensus.cc:359] T e40f023579ff47b5a6a5f4016fb28b44 P 5e90ea861a32465bac579ab3cf96a171 [term 0 FOLLOWER]: Replica starting. Triggering 0 pending ops. Active config: opid_index: -1 OBSOLETE_local: false peers { permanent_uuid: "578ba26428c84893a97f911a19c77b1e" member_type: VOTER last_known_addr { host: "127.30.150.193" port: 39363 } } peers { permanent_uuid: "e40d58df834742a7bddfb336d1443819" member_type: VOTER last_known_addr { host: "127.30.150.194" port: 44065 } } peers { permanent_uuid: "5e90ea861a32465bac579ab3cf96a171" member_type: VOTER last_known_addr { host: "127.30.150.195" port: 35115 } }
I20260709 13:11:13.939178 32622 raft_consensus.cc:385] T e40f023579ff47b5a6a5f4016fb28b44 P 5e90ea861a32465bac579ab3cf96a171 [term 0 FOLLOWER]: Consensus starting up: Expiring failure detector timer to make a prompt election more likely
I20260709 13:11:13.939505 32622 raft_consensus.cc:740] T e40f023579ff47b5a6a5f4016fb28b44 P 5e90ea861a32465bac579ab3cf96a171 [term 0 FOLLOWER]: Becoming Follower/Learner. State: Replica: 5e90ea861a32465bac579ab3cf96a171, State: Initialized, Role: FOLLOWER
I20260709 13:11:13.939714 32624 ts_tablet_manager.cc:1434] T f21e24c7e021426ab435022f71f7d467 P 578ba26428c84893a97f911a19c77b1e: Time spent starting tablet: real 0.009s	user 0.007s	sys 0.000s
I20260709 13:11:13.940248 32622 consensus_queue.cc:260] T e40f023579ff47b5a6a5f4016fb28b44 P 5e90ea861a32465bac579ab3cf96a171 [NON_LEADER]: Queue going to NON_LEADER mode. State: All replicated index: 0, Majority replicated index: 0, Committed index: 0, Last appended: 0.0, Last appended by leader: 0, Current term: 0, Majority size: -1, State: 0, Mode: NON_LEADER, active raft config: opid_index: -1 OBSOLETE_local: false peers { permanent_uuid: "578ba26428c84893a97f911a19c77b1e" member_type: VOTER last_known_addr { host: "127.30.150.193" port: 39363 } } peers { permanent_uuid: "e40d58df834742a7bddfb336d1443819" member_type: VOTER last_known_addr { host: "127.30.150.194" port: 44065 } } peers { permanent_uuid: "5e90ea861a32465bac579ab3cf96a171" member_type: VOTER last_known_addr { host: "127.30.150.195" port: 35115 } }
I20260709 13:11:13.940521 32693 raft_consensus.cc:515] T 3117c3d5112b4b7582c131c2a641e92e P e40d58df834742a7bddfb336d1443819 [term 1 FOLLOWER]: Starting leader election with config: opid_index: -1 OBSOLETE_local: false peers { permanent_uuid: "578ba26428c84893a97f911a19c77b1e" member_type: VOTER last_known_addr { host: "127.30.150.193" port: 39363 } } peers { permanent_uuid: "e40d58df834742a7bddfb336d1443819" member_type: VOTER last_known_addr { host: "127.30.150.194" port: 44065 } } peers { permanent_uuid: "5e90ea861a32465bac579ab3cf96a171" member_type: VOTER last_known_addr { host: "127.30.150.195" port: 35115 } }
I20260709 13:11:13.942759 32624 tablet_bootstrap.cc:492] T ffb129481fad4d519b7d6b2361d89eac P 578ba26428c84893a97f911a19c77b1e: Bootstrap starting.
I20260709 13:11:13.943128 32693 leader_election.cc:290] T 3117c3d5112b4b7582c131c2a641e92e P e40d58df834742a7bddfb336d1443819 [CANDIDATE]: Term 1 election: Requested vote from peers 578ba26428c84893a97f911a19c77b1e (127.30.150.193:39363), 5e90ea861a32465bac579ab3cf96a171 (127.30.150.195:35115)
I20260709 13:11:13.944183 32427 tablet_service.cc:1917] Received RequestConsensusVote() RPC: tablet_id: "38789950da134ad39baabce288b0ed82" candidate_uuid: "e40d58df834742a7bddfb336d1443819" candidate_term: 2 candidate_status { last_received { term: 0 index: 0 } } ignore_live_leader: false dest_uuid: "578ba26428c84893a97f911a19c77b1e" is_pre_election: true
I20260709 13:11:13.945037 32579 tablet_service.cc:1917] Received RequestConsensusVote() RPC: tablet_id: "38789950da134ad39baabce288b0ed82" candidate_uuid: "e40d58df834742a7bddfb336d1443819" candidate_term: 2 candidate_status { last_received { term: 0 index: 0 } } ignore_live_leader: false dest_uuid: "5e90ea861a32465bac579ab3cf96a171" is_pre_election: true
I20260709 13:11:13.937803 32623 raft_consensus.cc:359] T 5ade560ffcc64dee92da6a51ad89503e P e40d58df834742a7bddfb336d1443819 [term 0 FOLLOWER]: Replica starting. Triggering 0 pending ops. Active config: opid_index: -1 OBSOLETE_local: false peers { permanent_uuid: "578ba26428c84893a97f911a19c77b1e" member_type: VOTER last_known_addr { host: "127.30.150.193" port: 39363 } } peers { permanent_uuid: "e40d58df834742a7bddfb336d1443819" member_type: VOTER last_known_addr { host: "127.30.150.194" port: 44065 } } peers { permanent_uuid: "5e90ea861a32465bac579ab3cf96a171" member_type: VOTER last_known_addr { host: "127.30.150.195" port: 35115 } }
I20260709 13:11:13.945801 32623 raft_consensus.cc:385] T 5ade560ffcc64dee92da6a51ad89503e P e40d58df834742a7bddfb336d1443819 [term 0 FOLLOWER]: Consensus starting up: Expiring failure detector timer to make a prompt election more likely
I20260709 13:11:13.946074 32623 raft_consensus.cc:740] T 5ade560ffcc64dee92da6a51ad89503e P e40d58df834742a7bddfb336d1443819 [term 0 FOLLOWER]: Becoming Follower/Learner. State: Replica: e40d58df834742a7bddfb336d1443819, State: Initialized, Role: FOLLOWER
I20260709 13:11:13.948788 32427 tablet_service.cc:1917] Received RequestConsensusVote() RPC: tablet_id: "9ed3a13025f44e009514486be705ae82" candidate_uuid: "e40d58df834742a7bddfb336d1443819" candidate_term: 1 candidate_status { last_received { term: 0 index: 0 } } ignore_live_leader: false dest_uuid: "578ba26428c84893a97f911a19c77b1e" is_pre_election: true
I20260709 13:11:13.949038 32579 tablet_service.cc:1917] Received RequestConsensusVote() RPC: tablet_id: "9ed3a13025f44e009514486be705ae82" candidate_uuid: "e40d58df834742a7bddfb336d1443819" candidate_term: 1 candidate_status { last_received { term: 0 index: 0 } } ignore_live_leader: false dest_uuid: "5e90ea861a32465bac579ab3cf96a171" is_pre_election: true
I20260709 13:11:13.949447 32427 raft_consensus.cc:2468] T 9ed3a13025f44e009514486be705ae82 P 578ba26428c84893a97f911a19c77b1e [term 0 FOLLOWER]: Leader pre-election vote request: Granting yes vote for candidate e40d58df834742a7bddfb336d1443819 in term 0.
I20260709 13:11:13.946780 32623 consensus_queue.cc:260] T 5ade560ffcc64dee92da6a51ad89503e P e40d58df834742a7bddfb336d1443819 [NON_LEADER]: Queue going to NON_LEADER mode. State: All replicated index: 0, Majority replicated index: 0, Committed index: 0, Last appended: 0.0, Last appended by leader: 0, Current term: 0, Majority size: -1, State: 0, Mode: NON_LEADER, active raft config: opid_index: -1 OBSOLETE_local: false peers { permanent_uuid: "578ba26428c84893a97f911a19c77b1e" member_type: VOTER last_known_addr { host: "127.30.150.193" port: 39363 } } peers { permanent_uuid: "e40d58df834742a7bddfb336d1443819" member_type: VOTER last_known_addr { host: "127.30.150.194" port: 44065 } } peers { permanent_uuid: "5e90ea861a32465bac579ab3cf96a171" member_type: VOTER last_known_addr { host: "127.30.150.195" port: 35115 } }
I20260709 13:11:13.952899 32623 ts_tablet_manager.cc:1434] T 5ade560ffcc64dee92da6a51ad89503e P e40d58df834742a7bddfb336d1443819: Time spent starting tablet: real 0.017s	user 0.005s	sys 0.000s
I20260709 13:11:13.955114 32623 tablet_bootstrap.cc:492] T f21e24c7e021426ab435022f71f7d467 P e40d58df834742a7bddfb336d1443819: Bootstrap starting.
I20260709 13:11:13.955263 32624 tablet_bootstrap.cc:654] T ffb129481fad4d519b7d6b2361d89eac P 578ba26428c84893a97f911a19c77b1e: Neither blocks nor log segments found. Creating new log.
W20260709 13:11:13.965772 32472 leader_election.cc:343] T 9ed3a13025f44e009514486be705ae82 P e40d58df834742a7bddfb336d1443819 [CANDIDATE]: Term 1 pre-election: Tablet error from VoteRequest() call to peer 5e90ea861a32465bac579ab3cf96a171 (127.30.150.195:35115): Illegal state: must be running to vote when last-logged opid is not known
I20260709 13:11:13.973723 32472 leader_election.cc:304] T 38789950da134ad39baabce288b0ed82 P e40d58df834742a7bddfb336d1443819 [CANDIDATE]: Term 2 pre-election: Election decided. Result: candidate lost. Election summary: received 3 responses out of 3 voters: 1 yes votes; 2 no votes. yes voters: e40d58df834742a7bddfb336d1443819; no voters: 578ba26428c84893a97f911a19c77b1e, 5e90ea861a32465bac579ab3cf96a171
I20260709 13:11:13.975000 32622 ts_tablet_manager.cc:1434] T e40f023579ff47b5a6a5f4016fb28b44 P 5e90ea861a32465bac579ab3cf96a171: Time spent starting tablet: real 0.039s	user 0.005s	sys 0.001s
I20260709 13:11:13.975339 32472 leader_election.cc:304] T 9ed3a13025f44e009514486be705ae82 P e40d58df834742a7bddfb336d1443819 [CANDIDATE]: Term 1 pre-election: Election decided. Result: candidate won. Election summary: received 3 responses out of 3 voters: 2 yes votes; 1 no votes. yes voters: 578ba26428c84893a97f911a19c77b1e, e40d58df834742a7bddfb336d1443819; no voters: 5e90ea861a32465bac579ab3cf96a171
I20260709 13:11:13.979998 32623 tablet_bootstrap.cc:654] T f21e24c7e021426ab435022f71f7d467 P e40d58df834742a7bddfb336d1443819: Neither blocks nor log segments found. Creating new log.
I20260709 13:11:13.975656 32693 raft_consensus.cc:2749] T 38789950da134ad39baabce288b0ed82 P e40d58df834742a7bddfb336d1443819 [term 1 FOLLOWER]: Leader pre-election lost for term 2. Reason: could not achieve majority
I20260709 13:11:13.983083 32657 raft_consensus.cc:493] T e313fe8cdfe14d44b7ad874923769830 P e40d58df834742a7bddfb336d1443819 [term 0 FOLLOWER]: Starting pre-election (no leader contacted us within the election timeout)
I20260709 13:11:13.983579 32657 raft_consensus.cc:515] T e313fe8cdfe14d44b7ad874923769830 P e40d58df834742a7bddfb336d1443819 [term 0 FOLLOWER]: Starting pre-election with config: opid_index: -1 OBSOLETE_local: false peers { permanent_uuid: "578ba26428c84893a97f911a19c77b1e" member_type: VOTER last_known_addr { host: "127.30.150.193" port: 39363 } } peers { permanent_uuid: "e40d58df834742a7bddfb336d1443819" member_type: VOTER last_known_addr { host: "127.30.150.194" port: 44065 } } peers { permanent_uuid: "5e90ea861a32465bac579ab3cf96a171" member_type: VOTER last_known_addr { host: "127.30.150.195" port: 35115 } }
I20260709 13:11:13.986706 32622 tablet_bootstrap.cc:492] T 27773e681c2145cb8b6f0dedff5a9c94 P 5e90ea861a32465bac579ab3cf96a171: Bootstrap starting.
I20260709 13:11:13.981077 32431 tablet_service.cc:1917] Received RequestConsensusVote() RPC: tablet_id: "3117c3d5112b4b7582c131c2a641e92e" candidate_uuid: "e40d58df834742a7bddfb336d1443819" candidate_term: 1 candidate_status { last_received { term: 0 index: 0 } } ignore_live_leader: false dest_uuid: "578ba26428c84893a97f911a19c77b1e"
I20260709 13:11:13.990377   412 raft_consensus.cc:2804] T 9ed3a13025f44e009514486be705ae82 P e40d58df834742a7bddfb336d1443819 [term 0 FOLLOWER]: Leader pre-election won for term 1
I20260709 13:11:14.000555 32693 raft_consensus.cc:493] T 7f18a87c026b4ad6a78f5c919968a369 P e40d58df834742a7bddfb336d1443819 [term 0 FOLLOWER]: Starting pre-election (no leader contacted us within the election timeout)
I20260709 13:11:14.004839 32431 raft_consensus.cc:3060] T 3117c3d5112b4b7582c131c2a641e92e P 578ba26428c84893a97f911a19c77b1e [term 0 FOLLOWER]: Advancing to term 1
I20260709 13:11:14.016615 32331 catalog_manager.cc:5697] T e40f023579ff47b5a6a5f4016fb28b44 P 578ba26428c84893a97f911a19c77b1e reported cstate change: term changed from 0 to 1, leader changed from <none> to 578ba26428c84893a97f911a19c77b1e (127.30.150.193). New cstate: current_term: 1 leader_uuid: "578ba26428c84893a97f911a19c77b1e" committed_config { opid_index: -1 OBSOLETE_local: false peers { permanent_uuid: "578ba26428c84893a97f911a19c77b1e" member_type: VOTER last_known_addr { host: "127.30.150.193" port: 39363 } health_report { overall_health: HEALTHY } } peers { permanent_uuid: "e40d58df834742a7bddfb336d1443819" member_type: VOTER last_known_addr { host: "127.30.150.194" port: 44065 } health_report { overall_health: UNKNOWN } } peers { permanent_uuid: "5e90ea861a32465bac579ab3cf96a171" member_type: VOTER last_known_addr { host: "127.30.150.195" port: 35115 } health_report { overall_health: UNKNOWN } } }
I20260709 13:11:14.008196   412 raft_consensus.cc:493] T 9ed3a13025f44e009514486be705ae82 P e40d58df834742a7bddfb336d1443819 [term 0 FOLLOWER]: Starting leader election (no leader contacted us within the election timeout)
I20260709 13:11:14.020989 32657 leader_election.cc:290] T e313fe8cdfe14d44b7ad874923769830 P e40d58df834742a7bddfb336d1443819 [CANDIDATE]: Term 1 pre-election: Requested pre-vote from peers 578ba26428c84893a97f911a19c77b1e (127.30.150.193:39363), 5e90ea861a32465bac579ab3cf96a171 (127.30.150.195:35115)
I20260709 13:11:14.026612 32578 tablet_service.cc:1917] Received RequestConsensusVote() RPC: tablet_id: "e313fe8cdfe14d44b7ad874923769830" candidate_uuid: "e40d58df834742a7bddfb336d1443819" candidate_term: 1 candidate_status { last_received { term: 0 index: 0 } } ignore_live_leader: false dest_uuid: "5e90ea861a32465bac579ab3cf96a171" is_pre_election: true
W20260709 13:11:14.030488 32472 leader_election.cc:343] T e313fe8cdfe14d44b7ad874923769830 P e40d58df834742a7bddfb336d1443819 [CANDIDATE]: Term 1 pre-election: Tablet error from VoteRequest() call to peer 5e90ea861a32465bac579ab3cf96a171 (127.30.150.195:35115): Illegal state: must be running to vote when last-logged opid is not known
I20260709 13:11:14.031378 32624 tablet_bootstrap.cc:492] T ffb129481fad4d519b7d6b2361d89eac P 578ba26428c84893a97f911a19c77b1e: No bootstrap required, opened a new log
I20260709 13:11:14.031809 32624 ts_tablet_manager.cc:1403] T ffb129481fad4d519b7d6b2361d89eac P 578ba26428c84893a97f911a19c77b1e: Time spent bootstrapping tablet: real 0.089s	user 0.031s	sys 0.012s
I20260709 13:11:14.009981   414 consensus_queue.cc:1048] T 816b0127368149e5afbcd543dd429043 P e40d58df834742a7bddfb336d1443819 [LEADER]: Connected to new peer: Peer: permanent_uuid: "578ba26428c84893a97f911a19c77b1e" member_type: VOTER last_known_addr { host: "127.30.150.193" port: 39363 }, Status: LMP_MISMATCH, Last received: 0.0, Next index: 1, Last known committed idx: 0, Time since last communication: 0.047s
I20260709 13:11:14.024351   412 raft_consensus.cc:3060] T 9ed3a13025f44e009514486be705ae82 P e40d58df834742a7bddfb336d1443819 [term 0 FOLLOWER]: Advancing to term 1
I20260709 13:11:14.028023 32428 tablet_service.cc:1917] Received RequestConsensusVote() RPC: tablet_id: "e313fe8cdfe14d44b7ad874923769830" candidate_uuid: "e40d58df834742a7bddfb336d1443819" candidate_term: 1 candidate_status { last_received { term: 0 index: 0 } } ignore_live_leader: false dest_uuid: "578ba26428c84893a97f911a19c77b1e" is_pre_election: true
I20260709 13:11:14.042865 32428 raft_consensus.cc:2468] T e313fe8cdfe14d44b7ad874923769830 P 578ba26428c84893a97f911a19c77b1e [term 0 FOLLOWER]: Leader pre-election vote request: Granting yes vote for candidate e40d58df834742a7bddfb336d1443819 in term 0.
I20260709 13:11:14.043269   415 consensus_queue.cc:1048] T e40f023579ff47b5a6a5f4016fb28b44 P 578ba26428c84893a97f911a19c77b1e [LEADER]: Connected to new peer: Peer: permanent_uuid: "e40d58df834742a7bddfb336d1443819" member_type: VOTER last_known_addr { host: "127.30.150.194" port: 44065 }, Status: LMP_MISMATCH, Last received: 0.0, Next index: 1, Last known committed idx: 0, Time since last communication: 0.000s
I20260709 13:11:14.020380 32693 raft_consensus.cc:515] T 7f18a87c026b4ad6a78f5c919968a369 P e40d58df834742a7bddfb336d1443819 [term 0 FOLLOWER]: Starting pre-election with config: opid_index: -1 OBSOLETE_local: false peers { permanent_uuid: "578ba26428c84893a97f911a19c77b1e" member_type: VOTER last_known_addr { host: "127.30.150.193" port: 39363 } } peers { permanent_uuid: "e40d58df834742a7bddfb336d1443819" member_type: VOTER last_known_addr { host: "127.30.150.194" port: 44065 } } peers { permanent_uuid: "5e90ea861a32465bac579ab3cf96a171" member_type: VOTER last_known_addr { host: "127.30.150.195" port: 35115 } }
I20260709 13:11:14.045562 32472 leader_election.cc:304] T e313fe8cdfe14d44b7ad874923769830 P e40d58df834742a7bddfb336d1443819 [CANDIDATE]: Term 1 pre-election: Election decided. Result: candidate won. Election summary: received 3 responses out of 3 voters: 2 yes votes; 1 no votes. yes voters: 578ba26428c84893a97f911a19c77b1e, e40d58df834742a7bddfb336d1443819; no voters: 5e90ea861a32465bac579ab3cf96a171
I20260709 13:11:14.046726 32628 raft_consensus.cc:2804] T e313fe8cdfe14d44b7ad874923769830 P e40d58df834742a7bddfb336d1443819 [term 0 FOLLOWER]: Leader pre-election won for term 1
I20260709 13:11:14.047050 32628 raft_consensus.cc:493] T e313fe8cdfe14d44b7ad874923769830 P e40d58df834742a7bddfb336d1443819 [term 0 FOLLOWER]: Starting leader election (no leader contacted us within the election timeout)
I20260709 13:11:14.047322 32628 raft_consensus.cc:3060] T e313fe8cdfe14d44b7ad874923769830 P e40d58df834742a7bddfb336d1443819 [term 0 FOLLOWER]: Advancing to term 1
I20260709 13:11:14.075749 32630 raft_consensus.cc:493] T b6f727ac380140fba143a6526cfe698b P 578ba26428c84893a97f911a19c77b1e [term 0 FOLLOWER]: Starting pre-election (no leader contacted us within the election timeout)
I20260709 13:11:14.076514 32630 raft_consensus.cc:515] T b6f727ac380140fba143a6526cfe698b P 578ba26428c84893a97f911a19c77b1e [term 0 FOLLOWER]: Starting pre-election with config: opid_index: -1 OBSOLETE_local: false peers { permanent_uuid: "578ba26428c84893a97f911a19c77b1e" member_type: VOTER last_known_addr { host: "127.30.150.193" port: 39363 } } peers { permanent_uuid: "e40d58df834742a7bddfb336d1443819" member_type: VOTER last_known_addr { host: "127.30.150.194" port: 44065 } } peers { permanent_uuid: "5e90ea861a32465bac579ab3cf96a171" member_type: VOTER last_known_addr { host: "127.30.150.195" port: 35115 } }
W20260709 13:11:14.126497   458 log.cc:927] Time spent T 00000000000000000000000000000000 P 92c8b04e59f24350beccee42abfd29f7: Append to log took a long time: real 0.059s	user 0.000s	sys 0.000s
I20260709 13:11:14.136550   413 raft_consensus.cc:493] T dba07fd7321a492eb93125821d98095b P e40d58df834742a7bddfb336d1443819 [term 0 FOLLOWER]: Starting pre-election (no leader contacted us within the election timeout)
I20260709 13:11:14.063309   306 raft_consensus.cc:493] T dba07fd7321a492eb93125821d98095b P 578ba26428c84893a97f911a19c77b1e [term 0 FOLLOWER]: Starting pre-election (no leader contacted us within the election timeout)
I20260709 13:11:14.227365   306 raft_consensus.cc:515] T dba07fd7321a492eb93125821d98095b P 578ba26428c84893a97f911a19c77b1e [term 0 FOLLOWER]: Starting pre-election with config: opid_index: -1 OBSOLETE_local: false peers { permanent_uuid: "578ba26428c84893a97f911a19c77b1e" member_type: VOTER last_known_addr { host: "127.30.150.193" port: 39363 } } peers { permanent_uuid: "e40d58df834742a7bddfb336d1443819" member_type: VOTER last_known_addr { host: "127.30.150.194" port: 44065 } } peers { permanent_uuid: "5e90ea861a32465bac579ab3cf96a171" member_type: VOTER last_known_addr { host: "127.30.150.195" port: 35115 } }
I20260709 13:11:14.229771   413 raft_consensus.cc:515] T dba07fd7321a492eb93125821d98095b P e40d58df834742a7bddfb336d1443819 [term 0 FOLLOWER]: Starting pre-election with config: opid_index: -1 OBSOLETE_local: false peers { permanent_uuid: "578ba26428c84893a97f911a19c77b1e" member_type: VOTER last_known_addr { host: "127.30.150.193" port: 39363 } } peers { permanent_uuid: "e40d58df834742a7bddfb336d1443819" member_type: VOTER last_known_addr { host: "127.30.150.194" port: 44065 } } peers { permanent_uuid: "5e90ea861a32465bac579ab3cf96a171" member_type: VOTER last_known_addr { host: "127.30.150.195" port: 35115 } }
I20260709 13:11:14.263903 32630 leader_election.cc:290] T b6f727ac380140fba143a6526cfe698b P 578ba26428c84893a97f911a19c77b1e [CANDIDATE]: Term 1 pre-election: Requested pre-vote from peers e40d58df834742a7bddfb336d1443819 (127.30.150.194:44065), 5e90ea861a32465bac579ab3cf96a171 (127.30.150.195:35115)
I20260709 13:11:14.276849 32622 tablet_bootstrap.cc:654] T 27773e681c2145cb8b6f0dedff5a9c94 P 5e90ea861a32465bac579ab3cf96a171: Neither blocks nor log segments found. Creating new log.
W20260709 13:11:14.262081 32472 outbound_call.cc:321] RPC callback for RPC call kudu.consensus.ConsensusService.RequestConsensusVote -> {remote=127.30.150.193:39363, user_credentials={real_user=slave}} blocked reactor thread for 216575us
I20260709 13:11:14.287822 32693 leader_election.cc:290] T 7f18a87c026b4ad6a78f5c919968a369 P e40d58df834742a7bddfb336d1443819 [CANDIDATE]: Term 1 pre-election: Requested pre-vote from peers 578ba26428c84893a97f911a19c77b1e (127.30.150.193:39363), 5e90ea861a32465bac579ab3cf96a171 (127.30.150.195:35115)
I20260709 13:11:14.299597   413 leader_election.cc:290] T dba07fd7321a492eb93125821d98095b P e40d58df834742a7bddfb336d1443819 [CANDIDATE]: Term 1 pre-election: Requested pre-vote from peers 578ba26428c84893a97f911a19c77b1e (127.30.150.193:39363), 5e90ea861a32465bac579ab3cf96a171 (127.30.150.195:35115)
W20260709 13:11:14.301520   473 log.cc:927] Time spent T 49bc14dd1d764cdabc421e667ad76ec8 P 578ba26428c84893a97f911a19c77b1e: Append to log took a long time: real 0.227s	user 0.001s	sys 0.000s
I20260709 13:11:14.302316 32577 tablet_service.cc:1917] Received RequestConsensusVote() RPC: tablet_id: "3117c3d5112b4b7582c131c2a641e92e" candidate_uuid: "e40d58df834742a7bddfb336d1443819" candidate_term: 1 candidate_status { last_received { term: 0 index: 0 } } ignore_live_leader: false dest_uuid: "5e90ea861a32465bac579ab3cf96a171"
I20260709 13:11:14.309504 32624 raft_consensus.cc:359] T ffb129481fad4d519b7d6b2361d89eac P 578ba26428c84893a97f911a19c77b1e [term 0 FOLLOWER]: Replica starting. Triggering 0 pending ops. Active config: opid_index: -1 OBSOLETE_local: false peers { permanent_uuid: "578ba26428c84893a97f911a19c77b1e" member_type: VOTER last_known_addr { host: "127.30.150.193" port: 39363 } } peers { permanent_uuid: "e40d58df834742a7bddfb336d1443819" member_type: VOTER last_known_addr { host: "127.30.150.194" port: 44065 } } peers { permanent_uuid: "5e90ea861a32465bac579ab3cf96a171" member_type: VOTER last_known_addr { host: "127.30.150.195" port: 35115 } }
I20260709 13:11:14.310397 32624 raft_consensus.cc:385] T ffb129481fad4d519b7d6b2361d89eac P 578ba26428c84893a97f911a19c77b1e [term 0 FOLLOWER]: Consensus starting up: Expiring failure detector timer to make a prompt election more likely
I20260709 13:11:14.313733 32624 raft_consensus.cc:740] T ffb129481fad4d519b7d6b2361d89eac P 578ba26428c84893a97f911a19c77b1e [term 0 FOLLOWER]: Becoming Follower/Learner. State: Replica: 578ba26428c84893a97f911a19c77b1e, State: Initialized, Role: FOLLOWER
I20260709 13:11:14.316111 32624 consensus_queue.cc:260] T ffb129481fad4d519b7d6b2361d89eac P 578ba26428c84893a97f911a19c77b1e [NON_LEADER]: Queue going to NON_LEADER mode. State: All replicated index: 0, Majority replicated index: 0, Committed index: 0, Last appended: 0.0, Last appended by leader: 0, Current term: 0, Majority size: -1, State: 0, Mode: NON_LEADER, active raft config: opid_index: -1 OBSOLETE_local: false peers { permanent_uuid: "578ba26428c84893a97f911a19c77b1e" member_type: VOTER last_known_addr { host: "127.30.150.193" port: 39363 } } peers { permanent_uuid: "e40d58df834742a7bddfb336d1443819" member_type: VOTER last_known_addr { host: "127.30.150.194" port: 44065 } } peers { permanent_uuid: "5e90ea861a32465bac579ab3cf96a171" member_type: VOTER last_known_addr { host: "127.30.150.195" port: 35115 } }
I20260709 13:11:14.346311 32628 raft_consensus.cc:515] T e313fe8cdfe14d44b7ad874923769830 P e40d58df834742a7bddfb336d1443819 [term 1 FOLLOWER]: Starting leader election with config: opid_index: -1 OBSOLETE_local: false peers { permanent_uuid: "578ba26428c84893a97f911a19c77b1e" member_type: VOTER last_known_addr { host: "127.30.150.193" port: 39363 } } peers { permanent_uuid: "e40d58df834742a7bddfb336d1443819" member_type: VOTER last_known_addr { host: "127.30.150.194" port: 44065 } } peers { permanent_uuid: "5e90ea861a32465bac579ab3cf96a171" member_type: VOTER last_known_addr { host: "127.30.150.195" port: 35115 } }
I20260709 13:11:14.350785 32628 leader_election.cc:290] T e313fe8cdfe14d44b7ad874923769830 P e40d58df834742a7bddfb336d1443819 [CANDIDATE]: Term 1 election: Requested vote from peers 578ba26428c84893a97f911a19c77b1e (127.30.150.193:39363), 5e90ea861a32465bac579ab3cf96a171 (127.30.150.195:35115)
W20260709 13:11:14.367010 32362 debug-util.cc:398] Leaking SignalData structure 0x7b0800038da0 after lost signal to thread 31326
W20260709 13:11:14.368068 32362 debug-util.cc:398] Leaking SignalData structure 0x7b08000372c0 after lost signal to thread 32365
W20260709 13:11:14.372041 32362 debug-util.cc:398] Leaking SignalData structure 0x7b080023cfe0 after lost signal to thread 32457
W20260709 13:11:14.373332 32362 debug-util.cc:398] Leaking SignalData structure 0x7b08001cf2a0 after lost signal to thread 32532
