I20260709 13:11:10.088688 29606 raft_consensus.cc:2749] T fb184a666a7642fc8984d7742648657d P 790065b791934e0ba2548c6eda0c37a3 [term 0 FOLLOWER]: Leader pre-election lost for term 1. Reason: could not achieve majority
I20260709 13:11:10.082849 29865 raft_consensus.cc:493] T 4a32470fe36b49d485c86796a5d9c2b6 P 32195990fa4b4e239fb97ff3a05a0436 [term 1 FOLLOWER]: Starting pre-election (no leader contacted us within the election timeout)
I20260709 13:11:10.091606 29865 raft_consensus.cc:515] T 4a32470fe36b49d485c86796a5d9c2b6 P 32195990fa4b4e239fb97ff3a05a0436 [term 1 FOLLOWER]: Starting pre-election with config: opid_index: -1 OBSOLETE_local: false peers { permanent_uuid: "3924e3842f1949739b96889369507e31" member_type: VOTER last_known_addr { host: "127.27.151.129" port: 42887 } } peers { permanent_uuid: "790065b791934e0ba2548c6eda0c37a3" member_type: VOTER last_known_addr { host: "127.27.151.130" port: 38235 } } peers { permanent_uuid: "32195990fa4b4e239fb97ff3a05a0436" member_type: VOTER last_known_addr { host: "127.27.151.131" port: 38947 } }
I20260709 13:11:10.097671 29570 raft_consensus.cc:359] T 20c5c3470edd4ab88997af0def350824 P 3924e3842f1949739b96889369507e31 [term 0 FOLLOWER]: Replica starting. Triggering 0 pending ops. Active config: opid_index: -1 OBSOLETE_local: false peers { permanent_uuid: "3924e3842f1949739b96889369507e31" member_type: VOTER last_known_addr { host: "127.27.151.129" port: 42887 } } peers { permanent_uuid: "790065b791934e0ba2548c6eda0c37a3" member_type: VOTER last_known_addr { host: "127.27.151.130" port: 38235 } } peers { permanent_uuid: "32195990fa4b4e239fb97ff3a05a0436" member_type: VOTER last_known_addr { host: "127.27.151.131" port: 38947 } }
I20260709 13:11:10.098737 29570 raft_consensus.cc:385] T 20c5c3470edd4ab88997af0def350824 P 3924e3842f1949739b96889369507e31 [term 0 FOLLOWER]: Consensus starting up: Expiring failure detector timer to make a prompt election more likely
I20260709 13:11:10.099114 29570 raft_consensus.cc:740] T 20c5c3470edd4ab88997af0def350824 P 3924e3842f1949739b96889369507e31 [term 0 FOLLOWER]: Becoming Follower/Learner. State: Replica: 3924e3842f1949739b96889369507e31, State: Initialized, Role: FOLLOWER
I20260709 13:11:10.101629 29570 consensus_queue.cc:260] T 20c5c3470edd4ab88997af0def350824 P 3924e3842f1949739b96889369507e31 [NON_LEADER]: Queue going to NON_LEADER mode. State: All replicated index: 0, Majority replicated index: 0, Committed index: 0, Last appended: 0.0, Last appended by leader: 0, Current term: 0, Majority size: -1, State: 0, Mode: NON_LEADER, active raft config: opid_index: -1 OBSOLETE_local: false peers { permanent_uuid: "3924e3842f1949739b96889369507e31" member_type: VOTER last_known_addr { host: "127.27.151.129" port: 42887 } } peers { permanent_uuid: "790065b791934e0ba2548c6eda0c37a3" member_type: VOTER last_known_addr { host: "127.27.151.130" port: 38235 } } peers { permanent_uuid: "32195990fa4b4e239fb97ff3a05a0436" member_type: VOTER last_known_addr { host: "127.27.151.131" port: 38947 } }
I20260709 13:11:10.108649 29449 raft_consensus.cc:2468] T 0f65623c1f1945129a39139be8b98625 P 790065b791934e0ba2548c6eda0c37a3 [term 1 FOLLOWER]: Leader election vote request: Granting yes vote for candidate 3924e3842f1949739b96889369507e31 in term 1.
I20260709 13:11:10.109058 29373 tablet_service.cc:1917] Received RequestConsensusVote() RPC: tablet_id: "0c183f5761044081b6ebeadbec0a1d42" candidate_uuid: "790065b791934e0ba2548c6eda0c37a3" candidate_term: 1 candidate_status { last_received { term: 0 index: 0 } } ignore_live_leader: false dest_uuid: "3924e3842f1949739b96889369507e31" is_pre_election: true
W20260709 13:11:10.110422 29420 leader_election.cc:343] T 0c183f5761044081b6ebeadbec0a1d42 P 790065b791934e0ba2548c6eda0c37a3 [CANDIDATE]: Term 1 pre-election: Tablet error from VoteRequest() call to peer 3924e3842f1949739b96889369507e31 (127.27.151.129:42887): Illegal state: must be running to vote when last-logged opid is not known
I20260709 13:11:10.112748 29865 leader_election.cc:290] T 4a32470fe36b49d485c86796a5d9c2b6 P 32195990fa4b4e239fb97ff3a05a0436 [CANDIDATE]: Term 2 pre-election: Requested pre-vote from peers 3924e3842f1949739b96889369507e31 (127.27.151.129:42887), 790065b791934e0ba2548c6eda0c37a3 (127.27.151.130:38235)
I20260709 13:11:10.113758 29448 tablet_service.cc:1917] Received RequestConsensusVote() RPC: tablet_id: "4a32470fe36b49d485c86796a5d9c2b6" candidate_uuid: "32195990fa4b4e239fb97ff3a05a0436" candidate_term: 2 candidate_status { last_received { term: 0 index: 0 } } ignore_live_leader: false dest_uuid: "790065b791934e0ba2548c6eda0c37a3" is_pre_election: true
I20260709 13:11:10.125917 29570 ts_tablet_manager.cc:1434] T 20c5c3470edd4ab88997af0def350824 P 3924e3842f1949739b96889369507e31: Time spent starting tablet: real 0.073s	user 0.002s	sys 0.006s
I20260709 13:11:10.143944 29452 tablet_service.cc:1917] Received RequestConsensusVote() RPC: tablet_id: "bf4f2d9814754de78e71ffa6702faa89" candidate_uuid: "3924e3842f1949739b96889369507e31" candidate_term: 1 candidate_status { last_received { term: 0 index: 0 } } ignore_live_leader: false dest_uuid: "790065b791934e0ba2548c6eda0c37a3" is_pre_election: true
I20260709 13:11:10.145601 29452 raft_consensus.cc:2468] T bf4f2d9814754de78e71ffa6702faa89 P 790065b791934e0ba2548c6eda0c37a3 [term 0 FOLLOWER]: Leader pre-election vote request: Granting yes vote for candidate 3924e3842f1949739b96889369507e31 in term 0.
I20260709 13:11:10.148939 29569 tablet_bootstrap.cc:654] T 37d5ddc3e1bc4e21925d630bc5ee7273 P 790065b791934e0ba2548c6eda0c37a3: Neither blocks nor log segments found. Creating new log.
I20260709 13:11:10.141824 29277 catalog_manager.cc:5697] T e2672ee3a41340f5990bfa71648b0017 P 3924e3842f1949739b96889369507e31 reported cstate change: term changed from 0 to 1, leader changed from <none> to 3924e3842f1949739b96889369507e31 (127.27.151.129). New cstate: current_term: 1 leader_uuid: "3924e3842f1949739b96889369507e31" committed_config { opid_index: -1 OBSOLETE_local: false peers { permanent_uuid: "3924e3842f1949739b96889369507e31" member_type: VOTER last_known_addr { host: "127.27.151.129" port: 42887 } health_report { overall_health: HEALTHY } } peers { permanent_uuid: "790065b791934e0ba2548c6eda0c37a3" member_type: VOTER last_known_addr { host: "127.27.151.130" port: 38235 } health_report { overall_health: UNKNOWN } } peers { permanent_uuid: "32195990fa4b4e239fb97ff3a05a0436" member_type: VOTER last_known_addr { host: "127.27.151.131" port: 38947 } health_report { overall_health: UNKNOWN } } }
W20260709 13:11:10.151160 29343 consensus_peers.cc:597] T 381e7c409441415e9a2d33ebc8231d51 P 3924e3842f1949739b96889369507e31 -> Peer 32195990fa4b4e239fb97ff3a05a0436 (127.27.151.131:38947): Couldn't send request to peer 32195990fa4b4e239fb97ff3a05a0436. Error code: TABLET_NOT_RUNNING (12). Status: Illegal state: Tablet not RUNNING: BOOTSTRAPPING. This is attempt 1: this message will repeat every 5th retry.
I20260709 13:11:10.153005 29570 tablet_bootstrap.cc:492] T 72ef4f2fbefc4b119bf17b11f8c34de5 P 3924e3842f1949739b96889369507e31: Bootstrap starting.
I20260709 13:11:10.150924 29372 tablet_service.cc:1917] Received RequestConsensusVote() RPC: tablet_id: "4a32470fe36b49d485c86796a5d9c2b6" candidate_uuid: "32195990fa4b4e239fb97ff3a05a0436" candidate_term: 2 candidate_status { last_received { term: 0 index: 0 } } ignore_live_leader: false dest_uuid: "3924e3842f1949739b96889369507e31" is_pre_election: true
I20260709 13:11:10.151468 29874 leader_election.cc:290] T 0c183f5761044081b6ebeadbec0a1d42 P 790065b791934e0ba2548c6eda0c37a3 [CANDIDATE]: Term 1 pre-election: Requested pre-vote from peers 3924e3842f1949739b96889369507e31 (127.27.151.129:42887), 32195990fa4b4e239fb97ff3a05a0436 (127.27.151.131:38947)
I20260709 13:11:10.157766 29863 leader_election.cc:290] T bf4f2d9814754de78e71ffa6702faa89 P 3924e3842f1949739b96889369507e31 [CANDIDATE]: Term 1 pre-election: Requested pre-vote from peers 790065b791934e0ba2548c6eda0c37a3 (127.27.151.130:38235), 32195990fa4b4e239fb97ff3a05a0436 (127.27.151.131:38947)
I20260709 13:11:10.160882 29525 tablet_service.cc:1917] Received RequestConsensusVote() RPC: tablet_id: "bf4f2d9814754de78e71ffa6702faa89" candidate_uuid: "3924e3842f1949739b96889369507e31" candidate_term: 1 candidate_status { last_received { term: 0 index: 0 } } ignore_live_leader: false dest_uuid: "32195990fa4b4e239fb97ff3a05a0436" is_pre_election: true
W20260709 13:11:10.164113 29343 leader_election.cc:343] T bf4f2d9814754de78e71ffa6702faa89 P 3924e3842f1949739b96889369507e31 [CANDIDATE]: Term 1 pre-election: Tablet error from VoteRequest() call to peer 32195990fa4b4e239fb97ff3a05a0436 (127.27.151.131:38947): Illegal state: must be running to vote when last-logged opid is not known
I20260709 13:11:10.167649 29494 leader_election.cc:304] T 4a32470fe36b49d485c86796a5d9c2b6 P 32195990fa4b4e239fb97ff3a05a0436 [CANDIDATE]: Term 2 pre-election: Election decided. Result: candidate lost. Election summary: received 3 responses out of 3 voters: 1 yes votes; 2 no votes. yes voters: 32195990fa4b4e239fb97ff3a05a0436; no voters: 3924e3842f1949739b96889369507e31, 790065b791934e0ba2548c6eda0c37a3
I20260709 13:11:10.167781 29343 leader_election.cc:304] T bf4f2d9814754de78e71ffa6702faa89 P 3924e3842f1949739b96889369507e31 [CANDIDATE]: Term 1 pre-election: Election decided. Result: candidate won. Election summary: received 3 responses out of 3 voters: 2 yes votes; 1 no votes. yes voters: 3924e3842f1949739b96889369507e31, 790065b791934e0ba2548c6eda0c37a3; no voters: 32195990fa4b4e239fb97ff3a05a0436
I20260709 13:11:10.168848 29742 raft_consensus.cc:2749] T 4a32470fe36b49d485c86796a5d9c2b6 P 32195990fa4b4e239fb97ff3a05a0436 [term 1 FOLLOWER]: Leader pre-election lost for term 2. Reason: could not achieve majority
I20260709 13:11:10.169227 29790 raft_consensus.cc:2804] T bf4f2d9814754de78e71ffa6702faa89 P 3924e3842f1949739b96889369507e31 [term 0 FOLLOWER]: Leader pre-election won for term 1
I20260709 13:11:10.169606 29790 raft_consensus.cc:493] T bf4f2d9814754de78e71ffa6702faa89 P 3924e3842f1949739b96889369507e31 [term 0 FOLLOWER]: Starting leader election (no leader contacted us within the election timeout)
I20260709 13:11:10.169934 29523 tablet_service.cc:1917] Received RequestConsensusVote() RPC: tablet_id: "0c183f5761044081b6ebeadbec0a1d42" candidate_uuid: "790065b791934e0ba2548c6eda0c37a3" candidate_term: 1 candidate_status { last_received { term: 0 index: 0 } } ignore_live_leader: false dest_uuid: "32195990fa4b4e239fb97ff3a05a0436" is_pre_election: true
I20260709 13:11:10.170951 29343 leader_election.cc:304] T 0f65623c1f1945129a39139be8b98625 P 3924e3842f1949739b96889369507e31 [CANDIDATE]: Term 1 election: Election decided. Result: candidate won. Election summary: received 3 responses out of 3 voters: 2 yes votes; 1 no votes. yes voters: 3924e3842f1949739b96889369507e31, 790065b791934e0ba2548c6eda0c37a3; no voters: 32195990fa4b4e239fb97ff3a05a0436
I20260709 13:11:10.169947 29790 raft_consensus.cc:3060] T bf4f2d9814754de78e71ffa6702faa89 P 3924e3842f1949739b96889369507e31 [term 0 FOLLOWER]: Advancing to term 1
W20260709 13:11:10.172117 29418 leader_election.cc:343] T 0c183f5761044081b6ebeadbec0a1d42 P 790065b791934e0ba2548c6eda0c37a3 [CANDIDATE]: Term 1 pre-election: Tablet error from VoteRequest() call to peer 32195990fa4b4e239fb97ff3a05a0436 (127.27.151.131:38947): Illegal state: must be running to vote when last-logged opid is not known
I20260709 13:11:10.172850 29418 leader_election.cc:304] T 0c183f5761044081b6ebeadbec0a1d42 P 790065b791934e0ba2548c6eda0c37a3 [CANDIDATE]: Term 1 pre-election: Election decided. Result: candidate lost. Election summary: received 3 responses out of 3 voters: 1 yes votes; 2 no votes. yes voters: 790065b791934e0ba2548c6eda0c37a3; no voters: 32195990fa4b4e239fb97ff3a05a0436, 3924e3842f1949739b96889369507e31
I20260709 13:11:10.173864 29874 raft_consensus.cc:2749] T 0c183f5761044081b6ebeadbec0a1d42 P 790065b791934e0ba2548c6eda0c37a3 [term 0 FOLLOWER]: Leader pre-election lost for term 1. Reason: could not achieve majority
I20260709 13:11:10.176015 29866 consensus_queue.cc:1048] T 381e7c409441415e9a2d33ebc8231d51 P 3924e3842f1949739b96889369507e31 [LEADER]: Connected to new peer: Peer: permanent_uuid: "790065b791934e0ba2548c6eda0c37a3" member_type: VOTER last_known_addr { host: "127.27.151.130" port: 38235 }, Status: LMP_MISMATCH, Last received: 0.0, Next index: 1, Last known committed idx: 0, Time since last communication: 0.001s
I20260709 13:11:10.176144 29852 raft_consensus.cc:2804] T 0f65623c1f1945129a39139be8b98625 P 3924e3842f1949739b96889369507e31 [term 1 FOLLOWER]: Leader election won for term 1
I20260709 13:11:10.180946 29852 raft_consensus.cc:697] T 0f65623c1f1945129a39139be8b98625 P 3924e3842f1949739b96889369507e31 [term 1 LEADER]: Becoming Leader. State: Replica: 3924e3842f1949739b96889369507e31, State: Running, Role: LEADER
I20260709 13:11:10.182093 29870 raft_consensus.cc:493] T 59e5a635ae9e402089a677dfebde071d P 790065b791934e0ba2548c6eda0c37a3 [term 0 FOLLOWER]: Starting pre-election (no leader contacted us within the election timeout)
I20260709 13:11:10.181890 29852 consensus_queue.cc:237] T 0f65623c1f1945129a39139be8b98625 P 3924e3842f1949739b96889369507e31 [LEADER]: Queue going to LEADER mode. State: All replicated index: 0, Majority replicated index: 0, Committed index: 0, Last appended: 0.0, Last appended by leader: 0, Current term: 1, Majority size: 2, State: 0, Mode: LEADER, active raft config: opid_index: -1 OBSOLETE_local: false peers { permanent_uuid: "3924e3842f1949739b96889369507e31" member_type: VOTER last_known_addr { host: "127.27.151.129" port: 42887 } } peers { permanent_uuid: "790065b791934e0ba2548c6eda0c37a3" member_type: VOTER last_known_addr { host: "127.27.151.130" port: 38235 } } peers { permanent_uuid: "32195990fa4b4e239fb97ff3a05a0436" member_type: VOTER last_known_addr { host: "127.27.151.131" port: 38947 } }
I20260709 13:11:10.182559 29870 raft_consensus.cc:515] T 59e5a635ae9e402089a677dfebde071d P 790065b791934e0ba2548c6eda0c37a3 [term 0 FOLLOWER]: Starting pre-election with config: opid_index: -1 OBSOLETE_local: false peers { permanent_uuid: "3924e3842f1949739b96889369507e31" member_type: VOTER last_known_addr { host: "127.27.151.129" port: 42887 } } peers { permanent_uuid: "790065b791934e0ba2548c6eda0c37a3" member_type: VOTER last_known_addr { host: "127.27.151.130" port: 38235 } } peers { permanent_uuid: "32195990fa4b4e239fb97ff3a05a0436" member_type: VOTER last_known_addr { host: "127.27.151.131" port: 38947 } }
I20260709 13:11:10.184558 29870 leader_election.cc:290] T 59e5a635ae9e402089a677dfebde071d P 790065b791934e0ba2548c6eda0c37a3 [CANDIDATE]: Term 1 pre-election: Requested pre-vote from peers 3924e3842f1949739b96889369507e31 (127.27.151.129:42887), 32195990fa4b4e239fb97ff3a05a0436 (127.27.151.131:38947)
I20260709 13:11:10.185298 29372 tablet_service.cc:1917] Received RequestConsensusVote() RPC: tablet_id: "59e5a635ae9e402089a677dfebde071d" candidate_uuid: "790065b791934e0ba2548c6eda0c37a3" candidate_term: 1 candidate_status { last_received { term: 0 index: 0 } } ignore_live_leader: false dest_uuid: "3924e3842f1949739b96889369507e31" is_pre_election: true
W20260709 13:11:10.186990 29420 leader_election.cc:343] T 59e5a635ae9e402089a677dfebde071d P 790065b791934e0ba2548c6eda0c37a3 [CANDIDATE]: Term 1 pre-election: Tablet error from VoteRequest() call to peer 3924e3842f1949739b96889369507e31 (127.27.151.129:42887): Illegal state: must be running to vote when last-logged opid is not known
I20260709 13:11:10.188354 29526 tablet_service.cc:1917] Received RequestConsensusVote() RPC: tablet_id: "59e5a635ae9e402089a677dfebde071d" candidate_uuid: "790065b791934e0ba2548c6eda0c37a3" candidate_term: 1 candidate_status { last_received { term: 0 index: 0 } } ignore_live_leader: false dest_uuid: "32195990fa4b4e239fb97ff3a05a0436" is_pre_election: true
W20260709 13:11:10.189733 29418 leader_election.cc:343] T 59e5a635ae9e402089a677dfebde071d P 790065b791934e0ba2548c6eda0c37a3 [CANDIDATE]: Term 1 pre-election: Tablet error from VoteRequest() call to peer 32195990fa4b4e239fb97ff3a05a0436 (127.27.151.131:38947): Illegal state: must be running to vote when last-logged opid is not known
I20260709 13:11:10.190223 29418 leader_election.cc:304] T 59e5a635ae9e402089a677dfebde071d P 790065b791934e0ba2548c6eda0c37a3 [CANDIDATE]: Term 1 pre-election: Election decided. Result: candidate lost. Election summary: received 3 responses out of 3 voters: 1 yes votes; 2 no votes. yes voters: 790065b791934e0ba2548c6eda0c37a3; no voters: 32195990fa4b4e239fb97ff3a05a0436, 3924e3842f1949739b96889369507e31
I20260709 13:11:10.191766 29870 raft_consensus.cc:2749] T 59e5a635ae9e402089a677dfebde071d P 790065b791934e0ba2548c6eda0c37a3 [term 0 FOLLOWER]: Leader pre-election lost for term 1. Reason: could not achieve majority
I20260709 13:11:10.202389 29790 raft_consensus.cc:515] T bf4f2d9814754de78e71ffa6702faa89 P 3924e3842f1949739b96889369507e31 [term 1 FOLLOWER]: Starting leader election with config: opid_index: -1 OBSOLETE_local: false peers { permanent_uuid: "3924e3842f1949739b96889369507e31" member_type: VOTER last_known_addr { host: "127.27.151.129" port: 42887 } } peers { permanent_uuid: "790065b791934e0ba2548c6eda0c37a3" member_type: VOTER last_known_addr { host: "127.27.151.130" port: 38235 } } peers { permanent_uuid: "32195990fa4b4e239fb97ff3a05a0436" member_type: VOTER last_known_addr { host: "127.27.151.131" port: 38947 } }
I20260709 13:11:10.216612 29449 tablet_service.cc:1917] Received RequestConsensusVote() RPC: tablet_id: "bf4f2d9814754de78e71ffa6702faa89" candidate_uuid: "3924e3842f1949739b96889369507e31" candidate_term: 1 candidate_status { last_received { term: 0 index: 0 } } ignore_live_leader: false dest_uuid: "790065b791934e0ba2548c6eda0c37a3"
I20260709 13:11:10.217514 29449 raft_consensus.cc:3060] T bf4f2d9814754de78e71ffa6702faa89 P 790065b791934e0ba2548c6eda0c37a3 [term 0 FOLLOWER]: Advancing to term 1
I20260709 13:11:10.218412 29568 tablet_bootstrap.cc:492] T 381e7c409441415e9a2d33ebc8231d51 P 32195990fa4b4e239fb97ff3a05a0436: No bootstrap required, opened a new log
I20260709 13:11:10.218999 29568 ts_tablet_manager.cc:1403] T 381e7c409441415e9a2d33ebc8231d51 P 32195990fa4b4e239fb97ff3a05a0436: Time spent bootstrapping tablet: real 0.231s	user 0.023s	sys 0.026s
I20260709 13:11:10.225993 29791 consensus_queue.cc:1048] T f81ea55bfa274687b42f0d937b45fc5f P 3924e3842f1949739b96889369507e31 [LEADER]: Connected to new peer: Peer: permanent_uuid: "790065b791934e0ba2548c6eda0c37a3" member_type: VOTER last_known_addr { host: "127.27.151.130" port: 38235 }, Status: LMP_MISMATCH, Last received: 0.0, Next index: 1, Last known committed idx: 0, Time since last communication: 0.001s
I20260709 13:11:10.224987 29568 raft_consensus.cc:359] T 381e7c409441415e9a2d33ebc8231d51 P 32195990fa4b4e239fb97ff3a05a0436 [term 0 FOLLOWER]: Replica starting. Triggering 0 pending ops. Active config: opid_index: -1 OBSOLETE_local: false peers { permanent_uuid: "3924e3842f1949739b96889369507e31" member_type: VOTER last_known_addr { host: "127.27.151.129" port: 42887 } } peers { permanent_uuid: "790065b791934e0ba2548c6eda0c37a3" member_type: VOTER last_known_addr { host: "127.27.151.130" port: 38235 } } peers { permanent_uuid: "32195990fa4b4e239fb97ff3a05a0436" member_type: VOTER last_known_addr { host: "127.27.151.131" port: 38947 } }
I20260709 13:11:10.228492 29568 raft_consensus.cc:385] T 381e7c409441415e9a2d33ebc8231d51 P 32195990fa4b4e239fb97ff3a05a0436 [term 0 FOLLOWER]: Consensus starting up: Expiring failure detector timer to make a prompt election more likely
I20260709 13:11:10.228906 29568 raft_consensus.cc:740] T 381e7c409441415e9a2d33ebc8231d51 P 32195990fa4b4e239fb97ff3a05a0436 [term 0 FOLLOWER]: Becoming Follower/Learner. State: Replica: 32195990fa4b4e239fb97ff3a05a0436, State: Initialized, Role: FOLLOWER
I20260709 13:11:10.256278 29449 raft_consensus.cc:2468] T bf4f2d9814754de78e71ffa6702faa89 P 790065b791934e0ba2548c6eda0c37a3 [term 1 FOLLOWER]: Leader election vote request: Granting yes vote for candidate 3924e3842f1949739b96889369507e31 in term 1.
I20260709 13:11:10.259797 29568 consensus_queue.cc:260] T 381e7c409441415e9a2d33ebc8231d51 P 32195990fa4b4e239fb97ff3a05a0436 [NON_LEADER]: Queue going to NON_LEADER mode. State: All replicated index: 0, Majority replicated index: 0, Committed index: 0, Last appended: 0.0, Last appended by leader: 0, Current term: 0, Majority size: -1, State: 0, Mode: NON_LEADER, active raft config: opid_index: -1 OBSOLETE_local: false peers { permanent_uuid: "3924e3842f1949739b96889369507e31" member_type: VOTER last_known_addr { host: "127.27.151.129" port: 42887 } } peers { permanent_uuid: "790065b791934e0ba2548c6eda0c37a3" member_type: VOTER last_known_addr { host: "127.27.151.130" port: 38235 } } peers { permanent_uuid: "32195990fa4b4e239fb97ff3a05a0436" member_type: VOTER last_known_addr { host: "127.27.151.131" port: 38947 } }
I20260709 13:11:10.261409 29521 tablet_service.cc:1917] Received RequestConsensusVote() RPC: tablet_id: "bf4f2d9814754de78e71ffa6702faa89" candidate_uuid: "3924e3842f1949739b96889369507e31" candidate_term: 1 candidate_status { last_received { term: 0 index: 0 } } ignore_live_leader: false dest_uuid: "32195990fa4b4e239fb97ff3a05a0436"
I20260709 13:11:10.262413 29568 ts_tablet_manager.cc:1434] T 381e7c409441415e9a2d33ebc8231d51 P 32195990fa4b4e239fb97ff3a05a0436: Time spent starting tablet: real 0.043s	user 0.007s	sys 0.002s
I20260709 13:11:10.262794 29343 leader_election.cc:304] T bf4f2d9814754de78e71ffa6702faa89 P 3924e3842f1949739b96889369507e31 [CANDIDATE]: Term 1 election: Election decided. Result: candidate won. Election summary: received 2 responses out of 3 voters: 2 yes votes; 0 no votes. yes voters: 3924e3842f1949739b96889369507e31, 790065b791934e0ba2548c6eda0c37a3; no voters: 
I20260709 13:11:10.256682 29790 leader_election.cc:290] T bf4f2d9814754de78e71ffa6702faa89 P 3924e3842f1949739b96889369507e31 [CANDIDATE]: Term 1 election: Requested vote from peers 790065b791934e0ba2548c6eda0c37a3 (127.27.151.130:38235), 32195990fa4b4e239fb97ff3a05a0436 (127.27.151.131:38947)
I20260709 13:11:10.267513 29277 catalog_manager.cc:5697] T 0f65623c1f1945129a39139be8b98625 P 3924e3842f1949739b96889369507e31 reported cstate change: term changed from 0 to 1, leader changed from <none> to 3924e3842f1949739b96889369507e31 (127.27.151.129). New cstate: current_term: 1 leader_uuid: "3924e3842f1949739b96889369507e31" committed_config { opid_index: -1 OBSOLETE_local: false peers { permanent_uuid: "3924e3842f1949739b96889369507e31" member_type: VOTER last_known_addr { host: "127.27.151.129" port: 42887 } health_report { overall_health: HEALTHY } } peers { permanent_uuid: "790065b791934e0ba2548c6eda0c37a3" member_type: VOTER last_known_addr { host: "127.27.151.130" port: 38235 } health_report { overall_health: UNKNOWN } } peers { permanent_uuid: "32195990fa4b4e239fb97ff3a05a0436" member_type: VOTER last_known_addr { host: "127.27.151.131" port: 38947 } health_report { overall_health: UNKNOWN } } }
I20260709 13:11:10.270999 29791 raft_consensus.cc:2804] T bf4f2d9814754de78e71ffa6702faa89 P 3924e3842f1949739b96889369507e31 [term 1 FOLLOWER]: Leader election won for term 1
I20260709 13:11:10.271883 29791 raft_consensus.cc:697] T bf4f2d9814754de78e71ffa6702faa89 P 3924e3842f1949739b96889369507e31 [term 1 LEADER]: Becoming Leader. State: Replica: 3924e3842f1949739b96889369507e31, State: Running, Role: LEADER
I20260709 13:11:10.272171 29569 tablet_bootstrap.cc:492] T 37d5ddc3e1bc4e21925d630bc5ee7273 P 790065b791934e0ba2548c6eda0c37a3: No bootstrap required, opened a new log
I20260709 13:11:10.272650 29569 ts_tablet_manager.cc:1403] T 37d5ddc3e1bc4e21925d630bc5ee7273 P 790065b791934e0ba2548c6eda0c37a3: Time spent bootstrapping tablet: real 0.200s	user 0.018s	sys 0.025s
I20260709 13:11:10.273736 29570 tablet_bootstrap.cc:654] T 72ef4f2fbefc4b119bf17b11f8c34de5 P 3924e3842f1949739b96889369507e31: Neither blocks nor log segments found. Creating new log.
I20260709 13:11:10.273176 29791 consensus_queue.cc:237] T bf4f2d9814754de78e71ffa6702faa89 P 3924e3842f1949739b96889369507e31 [LEADER]: Queue going to LEADER mode. State: All replicated index: 0, Majority replicated index: 0, Committed index: 0, Last appended: 0.0, Last appended by leader: 0, Current term: 1, Majority size: 2, State: 0, Mode: LEADER, active raft config: opid_index: -1 OBSOLETE_local: false peers { permanent_uuid: "3924e3842f1949739b96889369507e31" member_type: VOTER last_known_addr { host: "127.27.151.129" port: 42887 } } peers { permanent_uuid: "790065b791934e0ba2548c6eda0c37a3" member_type: VOTER last_known_addr { host: "127.27.151.130" port: 38235 } } peers { permanent_uuid: "32195990fa4b4e239fb97ff3a05a0436" member_type: VOTER last_known_addr { host: "127.27.151.131" port: 38947 } }
I20260709 13:11:10.274310 29568 tablet_bootstrap.cc:492] T f81ea55bfa274687b42f0d937b45fc5f P 32195990fa4b4e239fb97ff3a05a0436: Bootstrap starting.
W20260709 13:11:10.275121 29343 leader_election.cc:343] T bf4f2d9814754de78e71ffa6702faa89 P 3924e3842f1949739b96889369507e31 [CANDIDATE]: Term 1 election: Tablet error from VoteRequest() call to peer 32195990fa4b4e239fb97ff3a05a0436 (127.27.151.131:38947): Illegal state: must be running to vote when last-logged opid is not known
I20260709 13:11:10.287624 29569 raft_consensus.cc:359] T 37d5ddc3e1bc4e21925d630bc5ee7273 P 790065b791934e0ba2548c6eda0c37a3 [term 0 FOLLOWER]: Replica starting. Triggering 0 pending ops. Active config: opid_index: -1 OBSOLETE_local: false peers { permanent_uuid: "3924e3842f1949739b96889369507e31" member_type: VOTER last_known_addr { host: "127.27.151.129" port: 42887 } } peers { permanent_uuid: "790065b791934e0ba2548c6eda0c37a3" member_type: VOTER last_known_addr { host: "127.27.151.130" port: 38235 } } peers { permanent_uuid: "32195990fa4b4e239fb97ff3a05a0436" member_type: VOTER last_known_addr { host: "127.27.151.131" port: 38947 } }
I20260709 13:11:10.288342 29569 raft_consensus.cc:385] T 37d5ddc3e1bc4e21925d630bc5ee7273 P 790065b791934e0ba2548c6eda0c37a3 [term 0 FOLLOWER]: Consensus starting up: Expiring failure detector timer to make a prompt election more likely
I20260709 13:11:10.288607 29569 raft_consensus.cc:740] T 37d5ddc3e1bc4e21925d630bc5ee7273 P 790065b791934e0ba2548c6eda0c37a3 [term 0 FOLLOWER]: Becoming Follower/Learner. State: Replica: 790065b791934e0ba2548c6eda0c37a3, State: Initialized, Role: FOLLOWER
I20260709 13:11:10.292361 29569 consensus_queue.cc:260] T 37d5ddc3e1bc4e21925d630bc5ee7273 P 790065b791934e0ba2548c6eda0c37a3 [NON_LEADER]: Queue going to NON_LEADER mode. State: All replicated index: 0, Majority replicated index: 0, Committed index: 0, Last appended: 0.0, Last appended by leader: 0, Current term: 0, Majority size: -1, State: 0, Mode: NON_LEADER, active raft config: opid_index: -1 OBSOLETE_local: false peers { permanent_uuid: "3924e3842f1949739b96889369507e31" member_type: VOTER last_known_addr { host: "127.27.151.129" port: 42887 } } peers { permanent_uuid: "790065b791934e0ba2548c6eda0c37a3" member_type: VOTER last_known_addr { host: "127.27.151.130" port: 38235 } } peers { permanent_uuid: "32195990fa4b4e239fb97ff3a05a0436" member_type: VOTER last_known_addr { host: "127.27.151.131" port: 38947 } }
I20260709 13:11:10.294824 29569 ts_tablet_manager.cc:1434] T 37d5ddc3e1bc4e21925d630bc5ee7273 P 790065b791934e0ba2548c6eda0c37a3: Time spent starting tablet: real 0.022s	user 0.005s	sys 0.002s
I20260709 13:11:10.295859 29569 tablet_bootstrap.cc:492] T b50af0ad95f54918b7660d7698f99072 P 790065b791934e0ba2548c6eda0c37a3: Bootstrap starting.
W20260709 13:11:10.295792 29343 consensus_peers.cc:597] T f81ea55bfa274687b42f0d937b45fc5f P 3924e3842f1949739b96889369507e31 -> Peer 32195990fa4b4e239fb97ff3a05a0436 (127.27.151.131:38947): Couldn't send request to peer 32195990fa4b4e239fb97ff3a05a0436. Error code: TABLET_NOT_RUNNING (12). Status: Illegal state: Tablet not RUNNING: BOOTSTRAPPING. This is attempt 1: this message will repeat every 5th retry.
I20260709 13:11:10.300578 29568 tablet_bootstrap.cc:654] T f81ea55bfa274687b42f0d937b45fc5f P 32195990fa4b4e239fb97ff3a05a0436: Neither blocks nor log segments found. Creating new log.
I20260709 13:11:10.303922 29569 tablet_bootstrap.cc:654] T b50af0ad95f54918b7660d7698f99072 P 790065b791934e0ba2548c6eda0c37a3: Neither blocks nor log segments found. Creating new log.
I20260709 13:11:10.311625 29570 tablet_bootstrap.cc:492] T 72ef4f2fbefc4b119bf17b11f8c34de5 P 3924e3842f1949739b96889369507e31: No bootstrap required, opened a new log
I20260709 13:11:10.312335 29570 ts_tablet_manager.cc:1403] T 72ef4f2fbefc4b119bf17b11f8c34de5 P 3924e3842f1949739b96889369507e31: Time spent bootstrapping tablet: real 0.161s	user 0.011s	sys 0.004s
I20260709 13:11:10.316946 29570 raft_consensus.cc:359] T 72ef4f2fbefc4b119bf17b11f8c34de5 P 3924e3842f1949739b96889369507e31 [term 0 FOLLOWER]: Replica starting. Triggering 0 pending ops. Active config: opid_index: -1 OBSOLETE_local: false peers { permanent_uuid: "3924e3842f1949739b96889369507e31" member_type: VOTER last_known_addr { host: "127.27.151.129" port: 42887 } } peers { permanent_uuid: "790065b791934e0ba2548c6eda0c37a3" member_type: VOTER last_known_addr { host: "127.27.151.130" port: 38235 } } peers { permanent_uuid: "32195990fa4b4e239fb97ff3a05a0436" member_type: VOTER last_known_addr { host: "127.27.151.131" port: 38947 } }
I20260709 13:11:10.321507 29570 raft_consensus.cc:385] T 72ef4f2fbefc4b119bf17b11f8c34de5 P 3924e3842f1949739b96889369507e31 [term 0 FOLLOWER]: Consensus starting up: Expiring failure detector timer to make a prompt election more likely
I20260709 13:11:10.321934 29570 raft_consensus.cc:740] T 72ef4f2fbefc4b119bf17b11f8c34de5 P 3924e3842f1949739b96889369507e31 [term 0 FOLLOWER]: Becoming Follower/Learner. State: Replica: 3924e3842f1949739b96889369507e31, State: Initialized, Role: FOLLOWER
I20260709 13:11:10.322718 29570 consensus_queue.cc:260] T 72ef4f2fbefc4b119bf17b11f8c34de5 P 3924e3842f1949739b96889369507e31 [NON_LEADER]: Queue going to NON_LEADER mode. State: All replicated index: 0, Majority replicated index: 0, Committed index: 0, Last appended: 0.0, Last appended by leader: 0, Current term: 0, Majority size: -1, State: 0, Mode: NON_LEADER, active raft config: opid_index: -1 OBSOLETE_local: false peers { permanent_uuid: "3924e3842f1949739b96889369507e31" member_type: VOTER last_known_addr { host: "127.27.151.129" port: 42887 } } peers { permanent_uuid: "790065b791934e0ba2548c6eda0c37a3" member_type: VOTER last_known_addr { host: "127.27.151.130" port: 38235 } } peers { permanent_uuid: "32195990fa4b4e239fb97ff3a05a0436" member_type: VOTER last_known_addr { host: "127.27.151.131" port: 38947 } }
I20260709 13:11:10.329152 29742 raft_consensus.cc:493] T 381e7c409441415e9a2d33ebc8231d51 P 32195990fa4b4e239fb97ff3a05a0436 [term 0 FOLLOWER]: Starting pre-election (no leader contacted us within the election timeout)
I20260709 13:11:10.329676 29742 raft_consensus.cc:515] T 381e7c409441415e9a2d33ebc8231d51 P 32195990fa4b4e239fb97ff3a05a0436 [term 0 FOLLOWER]: Starting pre-election with config: opid_index: -1 OBSOLETE_local: false peers { permanent_uuid: "3924e3842f1949739b96889369507e31" member_type: VOTER last_known_addr { host: "127.27.151.129" port: 42887 } } peers { permanent_uuid: "790065b791934e0ba2548c6eda0c37a3" member_type: VOTER last_known_addr { host: "127.27.151.130" port: 38235 } } peers { permanent_uuid: "32195990fa4b4e239fb97ff3a05a0436" member_type: VOTER last_known_addr { host: "127.27.151.131" port: 38947 } }
I20260709 13:11:10.330507 29277 catalog_manager.cc:5697] T bf4f2d9814754de78e71ffa6702faa89 P 3924e3842f1949739b96889369507e31 reported cstate change: term changed from 0 to 1, leader changed from <none> to 3924e3842f1949739b96889369507e31 (127.27.151.129). New cstate: current_term: 1 leader_uuid: "3924e3842f1949739b96889369507e31" committed_config { opid_index: -1 OBSOLETE_local: false peers { permanent_uuid: "3924e3842f1949739b96889369507e31" member_type: VOTER last_known_addr { host: "127.27.151.129" port: 42887 } health_report { overall_health: HEALTHY } } peers { permanent_uuid: "790065b791934e0ba2548c6eda0c37a3" member_type: VOTER last_known_addr { host: "127.27.151.130" port: 38235 } health_report { overall_health: UNKNOWN } } peers { permanent_uuid: "32195990fa4b4e239fb97ff3a05a0436" member_type: VOTER last_known_addr { host: "127.27.151.131" port: 38947 } health_report { overall_health: UNKNOWN } } }
I20260709 13:11:10.331805 29742 leader_election.cc:290] T 381e7c409441415e9a2d33ebc8231d51 P 32195990fa4b4e239fb97ff3a05a0436 [CANDIDATE]: Term 1 pre-election: Requested pre-vote from peers 3924e3842f1949739b96889369507e31 (127.27.151.129:42887), 790065b791934e0ba2548c6eda0c37a3 (127.27.151.130:38235)
I20260709 13:11:10.333254 29569 tablet_bootstrap.cc:492] T b50af0ad95f54918b7660d7698f99072 P 790065b791934e0ba2548c6eda0c37a3: No bootstrap required, opened a new log
I20260709 13:11:10.333739 29448 tablet_service.cc:1917] Received RequestConsensusVote() RPC: tablet_id: "381e7c409441415e9a2d33ebc8231d51" candidate_uuid: "32195990fa4b4e239fb97ff3a05a0436" candidate_term: 1 candidate_status { last_received { term: 0 index: 0 } } ignore_live_leader: false dest_uuid: "790065b791934e0ba2548c6eda0c37a3" is_pre_election: true
I20260709 13:11:10.335129 29568 tablet_bootstrap.cc:492] T f81ea55bfa274687b42f0d937b45fc5f P 32195990fa4b4e239fb97ff3a05a0436: No bootstrap required, opened a new log
I20260709 13:11:10.335654 29568 ts_tablet_manager.cc:1403] T f81ea55bfa274687b42f0d937b45fc5f P 32195990fa4b4e239fb97ff3a05a0436: Time spent bootstrapping tablet: real 0.062s	user 0.014s	sys 0.011s
I20260709 13:11:10.335843 29372 tablet_service.cc:1917] Received RequestConsensusVote() RPC: tablet_id: "381e7c409441415e9a2d33ebc8231d51" candidate_uuid: "32195990fa4b4e239fb97ff3a05a0436" candidate_term: 1 candidate_status { last_received { term: 0 index: 0 } } ignore_live_leader: false dest_uuid: "3924e3842f1949739b96889369507e31" is_pre_election: true
I20260709 13:11:10.336259 29570 ts_tablet_manager.cc:1434] T 72ef4f2fbefc4b119bf17b11f8c34de5 P 3924e3842f1949739b96889369507e31: Time spent starting tablet: real 0.023s	user 0.007s	sys 0.000s
I20260709 13:11:10.337612 29569 ts_tablet_manager.cc:1403] T b50af0ad95f54918b7660d7698f99072 P 790065b791934e0ba2548c6eda0c37a3: Time spent bootstrapping tablet: real 0.042s	user 0.012s	sys 0.003s
I20260709 13:11:10.338753 29494 leader_election.cc:304] T 381e7c409441415e9a2d33ebc8231d51 P 32195990fa4b4e239fb97ff3a05a0436 [CANDIDATE]: Term 1 pre-election: Election decided. Result: candidate lost. Election summary: received 3 responses out of 3 voters: 1 yes votes; 2 no votes. yes voters: 32195990fa4b4e239fb97ff3a05a0436; no voters: 3924e3842f1949739b96889369507e31, 790065b791934e0ba2548c6eda0c37a3
I20260709 13:11:10.340737 29569 raft_consensus.cc:359] T b50af0ad95f54918b7660d7698f99072 P 790065b791934e0ba2548c6eda0c37a3 [term 0 FOLLOWER]: Replica starting. Triggering 0 pending ops. Active config: opid_index: -1 OBSOLETE_local: false peers { permanent_uuid: "3924e3842f1949739b96889369507e31" member_type: VOTER last_known_addr { host: "127.27.151.129" port: 42887 } } peers { permanent_uuid: "790065b791934e0ba2548c6eda0c37a3" member_type: VOTER last_known_addr { host: "127.27.151.130" port: 38235 } } peers { permanent_uuid: "32195990fa4b4e239fb97ff3a05a0436" member_type: VOTER last_known_addr { host: "127.27.151.131" port: 38947 } }
I20260709 13:11:10.341470 29569 raft_consensus.cc:385] T b50af0ad95f54918b7660d7698f99072 P 790065b791934e0ba2548c6eda0c37a3 [term 0 FOLLOWER]: Consensus starting up: Expiring failure detector timer to make a prompt election more likely
I20260709 13:11:10.341782 29569 raft_consensus.cc:740] T b50af0ad95f54918b7660d7698f99072 P 790065b791934e0ba2548c6eda0c37a3 [term 0 FOLLOWER]: Becoming Follower/Learner. State: Replica: 790065b791934e0ba2548c6eda0c37a3, State: Initialized, Role: FOLLOWER
I20260709 13:11:10.339046 29568 raft_consensus.cc:359] T f81ea55bfa274687b42f0d937b45fc5f P 32195990fa4b4e239fb97ff3a05a0436 [term 0 FOLLOWER]: Replica starting. Triggering 0 pending ops. Active config: opid_index: -1 OBSOLETE_local: false peers { permanent_uuid: "3924e3842f1949739b96889369507e31" member_type: VOTER last_known_addr { host: "127.27.151.129" port: 42887 } } peers { permanent_uuid: "790065b791934e0ba2548c6eda0c37a3" member_type: VOTER last_known_addr { host: "127.27.151.130" port: 38235 } } peers { permanent_uuid: "32195990fa4b4e239fb97ff3a05a0436" member_type: VOTER last_known_addr { host: "127.27.151.131" port: 38947 } }
I20260709 13:11:10.342938 29569 consensus_queue.cc:260] T b50af0ad95f54918b7660d7698f99072 P 790065b791934e0ba2548c6eda0c37a3 [NON_LEADER]: Queue going to NON_LEADER mode. State: All replicated index: 0, Majority replicated index: 0, Committed index: 0, Last appended: 0.0, Last appended by leader: 0, Current term: 0, Majority size: -1, State: 0, Mode: NON_LEADER, active raft config: opid_index: -1 OBSOLETE_local: false peers { permanent_uuid: "3924e3842f1949739b96889369507e31" member_type: VOTER last_known_addr { host: "127.27.151.129" port: 42887 } } peers { permanent_uuid: "790065b791934e0ba2548c6eda0c37a3" member_type: VOTER last_known_addr { host: "127.27.151.130" port: 38235 } } peers { permanent_uuid: "32195990fa4b4e239fb97ff3a05a0436" member_type: VOTER last_known_addr { host: "127.27.151.131" port: 38947 } }
W20260709 13:11:10.343430 29343 consensus_peers.cc:597] T e2672ee3a41340f5990bfa71648b0017 P 3924e3842f1949739b96889369507e31 -> Peer 32195990fa4b4e239fb97ff3a05a0436 (127.27.151.131:38947): Couldn't send request to peer 32195990fa4b4e239fb97ff3a05a0436. Error code: TABLET_NOT_RUNNING (12). Status: Illegal state: Tablet not RUNNING: INITIALIZED. This is attempt 1: this message will repeat every 5th retry.
I20260709 13:11:10.343523 29568 raft_consensus.cc:385] T f81ea55bfa274687b42f0d937b45fc5f P 32195990fa4b4e239fb97ff3a05a0436 [term 0 FOLLOWER]: Consensus starting up: Expiring failure detector timer to make a prompt election more likely
I20260709 13:11:10.344560 29568 raft_consensus.cc:740] T f81ea55bfa274687b42f0d937b45fc5f P 32195990fa4b4e239fb97ff3a05a0436 [term 0 FOLLOWER]: Becoming Follower/Learner. State: Replica: 32195990fa4b4e239fb97ff3a05a0436, State: Initialized, Role: FOLLOWER
I20260709 13:11:10.345114 29569 ts_tablet_manager.cc:1434] T b50af0ad95f54918b7660d7698f99072 P 790065b791934e0ba2548c6eda0c37a3: Time spent starting tablet: real 0.007s	user 0.005s	sys 0.000s
I20260709 13:11:10.345291 29568 consensus_queue.cc:260] T f81ea55bfa274687b42f0d937b45fc5f P 32195990fa4b4e239fb97ff3a05a0436 [NON_LEADER]: Queue going to NON_LEADER mode. State: All replicated index: 0, Majority replicated index: 0, Committed index: 0, Last appended: 0.0, Last appended by leader: 0, Current term: 0, Majority size: -1, State: 0, Mode: NON_LEADER, active raft config: opid_index: -1 OBSOLETE_local: false peers { permanent_uuid: "3924e3842f1949739b96889369507e31" member_type: VOTER last_known_addr { host: "127.27.151.129" port: 42887 } } peers { permanent_uuid: "790065b791934e0ba2548c6eda0c37a3" member_type: VOTER last_known_addr { host: "127.27.151.130" port: 38235 } } peers { permanent_uuid: "32195990fa4b4e239fb97ff3a05a0436" member_type: VOTER last_known_addr { host: "127.27.151.131" port: 38947 } }
I20260709 13:11:10.341701 29664 raft_consensus.cc:2749] T 381e7c409441415e9a2d33ebc8231d51 P 32195990fa4b4e239fb97ff3a05a0436 [term 0 FOLLOWER]: Leader pre-election lost for term 1. Reason: could not achieve majority
I20260709 13:11:10.346603 29569 tablet_bootstrap.cc:492] T 86b8dabcdabf4238a9cd4d071edbcf26 P 790065b791934e0ba2548c6eda0c37a3: Bootstrap starting.
I20260709 13:11:10.347566 29568 ts_tablet_manager.cc:1434] T f81ea55bfa274687b42f0d937b45fc5f P 32195990fa4b4e239fb97ff3a05a0436: Time spent starting tablet: real 0.012s	user 0.007s	sys 0.000s
I20260709 13:11:10.344036 29570 tablet_bootstrap.cc:492] T fb184a666a7642fc8984d7742648657d P 3924e3842f1949739b96889369507e31: Bootstrap starting.
I20260709 13:11:10.352689 29569 tablet_bootstrap.cc:654] T 86b8dabcdabf4238a9cd4d071edbcf26 P 790065b791934e0ba2548c6eda0c37a3: Neither blocks nor log segments found. Creating new log.
I20260709 13:11:10.355383 29570 tablet_bootstrap.cc:654] T fb184a666a7642fc8984d7742648657d P 3924e3842f1949739b96889369507e31: Neither blocks nor log segments found. Creating new log.
I20260709 13:11:10.362756 29568 tablet_bootstrap.cc:492] T 4f481dd3586d4fe092f4bd5f44deac90 P 32195990fa4b4e239fb97ff3a05a0436: Bootstrap starting.
I20260709 13:11:10.366477 29791 consensus_queue.cc:1048] T eb530166937940c3ab1aa6acd4ae426f P 3924e3842f1949739b96889369507e31 [LEADER]: Connected to new peer: Peer: permanent_uuid: "790065b791934e0ba2548c6eda0c37a3" member_type: VOTER last_known_addr { host: "127.27.151.130" port: 38235 }, Status: LMP_MISMATCH, Last received: 0.0, Next index: 1, Last known committed idx: 0, Time since last communication: 0.000s
I20260709 13:11:10.369475 29568 tablet_bootstrap.cc:654] T 4f481dd3586d4fe092f4bd5f44deac90 P 32195990fa4b4e239fb97ff3a05a0436: Neither blocks nor log segments found. Creating new log.
I20260709 13:11:10.385128 29569 tablet_bootstrap.cc:492] T 86b8dabcdabf4238a9cd4d071edbcf26 P 790065b791934e0ba2548c6eda0c37a3: No bootstrap required, opened a new log
I20260709 13:11:10.385732 29569 ts_tablet_manager.cc:1403] T 86b8dabcdabf4238a9cd4d071edbcf26 P 790065b791934e0ba2548c6eda0c37a3: Time spent bootstrapping tablet: real 0.039s	user 0.015s	sys 0.002s
I20260709 13:11:10.388440 29569 raft_consensus.cc:359] T 86b8dabcdabf4238a9cd4d071edbcf26 P 790065b791934e0ba2548c6eda0c37a3 [term 0 FOLLOWER]: Replica starting. Triggering 0 pending ops. Active config: opid_index: -1 OBSOLETE_local: false peers { permanent_uuid: "3924e3842f1949739b96889369507e31" member_type: VOTER last_known_addr { host: "127.27.151.129" port: 42887 } } peers { permanent_uuid: "790065b791934e0ba2548c6eda0c37a3" member_type: VOTER last_known_addr { host: "127.27.151.130" port: 38235 } } peers { permanent_uuid: "32195990fa4b4e239fb97ff3a05a0436" member_type: VOTER last_known_addr { host: "127.27.151.131" port: 38947 } }
I20260709 13:11:10.389516 29568 tablet_bootstrap.cc:492] T 4f481dd3586d4fe092f4bd5f44deac90 P 32195990fa4b4e239fb97ff3a05a0436: No bootstrap required, opened a new log
I20260709 13:11:10.391196 29569 raft_consensus.cc:385] T 86b8dabcdabf4238a9cd4d071edbcf26 P 790065b791934e0ba2548c6eda0c37a3 [term 0 FOLLOWER]: Consensus starting up: Expiring failure detector timer to make a prompt election more likely
I20260709 13:11:10.391508 29568 ts_tablet_manager.cc:1403] T 4f481dd3586d4fe092f4bd5f44deac90 P 32195990fa4b4e239fb97ff3a05a0436: Time spent bootstrapping tablet: real 0.029s	user 0.026s	sys 0.000s
I20260709 13:11:10.391605 29569 raft_consensus.cc:740] T 86b8dabcdabf4238a9cd4d071edbcf26 P 790065b791934e0ba2548c6eda0c37a3 [term 0 FOLLOWER]: Becoming Follower/Learner. State: Replica: 790065b791934e0ba2548c6eda0c37a3, State: Initialized, Role: FOLLOWER
I20260709 13:11:10.390866 29570 tablet_bootstrap.cc:492] T fb184a666a7642fc8984d7742648657d P 3924e3842f1949739b96889369507e31: No bootstrap required, opened a new log
I20260709 13:11:10.393277 29570 ts_tablet_manager.cc:1403] T fb184a666a7642fc8984d7742648657d P 3924e3842f1949739b96889369507e31: Time spent bootstrapping tablet: real 0.056s	user 0.008s	sys 0.008s
I20260709 13:11:10.394861 29568 raft_consensus.cc:359] T 4f481dd3586d4fe092f4bd5f44deac90 P 32195990fa4b4e239fb97ff3a05a0436 [term 0 FOLLOWER]: Replica starting. Triggering 0 pending ops. Active config: opid_index: -1 OBSOLETE_local: false peers { permanent_uuid: "3924e3842f1949739b96889369507e31" member_type: VOTER last_known_addr { host: "127.27.151.129" port: 42887 } } peers { permanent_uuid: "790065b791934e0ba2548c6eda0c37a3" member_type: VOTER last_known_addr { host: "127.27.151.130" port: 38235 } } peers { permanent_uuid: "32195990fa4b4e239fb97ff3a05a0436" member_type: VOTER last_known_addr { host: "127.27.151.131" port: 38947 } }
I20260709 13:11:10.395617 29568 raft_consensus.cc:385] T 4f481dd3586d4fe092f4bd5f44deac90 P 32195990fa4b4e239fb97ff3a05a0436 [term 0 FOLLOWER]: Consensus starting up: Expiring failure detector timer to make a prompt election more likely
I20260709 13:11:10.395941 29568 raft_consensus.cc:740] T 4f481dd3586d4fe092f4bd5f44deac90 P 32195990fa4b4e239fb97ff3a05a0436 [term 0 FOLLOWER]: Becoming Follower/Learner. State: Replica: 32195990fa4b4e239fb97ff3a05a0436, State: Initialized, Role: FOLLOWER
I20260709 13:11:10.395888 29570 raft_consensus.cc:359] T fb184a666a7642fc8984d7742648657d P 3924e3842f1949739b96889369507e31 [term 0 FOLLOWER]: Replica starting. Triggering 0 pending ops. Active config: opid_index: -1 OBSOLETE_local: false peers { permanent_uuid: "3924e3842f1949739b96889369507e31" member_type: VOTER last_known_addr { host: "127.27.151.129" port: 42887 } } peers { permanent_uuid: "790065b791934e0ba2548c6eda0c37a3" member_type: VOTER last_known_addr { host: "127.27.151.130" port: 38235 } } peers { permanent_uuid: "32195990fa4b4e239fb97ff3a05a0436" member_type: VOTER last_known_addr { host: "127.27.151.131" port: 38947 } }
I20260709 13:11:10.396881 29570 raft_consensus.cc:385] T fb184a666a7642fc8984d7742648657d P 3924e3842f1949739b96889369507e31 [term 0 FOLLOWER]: Consensus starting up: Expiring failure detector timer to make a prompt election more likely
I20260709 13:11:10.392395 29569 consensus_queue.cc:260] T 86b8dabcdabf4238a9cd4d071edbcf26 P 790065b791934e0ba2548c6eda0c37a3 [NON_LEADER]: Queue going to NON_LEADER mode. State: All replicated index: 0, Majority replicated index: 0, Committed index: 0, Last appended: 0.0, Last appended by leader: 0, Current term: 0, Majority size: -1, State: 0, Mode: NON_LEADER, active raft config: opid_index: -1 OBSOLETE_local: false peers { permanent_uuid: "3924e3842f1949739b96889369507e31" member_type: VOTER last_known_addr { host: "127.27.151.129" port: 42887 } } peers { permanent_uuid: "790065b791934e0ba2548c6eda0c37a3" member_type: VOTER last_known_addr { host: "127.27.151.130" port: 38235 } } peers { permanent_uuid: "32195990fa4b4e239fb97ff3a05a0436" member_type: VOTER last_known_addr { host: "127.27.151.131" port: 38947 } }
I20260709 13:11:10.396840 29568 consensus_queue.cc:260] T 4f481dd3586d4fe092f4bd5f44deac90 P 32195990fa4b4e239fb97ff3a05a0436 [NON_LEADER]: Queue going to NON_LEADER mode. State: All replicated index: 0, Majority replicated index: 0, Committed index: 0, Last appended: 0.0, Last appended by leader: 0, Current term: 0, Majority size: -1, State: 0, Mode: NON_LEADER, active raft config: opid_index: -1 OBSOLETE_local: false peers { permanent_uuid: "3924e3842f1949739b96889369507e31" member_type: VOTER last_known_addr { host: "127.27.151.129" port: 42887 } } peers { permanent_uuid: "790065b791934e0ba2548c6eda0c37a3" member_type: VOTER last_known_addr { host: "127.27.151.130" port: 38235 } } peers { permanent_uuid: "32195990fa4b4e239fb97ff3a05a0436" member_type: VOTER last_known_addr { host: "127.27.151.131" port: 38947 } }
I20260709 13:11:10.398882 29569 ts_tablet_manager.cc:1434] T 86b8dabcdabf4238a9cd4d071edbcf26 P 790065b791934e0ba2548c6eda0c37a3: Time spent starting tablet: real 0.013s	user 0.005s	sys 0.000s
I20260709 13:11:10.399821 29569 tablet_bootstrap.cc:492] T f75ee57e2ea74e0e8149767e399c9718 P 790065b791934e0ba2548c6eda0c37a3: Bootstrap starting.
I20260709 13:11:10.404739 29569 tablet_bootstrap.cc:654] T f75ee57e2ea74e0e8149767e399c9718 P 790065b791934e0ba2548c6eda0c37a3: Neither blocks nor log segments found. Creating new log.
I20260709 13:11:10.405043 29570 raft_consensus.cc:740] T fb184a666a7642fc8984d7742648657d P 3924e3842f1949739b96889369507e31 [term 0 FOLLOWER]: Becoming Follower/Learner. State: Replica: 3924e3842f1949739b96889369507e31, State: Initialized, Role: FOLLOWER
W20260709 13:11:10.405894 29343 consensus_peers.cc:597] T eb530166937940c3ab1aa6acd4ae426f P 3924e3842f1949739b96889369507e31 -> Peer 32195990fa4b4e239fb97ff3a05a0436 (127.27.151.131:38947): Couldn't send request to peer 32195990fa4b4e239fb97ff3a05a0436. Error code: TABLET_NOT_RUNNING (12). Status: Illegal state: Tablet not RUNNING: INITIALIZED. This is attempt 1: this message will repeat every 5th retry.
I20260709 13:11:10.405928 29570 consensus_queue.cc:260] T fb184a666a7642fc8984d7742648657d P 3924e3842f1949739b96889369507e31 [NON_LEADER]: Queue going to NON_LEADER mode. State: All replicated index: 0, Majority replicated index: 0, Committed index: 0, Last appended: 0.0, Last appended by leader: 0, Current term: 0, Majority size: -1, State: 0, Mode: NON_LEADER, active raft config: opid_index: -1 OBSOLETE_local: false peers { permanent_uuid: "3924e3842f1949739b96889369507e31" member_type: VOTER last_known_addr { host: "127.27.151.129" port: 42887 } } peers { permanent_uuid: "790065b791934e0ba2548c6eda0c37a3" member_type: VOTER last_known_addr { host: "127.27.151.130" port: 38235 } } peers { permanent_uuid: "32195990fa4b4e239fb97ff3a05a0436" member_type: VOTER last_known_addr { host: "127.27.151.131" port: 38947 } }
I20260709 13:11:10.406695 29870 raft_consensus.cc:493] T b50af0ad95f54918b7660d7698f99072 P 790065b791934e0ba2548c6eda0c37a3 [term 0 FOLLOWER]: Starting pre-election (no leader contacted us within the election timeout)
