I20260709 13:11:08.001652 29277 catalog_manager.cc:5697] T f80a4567f33a4c0c983d08e5f6748bee P 790065b791934e0ba2548c6eda0c37a3 reported cstate change: term changed from 0 to 1, leader changed from <none> to 790065b791934e0ba2548c6eda0c37a3 (127.27.151.130). New cstate: current_term: 1 leader_uuid: "790065b791934e0ba2548c6eda0c37a3" committed_config { opid_index: -1 OBSOLETE_local: false peers { permanent_uuid: "3924e3842f1949739b96889369507e31" member_type: VOTER last_known_addr { host: "127.27.151.129" port: 42887 } health_report { overall_health: UNKNOWN } } peers { permanent_uuid: "790065b791934e0ba2548c6eda0c37a3" member_type: VOTER last_known_addr { host: "127.27.151.130" port: 38235 } health_report { overall_health: HEALTHY } } peers { permanent_uuid: "32195990fa4b4e239fb97ff3a05a0436" member_type: VOTER last_known_addr { host: "127.27.151.131" port: 38947 } health_report { overall_health: UNKNOWN } } }
W20260709 13:11:08.016611 29325 auto_rebalancer.cc:288] Could not retrieve cluster info: Service unavailable: Tablet not running
I20260709 13:11:08.022933 29568 tablet_bootstrap.cc:492] T 11a07c09964f46268cc3c31a632e78d6 P 32195990fa4b4e239fb97ff3a05a0436: No bootstrap required, opened a new log
I20260709 13:11:08.023461 29568 ts_tablet_manager.cc:1403] T 11a07c09964f46268cc3c31a632e78d6 P 32195990fa4b4e239fb97ff3a05a0436: Time spent bootstrapping tablet: real 0.177s	user 0.016s	sys 0.006s
I20260709 13:11:08.026120 29568 raft_consensus.cc:359] T 11a07c09964f46268cc3c31a632e78d6 P 32195990fa4b4e239fb97ff3a05a0436 [term 0 FOLLOWER]: Replica starting. Triggering 0 pending ops. Active config: opid_index: -1 OBSOLETE_local: false peers { permanent_uuid: "3924e3842f1949739b96889369507e31" member_type: VOTER last_known_addr { host: "127.27.151.129" port: 42887 } } peers { permanent_uuid: "790065b791934e0ba2548c6eda0c37a3" member_type: VOTER last_known_addr { host: "127.27.151.130" port: 38235 } } peers { permanent_uuid: "32195990fa4b4e239fb97ff3a05a0436" member_type: VOTER last_known_addr { host: "127.27.151.131" port: 38947 } }
I20260709 13:11:08.026751 29568 raft_consensus.cc:385] T 11a07c09964f46268cc3c31a632e78d6 P 32195990fa4b4e239fb97ff3a05a0436 [term 0 FOLLOWER]: Consensus starting up: Expiring failure detector timer to make a prompt election more likely
I20260709 13:11:08.027009 29568 raft_consensus.cc:740] T 11a07c09964f46268cc3c31a632e78d6 P 32195990fa4b4e239fb97ff3a05a0436 [term 0 FOLLOWER]: Becoming Follower/Learner. State: Replica: 32195990fa4b4e239fb97ff3a05a0436, State: Initialized, Role: FOLLOWER
I20260709 13:11:08.027660 29568 consensus_queue.cc:260] T 11a07c09964f46268cc3c31a632e78d6 P 32195990fa4b4e239fb97ff3a05a0436 [NON_LEADER]: Queue going to NON_LEADER mode. State: All replicated index: 0, Majority replicated index: 0, Committed index: 0, Last appended: 0.0, Last appended by leader: 0, Current term: 0, Majority size: -1, State: 0, Mode: NON_LEADER, active raft config: opid_index: -1 OBSOLETE_local: false peers { permanent_uuid: "3924e3842f1949739b96889369507e31" member_type: VOTER last_known_addr { host: "127.27.151.129" port: 42887 } } peers { permanent_uuid: "790065b791934e0ba2548c6eda0c37a3" member_type: VOTER last_known_addr { host: "127.27.151.130" port: 38235 } } peers { permanent_uuid: "32195990fa4b4e239fb97ff3a05a0436" member_type: VOTER last_known_addr { host: "127.27.151.131" port: 38947 } }
I20260709 13:11:08.030793 29568 ts_tablet_manager.cc:1434] T 11a07c09964f46268cc3c31a632e78d6 P 32195990fa4b4e239fb97ff3a05a0436: Time spent starting tablet: real 0.007s	user 0.005s	sys 0.000s
I20260709 13:11:08.031852 29568 tablet_bootstrap.cc:492] T b783a86fee2f4e1895e79a2349dcfd16 P 32195990fa4b4e239fb97ff3a05a0436: Bootstrap starting.
I20260709 13:11:08.033264 29751 raft_consensus.cc:515] T b783a86fee2f4e1895e79a2349dcfd16 P 3924e3842f1949739b96889369507e31 [term 1 FOLLOWER]: Starting leader election with config: opid_index: -1 OBSOLETE_local: false peers { permanent_uuid: "3924e3842f1949739b96889369507e31" member_type: VOTER last_known_addr { host: "127.27.151.129" port: 42887 } } peers { permanent_uuid: "790065b791934e0ba2548c6eda0c37a3" member_type: VOTER last_known_addr { host: "127.27.151.130" port: 38235 } } peers { permanent_uuid: "32195990fa4b4e239fb97ff3a05a0436" member_type: VOTER last_known_addr { host: "127.27.151.131" port: 38947 } }
I20260709 13:11:08.037832 29568 tablet_bootstrap.cc:654] T b783a86fee2f4e1895e79a2349dcfd16 P 32195990fa4b4e239fb97ff3a05a0436: Neither blocks nor log segments found. Creating new log.
I20260709 13:11:08.042953 29453 tablet_service.cc:1917] Received RequestConsensusVote() RPC: tablet_id: "b783a86fee2f4e1895e79a2349dcfd16" candidate_uuid: "3924e3842f1949739b96889369507e31" candidate_term: 1 candidate_status { last_received { term: 0 index: 0 } } ignore_live_leader: false dest_uuid: "790065b791934e0ba2548c6eda0c37a3"
I20260709 13:11:08.043792 29453 raft_consensus.cc:3060] T b783a86fee2f4e1895e79a2349dcfd16 P 790065b791934e0ba2548c6eda0c37a3 [term 0 FOLLOWER]: Advancing to term 1
I20260709 13:11:08.004562 29569 raft_consensus.cc:359] T 4a32470fe36b49d485c86796a5d9c2b6 P 790065b791934e0ba2548c6eda0c37a3 [term 0 FOLLOWER]: Replica starting. Triggering 0 pending ops. Active config: opid_index: -1 OBSOLETE_local: false peers { permanent_uuid: "3924e3842f1949739b96889369507e31" member_type: VOTER last_known_addr { host: "127.27.151.129" port: 42887 } } peers { permanent_uuid: "790065b791934e0ba2548c6eda0c37a3" member_type: VOTER last_known_addr { host: "127.27.151.130" port: 38235 } } peers { permanent_uuid: "32195990fa4b4e239fb97ff3a05a0436" member_type: VOTER last_known_addr { host: "127.27.151.131" port: 38947 } }
I20260709 13:11:08.047857 29569 raft_consensus.cc:385] T 4a32470fe36b49d485c86796a5d9c2b6 P 790065b791934e0ba2548c6eda0c37a3 [term 0 FOLLOWER]: Consensus starting up: Expiring failure detector timer to make a prompt election more likely
I20260709 13:11:08.050467 29569 raft_consensus.cc:740] T 4a32470fe36b49d485c86796a5d9c2b6 P 790065b791934e0ba2548c6eda0c37a3 [term 0 FOLLOWER]: Becoming Follower/Learner. State: Replica: 790065b791934e0ba2548c6eda0c37a3, State: Initialized, Role: FOLLOWER
I20260709 13:11:08.045353 29606 raft_consensus.cc:493] T 4eeadb23e53f4d75a04bc76b22af4946 P 790065b791934e0ba2548c6eda0c37a3 [term 0 FOLLOWER]: Starting pre-election (no leader contacted us within the election timeout)
I20260709 13:11:08.053194 29606 raft_consensus.cc:515] T 4eeadb23e53f4d75a04bc76b22af4946 P 790065b791934e0ba2548c6eda0c37a3 [term 0 FOLLOWER]: Starting pre-election with config: opid_index: -1 OBSOLETE_local: false peers { permanent_uuid: "3924e3842f1949739b96889369507e31" member_type: VOTER last_known_addr { host: "127.27.151.129" port: 42887 } } peers { permanent_uuid: "790065b791934e0ba2548c6eda0c37a3" member_type: VOTER last_known_addr { host: "127.27.151.130" port: 38235 } } peers { permanent_uuid: "32195990fa4b4e239fb97ff3a05a0436" member_type: VOTER last_known_addr { host: "127.27.151.131" port: 38947 } }
I20260709 13:11:08.055788 29606 leader_election.cc:290] T 4eeadb23e53f4d75a04bc76b22af4946 P 790065b791934e0ba2548c6eda0c37a3 [CANDIDATE]: Term 1 pre-election: Requested pre-vote from peers 3924e3842f1949739b96889369507e31 (127.27.151.129:42887), 32195990fa4b4e239fb97ff3a05a0436 (127.27.151.131:38947)
I20260709 13:11:08.052577 29569 consensus_queue.cc:260] T 4a32470fe36b49d485c86796a5d9c2b6 P 790065b791934e0ba2548c6eda0c37a3 [NON_LEADER]: Queue going to NON_LEADER mode. State: All replicated index: 0, Majority replicated index: 0, Committed index: 0, Last appended: 0.0, Last appended by leader: 0, Current term: 0, Majority size: -1, State: 0, Mode: NON_LEADER, active raft config: opid_index: -1 OBSOLETE_local: false peers { permanent_uuid: "3924e3842f1949739b96889369507e31" member_type: VOTER last_known_addr { host: "127.27.151.129" port: 42887 } } peers { permanent_uuid: "790065b791934e0ba2548c6eda0c37a3" member_type: VOTER last_known_addr { host: "127.27.151.130" port: 38235 } } peers { permanent_uuid: "32195990fa4b4e239fb97ff3a05a0436" member_type: VOTER last_known_addr { host: "127.27.151.131" port: 38947 } }
I20260709 13:11:08.056653 29378 tablet_service.cc:1917] Received RequestConsensusVote() RPC: tablet_id: "4eeadb23e53f4d75a04bc76b22af4946" candidate_uuid: "790065b791934e0ba2548c6eda0c37a3" candidate_term: 1 candidate_status { last_received { term: 0 index: 0 } } ignore_live_leader: false dest_uuid: "3924e3842f1949739b96889369507e31" is_pre_election: true
I20260709 13:11:08.057843 29569 ts_tablet_manager.cc:1434] T 4a32470fe36b49d485c86796a5d9c2b6 P 790065b791934e0ba2548c6eda0c37a3: Time spent starting tablet: real 0.056s	user 0.006s	sys 0.000s
W20260709 13:11:08.058066 29420 leader_election.cc:343] T 4eeadb23e53f4d75a04bc76b22af4946 P 790065b791934e0ba2548c6eda0c37a3 [CANDIDATE]: Term 1 pre-election: Tablet error from VoteRequest() call to peer 3924e3842f1949739b96889369507e31 (127.27.151.129:42887): Illegal state: must be running to vote when last-logged opid is not known
I20260709 13:11:08.058497 29524 tablet_service.cc:1917] Received RequestConsensusVote() RPC: tablet_id: "4eeadb23e53f4d75a04bc76b22af4946" candidate_uuid: "790065b791934e0ba2548c6eda0c37a3" candidate_term: 1 candidate_status { last_received { term: 0 index: 0 } } ignore_live_leader: false dest_uuid: "32195990fa4b4e239fb97ff3a05a0436" is_pre_election: true
I20260709 13:11:08.059252 29569 tablet_bootstrap.cc:492] T e2672ee3a41340f5990bfa71648b0017 P 790065b791934e0ba2548c6eda0c37a3: Bootstrap starting.
W20260709 13:11:08.059906 29418 leader_election.cc:343] T 4eeadb23e53f4d75a04bc76b22af4946 P 790065b791934e0ba2548c6eda0c37a3 [CANDIDATE]: Term 1 pre-election: Tablet error from VoteRequest() call to peer 32195990fa4b4e239fb97ff3a05a0436 (127.27.151.131:38947): Illegal state: must be running to vote when last-logged opid is not known
I20260709 13:11:08.060328 29418 leader_election.cc:304] T 4eeadb23e53f4d75a04bc76b22af4946 P 790065b791934e0ba2548c6eda0c37a3 [CANDIDATE]: Term 1 pre-election: Election decided. Result: candidate lost. Election summary: received 3 responses out of 3 voters: 1 yes votes; 2 no votes. yes voters: 790065b791934e0ba2548c6eda0c37a3; no voters: 32195990fa4b4e239fb97ff3a05a0436, 3924e3842f1949739b96889369507e31
I20260709 13:11:08.063073 29606 raft_consensus.cc:2749] T 4eeadb23e53f4d75a04bc76b22af4946 P 790065b791934e0ba2548c6eda0c37a3 [term 0 FOLLOWER]: Leader pre-election lost for term 1. Reason: could not achieve majority
I20260709 13:11:08.063673 29673 raft_consensus.cc:493] T 4a32470fe36b49d485c86796a5d9c2b6 P 790065b791934e0ba2548c6eda0c37a3 [term 0 FOLLOWER]: Starting pre-election (no leader contacted us within the election timeout)
I20260709 13:11:08.064007 29664 raft_consensus.cc:493] T 11a07c09964f46268cc3c31a632e78d6 P 32195990fa4b4e239fb97ff3a05a0436 [term 0 FOLLOWER]: Starting pre-election (no leader contacted us within the election timeout)
I20260709 13:11:08.064337 29673 raft_consensus.cc:515] T 4a32470fe36b49d485c86796a5d9c2b6 P 790065b791934e0ba2548c6eda0c37a3 [term 0 FOLLOWER]: Starting pre-election with config: opid_index: -1 OBSOLETE_local: false peers { permanent_uuid: "3924e3842f1949739b96889369507e31" member_type: VOTER last_known_addr { host: "127.27.151.129" port: 42887 } } peers { permanent_uuid: "790065b791934e0ba2548c6eda0c37a3" member_type: VOTER last_known_addr { host: "127.27.151.130" port: 38235 } } peers { permanent_uuid: "32195990fa4b4e239fb97ff3a05a0436" member_type: VOTER last_known_addr { host: "127.27.151.131" port: 38947 } }
I20260709 13:11:08.064514 29664 raft_consensus.cc:515] T 11a07c09964f46268cc3c31a632e78d6 P 32195990fa4b4e239fb97ff3a05a0436 [term 0 FOLLOWER]: Starting pre-election with config: opid_index: -1 OBSOLETE_local: false peers { permanent_uuid: "3924e3842f1949739b96889369507e31" member_type: VOTER last_known_addr { host: "127.27.151.129" port: 42887 } } peers { permanent_uuid: "790065b791934e0ba2548c6eda0c37a3" member_type: VOTER last_known_addr { host: "127.27.151.130" port: 38235 } } peers { permanent_uuid: "32195990fa4b4e239fb97ff3a05a0436" member_type: VOTER last_known_addr { host: "127.27.151.131" port: 38947 } }
I20260709 13:11:08.066679 29673 leader_election.cc:290] T 4a32470fe36b49d485c86796a5d9c2b6 P 790065b791934e0ba2548c6eda0c37a3 [CANDIDATE]: Term 1 pre-election: Requested pre-vote from peers 3924e3842f1949739b96889369507e31 (127.27.151.129:42887), 32195990fa4b4e239fb97ff3a05a0436 (127.27.151.131:38947)
I20260709 13:11:08.067312 29673 raft_consensus.cc:493] T d0a7ecbe3c5348f380bdedcdb63f4eb1 P 790065b791934e0ba2548c6eda0c37a3 [term 0 FOLLOWER]: Starting pre-election (no leader contacted us within the election timeout)
I20260709 13:11:08.067431 29378 tablet_service.cc:1917] Received RequestConsensusVote() RPC: tablet_id: "4a32470fe36b49d485c86796a5d9c2b6" candidate_uuid: "790065b791934e0ba2548c6eda0c37a3" candidate_term: 1 candidate_status { last_received { term: 0 index: 0 } } ignore_live_leader: false dest_uuid: "3924e3842f1949739b96889369507e31" is_pre_election: true
I20260709 13:11:08.066761 29664 leader_election.cc:290] T 11a07c09964f46268cc3c31a632e78d6 P 32195990fa4b4e239fb97ff3a05a0436 [CANDIDATE]: Term 1 pre-election: Requested pre-vote from peers 3924e3842f1949739b96889369507e31 (127.27.151.129:42887), 790065b791934e0ba2548c6eda0c37a3 (127.27.151.130:38235)
I20260709 13:11:08.068738 29371 tablet_service.cc:1917] Received RequestConsensusVote() RPC: tablet_id: "11a07c09964f46268cc3c31a632e78d6" candidate_uuid: "32195990fa4b4e239fb97ff3a05a0436" candidate_term: 1 candidate_status { last_received { term: 0 index: 0 } } ignore_live_leader: false dest_uuid: "3924e3842f1949739b96889369507e31" is_pre_election: true
I20260709 13:11:08.076023 29371 raft_consensus.cc:2468] T 11a07c09964f46268cc3c31a632e78d6 P 3924e3842f1949739b96889369507e31 [term 0 FOLLOWER]: Leader pre-election vote request: Granting yes vote for candidate 32195990fa4b4e239fb97ff3a05a0436 in term 0.
W20260709 13:11:08.076171 29420 leader_election.cc:343] T 4a32470fe36b49d485c86796a5d9c2b6 P 790065b791934e0ba2548c6eda0c37a3 [CANDIDATE]: Term 1 pre-election: Tablet error from VoteRequest() call to peer 3924e3842f1949739b96889369507e31 (127.27.151.129:42887): Illegal state: must be running to vote when last-logged opid is not known
I20260709 13:11:08.077931 29494 leader_election.cc:304] T 11a07c09964f46268cc3c31a632e78d6 P 32195990fa4b4e239fb97ff3a05a0436 [CANDIDATE]: Term 1 pre-election: Election decided. Result: candidate won. Election summary: received 2 responses out of 3 voters: 2 yes votes; 0 no votes. yes voters: 32195990fa4b4e239fb97ff3a05a0436, 3924e3842f1949739b96889369507e31; no voters: 
I20260709 13:11:08.079262 29664 raft_consensus.cc:2804] T 11a07c09964f46268cc3c31a632e78d6 P 32195990fa4b4e239fb97ff3a05a0436 [term 0 FOLLOWER]: Leader pre-election won for term 1
I20260709 13:11:08.079777 29664 raft_consensus.cc:493] T 11a07c09964f46268cc3c31a632e78d6 P 32195990fa4b4e239fb97ff3a05a0436 [term 0 FOLLOWER]: Starting leader election (no leader contacted us within the election timeout)
I20260709 13:11:08.080186 29664 raft_consensus.cc:3060] T 11a07c09964f46268cc3c31a632e78d6 P 32195990fa4b4e239fb97ff3a05a0436 [term 0 FOLLOWER]: Advancing to term 1
I20260709 13:11:08.082753 29751 leader_election.cc:290] T b783a86fee2f4e1895e79a2349dcfd16 P 3924e3842f1949739b96889369507e31 [CANDIDATE]: Term 1 election: Requested vote from peers 790065b791934e0ba2548c6eda0c37a3 (127.27.151.130:38235), 32195990fa4b4e239fb97ff3a05a0436 (127.27.151.131:38947)
I20260709 13:11:08.068779 29448 tablet_service.cc:1917] Received RequestConsensusVote() RPC: tablet_id: "11a07c09964f46268cc3c31a632e78d6" candidate_uuid: "32195990fa4b4e239fb97ff3a05a0436" candidate_term: 1 candidate_status { last_received { term: 0 index: 0 } } ignore_live_leader: false dest_uuid: "790065b791934e0ba2548c6eda0c37a3" is_pre_election: true
I20260709 13:11:08.082957 29522 tablet_service.cc:1917] Received RequestConsensusVote() RPC: tablet_id: "b783a86fee2f4e1895e79a2349dcfd16" candidate_uuid: "3924e3842f1949739b96889369507e31" candidate_term: 1 candidate_status { last_received { term: 0 index: 0 } } ignore_live_leader: false dest_uuid: "32195990fa4b4e239fb97ff3a05a0436"
W20260709 13:11:08.084496 29343 leader_election.cc:343] T b783a86fee2f4e1895e79a2349dcfd16 P 3924e3842f1949739b96889369507e31 [CANDIDATE]: Term 1 election: Tablet error from VoteRequest() call to peer 32195990fa4b4e239fb97ff3a05a0436 (127.27.151.131:38947): Illegal state: must be running to vote when last-logged opid is not known
I20260709 13:11:08.084910 29448 raft_consensus.cc:2468] T 11a07c09964f46268cc3c31a632e78d6 P 790065b791934e0ba2548c6eda0c37a3 [term 0 FOLLOWER]: Leader pre-election vote request: Granting yes vote for candidate 32195990fa4b4e239fb97ff3a05a0436 in term 0.
I20260709 13:11:08.069305 29524 tablet_service.cc:1917] Received RequestConsensusVote() RPC: tablet_id: "4a32470fe36b49d485c86796a5d9c2b6" candidate_uuid: "790065b791934e0ba2548c6eda0c37a3" candidate_term: 1 candidate_status { last_received { term: 0 index: 0 } } ignore_live_leader: false dest_uuid: "32195990fa4b4e239fb97ff3a05a0436" is_pre_election: true
I20260709 13:11:08.069705 29575 consensus_queue.cc:1048] T f731d01ed4ae4995ae11ab96382c38d4 P 3924e3842f1949739b96889369507e31 [LEADER]: Connected to new peer: Peer: permanent_uuid: "32195990fa4b4e239fb97ff3a05a0436" member_type: VOTER last_known_addr { host: "127.27.151.131" port: 38947 }, Status: LMP_MISMATCH, Last received: 0.0, Next index: 1, Last known committed idx: 0, Time since last communication: 0.001s
W20260709 13:11:08.094584 29418 leader_election.cc:343] T 4a32470fe36b49d485c86796a5d9c2b6 P 790065b791934e0ba2548c6eda0c37a3 [CANDIDATE]: Term 1 pre-election: Tablet error from VoteRequest() call to peer 32195990fa4b4e239fb97ff3a05a0436 (127.27.151.131:38947): Illegal state: must be running to vote when last-logged opid is not known
I20260709 13:11:08.095036 29418 leader_election.cc:304] T 4a32470fe36b49d485c86796a5d9c2b6 P 790065b791934e0ba2548c6eda0c37a3 [CANDIDATE]: Term 1 pre-election: Election decided. Result: candidate lost. Election summary: received 3 responses out of 3 voters: 1 yes votes; 2 no votes. yes voters: 790065b791934e0ba2548c6eda0c37a3; no voters: 32195990fa4b4e239fb97ff3a05a0436, 3924e3842f1949739b96889369507e31
I20260709 13:11:08.100785 29606 raft_consensus.cc:2749] T 4a32470fe36b49d485c86796a5d9c2b6 P 790065b791934e0ba2548c6eda0c37a3 [term 0 FOLLOWER]: Leader pre-election lost for term 1. Reason: could not achieve majority
I20260709 13:11:08.106103 29453 raft_consensus.cc:2468] T b783a86fee2f4e1895e79a2349dcfd16 P 790065b791934e0ba2548c6eda0c37a3 [term 1 FOLLOWER]: Leader election vote request: Granting yes vote for candidate 3924e3842f1949739b96889369507e31 in term 1.
I20260709 13:11:08.106817 29673 raft_consensus.cc:515] T d0a7ecbe3c5348f380bdedcdb63f4eb1 P 790065b791934e0ba2548c6eda0c37a3 [term 0 FOLLOWER]: Starting pre-election with config: opid_index: -1 OBSOLETE_local: false peers { permanent_uuid: "3924e3842f1949739b96889369507e31" member_type: VOTER last_known_addr { host: "127.27.151.129" port: 42887 } } peers { permanent_uuid: "790065b791934e0ba2548c6eda0c37a3" member_type: VOTER last_known_addr { host: "127.27.151.130" port: 38235 } } peers { permanent_uuid: "32195990fa4b4e239fb97ff3a05a0436" member_type: VOTER last_known_addr { host: "127.27.151.131" port: 38947 } }
I20260709 13:11:08.113431 29524 tablet_service.cc:1917] Received RequestConsensusVote() RPC: tablet_id: "d0a7ecbe3c5348f380bdedcdb63f4eb1" candidate_uuid: "790065b791934e0ba2548c6eda0c37a3" candidate_term: 1 candidate_status { last_received { term: 0 index: 0 } } ignore_live_leader: false dest_uuid: "32195990fa4b4e239fb97ff3a05a0436" is_pre_election: true
I20260709 13:11:08.114965 29371 tablet_service.cc:1917] Received RequestConsensusVote() RPC: tablet_id: "d0a7ecbe3c5348f380bdedcdb63f4eb1" candidate_uuid: "790065b791934e0ba2548c6eda0c37a3" candidate_term: 1 candidate_status { last_received { term: 0 index: 0 } } ignore_live_leader: false dest_uuid: "3924e3842f1949739b96889369507e31" is_pre_election: true
W20260709 13:11:08.116354 29418 leader_election.cc:343] T d0a7ecbe3c5348f380bdedcdb63f4eb1 P 790065b791934e0ba2548c6eda0c37a3 [CANDIDATE]: Term 1 pre-election: Tablet error from VoteRequest() call to peer 32195990fa4b4e239fb97ff3a05a0436 (127.27.151.131:38947): Illegal state: must be running to vote when last-logged opid is not known
I20260709 13:11:08.118130 29673 leader_election.cc:290] T d0a7ecbe3c5348f380bdedcdb63f4eb1 P 790065b791934e0ba2548c6eda0c37a3 [CANDIDATE]: Term 1 pre-election: Requested pre-vote from peers 3924e3842f1949739b96889369507e31 (127.27.151.129:42887), 32195990fa4b4e239fb97ff3a05a0436 (127.27.151.131:38947)
W20260709 13:11:08.118244 29420 leader_election.cc:343] T d0a7ecbe3c5348f380bdedcdb63f4eb1 P 790065b791934e0ba2548c6eda0c37a3 [CANDIDATE]: Term 1 pre-election: Tablet error from VoteRequest() call to peer 3924e3842f1949739b96889369507e31 (127.27.151.129:42887): Illegal state: must be running to vote when last-logged opid is not known
I20260709 13:11:08.118849 29420 leader_election.cc:304] T d0a7ecbe3c5348f380bdedcdb63f4eb1 P 790065b791934e0ba2548c6eda0c37a3 [CANDIDATE]: Term 1 pre-election: Election decided. Result: candidate lost. Election summary: received 3 responses out of 3 voters: 1 yes votes; 2 no votes. yes voters: 790065b791934e0ba2548c6eda0c37a3; no voters: 32195990fa4b4e239fb97ff3a05a0436, 3924e3842f1949739b96889369507e31
I20260709 13:11:08.119513 29343 leader_election.cc:304] T b783a86fee2f4e1895e79a2349dcfd16 P 3924e3842f1949739b96889369507e31 [CANDIDATE]: Term 1 election: Election decided. Result: candidate won. Election summary: received 3 responses out of 3 voters: 2 yes votes; 1 no votes. yes voters: 3924e3842f1949739b96889369507e31, 790065b791934e0ba2548c6eda0c37a3; no voters: 32195990fa4b4e239fb97ff3a05a0436
I20260709 13:11:08.120445 29575 raft_consensus.cc:2804] T b783a86fee2f4e1895e79a2349dcfd16 P 3924e3842f1949739b96889369507e31 [term 1 FOLLOWER]: Leader election won for term 1
I20260709 13:11:08.120764 29673 raft_consensus.cc:2749] T d0a7ecbe3c5348f380bdedcdb63f4eb1 P 790065b791934e0ba2548c6eda0c37a3 [term 0 FOLLOWER]: Leader pre-election lost for term 1. Reason: could not achieve majority
I20260709 13:11:08.120913 29575 raft_consensus.cc:697] T b783a86fee2f4e1895e79a2349dcfd16 P 3924e3842f1949739b96889369507e31 [term 1 LEADER]: Becoming Leader. State: Replica: 3924e3842f1949739b96889369507e31, State: Running, Role: LEADER
I20260709 13:11:08.125666 29575 consensus_queue.cc:237] T b783a86fee2f4e1895e79a2349dcfd16 P 3924e3842f1949739b96889369507e31 [LEADER]: Queue going to LEADER mode. State: All replicated index: 0, Majority replicated index: 0, Committed index: 0, Last appended: 0.0, Last appended by leader: 0, Current term: 1, Majority size: 2, State: 0, Mode: LEADER, active raft config: opid_index: -1 OBSOLETE_local: false peers { permanent_uuid: "3924e3842f1949739b96889369507e31" member_type: VOTER last_known_addr { host: "127.27.151.129" port: 42887 } } peers { permanent_uuid: "790065b791934e0ba2548c6eda0c37a3" member_type: VOTER last_known_addr { host: "127.27.151.130" port: 38235 } } peers { permanent_uuid: "32195990fa4b4e239fb97ff3a05a0436" member_type: VOTER last_known_addr { host: "127.27.151.131" port: 38947 } }
I20260709 13:11:08.124361 29524 raft_consensus.cc:3060] T d409e4a9136b4ef9aaf5629f7920f564 P 32195990fa4b4e239fb97ff3a05a0436 [term 0 FOLLOWER]: Advancing to term 1
I20260709 13:11:08.140434 29274 catalog_manager.cc:5697] T b783a86fee2f4e1895e79a2349dcfd16 P 3924e3842f1949739b96889369507e31 reported cstate change: term changed from 0 to 1, leader changed from <none> to 3924e3842f1949739b96889369507e31 (127.27.151.129). New cstate: current_term: 1 leader_uuid: "3924e3842f1949739b96889369507e31" committed_config { opid_index: -1 OBSOLETE_local: false peers { permanent_uuid: "3924e3842f1949739b96889369507e31" member_type: VOTER last_known_addr { host: "127.27.151.129" port: 42887 } health_report { overall_health: HEALTHY } } peers { permanent_uuid: "790065b791934e0ba2548c6eda0c37a3" member_type: VOTER last_known_addr { host: "127.27.151.130" port: 38235 } health_report { overall_health: UNKNOWN } } peers { permanent_uuid: "32195990fa4b4e239fb97ff3a05a0436" member_type: VOTER last_known_addr { host: "127.27.151.131" port: 38947 } health_report { overall_health: UNKNOWN } } }
I20260709 13:11:08.155310 29664 raft_consensus.cc:515] T 11a07c09964f46268cc3c31a632e78d6 P 32195990fa4b4e239fb97ff3a05a0436 [term 1 FOLLOWER]: Starting leader election with config: opid_index: -1 OBSOLETE_local: false peers { permanent_uuid: "3924e3842f1949739b96889369507e31" member_type: VOTER last_known_addr { host: "127.27.151.129" port: 42887 } } peers { permanent_uuid: "790065b791934e0ba2548c6eda0c37a3" member_type: VOTER last_known_addr { host: "127.27.151.130" port: 38235 } } peers { permanent_uuid: "32195990fa4b4e239fb97ff3a05a0436" member_type: VOTER last_known_addr { host: "127.27.151.131" port: 38947 } }
I20260709 13:11:08.156028 29570 tablet_bootstrap.cc:492] T ba49e89af1754e9e86fa536dcb0de260 P 3924e3842f1949739b96889369507e31: No bootstrap required, opened a new log
I20260709 13:11:08.156347 29568 tablet_bootstrap.cc:492] T b783a86fee2f4e1895e79a2349dcfd16 P 32195990fa4b4e239fb97ff3a05a0436: No bootstrap required, opened a new log
I20260709 13:11:08.156484 29570 ts_tablet_manager.cc:1403] T ba49e89af1754e9e86fa536dcb0de260 P 3924e3842f1949739b96889369507e31: Time spent bootstrapping tablet: real 0.306s	user 0.019s	sys 0.080s
I20260709 13:11:08.156739 29568 ts_tablet_manager.cc:1403] T b783a86fee2f4e1895e79a2349dcfd16 P 32195990fa4b4e239fb97ff3a05a0436: Time spent bootstrapping tablet: real 0.125s	user 0.015s	sys 0.028s
I20260709 13:11:08.158016 29371 tablet_service.cc:1917] Received RequestConsensusVote() RPC: tablet_id: "11a07c09964f46268cc3c31a632e78d6" candidate_uuid: "32195990fa4b4e239fb97ff3a05a0436" candidate_term: 1 candidate_status { last_received { term: 0 index: 0 } } ignore_live_leader: false dest_uuid: "3924e3842f1949739b96889369507e31"
I20260709 13:11:08.158591 29371 raft_consensus.cc:3060] T 11a07c09964f46268cc3c31a632e78d6 P 3924e3842f1949739b96889369507e31 [term 0 FOLLOWER]: Advancing to term 1
I20260709 13:11:08.159165 29570 raft_consensus.cc:359] T ba49e89af1754e9e86fa536dcb0de260 P 3924e3842f1949739b96889369507e31 [term 0 FOLLOWER]: Replica starting. Triggering 0 pending ops. Active config: opid_index: -1 OBSOLETE_local: false peers { permanent_uuid: "3924e3842f1949739b96889369507e31" member_type: VOTER last_known_addr { host: "127.27.151.129" port: 42887 } } peers { permanent_uuid: "790065b791934e0ba2548c6eda0c37a3" member_type: VOTER last_known_addr { host: "127.27.151.130" port: 38235 } } peers { permanent_uuid: "32195990fa4b4e239fb97ff3a05a0436" member_type: VOTER last_known_addr { host: "127.27.151.131" port: 38947 } }
I20260709 13:11:08.159870 29570 raft_consensus.cc:385] T ba49e89af1754e9e86fa536dcb0de260 P 3924e3842f1949739b96889369507e31 [term 0 FOLLOWER]: Consensus starting up: Expiring failure detector timer to make a prompt election more likely
I20260709 13:11:08.159893 29568 raft_consensus.cc:359] T b783a86fee2f4e1895e79a2349dcfd16 P 32195990fa4b4e239fb97ff3a05a0436 [term 0 FOLLOWER]: Replica starting. Triggering 0 pending ops. Active config: opid_index: -1 OBSOLETE_local: false peers { permanent_uuid: "3924e3842f1949739b96889369507e31" member_type: VOTER last_known_addr { host: "127.27.151.129" port: 42887 } } peers { permanent_uuid: "790065b791934e0ba2548c6eda0c37a3" member_type: VOTER last_known_addr { host: "127.27.151.130" port: 38235 } } peers { permanent_uuid: "32195990fa4b4e239fb97ff3a05a0436" member_type: VOTER last_known_addr { host: "127.27.151.131" port: 38947 } }
I20260709 13:11:08.160413 29570 raft_consensus.cc:740] T ba49e89af1754e9e86fa536dcb0de260 P 3924e3842f1949739b96889369507e31 [term 0 FOLLOWER]: Becoming Follower/Learner. State: Replica: 3924e3842f1949739b96889369507e31, State: Initialized, Role: FOLLOWER
I20260709 13:11:08.160604 29568 raft_consensus.cc:385] T b783a86fee2f4e1895e79a2349dcfd16 P 32195990fa4b4e239fb97ff3a05a0436 [term 0 FOLLOWER]: Consensus starting up: Expiring failure detector timer to make a prompt election more likely
I20260709 13:11:08.161121 29568 raft_consensus.cc:740] T b783a86fee2f4e1895e79a2349dcfd16 P 32195990fa4b4e239fb97ff3a05a0436 [term 0 FOLLOWER]: Becoming Follower/Learner. State: Replica: 32195990fa4b4e239fb97ff3a05a0436, State: Initialized, Role: FOLLOWER
I20260709 13:11:08.161157 29570 consensus_queue.cc:260] T ba49e89af1754e9e86fa536dcb0de260 P 3924e3842f1949739b96889369507e31 [NON_LEADER]: Queue going to NON_LEADER mode. State: All replicated index: 0, Majority replicated index: 0, Committed index: 0, Last appended: 0.0, Last appended by leader: 0, Current term: 0, Majority size: -1, State: 0, Mode: NON_LEADER, active raft config: opid_index: -1 OBSOLETE_local: false peers { permanent_uuid: "3924e3842f1949739b96889369507e31" member_type: VOTER last_known_addr { host: "127.27.151.129" port: 42887 } } peers { permanent_uuid: "790065b791934e0ba2548c6eda0c37a3" member_type: VOTER last_known_addr { host: "127.27.151.130" port: 38235 } } peers { permanent_uuid: "32195990fa4b4e239fb97ff3a05a0436" member_type: VOTER last_known_addr { host: "127.27.151.131" port: 38947 } }
I20260709 13:11:08.162015 29569 tablet_bootstrap.cc:654] T e2672ee3a41340f5990bfa71648b0017 P 790065b791934e0ba2548c6eda0c37a3: Neither blocks nor log segments found. Creating new log.
I20260709 13:11:08.161952 29568 consensus_queue.cc:260] T b783a86fee2f4e1895e79a2349dcfd16 P 32195990fa4b4e239fb97ff3a05a0436 [NON_LEADER]: Queue going to NON_LEADER mode. State: All replicated index: 0, Majority replicated index: 0, Committed index: 0, Last appended: 0.0, Last appended by leader: 0, Current term: 0, Majority size: -1, State: 0, Mode: NON_LEADER, active raft config: opid_index: -1 OBSOLETE_local: false peers { permanent_uuid: "3924e3842f1949739b96889369507e31" member_type: VOTER last_known_addr { host: "127.27.151.129" port: 42887 } } peers { permanent_uuid: "790065b791934e0ba2548c6eda0c37a3" member_type: VOTER last_known_addr { host: "127.27.151.130" port: 38235 } } peers { permanent_uuid: "32195990fa4b4e239fb97ff3a05a0436" member_type: VOTER last_known_addr { host: "127.27.151.131" port: 38947 } }
I20260709 13:11:08.164140 29568 ts_tablet_manager.cc:1434] T b783a86fee2f4e1895e79a2349dcfd16 P 32195990fa4b4e239fb97ff3a05a0436: Time spent starting tablet: real 0.007s	user 0.007s	sys 0.000s
I20260709 13:11:08.164680 29448 tablet_service.cc:1917] Received RequestConsensusVote() RPC: tablet_id: "11a07c09964f46268cc3c31a632e78d6" candidate_uuid: "32195990fa4b4e239fb97ff3a05a0436" candidate_term: 1 candidate_status { last_received { term: 0 index: 0 } } ignore_live_leader: false dest_uuid: "790065b791934e0ba2548c6eda0c37a3"
I20260709 13:11:08.165117 29568 tablet_bootstrap.cc:492] T f80a4567f33a4c0c983d08e5f6748bee P 32195990fa4b4e239fb97ff3a05a0436: Bootstrap starting.
I20260709 13:11:08.165285 29448 raft_consensus.cc:3060] T 11a07c09964f46268cc3c31a632e78d6 P 790065b791934e0ba2548c6eda0c37a3 [term 0 FOLLOWER]: Advancing to term 1
I20260709 13:11:08.169152 29570 ts_tablet_manager.cc:1434] T ba49e89af1754e9e86fa536dcb0de260 P 3924e3842f1949739b96889369507e31: Time spent starting tablet: real 0.012s	user 0.007s	sys 0.000s
I20260709 13:11:08.170253 29570 tablet_bootstrap.cc:492] T d0a7ecbe3c5348f380bdedcdb63f4eb1 P 3924e3842f1949739b96889369507e31: Bootstrap starting.
I20260709 13:11:08.173686 29568 tablet_bootstrap.cc:654] T f80a4567f33a4c0c983d08e5f6748bee P 32195990fa4b4e239fb97ff3a05a0436: Neither blocks nor log segments found. Creating new log.
I20260709 13:11:08.177073 29570 tablet_bootstrap.cc:654] T d0a7ecbe3c5348f380bdedcdb63f4eb1 P 3924e3842f1949739b96889369507e31: Neither blocks nor log segments found. Creating new log.
I20260709 13:11:08.180120 29448 raft_consensus.cc:2468] T 11a07c09964f46268cc3c31a632e78d6 P 790065b791934e0ba2548c6eda0c37a3 [term 1 FOLLOWER]: Leader election vote request: Granting yes vote for candidate 32195990fa4b4e239fb97ff3a05a0436 in term 1.
I20260709 13:11:08.181352 29492 leader_election.cc:304] T 11a07c09964f46268cc3c31a632e78d6 P 32195990fa4b4e239fb97ff3a05a0436 [CANDIDATE]: Term 1 election: Election decided. Result: candidate won. Election summary: received 2 responses out of 3 voters: 2 yes votes; 0 no votes. yes voters: 32195990fa4b4e239fb97ff3a05a0436, 790065b791934e0ba2548c6eda0c37a3; no voters: 
I20260709 13:11:08.182165 29661 raft_consensus.cc:2804] T 11a07c09964f46268cc3c31a632e78d6 P 32195990fa4b4e239fb97ff3a05a0436 [term 1 FOLLOWER]: Leader election won for term 1
I20260709 13:11:08.182646 29661 raft_consensus.cc:697] T 11a07c09964f46268cc3c31a632e78d6 P 32195990fa4b4e239fb97ff3a05a0436 [term 1 LEADER]: Becoming Leader. State: Replica: 32195990fa4b4e239fb97ff3a05a0436, State: Running, Role: LEADER
I20260709 13:11:08.183465 29661 consensus_queue.cc:237] T 11a07c09964f46268cc3c31a632e78d6 P 32195990fa4b4e239fb97ff3a05a0436 [LEADER]: Queue going to LEADER mode. State: All replicated index: 0, Majority replicated index: 0, Committed index: 0, Last appended: 0.0, Last appended by leader: 0, Current term: 1, Majority size: 2, State: 0, Mode: LEADER, active raft config: opid_index: -1 OBSOLETE_local: false peers { permanent_uuid: "3924e3842f1949739b96889369507e31" member_type: VOTER last_known_addr { host: "127.27.151.129" port: 42887 } } peers { permanent_uuid: "790065b791934e0ba2548c6eda0c37a3" member_type: VOTER last_known_addr { host: "127.27.151.130" port: 38235 } } peers { permanent_uuid: "32195990fa4b4e239fb97ff3a05a0436" member_type: VOTER last_known_addr { host: "127.27.151.131" port: 38947 } }
I20260709 13:11:08.189882 29664 leader_election.cc:290] T 11a07c09964f46268cc3c31a632e78d6 P 32195990fa4b4e239fb97ff3a05a0436 [CANDIDATE]: Term 1 election: Requested vote from peers 3924e3842f1949739b96889369507e31 (127.27.151.129:42887), 790065b791934e0ba2548c6eda0c37a3 (127.27.151.130:38235)
I20260709 13:11:08.192319 29751 consensus_queue.cc:1048] T 2015dc92ff824dfeb01953c0db81040f P 3924e3842f1949739b96889369507e31 [LEADER]: Connected to new peer: Peer: permanent_uuid: "790065b791934e0ba2548c6eda0c37a3" member_type: VOTER last_known_addr { host: "127.27.151.130" port: 38235 }, Status: LMP_MISMATCH, Last received: 0.0, Next index: 1, Last known committed idx: 0, Time since last communication: 0.001s
I20260709 13:11:08.200577 29751 raft_consensus.cc:493] T ba49e89af1754e9e86fa536dcb0de260 P 3924e3842f1949739b96889369507e31 [term 0 FOLLOWER]: Starting pre-election (no leader contacted us within the election timeout)
I20260709 13:11:08.201164 29751 raft_consensus.cc:515] T ba49e89af1754e9e86fa536dcb0de260 P 3924e3842f1949739b96889369507e31 [term 0 FOLLOWER]: Starting pre-election with config: opid_index: -1 OBSOLETE_local: false peers { permanent_uuid: "3924e3842f1949739b96889369507e31" member_type: VOTER last_known_addr { host: "127.27.151.129" port: 42887 } } peers { permanent_uuid: "790065b791934e0ba2548c6eda0c37a3" member_type: VOTER last_known_addr { host: "127.27.151.130" port: 38235 } } peers { permanent_uuid: "32195990fa4b4e239fb97ff3a05a0436" member_type: VOTER last_known_addr { host: "127.27.151.131" port: 38947 } }
I20260709 13:11:08.204398 29570 tablet_bootstrap.cc:492] T d0a7ecbe3c5348f380bdedcdb63f4eb1 P 3924e3842f1949739b96889369507e31: No bootstrap required, opened a new log
I20260709 13:11:08.204907 29570 ts_tablet_manager.cc:1403] T d0a7ecbe3c5348f380bdedcdb63f4eb1 P 3924e3842f1949739b96889369507e31: Time spent bootstrapping tablet: real 0.035s	user 0.012s	sys 0.004s
I20260709 13:11:08.210047 29371 raft_consensus.cc:2468] T 11a07c09964f46268cc3c31a632e78d6 P 3924e3842f1949739b96889369507e31 [term 1 FOLLOWER]: Leader election vote request: Granting yes vote for candidate 32195990fa4b4e239fb97ff3a05a0436 in term 1.
I20260709 13:11:08.214257 29448 tablet_service.cc:1917] Received RequestConsensusVote() RPC: tablet_id: "ba49e89af1754e9e86fa536dcb0de260" candidate_uuid: "3924e3842f1949739b96889369507e31" candidate_term: 1 candidate_status { last_received { term: 0 index: 0 } } ignore_live_leader: false dest_uuid: "790065b791934e0ba2548c6eda0c37a3" is_pre_election: true
I20260709 13:11:08.214891 29448 raft_consensus.cc:2468] T ba49e89af1754e9e86fa536dcb0de260 P 790065b791934e0ba2548c6eda0c37a3 [term 0 FOLLOWER]: Leader pre-election vote request: Granting yes vote for candidate 3924e3842f1949739b96889369507e31 in term 0.
I20260709 13:11:08.214929 29598 consensus_queue.cc:1048] T 2015dc92ff824dfeb01953c0db81040f P 3924e3842f1949739b96889369507e31 [LEADER]: Connected to new peer: Peer: permanent_uuid: "32195990fa4b4e239fb97ff3a05a0436" member_type: VOTER last_known_addr { host: "127.27.151.131" port: 38947 }, Status: LMP_MISMATCH, Last received: 0.0, Next index: 1, Last known committed idx: 0, Time since last communication: 0.001s
I20260709 13:11:08.216379 29524 tablet_service.cc:1917] Received RequestConsensusVote() RPC: tablet_id: "ba49e89af1754e9e86fa536dcb0de260" candidate_uuid: "3924e3842f1949739b96889369507e31" candidate_term: 1 candidate_status { last_received { term: 0 index: 0 } } ignore_live_leader: false dest_uuid: "32195990fa4b4e239fb97ff3a05a0436" is_pre_election: true
I20260709 13:11:08.218020 29570 raft_consensus.cc:359] T d0a7ecbe3c5348f380bdedcdb63f4eb1 P 3924e3842f1949739b96889369507e31 [term 0 FOLLOWER]: Replica starting. Triggering 0 pending ops. Active config: opid_index: -1 OBSOLETE_local: false peers { permanent_uuid: "3924e3842f1949739b96889369507e31" member_type: VOTER last_known_addr { host: "127.27.151.129" port: 42887 } } peers { permanent_uuid: "790065b791934e0ba2548c6eda0c37a3" member_type: VOTER last_known_addr { host: "127.27.151.130" port: 38235 } } peers { permanent_uuid: "32195990fa4b4e239fb97ff3a05a0436" member_type: VOTER last_known_addr { host: "127.27.151.131" port: 38947 } }
I20260709 13:11:08.218703 29570 raft_consensus.cc:385] T d0a7ecbe3c5348f380bdedcdb63f4eb1 P 3924e3842f1949739b96889369507e31 [term 0 FOLLOWER]: Consensus starting up: Expiring failure detector timer to make a prompt election more likely
W20260709 13:11:08.218523 29343 leader_election.cc:343] T ba49e89af1754e9e86fa536dcb0de260 P 3924e3842f1949739b96889369507e31 [CANDIDATE]: Term 1 pre-election: Tablet error from VoteRequest() call to peer 32195990fa4b4e239fb97ff3a05a0436 (127.27.151.131:38947): Illegal state: must be running to vote when last-logged opid is not known
I20260709 13:11:08.219020 29570 raft_consensus.cc:740] T d0a7ecbe3c5348f380bdedcdb63f4eb1 P 3924e3842f1949739b96889369507e31 [term 0 FOLLOWER]: Becoming Follower/Learner. State: Replica: 3924e3842f1949739b96889369507e31, State: Initialized, Role: FOLLOWER
I20260709 13:11:08.219565 29343 leader_election.cc:304] T ba49e89af1754e9e86fa536dcb0de260 P 3924e3842f1949739b96889369507e31 [CANDIDATE]: Term 1 pre-election: Election decided. Result: candidate won. Election summary: received 3 responses out of 3 voters: 2 yes votes; 1 no votes. yes voters: 3924e3842f1949739b96889369507e31, 790065b791934e0ba2548c6eda0c37a3; no voters: 32195990fa4b4e239fb97ff3a05a0436
I20260709 13:11:08.228116 29790 raft_consensus.cc:2804] T ba49e89af1754e9e86fa536dcb0de260 P 3924e3842f1949739b96889369507e31 [term 0 FOLLOWER]: Leader pre-election won for term 1
I20260709 13:11:08.228595 29790 raft_consensus.cc:493] T ba49e89af1754e9e86fa536dcb0de260 P 3924e3842f1949739b96889369507e31 [term 0 FOLLOWER]: Starting leader election (no leader contacted us within the election timeout)
I20260709 13:11:08.229080 29790 raft_consensus.cc:3060] T ba49e89af1754e9e86fa536dcb0de260 P 3924e3842f1949739b96889369507e31 [term 0 FOLLOWER]: Advancing to term 1
I20260709 13:11:08.232486 29751 leader_election.cc:290] T ba49e89af1754e9e86fa536dcb0de260 P 3924e3842f1949739b96889369507e31 [CANDIDATE]: Term 1 pre-election: Requested pre-vote from peers 790065b791934e0ba2548c6eda0c37a3 (127.27.151.130:38235), 32195990fa4b4e239fb97ff3a05a0436 (127.27.151.131:38947)
I20260709 13:11:08.260982 29570 consensus_queue.cc:260] T d0a7ecbe3c5348f380bdedcdb63f4eb1 P 3924e3842f1949739b96889369507e31 [NON_LEADER]: Queue going to NON_LEADER mode. State: All replicated index: 0, Majority replicated index: 0, Committed index: 0, Last appended: 0.0, Last appended by leader: 0, Current term: 0, Majority size: -1, State: 0, Mode: NON_LEADER, active raft config: opid_index: -1 OBSOLETE_local: false peers { permanent_uuid: "3924e3842f1949739b96889369507e31" member_type: VOTER last_known_addr { host: "127.27.151.129" port: 42887 } } peers { permanent_uuid: "790065b791934e0ba2548c6eda0c37a3" member_type: VOTER last_known_addr { host: "127.27.151.130" port: 38235 } } peers { permanent_uuid: "32195990fa4b4e239fb97ff3a05a0436" member_type: VOTER last_known_addr { host: "127.27.151.131" port: 38947 } }
I20260709 13:11:08.261861 29568 tablet_bootstrap.cc:492] T f80a4567f33a4c0c983d08e5f6748bee P 32195990fa4b4e239fb97ff3a05a0436: No bootstrap required, opened a new log
I20260709 13:11:08.262307 29568 ts_tablet_manager.cc:1403] T f80a4567f33a4c0c983d08e5f6748bee P 32195990fa4b4e239fb97ff3a05a0436: Time spent bootstrapping tablet: real 0.097s	user 0.020s	sys 0.026s
I20260709 13:11:08.263132 29570 ts_tablet_manager.cc:1434] T d0a7ecbe3c5348f380bdedcdb63f4eb1 P 3924e3842f1949739b96889369507e31: Time spent starting tablet: real 0.058s	user 0.009s	sys 0.000s
I20260709 13:11:08.271301 29569 tablet_bootstrap.cc:492] T e2672ee3a41340f5990bfa71648b0017 P 790065b791934e0ba2548c6eda0c37a3: No bootstrap required, opened a new log
I20260709 13:11:08.271800 29569 ts_tablet_manager.cc:1403] T e2672ee3a41340f5990bfa71648b0017 P 790065b791934e0ba2548c6eda0c37a3: Time spent bootstrapping tablet: real 0.213s	user 0.022s	sys 0.011s
I20260709 13:11:08.274899 29570 tablet_bootstrap.cc:492] T 4eeadb23e53f4d75a04bc76b22af4946 P 3924e3842f1949739b96889369507e31: Bootstrap starting.
I20260709 13:11:08.279902 29790 raft_consensus.cc:515] T ba49e89af1754e9e86fa536dcb0de260 P 3924e3842f1949739b96889369507e31 [term 1 FOLLOWER]: Starting leader election with config: opid_index: -1 OBSOLETE_local: false peers { permanent_uuid: "3924e3842f1949739b96889369507e31" member_type: VOTER last_known_addr { host: "127.27.151.129" port: 42887 } } peers { permanent_uuid: "790065b791934e0ba2548c6eda0c37a3" member_type: VOTER last_known_addr { host: "127.27.151.130" port: 38235 } } peers { permanent_uuid: "32195990fa4b4e239fb97ff3a05a0436" member_type: VOTER last_known_addr { host: "127.27.151.131" port: 38947 } }
I20260709 13:11:08.282491 29790 leader_election.cc:290] T ba49e89af1754e9e86fa536dcb0de260 P 3924e3842f1949739b96889369507e31 [CANDIDATE]: Term 1 election: Requested vote from peers 790065b791934e0ba2548c6eda0c37a3 (127.27.151.130:38235), 32195990fa4b4e239fb97ff3a05a0436 (127.27.151.131:38947)
I20260709 13:11:08.298436 29570 tablet_bootstrap.cc:654] T 4eeadb23e53f4d75a04bc76b22af4946 P 3924e3842f1949739b96889369507e31: Neither blocks nor log segments found. Creating new log.
I20260709 13:11:08.299043 29448 tablet_service.cc:1917] Received RequestConsensusVote() RPC: tablet_id: "ba49e89af1754e9e86fa536dcb0de260" candidate_uuid: "3924e3842f1949739b96889369507e31" candidate_term: 1 candidate_status { last_received { term: 0 index: 0 } } ignore_live_leader: false dest_uuid: "790065b791934e0ba2548c6eda0c37a3"
I20260709 13:11:08.299228 29569 raft_consensus.cc:359] T e2672ee3a41340f5990bfa71648b0017 P 790065b791934e0ba2548c6eda0c37a3 [term 0 FOLLOWER]: Replica starting. Triggering 0 pending ops. Active config: opid_index: -1 OBSOLETE_local: false peers { permanent_uuid: "3924e3842f1949739b96889369507e31" member_type: VOTER last_known_addr { host: "127.27.151.129" port: 42887 } } peers { permanent_uuid: "790065b791934e0ba2548c6eda0c37a3" member_type: VOTER last_known_addr { host: "127.27.151.130" port: 38235 } } peers { permanent_uuid: "32195990fa4b4e239fb97ff3a05a0436" member_type: VOTER last_known_addr { host: "127.27.151.131" port: 38947 } }
I20260709 13:11:08.299714 29448 raft_consensus.cc:3060] T ba49e89af1754e9e86fa536dcb0de260 P 790065b791934e0ba2548c6eda0c37a3 [term 0 FOLLOWER]: Advancing to term 1
I20260709 13:11:08.299886 29569 raft_consensus.cc:385] T e2672ee3a41340f5990bfa71648b0017 P 790065b791934e0ba2548c6eda0c37a3 [term 0 FOLLOWER]: Consensus starting up: Expiring failure detector timer to make a prompt election more likely
I20260709 13:11:08.300208 29569 raft_consensus.cc:740] T e2672ee3a41340f5990bfa71648b0017 P 790065b791934e0ba2548c6eda0c37a3 [term 0 FOLLOWER]: Becoming Follower/Learner. State: Replica: 790065b791934e0ba2548c6eda0c37a3, State: Initialized, Role: FOLLOWER
I20260709 13:11:08.300804 29569 consensus_queue.cc:260] T e2672ee3a41340f5990bfa71648b0017 P 790065b791934e0ba2548c6eda0c37a3 [NON_LEADER]: Queue going to NON_LEADER mode. State: All replicated index: 0, Majority replicated index: 0, Committed index: 0, Last appended: 0.0, Last appended by leader: 0, Current term: 0, Majority size: -1, State: 0, Mode: NON_LEADER, active raft config: opid_index: -1 OBSOLETE_local: false peers { permanent_uuid: "3924e3842f1949739b96889369507e31" member_type: VOTER last_known_addr { host: "127.27.151.129" port: 42887 } } peers { permanent_uuid: "790065b791934e0ba2548c6eda0c37a3" member_type: VOTER last_known_addr { host: "127.27.151.130" port: 38235 } } peers { permanent_uuid: "32195990fa4b4e239fb97ff3a05a0436" member_type: VOTER last_known_addr { host: "127.27.151.131" port: 38947 } }
I20260709 13:11:08.301826 29568 raft_consensus.cc:359] T f80a4567f33a4c0c983d08e5f6748bee P 32195990fa4b4e239fb97ff3a05a0436 [term 0 FOLLOWER]: Replica starting. Triggering 0 pending ops. Active config: opid_index: -1 OBSOLETE_local: false peers { permanent_uuid: "3924e3842f1949739b96889369507e31" member_type: VOTER last_known_addr { host: "127.27.151.129" port: 42887 } } peers { permanent_uuid: "790065b791934e0ba2548c6eda0c37a3" member_type: VOTER last_known_addr { host: "127.27.151.130" port: 38235 } } peers { permanent_uuid: "32195990fa4b4e239fb97ff3a05a0436" member_type: VOTER last_known_addr { host: "127.27.151.131" port: 38947 } }
I20260709 13:11:08.302273 29569 ts_tablet_manager.cc:1434] T e2672ee3a41340f5990bfa71648b0017 P 790065b791934e0ba2548c6eda0c37a3: Time spent starting tablet: real 0.030s	user 0.003s	sys 0.000s
I20260709 13:11:08.302477 29568 raft_consensus.cc:385] T f80a4567f33a4c0c983d08e5f6748bee P 32195990fa4b4e239fb97ff3a05a0436 [term 0 FOLLOWER]: Consensus starting up: Expiring failure detector timer to make a prompt election more likely
I20260709 13:11:08.302791 29568 raft_consensus.cc:740] T f80a4567f33a4c0c983d08e5f6748bee P 32195990fa4b4e239fb97ff3a05a0436 [term 0 FOLLOWER]: Becoming Follower/Learner. State: Replica: 32195990fa4b4e239fb97ff3a05a0436, State: Initialized, Role: FOLLOWER
I20260709 13:11:08.303160 29569 tablet_bootstrap.cc:492] T f81ea55bfa274687b42f0d937b45fc5f P 790065b791934e0ba2548c6eda0c37a3: Bootstrap starting.
I20260709 13:11:08.304041 29568 consensus_queue.cc:260] T f80a4567f33a4c0c983d08e5f6748bee P 32195990fa4b4e239fb97ff3a05a0436 [NON_LEADER]: Queue going to NON_LEADER mode. State: All replicated index: 0, Majority replicated index: 0, Committed index: 0, Last appended: 0.0, Last appended by leader: 0, Current term: 0, Majority size: -1, State: 0, Mode: NON_LEADER, active raft config: opid_index: -1 OBSOLETE_local: false peers { permanent_uuid: "3924e3842f1949739b96889369507e31" member_type: VOTER last_known_addr { host: "127.27.151.129" port: 42887 } } peers { permanent_uuid: "790065b791934e0ba2548c6eda0c37a3" member_type: VOTER last_known_addr { host: "127.27.151.130" port: 38235 } } peers { permanent_uuid: "32195990fa4b4e239fb97ff3a05a0436" member_type: VOTER last_known_addr { host: "127.27.151.131" port: 38947 } }
I20260709 13:11:08.306699 29568 ts_tablet_manager.cc:1434] T f80a4567f33a4c0c983d08e5f6748bee P 32195990fa4b4e239fb97ff3a05a0436: Time spent starting tablet: real 0.044s	user 0.002s	sys 0.006s
I20260709 13:11:08.307976 29568 tablet_bootstrap.cc:492] T 15aca6293dc44754ae2dd155359b6af3 P 32195990fa4b4e239fb97ff3a05a0436: Bootstrap starting.
I20260709 13:11:08.310243 29522 tablet_service.cc:1917] Received RequestConsensusVote() RPC: tablet_id: "ba49e89af1754e9e86fa536dcb0de260" candidate_uuid: "3924e3842f1949739b96889369507e31" candidate_term: 1 candidate_status { last_received { term: 0 index: 0 } } ignore_live_leader: false dest_uuid: "32195990fa4b4e239fb97ff3a05a0436"
I20260709 13:11:08.313153 29569 tablet_bootstrap.cc:654] T f81ea55bfa274687b42f0d937b45fc5f P 790065b791934e0ba2548c6eda0c37a3: Neither blocks nor log segments found. Creating new log.
W20260709 13:11:08.315814 29343 leader_election.cc:343] T ba49e89af1754e9e86fa536dcb0de260 P 3924e3842f1949739b96889369507e31 [CANDIDATE]: Term 1 election: Tablet error from VoteRequest() call to peer 32195990fa4b4e239fb97ff3a05a0436 (127.27.151.131:38947): Illegal state: must be running to vote when last-logged opid is not known
I20260709 13:11:08.316244 29568 tablet_bootstrap.cc:654] T 15aca6293dc44754ae2dd155359b6af3 P 32195990fa4b4e239fb97ff3a05a0436: Neither blocks nor log segments found. Creating new log.
I20260709 13:11:08.325755 29570 tablet_bootstrap.cc:492] T 4eeadb23e53f4d75a04bc76b22af4946 P 3924e3842f1949739b96889369507e31: No bootstrap required, opened a new log
I20260709 13:11:08.326301 29570 ts_tablet_manager.cc:1403] T 4eeadb23e53f4d75a04bc76b22af4946 P 3924e3842f1949739b96889369507e31: Time spent bootstrapping tablet: real 0.052s	user 0.006s	sys 0.006s
I20260709 13:11:08.329846 29569 tablet_bootstrap.cc:492] T f81ea55bfa274687b42f0d937b45fc5f P 790065b791934e0ba2548c6eda0c37a3: No bootstrap required, opened a new log
