I20260709 13:10:58.635021 30514 raft_consensus.cc:3060] T d3f54150dfef42d5b7270c872b045b3f P 324dbaaf3c3e4c89addea658c52b0e3a [term 3 FOLLOWER]: Advancing to term 4
I20260709 13:10:58.637393 30590 raft_consensus.cc:2468] T d3f54150dfef42d5b7270c872b045b3f P 4ed1eb3b23c84e12aaebf0bc012e769a [term 4 FOLLOWER]: Leader election vote request: Granting yes vote for candidate 695d2c829547419a954225a250f13889 in term 4.
I20260709 13:10:58.638525 30630 leader_election.cc:304] T d3f54150dfef42d5b7270c872b045b3f P 695d2c829547419a954225a250f13889 [CANDIDATE]: Term 4 election: Election decided. Result: candidate won. Election summary: received 2 responses out of 3 voters: 2 yes votes; 0 no votes. yes voters: 4ed1eb3b23c84e12aaebf0bc012e769a, 695d2c829547419a954225a250f13889; no voters: 
I20260709 13:10:58.639184 30882 raft_consensus.cc:2804] T d3f54150dfef42d5b7270c872b045b3f P 695d2c829547419a954225a250f13889 [term 4 FOLLOWER]: Leader election won for term 4
I20260709 13:10:58.640443 30882 raft_consensus.cc:697] T d3f54150dfef42d5b7270c872b045b3f P 695d2c829547419a954225a250f13889 [term 4 LEADER]: Becoming Leader. State: Replica: 695d2c829547419a954225a250f13889, State: Running, Role: LEADER
I20260709 13:10:58.641405 30514 raft_consensus.cc:2468] T d3f54150dfef42d5b7270c872b045b3f P 324dbaaf3c3e4c89addea658c52b0e3a [term 4 FOLLOWER]: Leader election vote request: Granting yes vote for candidate 695d2c829547419a954225a250f13889 in term 4.
I20260709 13:10:58.641335 30882 consensus_queue.cc:237] T d3f54150dfef42d5b7270c872b045b3f P 695d2c829547419a954225a250f13889 [LEADER]: Queue going to LEADER mode. State: All replicated index: 0, Majority replicated index: 3, Committed index: 3, Last appended: 3.3, Last appended by leader: 3, Current term: 4, Majority size: 2, State: 0, Mode: LEADER, active raft config: opid_index: -1 OBSOLETE_local: false peers { permanent_uuid: "324dbaaf3c3e4c89addea658c52b0e3a" member_type: VOTER last_known_addr { host: "127.29.46.129" port: 35377 } } peers { permanent_uuid: "4ed1eb3b23c84e12aaebf0bc012e769a" member_type: VOTER last_known_addr { host: "127.29.46.130" port: 34917 } } peers { permanent_uuid: "695d2c829547419a954225a250f13889" member_type: VOTER last_known_addr { host: "127.29.46.131" port: 41355 } }
I20260709 13:10:58.654568 30878 raft_consensus.cc:993] T 945b7ab318354b2c83111abd162671a6 P 324dbaaf3c3e4c89addea658c52b0e3a: : Instructing follower 4ed1eb3b23c84e12aaebf0bc012e769a to start an election
I20260709 13:10:58.655069 30878 raft_consensus.cc:1081] T 945b7ab318354b2c83111abd162671a6 P 324dbaaf3c3e4c89addea658c52b0e3a [term 2 LEADER]: Signalling peer 4ed1eb3b23c84e12aaebf0bc012e769a to start an election
I20260709 13:10:58.656929 30590 tablet_service.cc:2044] Received Run Leader Election RPC: tablet_id: "945b7ab318354b2c83111abd162671a6"
dest_uuid: "4ed1eb3b23c84e12aaebf0bc012e769a"
 from {username='slave'} at 127.0.0.1:57500
I20260709 13:10:58.657483 30590 raft_consensus.cc:493] T 945b7ab318354b2c83111abd162671a6 P 4ed1eb3b23c84e12aaebf0bc012e769a [term 2 FOLLOWER]: Starting forced leader election (received explicit request)
I20260709 13:10:58.657867 30590 raft_consensus.cc:3060] T 945b7ab318354b2c83111abd162671a6 P 4ed1eb3b23c84e12aaebf0bc012e769a [term 2 FOLLOWER]: Advancing to term 3
I20260709 13:10:58.659700 30410 catalog_manager.cc:5697] T d3f54150dfef42d5b7270c872b045b3f P 695d2c829547419a954225a250f13889 reported cstate change: term changed from 3 to 4, leader changed from 324dbaaf3c3e4c89addea658c52b0e3a (127.29.46.129) to 695d2c829547419a954225a250f13889 (127.29.46.131). New cstate: current_term: 4 leader_uuid: "695d2c829547419a954225a250f13889" committed_config { opid_index: -1 OBSOLETE_local: false peers { permanent_uuid: "324dbaaf3c3e4c89addea658c52b0e3a" member_type: VOTER last_known_addr { host: "127.29.46.129" port: 35377 } health_report { overall_health: UNKNOWN } } peers { permanent_uuid: "4ed1eb3b23c84e12aaebf0bc012e769a" member_type: VOTER last_known_addr { host: "127.29.46.130" port: 34917 } health_report { overall_health: UNKNOWN } } peers { permanent_uuid: "695d2c829547419a954225a250f13889" member_type: VOTER last_known_addr { host: "127.29.46.131" port: 41355 } health_report { overall_health: HEALTHY } } }
I20260709 13:10:58.665431 30590 raft_consensus.cc:515] T 945b7ab318354b2c83111abd162671a6 P 4ed1eb3b23c84e12aaebf0bc012e769a [term 3 FOLLOWER]: Starting forced leader election with config: opid_index: -1 OBSOLETE_local: false peers { permanent_uuid: "324dbaaf3c3e4c89addea658c52b0e3a" member_type: VOTER last_known_addr { host: "127.29.46.129" port: 35377 } } peers { permanent_uuid: "4ed1eb3b23c84e12aaebf0bc012e769a" member_type: VOTER last_known_addr { host: "127.29.46.130" port: 34917 } } peers { permanent_uuid: "695d2c829547419a954225a250f13889" member_type: VOTER last_known_addr { host: "127.29.46.131" port: 41355 } }
I20260709 13:10:58.668383 30590 leader_election.cc:290] T 945b7ab318354b2c83111abd162671a6 P 4ed1eb3b23c84e12aaebf0bc012e769a [CANDIDATE]: Term 3 election: Requested vote from peers 324dbaaf3c3e4c89addea658c52b0e3a (127.29.46.129:35377), 695d2c829547419a954225a250f13889 (127.29.46.131:41355)
I20260709 13:10:58.668376 30514 tablet_service.cc:1917] Received RequestConsensusVote() RPC: tablet_id: "945b7ab318354b2c83111abd162671a6" candidate_uuid: "4ed1eb3b23c84e12aaebf0bc012e769a" candidate_term: 3 candidate_status { last_received { term: 2 index: 2 } } ignore_live_leader: true dest_uuid: "324dbaaf3c3e4c89addea658c52b0e3a"
I20260709 13:10:58.669472 30664 tablet_service.cc:1917] Received RequestConsensusVote() RPC: tablet_id: "945b7ab318354b2c83111abd162671a6" candidate_uuid: "4ed1eb3b23c84e12aaebf0bc012e769a" candidate_term: 3 candidate_status { last_received { term: 2 index: 2 } } ignore_live_leader: true dest_uuid: "695d2c829547419a954225a250f13889"
I20260709 13:10:58.669238 30514 raft_consensus.cc:3055] T 945b7ab318354b2c83111abd162671a6 P 324dbaaf3c3e4c89addea658c52b0e3a [term 2 LEADER]: Stepping down as leader of term 2
I20260709 13:10:58.670094 30664 raft_consensus.cc:3060] T 945b7ab318354b2c83111abd162671a6 P 695d2c829547419a954225a250f13889 [term 2 FOLLOWER]: Advancing to term 3
I20260709 13:10:58.670066 30514 raft_consensus.cc:740] T 945b7ab318354b2c83111abd162671a6 P 324dbaaf3c3e4c89addea658c52b0e3a [term 2 LEADER]: Becoming Follower/Learner. State: Replica: 324dbaaf3c3e4c89addea658c52b0e3a, State: Running, Role: LEADER
I20260709 13:10:58.670985 30514 consensus_queue.cc:260] T 945b7ab318354b2c83111abd162671a6 P 324dbaaf3c3e4c89addea658c52b0e3a [NON_LEADER]: Queue going to NON_LEADER mode. State: All replicated index: 0, Majority replicated index: 2, Committed index: 2, Last appended: 2.2, Last appended by leader: 2, Current term: 2, Majority size: -1, State: 0, Mode: NON_LEADER, active raft config: opid_index: -1 OBSOLETE_local: false peers { permanent_uuid: "324dbaaf3c3e4c89addea658c52b0e3a" member_type: VOTER last_known_addr { host: "127.29.46.129" port: 35377 } } peers { permanent_uuid: "4ed1eb3b23c84e12aaebf0bc012e769a" member_type: VOTER last_known_addr { host: "127.29.46.130" port: 34917 } } peers { permanent_uuid: "695d2c829547419a954225a250f13889" member_type: VOTER last_known_addr { host: "127.29.46.131" port: 41355 } }
I20260709 13:10:58.672128 30514 raft_consensus.cc:3060] T 945b7ab318354b2c83111abd162671a6 P 324dbaaf3c3e4c89addea658c52b0e3a [term 2 FOLLOWER]: Advancing to term 3
I20260709 13:10:58.676359 30664 raft_consensus.cc:2468] T 945b7ab318354b2c83111abd162671a6 P 695d2c829547419a954225a250f13889 [term 3 FOLLOWER]: Leader election vote request: Granting yes vote for candidate 4ed1eb3b23c84e12aaebf0bc012e769a in term 3.
I20260709 13:10:58.677274 30555 leader_election.cc:304] T 945b7ab318354b2c83111abd162671a6 P 4ed1eb3b23c84e12aaebf0bc012e769a [CANDIDATE]: Term 3 election: Election decided. Result: candidate won. Election summary: received 2 responses out of 3 voters: 2 yes votes; 0 no votes. yes voters: 4ed1eb3b23c84e12aaebf0bc012e769a, 695d2c829547419a954225a250f13889; no voters: 
I20260709 13:10:58.678028 30514 raft_consensus.cc:2468] T 945b7ab318354b2c83111abd162671a6 P 324dbaaf3c3e4c89addea658c52b0e3a [term 3 FOLLOWER]: Leader election vote request: Granting yes vote for candidate 4ed1eb3b23c84e12aaebf0bc012e769a in term 3.
I20260709 13:10:58.678227 30883 raft_consensus.cc:2804] T 945b7ab318354b2c83111abd162671a6 P 4ed1eb3b23c84e12aaebf0bc012e769a [term 3 FOLLOWER]: Leader election won for term 3
I20260709 13:10:58.678752 30883 raft_consensus.cc:697] T 945b7ab318354b2c83111abd162671a6 P 4ed1eb3b23c84e12aaebf0bc012e769a [term 3 LEADER]: Becoming Leader. State: Replica: 4ed1eb3b23c84e12aaebf0bc012e769a, State: Running, Role: LEADER
I20260709 13:10:58.679620 30883 consensus_queue.cc:237] T 945b7ab318354b2c83111abd162671a6 P 4ed1eb3b23c84e12aaebf0bc012e769a [LEADER]: Queue going to LEADER mode. State: All replicated index: 0, Majority replicated index: 2, Committed index: 2, Last appended: 2.2, Last appended by leader: 2, Current term: 3, Majority size: 2, State: 0, Mode: LEADER, active raft config: opid_index: -1 OBSOLETE_local: false peers { permanent_uuid: "324dbaaf3c3e4c89addea658c52b0e3a" member_type: VOTER last_known_addr { host: "127.29.46.129" port: 35377 } } peers { permanent_uuid: "4ed1eb3b23c84e12aaebf0bc012e769a" member_type: VOTER last_known_addr { host: "127.29.46.130" port: 34917 } } peers { permanent_uuid: "695d2c829547419a954225a250f13889" member_type: VOTER last_known_addr { host: "127.29.46.131" port: 41355 } }
I20260709 13:10:58.691112 30410 catalog_manager.cc:5697] T 945b7ab318354b2c83111abd162671a6 P 4ed1eb3b23c84e12aaebf0bc012e769a reported cstate change: term changed from 2 to 3, leader changed from 324dbaaf3c3e4c89addea658c52b0e3a (127.29.46.129) to 4ed1eb3b23c84e12aaebf0bc012e769a (127.29.46.130). New cstate: current_term: 3 leader_uuid: "4ed1eb3b23c84e12aaebf0bc012e769a" committed_config { opid_index: -1 OBSOLETE_local: false peers { permanent_uuid: "324dbaaf3c3e4c89addea658c52b0e3a" member_type: VOTER last_known_addr { host: "127.29.46.129" port: 35377 } health_report { overall_health: UNKNOWN } } peers { permanent_uuid: "4ed1eb3b23c84e12aaebf0bc012e769a" member_type: VOTER last_known_addr { host: "127.29.46.130" port: 34917 } health_report { overall_health: HEALTHY } } peers { permanent_uuid: "695d2c829547419a954225a250f13889" member_type: VOTER last_known_addr { host: "127.29.46.131" port: 41355 } health_report { overall_health: UNKNOWN } } }
I20260709 13:10:58.857180 30878 raft_consensus.cc:993] T 0c8cf51015d04ac4964ccc99e78e9d1b P 324dbaaf3c3e4c89addea658c52b0e3a: : Instructing follower 695d2c829547419a954225a250f13889 to start an election
I20260709 13:10:58.857796 30884 raft_consensus.cc:1081] T 0c8cf51015d04ac4964ccc99e78e9d1b P 324dbaaf3c3e4c89addea658c52b0e3a [term 2 LEADER]: Signalling peer 695d2c829547419a954225a250f13889 to start an election
I20260709 13:10:58.859398 30662 tablet_service.cc:2044] Received Run Leader Election RPC: tablet_id: "0c8cf51015d04ac4964ccc99e78e9d1b"
dest_uuid: "695d2c829547419a954225a250f13889"
 from {username='slave'} at 127.0.0.1:44414
I20260709 13:10:58.859354 30664 raft_consensus.cc:1275] T 1a6acd0566e34f5e9c6a6a056595d5d5 P 695d2c829547419a954225a250f13889 [term 4 FOLLOWER]: Refusing update from remote peer 4ed1eb3b23c84e12aaebf0bc012e769a: Log matching property violated. Preceding OpId in replica: term: 3 index: 2. Preceding OpId from leader: term: 4 index: 3. (index mismatch)
I20260709 13:10:58.860056 30662 raft_consensus.cc:493] T 0c8cf51015d04ac4964ccc99e78e9d1b P 695d2c829547419a954225a250f13889 [term 2 FOLLOWER]: Starting forced leader election (received explicit request)
I20260709 13:10:58.860427 30662 raft_consensus.cc:3060] T 0c8cf51015d04ac4964ccc99e78e9d1b P 695d2c829547419a954225a250f13889 [term 2 FOLLOWER]: Advancing to term 3
I20260709 13:10:58.860985 30883 consensus_queue.cc:1048] T 1a6acd0566e34f5e9c6a6a056595d5d5 P 4ed1eb3b23c84e12aaebf0bc012e769a [LEADER]: Connected to new peer: Peer: permanent_uuid: "695d2c829547419a954225a250f13889" member_type: VOTER last_known_addr { host: "127.29.46.131" port: 41355 }, Status: LMP_MISMATCH, Last received: 0.0, Next index: 3, Last known committed idx: 2, Time since last communication: 0.000s
I20260709 13:10:58.867209 30662 raft_consensus.cc:515] T 0c8cf51015d04ac4964ccc99e78e9d1b P 695d2c829547419a954225a250f13889 [term 3 FOLLOWER]: Starting forced leader election with config: opid_index: -1 OBSOLETE_local: false peers { permanent_uuid: "324dbaaf3c3e4c89addea658c52b0e3a" member_type: VOTER last_known_addr { host: "127.29.46.129" port: 35377 } } peers { permanent_uuid: "4ed1eb3b23c84e12aaebf0bc012e769a" member_type: VOTER last_known_addr { host: "127.29.46.130" port: 34917 } } peers { permanent_uuid: "695d2c829547419a954225a250f13889" member_type: VOTER last_known_addr { host: "127.29.46.131" port: 41355 } }
I20260709 13:10:58.870187 30514 tablet_service.cc:1917] Received RequestConsensusVote() RPC: tablet_id: "0c8cf51015d04ac4964ccc99e78e9d1b" candidate_uuid: "695d2c829547419a954225a250f13889" candidate_term: 3 candidate_status { last_received { term: 2 index: 2 } } ignore_live_leader: true dest_uuid: "324dbaaf3c3e4c89addea658c52b0e3a"
I20260709 13:10:58.875182 30514 raft_consensus.cc:3055] T 0c8cf51015d04ac4964ccc99e78e9d1b P 324dbaaf3c3e4c89addea658c52b0e3a [term 2 LEADER]: Stepping down as leader of term 2
I20260709 13:10:58.875591 30514 raft_consensus.cc:740] T 0c8cf51015d04ac4964ccc99e78e9d1b P 324dbaaf3c3e4c89addea658c52b0e3a [term 2 LEADER]: Becoming Follower/Learner. State: Replica: 324dbaaf3c3e4c89addea658c52b0e3a, State: Running, Role: LEADER
I20260709 13:10:58.876421 30514 consensus_queue.cc:260] T 0c8cf51015d04ac4964ccc99e78e9d1b P 324dbaaf3c3e4c89addea658c52b0e3a [NON_LEADER]: Queue going to NON_LEADER mode. State: All replicated index: 0, Majority replicated index: 2, Committed index: 2, Last appended: 2.2, Last appended by leader: 2, Current term: 2, Majority size: -1, State: 0, Mode: NON_LEADER, active raft config: opid_index: -1 OBSOLETE_local: false peers { permanent_uuid: "324dbaaf3c3e4c89addea658c52b0e3a" member_type: VOTER last_known_addr { host: "127.29.46.129" port: 35377 } } peers { permanent_uuid: "4ed1eb3b23c84e12aaebf0bc012e769a" member_type: VOTER last_known_addr { host: "127.29.46.130" port: 34917 } } peers { permanent_uuid: "695d2c829547419a954225a250f13889" member_type: VOTER last_known_addr { host: "127.29.46.131" port: 41355 } }
I20260709 13:10:58.877211 30512 raft_consensus.cc:1275] T 1a6acd0566e34f5e9c6a6a056595d5d5 P 324dbaaf3c3e4c89addea658c52b0e3a [term 4 FOLLOWER]: Refusing update from remote peer 4ed1eb3b23c84e12aaebf0bc012e769a: Log matching property violated. Preceding OpId in replica: term: 3 index: 2. Preceding OpId from leader: term: 4 index: 3. (index mismatch)
I20260709 13:10:58.877686 30514 raft_consensus.cc:3060] T 0c8cf51015d04ac4964ccc99e78e9d1b P 324dbaaf3c3e4c89addea658c52b0e3a [term 2 FOLLOWER]: Advancing to term 3
I20260709 13:10:58.879254 30883 consensus_queue.cc:1048] T 1a6acd0566e34f5e9c6a6a056595d5d5 P 4ed1eb3b23c84e12aaebf0bc012e769a [LEADER]: Connected to new peer: Peer: permanent_uuid: "324dbaaf3c3e4c89addea658c52b0e3a" member_type: VOTER last_known_addr { host: "127.29.46.129" port: 35377 }, Status: LMP_MISMATCH, Last received: 0.0, Next index: 3, Last known committed idx: 2, Time since last communication: 0.000s
I20260709 13:10:58.884563 30514 raft_consensus.cc:2468] T 0c8cf51015d04ac4964ccc99e78e9d1b P 324dbaaf3c3e4c89addea658c52b0e3a [term 3 FOLLOWER]: Leader election vote request: Granting yes vote for candidate 695d2c829547419a954225a250f13889 in term 3.
I20260709 13:10:58.886077 30627 leader_election.cc:304] T 0c8cf51015d04ac4964ccc99e78e9d1b P 695d2c829547419a954225a250f13889 [CANDIDATE]: Term 3 election: Election decided. Result: candidate won. Election summary: received 2 responses out of 3 voters: 2 yes votes; 0 no votes. yes voters: 324dbaaf3c3e4c89addea658c52b0e3a, 695d2c829547419a954225a250f13889; no voters: 
I20260709 13:10:58.887108 30882 raft_consensus.cc:2804] T 0c8cf51015d04ac4964ccc99e78e9d1b P 695d2c829547419a954225a250f13889 [term 3 FOLLOWER]: Leader election won for term 3
I20260709 13:10:58.887624 30882 raft_consensus.cc:697] T 0c8cf51015d04ac4964ccc99e78e9d1b P 695d2c829547419a954225a250f13889 [term 3 LEADER]: Becoming Leader. State: Replica: 695d2c829547419a954225a250f13889, State: Running, Role: LEADER
I20260709 13:10:58.888645 30882 consensus_queue.cc:237] T 0c8cf51015d04ac4964ccc99e78e9d1b P 695d2c829547419a954225a250f13889 [LEADER]: Queue going to LEADER mode. State: All replicated index: 0, Majority replicated index: 2, Committed index: 2, Last appended: 2.2, Last appended by leader: 2, Current term: 3, Majority size: 2, State: 0, Mode: LEADER, active raft config: opid_index: -1 OBSOLETE_local: false peers { permanent_uuid: "324dbaaf3c3e4c89addea658c52b0e3a" member_type: VOTER last_known_addr { host: "127.29.46.129" port: 35377 } } peers { permanent_uuid: "4ed1eb3b23c84e12aaebf0bc012e769a" member_type: VOTER last_known_addr { host: "127.29.46.130" port: 34917 } } peers { permanent_uuid: "695d2c829547419a954225a250f13889" member_type: VOTER last_known_addr { host: "127.29.46.131" port: 41355 } }
I20260709 13:10:58.870729 30662 leader_election.cc:290] T 0c8cf51015d04ac4964ccc99e78e9d1b P 695d2c829547419a954225a250f13889 [CANDIDATE]: Term 3 election: Requested vote from peers 324dbaaf3c3e4c89addea658c52b0e3a (127.29.46.129:35377), 4ed1eb3b23c84e12aaebf0bc012e769a (127.29.46.130:34917)
I20260709 13:10:58.871924 30590 tablet_service.cc:1917] Received RequestConsensusVote() RPC: tablet_id: "0c8cf51015d04ac4964ccc99e78e9d1b" candidate_uuid: "695d2c829547419a954225a250f13889" candidate_term: 3 candidate_status { last_received { term: 2 index: 2 } } ignore_live_leader: true dest_uuid: "4ed1eb3b23c84e12aaebf0bc012e769a"
I20260709 13:10:58.891327 30590 raft_consensus.cc:3060] T 0c8cf51015d04ac4964ccc99e78e9d1b P 4ed1eb3b23c84e12aaebf0bc012e769a [term 2 FOLLOWER]: Advancing to term 3
I20260709 13:10:58.899304 30590 raft_consensus.cc:2468] T 0c8cf51015d04ac4964ccc99e78e9d1b P 4ed1eb3b23c84e12aaebf0bc012e769a [term 3 FOLLOWER]: Leader election vote request: Granting yes vote for candidate 695d2c829547419a954225a250f13889 in term 3.
I20260709 13:10:58.908277 30412 catalog_manager.cc:5697] T 0c8cf51015d04ac4964ccc99e78e9d1b P 695d2c829547419a954225a250f13889 reported cstate change: term changed from 2 to 3, leader changed from 324dbaaf3c3e4c89addea658c52b0e3a (127.29.46.129) to 695d2c829547419a954225a250f13889 (127.29.46.131). New cstate: current_term: 3 leader_uuid: "695d2c829547419a954225a250f13889" committed_config { opid_index: -1 OBSOLETE_local: false peers { permanent_uuid: "324dbaaf3c3e4c89addea658c52b0e3a" member_type: VOTER last_known_addr { host: "127.29.46.129" port: 35377 } health_report { overall_health: UNKNOWN } } peers { permanent_uuid: "4ed1eb3b23c84e12aaebf0bc012e769a" member_type: VOTER last_known_addr { host: "127.29.46.130" port: 34917 } health_report { overall_health: UNKNOWN } } peers { permanent_uuid: "695d2c829547419a954225a250f13889" member_type: VOTER last_known_addr { host: "127.29.46.131" port: 41355 } health_report { overall_health: HEALTHY } } }
I20260709 13:10:59.027978 30590 raft_consensus.cc:1275] T d3f54150dfef42d5b7270c872b045b3f P 4ed1eb3b23c84e12aaebf0bc012e769a [term 4 FOLLOWER]: Refusing update from remote peer 695d2c829547419a954225a250f13889: Log matching property violated. Preceding OpId in replica: term: 3 index: 3. Preceding OpId from leader: term: 4 index: 4. (index mismatch)
I20260709 13:10:59.029168 30882 consensus_queue.cc:1048] T d3f54150dfef42d5b7270c872b045b3f P 695d2c829547419a954225a250f13889 [LEADER]: Connected to new peer: Peer: permanent_uuid: "4ed1eb3b23c84e12aaebf0bc012e769a" member_type: VOTER last_known_addr { host: "127.29.46.130" port: 34917 }, Status: LMP_MISMATCH, Last received: 0.0, Next index: 4, Last known committed idx: 3, Time since last communication: 0.000s
I20260709 13:10:59.042044 30512 raft_consensus.cc:1275] T d3f54150dfef42d5b7270c872b045b3f P 324dbaaf3c3e4c89addea658c52b0e3a [term 4 FOLLOWER]: Refusing update from remote peer 695d2c829547419a954225a250f13889: Log matching property violated. Preceding OpId in replica: term: 3 index: 3. Preceding OpId from leader: term: 4 index: 4. (index mismatch)
I20260709 13:10:59.043869 30882 consensus_queue.cc:1048] T d3f54150dfef42d5b7270c872b045b3f P 695d2c829547419a954225a250f13889 [LEADER]: Connected to new peer: Peer: permanent_uuid: "324dbaaf3c3e4c89addea658c52b0e3a" member_type: VOTER last_known_addr { host: "127.29.46.129" port: 35377 }, Status: LMP_MISMATCH, Last received: 0.0, Next index: 4, Last known committed idx: 3, Time since last communication: 0.000s
I20260709 13:10:59.205453 30512 raft_consensus.cc:1275] T 945b7ab318354b2c83111abd162671a6 P 324dbaaf3c3e4c89addea658c52b0e3a [term 3 FOLLOWER]: Refusing update from remote peer 4ed1eb3b23c84e12aaebf0bc012e769a: Log matching property violated. Preceding OpId in replica: term: 2 index: 2. Preceding OpId from leader: term: 3 index: 3. (index mismatch)
I20260709 13:10:59.206795 30885 consensus_queue.cc:1048] T 945b7ab318354b2c83111abd162671a6 P 4ed1eb3b23c84e12aaebf0bc012e769a [LEADER]: Connected to new peer: Peer: permanent_uuid: "324dbaaf3c3e4c89addea658c52b0e3a" member_type: VOTER last_known_addr { host: "127.29.46.129" port: 35377 }, Status: LMP_MISMATCH, Last received: 0.0, Next index: 3, Last known committed idx: 2, Time since last communication: 0.000s
I20260709 13:10:59.216560 30664 raft_consensus.cc:1275] T 945b7ab318354b2c83111abd162671a6 P 695d2c829547419a954225a250f13889 [term 3 FOLLOWER]: Refusing update from remote peer 4ed1eb3b23c84e12aaebf0bc012e769a: Log matching property violated. Preceding OpId in replica: term: 2 index: 2. Preceding OpId from leader: term: 3 index: 3. (index mismatch)
I20260709 13:10:59.218137 30883 consensus_queue.cc:1048] T 945b7ab318354b2c83111abd162671a6 P 4ed1eb3b23c84e12aaebf0bc012e769a [LEADER]: Connected to new peer: Peer: permanent_uuid: "695d2c829547419a954225a250f13889" member_type: VOTER last_known_addr { host: "127.29.46.131" port: 41355 }, Status: LMP_MISMATCH, Last received: 0.0, Next index: 3, Last known committed idx: 2, Time since last communication: 0.000s
I20260709 13:10:59.304296 30512 raft_consensus.cc:1275] T 0c8cf51015d04ac4964ccc99e78e9d1b P 324dbaaf3c3e4c89addea658c52b0e3a [term 3 FOLLOWER]: Refusing update from remote peer 695d2c829547419a954225a250f13889: Log matching property violated. Preceding OpId in replica: term: 2 index: 2. Preceding OpId from leader: term: 3 index: 3. (index mismatch)
I20260709 13:10:59.305528 30882 consensus_queue.cc:1048] T 0c8cf51015d04ac4964ccc99e78e9d1b P 695d2c829547419a954225a250f13889 [LEADER]: Connected to new peer: Peer: permanent_uuid: "324dbaaf3c3e4c89addea658c52b0e3a" member_type: VOTER last_known_addr { host: "127.29.46.129" port: 35377 }, Status: LMP_MISMATCH, Last received: 0.0, Next index: 3, Last known committed idx: 2, Time since last communication: 0.000s
I20260709 13:10:59.317456 30590 raft_consensus.cc:1275] T 0c8cf51015d04ac4964ccc99e78e9d1b P 4ed1eb3b23c84e12aaebf0bc012e769a [term 3 FOLLOWER]: Refusing update from remote peer 695d2c829547419a954225a250f13889: Log matching property violated. Preceding OpId in replica: term: 2 index: 2. Preceding OpId from leader: term: 3 index: 3. (index mismatch)
I20260709 13:10:59.319182 30891 consensus_queue.cc:1048] T 0c8cf51015d04ac4964ccc99e78e9d1b P 695d2c829547419a954225a250f13889 [LEADER]: Connected to new peer: Peer: permanent_uuid: "4ed1eb3b23c84e12aaebf0bc012e769a" member_type: VOTER last_known_addr { host: "127.29.46.130" port: 34917 }, Status: LMP_MISMATCH, Last received: 0.0, Next index: 3, Last known committed idx: 2, Time since last communication: 0.001s
I20260709 13:10:59.389412 29882 auto_leader_rebalancer.cc:141] leader rebalance for table test-workload
I20260709 13:10:59.395704 29882 tablet_server.cc:179] TabletServer@127.29.46.129:0 shutting down...
I20260709 13:10:59.429842 29882 ts_tablet_manager.cc:1507] Shutting down tablet manager...
I20260709 13:10:59.430708 29882 tablet_replica.cc:333] T c7fb8c2d807143a0a18928ab828a6a60 P 324dbaaf3c3e4c89addea658c52b0e3a: stopping tablet replica
I20260709 13:10:59.431638 29882 raft_consensus.cc:2243] T c7fb8c2d807143a0a18928ab828a6a60 P 324dbaaf3c3e4c89addea658c52b0e3a [term 2 LEADER]: Raft consensus shutting down.
I20260709 13:10:59.432602 29882 raft_consensus.cc:2272] T c7fb8c2d807143a0a18928ab828a6a60 P 324dbaaf3c3e4c89addea658c52b0e3a [term 2 FOLLOWER]: Raft consensus is shut down!
I20260709 13:10:59.435151 29882 tablet_replica.cc:333] T 945b7ab318354b2c83111abd162671a6 P 324dbaaf3c3e4c89addea658c52b0e3a: stopping tablet replica
I20260709 13:10:59.435999 29882 raft_consensus.cc:2243] T 945b7ab318354b2c83111abd162671a6 P 324dbaaf3c3e4c89addea658c52b0e3a [term 3 FOLLOWER]: Raft consensus shutting down.
I20260709 13:10:59.436592 29882 raft_consensus.cc:2272] T 945b7ab318354b2c83111abd162671a6 P 324dbaaf3c3e4c89addea658c52b0e3a [term 3 FOLLOWER]: Raft consensus is shut down!
I20260709 13:10:59.439652 29882 tablet_replica.cc:333] T 824b504689bf4b8980935d5a3eecb550 P 324dbaaf3c3e4c89addea658c52b0e3a: stopping tablet replica
I20260709 13:10:59.440503 29882 raft_consensus.cc:2243] T 824b504689bf4b8980935d5a3eecb550 P 324dbaaf3c3e4c89addea658c52b0e3a [term 2 FOLLOWER]: Raft consensus shutting down.
I20260709 13:10:59.441092 29882 raft_consensus.cc:2272] T 824b504689bf4b8980935d5a3eecb550 P 324dbaaf3c3e4c89addea658c52b0e3a [term 2 FOLLOWER]: Raft consensus is shut down!
I20260709 13:10:59.443754 29882 tablet_replica.cc:333] T 02a8afe0048e47ad8e1473aadbc28da6 P 324dbaaf3c3e4c89addea658c52b0e3a: stopping tablet replica
I20260709 13:10:59.444613 29882 raft_consensus.cc:2243] T 02a8afe0048e47ad8e1473aadbc28da6 P 324dbaaf3c3e4c89addea658c52b0e3a [term 3 LEADER]: Raft consensus shutting down.
I20260709 13:10:59.445708 29882 raft_consensus.cc:2272] T 02a8afe0048e47ad8e1473aadbc28da6 P 324dbaaf3c3e4c89addea658c52b0e3a [term 3 FOLLOWER]: Raft consensus is shut down!
I20260709 13:10:59.448390 29882 tablet_replica.cc:333] T 0c8cf51015d04ac4964ccc99e78e9d1b P 324dbaaf3c3e4c89addea658c52b0e3a: stopping tablet replica
I20260709 13:10:59.449184 29882 raft_consensus.cc:2243] T 0c8cf51015d04ac4964ccc99e78e9d1b P 324dbaaf3c3e4c89addea658c52b0e3a [term 3 FOLLOWER]: Raft consensus shutting down.
I20260709 13:10:59.449721 29882 raft_consensus.cc:2272] T 0c8cf51015d04ac4964ccc99e78e9d1b P 324dbaaf3c3e4c89addea658c52b0e3a [term 3 FOLLOWER]: Raft consensus is shut down!
I20260709 13:10:59.452471 29882 tablet_replica.cc:333] T f357cc4fb60541b3a39d90e9ca1c4142 P 324dbaaf3c3e4c89addea658c52b0e3a: stopping tablet replica
I20260709 13:10:59.453289 29882 raft_consensus.cc:2243] T f357cc4fb60541b3a39d90e9ca1c4142 P 324dbaaf3c3e4c89addea658c52b0e3a [term 3 LEADER]: Raft consensus shutting down.
I20260709 13:10:59.454270 29882 raft_consensus.cc:2272] T f357cc4fb60541b3a39d90e9ca1c4142 P 324dbaaf3c3e4c89addea658c52b0e3a [term 3 FOLLOWER]: Raft consensus is shut down!
I20260709 13:10:59.456542 29882 tablet_replica.cc:333] T d3f54150dfef42d5b7270c872b045b3f P 324dbaaf3c3e4c89addea658c52b0e3a: stopping tablet replica
I20260709 13:10:59.457324 29882 raft_consensus.cc:2243] T d3f54150dfef42d5b7270c872b045b3f P 324dbaaf3c3e4c89addea658c52b0e3a [term 4 FOLLOWER]: Raft consensus shutting down.
I20260709 13:10:59.457870 29882 raft_consensus.cc:2272] T d3f54150dfef42d5b7270c872b045b3f P 324dbaaf3c3e4c89addea658c52b0e3a [term 4 FOLLOWER]: Raft consensus is shut down!
W20260709 13:10:59.460790 30553 proxy.cc:239] Call had error, refreshing address and retrying: Remote error: Service unavailable: service kudu.consensus.ConsensusService not registered on TabletServer [suppressed 3 similar messages]
I20260709 13:10:59.461015 29882 tablet_replica.cc:333] T 1a6acd0566e34f5e9c6a6a056595d5d5 P 324dbaaf3c3e4c89addea658c52b0e3a: stopping tablet replica
I20260709 13:10:59.461867 29882 raft_consensus.cc:2243] T 1a6acd0566e34f5e9c6a6a056595d5d5 P 324dbaaf3c3e4c89addea658c52b0e3a [term 4 FOLLOWER]: Raft consensus shutting down.
I20260709 13:10:59.462561 29882 raft_consensus.cc:2272] T 1a6acd0566e34f5e9c6a6a056595d5d5 P 324dbaaf3c3e4c89addea658c52b0e3a [term 4 FOLLOWER]: Raft consensus is shut down!
I20260709 13:10:59.465709 29882 tablet_replica.cc:333] T 188b162605b34768984c9f2d4b05223e P 324dbaaf3c3e4c89addea658c52b0e3a: stopping tablet replica
I20260709 13:10:59.466703 29882 raft_consensus.cc:2243] T 188b162605b34768984c9f2d4b05223e P 324dbaaf3c3e4c89addea658c52b0e3a [term 1 FOLLOWER]: Raft consensus shutting down.
I20260709 13:10:59.467279 29882 raft_consensus.cc:2272] T 188b162605b34768984c9f2d4b05223e P 324dbaaf3c3e4c89addea658c52b0e3a [term 1 FOLLOWER]: Raft consensus is shut down!
W20260709 13:10:59.468117 30553 consensus_peers.cc:597] T 1a6acd0566e34f5e9c6a6a056595d5d5 P 4ed1eb3b23c84e12aaebf0bc012e769a -> Peer 324dbaaf3c3e4c89addea658c52b0e3a (127.29.46.129:35377): Couldn't send request to peer 324dbaaf3c3e4c89addea658c52b0e3a. Status: Remote error: Service unavailable: service kudu.consensus.ConsensusService not registered on TabletServer. This is attempt 1: this message will repeat every 5th retry.
I20260709 13:10:59.469827 29882 tablet_replica.cc:333] T 7fa5fa6eb4ed4766930b0cb5dd1f8766 P 324dbaaf3c3e4c89addea658c52b0e3a: stopping tablet replica
I20260709 13:10:59.470574 29882 raft_consensus.cc:2243] T 7fa5fa6eb4ed4766930b0cb5dd1f8766 P 324dbaaf3c3e4c89addea658c52b0e3a [term 4 LEADER]: Raft consensus shutting down.
I20260709 13:10:59.471491 29882 raft_consensus.cc:2272] T 7fa5fa6eb4ed4766930b0cb5dd1f8766 P 324dbaaf3c3e4c89addea658c52b0e3a [term 4 FOLLOWER]: Raft consensus is shut down!
W20260709 13:10:59.627017 30627 consensus_peers.cc:597] T d3f54150dfef42d5b7270c872b045b3f P 695d2c829547419a954225a250f13889 -> Peer 324dbaaf3c3e4c89addea658c52b0e3a (127.29.46.129:35377): Couldn't send request to peer 324dbaaf3c3e4c89addea658c52b0e3a. Status: Network error: Client connection negotiation failed: client connection to 127.29.46.129:35377: connect: Connection refused (error 111). This is attempt 1: this message will repeat every 5th retry.
W20260709 13:10:59.629944 30553 consensus_peers.cc:597] T 824b504689bf4b8980935d5a3eecb550 P 4ed1eb3b23c84e12aaebf0bc012e769a -> Peer 324dbaaf3c3e4c89addea658c52b0e3a (127.29.46.129:35377): Couldn't send request to peer 324dbaaf3c3e4c89addea658c52b0e3a. Status: Network error: Client connection negotiation failed: client connection to 127.29.46.129:35377: connect: Connection refused (error 111). This is attempt 1: this message will repeat every 5th retry.
W20260709 13:10:59.671308 30553 consensus_peers.cc:597] T 945b7ab318354b2c83111abd162671a6 P 4ed1eb3b23c84e12aaebf0bc012e769a -> Peer 324dbaaf3c3e4c89addea658c52b0e3a (127.29.46.129:35377): Couldn't send request to peer 324dbaaf3c3e4c89addea658c52b0e3a. Status: Network error: Client connection negotiation failed: client connection to 127.29.46.129:35377: connect: Connection refused (error 111). This is attempt 1: this message will repeat every 5th retry.
W20260709 13:10:59.754534 30627 consensus_peers.cc:597] T 188b162605b34768984c9f2d4b05223e P 695d2c829547419a954225a250f13889 -> Peer 324dbaaf3c3e4c89addea658c52b0e3a (127.29.46.129:35377): Couldn't send request to peer 324dbaaf3c3e4c89addea658c52b0e3a. Status: Network error: Client connection negotiation failed: client connection to 127.29.46.129:35377: connect: Connection refused (error 111). This is attempt 1: this message will repeat every 5th retry.
W20260709 13:10:59.926767 30627 consensus_peers.cc:597] T 0c8cf51015d04ac4964ccc99e78e9d1b P 695d2c829547419a954225a250f13889 -> Peer 324dbaaf3c3e4c89addea658c52b0e3a (127.29.46.129:35377): Couldn't send request to peer 324dbaaf3c3e4c89addea658c52b0e3a. Status: Network error: Client connection negotiation failed: client connection to 127.29.46.129:35377: connect: Connection refused (error 111). This is attempt 1: this message will repeat every 5th retry.
I20260709 13:11:00.220949 29882 tablet_server.cc:196] TabletServer@127.29.46.129:0 shutdown complete.
I20260709 13:11:00.244689 29882 tablet_server.cc:179] TabletServer@127.29.46.130:0 shutting down...
I20260709 13:11:00.265287 29882 ts_tablet_manager.cc:1507] Shutting down tablet manager...
I20260709 13:11:00.265982 29882 tablet_replica.cc:333] T c7fb8c2d807143a0a18928ab828a6a60 P 4ed1eb3b23c84e12aaebf0bc012e769a: stopping tablet replica
I20260709 13:11:00.266547 29882 raft_consensus.cc:2243] T c7fb8c2d807143a0a18928ab828a6a60 P 4ed1eb3b23c84e12aaebf0bc012e769a [term 2 FOLLOWER]: Raft consensus shutting down.
I20260709 13:11:00.266985 29882 raft_consensus.cc:2272] T c7fb8c2d807143a0a18928ab828a6a60 P 4ed1eb3b23c84e12aaebf0bc012e769a [term 2 FOLLOWER]: Raft consensus is shut down!
I20260709 13:11:00.268769 29882 tablet_replica.cc:333] T 0c8cf51015d04ac4964ccc99e78e9d1b P 4ed1eb3b23c84e12aaebf0bc012e769a: stopping tablet replica
I20260709 13:11:00.269342 29882 raft_consensus.cc:2243] T 0c8cf51015d04ac4964ccc99e78e9d1b P 4ed1eb3b23c84e12aaebf0bc012e769a [term 3 FOLLOWER]: Raft consensus shutting down.
I20260709 13:11:00.269809 29882 raft_consensus.cc:2272] T 0c8cf51015d04ac4964ccc99e78e9d1b P 4ed1eb3b23c84e12aaebf0bc012e769a [term 3 FOLLOWER]: Raft consensus is shut down!
I20260709 13:11:00.272230 29882 tablet_replica.cc:333] T 02a8afe0048e47ad8e1473aadbc28da6 P 4ed1eb3b23c84e12aaebf0bc012e769a: stopping tablet replica
I20260709 13:11:00.272897 29882 raft_consensus.cc:2243] T 02a8afe0048e47ad8e1473aadbc28da6 P 4ed1eb3b23c84e12aaebf0bc012e769a [term 3 FOLLOWER]: Raft consensus shutting down.
I20260709 13:11:00.273298 29882 raft_consensus.cc:2272] T 02a8afe0048e47ad8e1473aadbc28da6 P 4ed1eb3b23c84e12aaebf0bc012e769a [term 3 FOLLOWER]: Raft consensus is shut down!
I20260709 13:11:00.274863 29882 tablet_replica.cc:333] T d3f54150dfef42d5b7270c872b045b3f P 4ed1eb3b23c84e12aaebf0bc012e769a: stopping tablet replica
I20260709 13:11:00.275331 29882 raft_consensus.cc:2243] T d3f54150dfef42d5b7270c872b045b3f P 4ed1eb3b23c84e12aaebf0bc012e769a [term 4 FOLLOWER]: Raft consensus shutting down.
I20260709 13:11:00.275767 29882 raft_consensus.cc:2272] T d3f54150dfef42d5b7270c872b045b3f P 4ed1eb3b23c84e12aaebf0bc012e769a [term 4 FOLLOWER]: Raft consensus is shut down!
I20260709 13:11:00.277343 29882 tablet_replica.cc:333] T 1a6acd0566e34f5e9c6a6a056595d5d5 P 4ed1eb3b23c84e12aaebf0bc012e769a: stopping tablet replica
I20260709 13:11:00.277886 29882 raft_consensus.cc:2243] T 1a6acd0566e34f5e9c6a6a056595d5d5 P 4ed1eb3b23c84e12aaebf0bc012e769a [term 4 LEADER]: Raft consensus shutting down.
I20260709 13:11:00.278573 29882 raft_consensus.cc:2272] T 1a6acd0566e34f5e9c6a6a056595d5d5 P 4ed1eb3b23c84e12aaebf0bc012e769a [term 4 FOLLOWER]: Raft consensus is shut down!
I20260709 13:11:00.280040 29882 tablet_replica.cc:333] T f357cc4fb60541b3a39d90e9ca1c4142 P 4ed1eb3b23c84e12aaebf0bc012e769a: stopping tablet replica
I20260709 13:11:00.280596 29882 raft_consensus.cc:2243] T f357cc4fb60541b3a39d90e9ca1c4142 P 4ed1eb3b23c84e12aaebf0bc012e769a [term 3 FOLLOWER]: Raft consensus shutting down.
I20260709 13:11:00.281005 29882 raft_consensus.cc:2272] T f357cc4fb60541b3a39d90e9ca1c4142 P 4ed1eb3b23c84e12aaebf0bc012e769a [term 3 FOLLOWER]: Raft consensus is shut down!
I20260709 13:11:00.282466 29882 tablet_replica.cc:333] T 945b7ab318354b2c83111abd162671a6 P 4ed1eb3b23c84e12aaebf0bc012e769a: stopping tablet replica
I20260709 13:11:00.282922 29882 raft_consensus.cc:2243] T 945b7ab318354b2c83111abd162671a6 P 4ed1eb3b23c84e12aaebf0bc012e769a [term 3 LEADER]: Raft consensus shutting down.
I20260709 13:11:00.283540 29882 raft_consensus.cc:2272] T 945b7ab318354b2c83111abd162671a6 P 4ed1eb3b23c84e12aaebf0bc012e769a [term 3 FOLLOWER]: Raft consensus is shut down!
I20260709 13:11:00.284998 29882 tablet_replica.cc:333] T 824b504689bf4b8980935d5a3eecb550 P 4ed1eb3b23c84e12aaebf0bc012e769a: stopping tablet replica
I20260709 13:11:00.285434 29882 raft_consensus.cc:2243] T 824b504689bf4b8980935d5a3eecb550 P 4ed1eb3b23c84e12aaebf0bc012e769a [term 2 LEADER]: Raft consensus shutting down.
I20260709 13:11:00.286144 29882 raft_consensus.cc:2272] T 824b504689bf4b8980935d5a3eecb550 P 4ed1eb3b23c84e12aaebf0bc012e769a [term 2 FOLLOWER]: Raft consensus is shut down!
I20260709 13:11:00.287611 29882 tablet_replica.cc:333] T 188b162605b34768984c9f2d4b05223e P 4ed1eb3b23c84e12aaebf0bc012e769a: stopping tablet replica
I20260709 13:11:00.288093 29882 raft_consensus.cc:2243] T 188b162605b34768984c9f2d4b05223e P 4ed1eb3b23c84e12aaebf0bc012e769a [term 1 FOLLOWER]: Raft consensus shutting down.
I20260709 13:11:00.288468 29882 raft_consensus.cc:2272] T 188b162605b34768984c9f2d4b05223e P 4ed1eb3b23c84e12aaebf0bc012e769a [term 1 FOLLOWER]: Raft consensus is shut down!
I20260709 13:11:00.290073 29882 tablet_replica.cc:333] T 7fa5fa6eb4ed4766930b0cb5dd1f8766 P 4ed1eb3b23c84e12aaebf0bc012e769a: stopping tablet replica
I20260709 13:11:00.290503 29882 raft_consensus.cc:2243] T 7fa5fa6eb4ed4766930b0cb5dd1f8766 P 4ed1eb3b23c84e12aaebf0bc012e769a [term 4 FOLLOWER]: Raft consensus shutting down.
I20260709 13:11:00.290925 29882 raft_consensus.cc:2272] T 7fa5fa6eb4ed4766930b0cb5dd1f8766 P 4ed1eb3b23c84e12aaebf0bc012e769a [term 4 FOLLOWER]: Raft consensus is shut down!
I20260709 13:11:00.310070 29882 tablet_server.cc:196] TabletServer@127.29.46.130:0 shutdown complete.
I20260709 13:11:00.328408 29882 tablet_server.cc:179] TabletServer@127.29.46.131:0 shutting down...
W20260709 13:11:00.351394 30630 consensus_peers.cc:597] T 0c8cf51015d04ac4964ccc99e78e9d1b P 695d2c829547419a954225a250f13889 -> Peer 4ed1eb3b23c84e12aaebf0bc012e769a (127.29.46.130:34917): Couldn't send request to peer 4ed1eb3b23c84e12aaebf0bc012e769a. Status: Network error: Client connection negotiation failed: client connection to 127.29.46.130:34917: connect: Connection refused (error 111). This is attempt 1: this message will repeat every 5th retry.
I20260709 13:11:00.352087 29882 ts_tablet_manager.cc:1507] Shutting down tablet manager...
I20260709 13:11:00.352854 29882 tablet_replica.cc:333] T 02a8afe0048e47ad8e1473aadbc28da6 P 695d2c829547419a954225a250f13889: stopping tablet replica
I20260709 13:11:00.353401 29882 raft_consensus.cc:2243] T 02a8afe0048e47ad8e1473aadbc28da6 P 695d2c829547419a954225a250f13889 [term 3 FOLLOWER]: Raft consensus shutting down.
I20260709 13:11:00.353848 29882 raft_consensus.cc:2272] T 02a8afe0048e47ad8e1473aadbc28da6 P 695d2c829547419a954225a250f13889 [term 3 FOLLOWER]: Raft consensus is shut down!
I20260709 13:11:00.355516 29882 tablet_replica.cc:333] T 0c8cf51015d04ac4964ccc99e78e9d1b P 695d2c829547419a954225a250f13889: stopping tablet replica
I20260709 13:11:00.356009 29882 raft_consensus.cc:2243] T 0c8cf51015d04ac4964ccc99e78e9d1b P 695d2c829547419a954225a250f13889 [term 3 LEADER]: Raft consensus shutting down.
I20260709 13:11:00.356685 29882 raft_consensus.cc:2272] T 0c8cf51015d04ac4964ccc99e78e9d1b P 695d2c829547419a954225a250f13889 [term 3 FOLLOWER]: Raft consensus is shut down!
I20260709 13:11:00.358428 29882 tablet_replica.cc:333] T d3f54150dfef42d5b7270c872b045b3f P 695d2c829547419a954225a250f13889: stopping tablet replica
I20260709 13:11:00.358944 29882 raft_consensus.cc:2243] T d3f54150dfef42d5b7270c872b045b3f P 695d2c829547419a954225a250f13889 [term 4 LEADER]: Raft consensus shutting down.
I20260709 13:11:00.359613 29882 raft_consensus.cc:2272] T d3f54150dfef42d5b7270c872b045b3f P 695d2c829547419a954225a250f13889 [term 4 FOLLOWER]: Raft consensus is shut down!
I20260709 13:11:00.361188 29882 tablet_replica.cc:333] T f357cc4fb60541b3a39d90e9ca1c4142 P 695d2c829547419a954225a250f13889: stopping tablet replica
I20260709 13:11:00.361703 29882 raft_consensus.cc:2243] T f357cc4fb60541b3a39d90e9ca1c4142 P 695d2c829547419a954225a250f13889 [term 3 FOLLOWER]: Raft consensus shutting down.
I20260709 13:11:00.362103 29882 raft_consensus.cc:2272] T f357cc4fb60541b3a39d90e9ca1c4142 P 695d2c829547419a954225a250f13889 [term 3 FOLLOWER]: Raft consensus is shut down!
I20260709 13:11:00.363572 29882 tablet_replica.cc:333] T 1a6acd0566e34f5e9c6a6a056595d5d5 P 695d2c829547419a954225a250f13889: stopping tablet replica
I20260709 13:11:00.364104 29882 raft_consensus.cc:2243] T 1a6acd0566e34f5e9c6a6a056595d5d5 P 695d2c829547419a954225a250f13889 [term 4 FOLLOWER]: Raft consensus shutting down.
I20260709 13:11:00.364490 29882 raft_consensus.cc:2272] T 1a6acd0566e34f5e9c6a6a056595d5d5 P 695d2c829547419a954225a250f13889 [term 4 FOLLOWER]: Raft consensus is shut down!
I20260709 13:11:00.365984 29882 tablet_replica.cc:333] T 188b162605b34768984c9f2d4b05223e P 695d2c829547419a954225a250f13889: stopping tablet replica
I20260709 13:11:00.366448 29882 raft_consensus.cc:2243] T 188b162605b34768984c9f2d4b05223e P 695d2c829547419a954225a250f13889 [term 1 LEADER]: Raft consensus shutting down.
I20260709 13:11:00.367118 29882 raft_consensus.cc:2272] T 188b162605b34768984c9f2d4b05223e P 695d2c829547419a954225a250f13889 [term 1 FOLLOWER]: Raft consensus is shut down!
I20260709 13:11:00.368820 29882 tablet_replica.cc:333] T 7fa5fa6eb4ed4766930b0cb5dd1f8766 P 695d2c829547419a954225a250f13889: stopping tablet replica
I20260709 13:11:00.369266 29882 raft_consensus.cc:2243] T 7fa5fa6eb4ed4766930b0cb5dd1f8766 P 695d2c829547419a954225a250f13889 [term 4 FOLLOWER]: Raft consensus shutting down.
I20260709 13:11:00.369684 29882 raft_consensus.cc:2272] T 7fa5fa6eb4ed4766930b0cb5dd1f8766 P 695d2c829547419a954225a250f13889 [term 4 FOLLOWER]: Raft consensus is shut down!
I20260709 13:11:00.371150 29882 tablet_replica.cc:333] T c7fb8c2d807143a0a18928ab828a6a60 P 695d2c829547419a954225a250f13889: stopping tablet replica
I20260709 13:11:00.371593 29882 raft_consensus.cc:2243] T c7fb8c2d807143a0a18928ab828a6a60 P 695d2c829547419a954225a250f13889 [term 2 FOLLOWER]: Raft consensus shutting down.
I20260709 13:11:00.371958 29882 raft_consensus.cc:2272] T c7fb8c2d807143a0a18928ab828a6a60 P 695d2c829547419a954225a250f13889 [term 2 FOLLOWER]: Raft consensus is shut down!
I20260709 13:11:00.373422 29882 tablet_replica.cc:333] T 824b504689bf4b8980935d5a3eecb550 P 695d2c829547419a954225a250f13889: stopping tablet replica
I20260709 13:11:00.373888 29882 raft_consensus.cc:2243] T 824b504689bf4b8980935d5a3eecb550 P 695d2c829547419a954225a250f13889 [term 2 FOLLOWER]: Raft consensus shutting down.
I20260709 13:11:00.374256 29882 raft_consensus.cc:2272] T 824b504689bf4b8980935d5a3eecb550 P 695d2c829547419a954225a250f13889 [term 2 FOLLOWER]: Raft consensus is shut down!
I20260709 13:11:00.375707 29882 tablet_replica.cc:333] T 945b7ab318354b2c83111abd162671a6 P 695d2c829547419a954225a250f13889: stopping tablet replica
I20260709 13:11:00.376124 29882 raft_consensus.cc:2243] T 945b7ab318354b2c83111abd162671a6 P 695d2c829547419a954225a250f13889 [term 3 FOLLOWER]: Raft consensus shutting down.
I20260709 13:11:00.376495 29882 raft_consensus.cc:2272] T 945b7ab318354b2c83111abd162671a6 P 695d2c829547419a954225a250f13889 [term 3 FOLLOWER]: Raft consensus is shut down!
I20260709 13:11:00.404850 29882 tablet_server.cc:196] TabletServer@127.29.46.131:0 shutdown complete.
I20260709 13:11:00.422439 29882 master.cc:562] Master@127.29.46.190:43009 shutting down...
I20260709 13:11:00.442204 29882 raft_consensus.cc:2243] T 00000000000000000000000000000000 P 744dc7c1d8e64b6ab9ca55345e7608ec [term 1 LEADER]: Raft consensus shutting down.
I20260709 13:11:00.442672 29882 raft_consensus.cc:2272] T 00000000000000000000000000000000 P 744dc7c1d8e64b6ab9ca55345e7608ec [term 1 FOLLOWER]: Raft consensus is shut down!
I20260709 13:11:00.442942 29882 tablet_replica.cc:333] T 00000000000000000000000000000000 P 744dc7c1d8e64b6ab9ca55345e7608ec: stopping tablet replica
I20260709 13:11:00.461977 29882 master.cc:584] Master@127.29.46.190:43009 shutdown complete.
324dbaaf3c3e4c89addea658c52b0e3a  5
4ed1eb3b23c84e12aaebf0bc012e769a  4
695d2c829547419a954225a250f13889  1
[       OK ] LeaderRebalancerTest.FunctionalTestForNotDivided (12648 ms)
[ RUN      ] LeaderRebalancerTest.AddTserver
I20260709 13:11:00.504983 29882 internal_mini_cluster.cc:156] Creating distributed mini masters. Addrs: 127.29.46.190:33947
I20260709 13:11:00.506335 29882 file_cache.cc:504] Constructed file cache file cache with capacity 419430
W20260709 13:11:00.512238 30914 instance_detector.cc:116] could not retrieve Azure instance metadata: Network error: curl error: HTTP response code said error: The requested URL returned error: 404
W20260709 13:11:00.512501 30913 instance_detector.cc:116] could not retrieve AWS instance metadata: Network error: curl error: HTTP response code said error: The requested URL returned error: 404
W20260709 13:11:00.512913 30916 instance_detector.cc:116] could not retrieve OpenStack instance metadata: Network error: curl error: HTTP response code said error: The requested URL returned error: 404
I20260709 13:11:00.515530 29882 server_base.cc:1061] running on GCE node
I20260709 13:11:00.516750 29882 hybrid_clock.cc:584] initializing the hybrid clock with 'system_unsync' time source
W20260709 13:11:00.516924 29882 system_unsync_time.cc:38] NTP support is disabled. Clock error bounds will not be accurate. This configuration is not suitable for distributed clusters.
I20260709 13:11:00.517117 29882 hybrid_clock.cc:648] HybridClock initialized: now 1783602660517084 us; error 0 us; skew 500 ppm
I20260709 13:11:00.517696 29882 server_base.cc:861] Flag tcmalloc_max_total_thread_cache_bytes is not working since tcmalloc is not enabled.
I20260709 13:11:00.519986 29882 webserver.cc:533] Webserver started at http://127.29.46.190:44833/ using document root <none> and password file <none>
I20260709 13:11:00.520449 29882 fs_manager.cc:362] Metadata directory not provided
I20260709 13:11:00.520602 29882 fs_manager.cc:368] Using write-ahead log directory (fs_wal_dir) as metadata directory
I20260709 13:11:00.520926 29882 server_base.cc:909] This appears to be a new deployment of Kudu; creating new FS layout
I20260709 13:11:00.522087 29882 fs_manager.cc:1068] Generated new instance metadata in path /tmp/dist-test-task3DS_4u/test-tmp/auto_leader_rebalancer-test.0.LeaderRebalancerTest.AddTserver.1783602635169049-29882-0/minicluster-data/master-0-root/instance:
uuid: "7cfd55d538ff42f5b5881f115b28dda6"
format_stamp: "Formatted at 2026-07-09 13:11:00 on dist-test-slave-jvbf"
I20260709 13:11:00.526451 29882 fs_manager.cc:696] Time spent creating directory manager: real 0.004s	user 0.001s	sys 0.004s
I20260709 13:11:00.529588 30921 log_block_manager.cc:4127] Time spent loading block containers with low live blocks: real 0.000s	user 0.000s	sys 0.000s
I20260709 13:11:00.530368 29882 fs_manager.cc:730] Time spent opening block manager: real 0.002s	user 0.002s	sys 0.001s
I20260709 13:11:00.530648 29882 fs_manager.cc:647] Opened local filesystem: /tmp/dist-test-task3DS_4u/test-tmp/auto_leader_rebalancer-test.0.LeaderRebalancerTest.AddTserver.1783602635169049-29882-0/minicluster-data/master-0-root
uuid: "7cfd55d538ff42f5b5881f115b28dda6"
format_stamp: "Formatted at 2026-07-09 13:11:00 on dist-test-slave-jvbf"
I20260709 13:11:00.530920 29882 fs_report.cc:389] FS layout report
--------------------
wal directory: /tmp/dist-test-task3DS_4u/test-tmp/auto_leader_rebalancer-test.0.LeaderRebalancerTest.AddTserver.1783602635169049-29882-0/minicluster-data/master-0-root
metadata directory: /tmp/dist-test-task3DS_4u/test-tmp/auto_leader_rebalancer-test.0.LeaderRebalancerTest.AddTserver.1783602635169049-29882-0/minicluster-data/master-0-root
1 data directories: /tmp/dist-test-task3DS_4u/test-tmp/auto_leader_rebalancer-test.0.LeaderRebalancerTest.AddTserver.1783602635169049-29882-0/minicluster-data/master-0-root/data
Total live blocks: 0
Total live bytes: 0
Total live bytes (after alignment): 0
Total number of LBM containers: 0 (0 full)
Did not check for missing blocks
Did not check for orphaned blocks
Total full LBM containers with extra space: 0 (0 repaired)
Total full LBM container extra space in bytes: 0 (0 repaired)
Total incomplete LBM containers: 0 (0 repaired)
Total LBM partial records: 0 (0 repaired)
Total corrupted LBM metadata records in RocksDB: 0 (0 repaired)
I20260709 13:11:00.545045 29882 rpc_server.cc:225] running with OpenSSL 1.1.1  11 Sep 2018
I20260709 13:11:00.546271 29882 kserver.cc:163] Server-wide thread pool size limit: 3276
I20260709 13:11:00.582603 29882 rpc_server.cc:307] RPC server started. Bound to: 127.29.46.190:33947
I20260709 13:11:00.582710 30972 acceptor_pool.cc:272] collecting diagnostics on the listening RPC socket 127.29.46.190:33947 every 8 connection(s)
I20260709 13:11:00.586380 30973 data_dirs.cc:400] Could only allocate 1 dirs of requested 3 for tablet 00000000000000000000000000000000. 1 dirs total, 0 dirs full, 0 dirs failed
I20260709 13:11:00.595602 30973 tablet_bootstrap.cc:492] T 00000000000000000000000000000000 P 7cfd55d538ff42f5b5881f115b28dda6: Bootstrap starting.
I20260709 13:11:00.600039 30973 tablet_bootstrap.cc:654] T 00000000000000000000000000000000 P 7cfd55d538ff42f5b5881f115b28dda6: Neither blocks nor log segments found. Creating new log.
I20260709 13:11:00.604035 30973 tablet_bootstrap.cc:492] T 00000000000000000000000000000000 P 7cfd55d538ff42f5b5881f115b28dda6: No bootstrap required, opened a new log
I20260709 13:11:00.606186 30973 raft_consensus.cc:359] T 00000000000000000000000000000000 P 7cfd55d538ff42f5b5881f115b28dda6 [term 0 FOLLOWER]: Replica starting. Triggering 0 pending ops. Active config: opid_index: -1 OBSOLETE_local: true peers { permanent_uuid: "7cfd55d538ff42f5b5881f115b28dda6" member_type: VOTER }
I20260709 13:11:00.606546 30973 raft_consensus.cc:385] T 00000000000000000000000000000000 P 7cfd55d538ff42f5b5881f115b28dda6 [term 0 FOLLOWER]: Consensus starting up: Expiring failure detector timer to make a prompt election more likely
