I20260709 12:57:57.728406   431 file_cache.cc:504] Constructed file cache file cache with capacity 419430
W20260709 12:57:57.735311  1096 instance_detector.cc:116] could not retrieve AWS instance metadata: Network error: curl error: HTTP response code said error: The requested URL returned error: 404
W20260709 12:57:57.736380  1097 instance_detector.cc:116] could not retrieve Azure instance metadata: Network error: curl error: HTTP response code said error: The requested URL returned error: 404
I20260709 12:57:57.739121   431 server_base.cc:1061] running on GCE node
W20260709 12:57:57.739871  1099 instance_detector.cc:116] could not retrieve OpenStack instance metadata: Network error: curl error: HTTP response code said error: The requested URL returned error: 404
I20260709 12:57:57.740692   431 hybrid_clock.cc:584] initializing the hybrid clock with 'system_unsync' time source
W20260709 12:57:57.740900   431 system_unsync_time.cc:38] NTP support is disabled. Clock error bounds will not be accurate. This configuration is not suitable for distributed clusters.
I20260709 12:57:57.741025   431 hybrid_clock.cc:648] HybridClock initialized: now 1783601877741014 us; error 0 us; skew 500 ppm
I20260709 12:57:57.741482   431 server_base.cc:861] Flag tcmalloc_max_total_thread_cache_bytes is not working since tcmalloc is not enabled.
I20260709 12:57:57.743677   431 webserver.cc:533] Webserver started at http://127.0.107.194:37183/ using document root <none> and password file <none>
I20260709 12:57:57.744355   431 fs_manager.cc:362] Metadata directory not provided
I20260709 12:57:57.744593   431 fs_manager.cc:368] Using write-ahead log directory (fs_wal_dir) as metadata directory
I20260709 12:57:57.744896   431 server_base.cc:909] This appears to be a new deployment of Kudu; creating new FS layout
I20260709 12:57:57.746291  1092 heartbeater.cc:344] Connected to a master server at 127.0.107.254:46289
I20260709 12:57:57.746281   431 fs_manager.cc:1068] Generated new instance metadata in path /tmp/dist-test-taskA9JSIL/test-tmp/auto_leader_rebalancer-test.0.LeaderRebalancerTest.FunctionalTestForNotDivided.1783601864268336-431-0/minicluster-data/ts-1-root/instance:
uuid: "510684f49c9e49a8838857869ba37ba9"
format_stamp: "Formatted at 2026-07-09 12:57:57 on dist-test-slave-vcr9"
I20260709 12:57:57.746752  1092 heartbeater.cc:461] Registering TS with master...
I20260709 12:57:57.747619  1092 heartbeater.cc:507] Master 127.0.107.254:46289 requested a full tablet report, sending...
I20260709 12:57:57.749693   965 ts_manager.cc:194] Registered new tserver with Master: 6be460adbebf4c9695f1ea3b6a6285cf (127.0.107.193:38747)
I20260709 12:57:57.751627   431 fs_manager.cc:696] Time spent creating directory manager: real 0.005s	user 0.006s	sys 0.000s
I20260709 12:57:57.751745   965 master_service.cc:502] Signed X509 certificate for tserver {username='slave'} at 127.0.0.1:46468
I20260709 12:57:57.755292  1104 log_block_manager.cc:4127] Time spent loading block containers with low live blocks: real 0.000s	user 0.000s	sys 0.000s
I20260709 12:57:57.756031   431 fs_manager.cc:730] Time spent opening block manager: real 0.002s	user 0.003s	sys 0.000s
I20260709 12:57:57.756376   431 fs_manager.cc:647] Opened local filesystem: /tmp/dist-test-taskA9JSIL/test-tmp/auto_leader_rebalancer-test.0.LeaderRebalancerTest.FunctionalTestForNotDivided.1783601864268336-431-0/minicluster-data/ts-1-root
uuid: "510684f49c9e49a8838857869ba37ba9"
format_stamp: "Formatted at 2026-07-09 12:57:57 on dist-test-slave-vcr9"
I20260709 12:57:57.756671   431 fs_report.cc:389] FS layout report
--------------------
wal directory: /tmp/dist-test-taskA9JSIL/test-tmp/auto_leader_rebalancer-test.0.LeaderRebalancerTest.FunctionalTestForNotDivided.1783601864268336-431-0/minicluster-data/ts-1-root
metadata directory: /tmp/dist-test-taskA9JSIL/test-tmp/auto_leader_rebalancer-test.0.LeaderRebalancerTest.FunctionalTestForNotDivided.1783601864268336-431-0/minicluster-data/ts-1-root
1 data directories: /tmp/dist-test-taskA9JSIL/test-tmp/auto_leader_rebalancer-test.0.LeaderRebalancerTest.FunctionalTestForNotDivided.1783601864268336-431-0/minicluster-data/ts-1-root/data
Total live blocks: 0
Total live bytes: 0
Total live bytes (after alignment): 0
Total number of LBM containers: 0 (0 full)
Did not check for missing blocks
Did not check for orphaned blocks
Total full LBM containers with extra space: 0 (0 repaired)
Total full LBM container extra space in bytes: 0 (0 repaired)
Total incomplete LBM containers: 0 (0 repaired)
Total LBM partial records: 0 (0 repaired)
Total corrupted LBM metadata records in RocksDB: 0 (0 repaired)
I20260709 12:57:57.767455   431 rpc_server.cc:225] running with OpenSSL 1.1.1  11 Sep 2018
I20260709 12:57:57.768710   431 kserver.cc:163] Server-wide thread pool size limit: 3276
I20260709 12:57:57.770102   431 txn_system_client.cc:432] TxnSystemClient initialization is disabled...
I20260709 12:57:57.772397   431 ts_tablet_manager.cc:585] Loaded tablet metadata (0 total tablets, 0 live tablets)
I20260709 12:57:57.772615   431 ts_tablet_manager.cc:531] Time spent load tablet metadata: real 0.000s	user 0.000s	sys 0.000s
I20260709 12:57:57.772848   431 ts_tablet_manager.cc:616] Registered 0 tablets
I20260709 12:57:57.773015   431 ts_tablet_manager.cc:595] Time spent register tablets: real 0.000s	user 0.000s	sys 0.000s
I20260709 12:57:57.810804   431 rpc_server.cc:307] RPC server started. Bound to: 127.0.107.194:38341
I20260709 12:57:57.810899  1166 acceptor_pool.cc:272] collecting diagnostics on the listening RPC socket 127.0.107.194:38341 every 8 connection(s)
I20260709 12:57:57.815405   431 file_cache.cc:504] Constructed file cache file cache with capacity 419430
W20260709 12:57:57.821966  1170 instance_detector.cc:116] could not retrieve AWS instance metadata: Network error: curl error: HTTP response code said error: The requested URL returned error: 404
W20260709 12:57:57.823000  1171 instance_detector.cc:116] could not retrieve Azure instance metadata: Network error: curl error: HTTP response code said error: The requested URL returned error: 404
W20260709 12:57:57.825024  1173 instance_detector.cc:116] could not retrieve OpenStack instance metadata: Network error: curl error: HTTP response code said error: The requested URL returned error: 404
I20260709 12:57:57.825212   431 server_base.cc:1061] running on GCE node
I20260709 12:57:57.826447   431 hybrid_clock.cc:584] initializing the hybrid clock with 'system_unsync' time source
W20260709 12:57:57.826669   431 system_unsync_time.cc:38] NTP support is disabled. Clock error bounds will not be accurate. This configuration is not suitable for distributed clusters.
I20260709 12:57:57.826864   431 hybrid_clock.cc:648] HybridClock initialized: now 1783601877826845 us; error 0 us; skew 500 ppm
I20260709 12:57:57.827358  1167 heartbeater.cc:344] Connected to a master server at 127.0.107.254:46289
I20260709 12:57:57.827497   431 server_base.cc:861] Flag tcmalloc_max_total_thread_cache_bytes is not working since tcmalloc is not enabled.
I20260709 12:57:57.827732  1167 heartbeater.cc:461] Registering TS with master...
I20260709 12:57:57.828539  1167 heartbeater.cc:507] Master 127.0.107.254:46289 requested a full tablet report, sending...
I20260709 12:57:57.830255   431 webserver.cc:533] Webserver started at http://127.0.107.195:37429/ using document root <none> and password file <none>
I20260709 12:57:57.830881   431 fs_manager.cc:362] Metadata directory not provided
I20260709 12:57:57.830788   965 ts_manager.cc:194] Registered new tserver with Master: 510684f49c9e49a8838857869ba37ba9 (127.0.107.194:38341)
I20260709 12:57:57.831208   431 fs_manager.cc:368] Using write-ahead log directory (fs_wal_dir) as metadata directory
I20260709 12:57:57.831537   431 server_base.cc:909] This appears to be a new deployment of Kudu; creating new FS layout
I20260709 12:57:57.832672   965 master_service.cc:502] Signed X509 certificate for tserver {username='slave'} at 127.0.0.1:46472
I20260709 12:57:57.833032   431 fs_manager.cc:1068] Generated new instance metadata in path /tmp/dist-test-taskA9JSIL/test-tmp/auto_leader_rebalancer-test.0.LeaderRebalancerTest.FunctionalTestForNotDivided.1783601864268336-431-0/minicluster-data/ts-2-root/instance:
uuid: "a068c0f86c2a4282a961df8be5c95435"
format_stamp: "Formatted at 2026-07-09 12:57:57 on dist-test-slave-vcr9"
I20260709 12:57:57.837563   431 fs_manager.cc:696] Time spent creating directory manager: real 0.004s	user 0.005s	sys 0.000s
I20260709 12:57:57.840641  1178 log_block_manager.cc:4127] Time spent loading block containers with low live blocks: real 0.000s	user 0.000s	sys 0.000s
I20260709 12:57:57.841352   431 fs_manager.cc:730] Time spent opening block manager: real 0.002s	user 0.003s	sys 0.000s
I20260709 12:57:57.841602   431 fs_manager.cc:647] Opened local filesystem: /tmp/dist-test-taskA9JSIL/test-tmp/auto_leader_rebalancer-test.0.LeaderRebalancerTest.FunctionalTestForNotDivided.1783601864268336-431-0/minicluster-data/ts-2-root
uuid: "a068c0f86c2a4282a961df8be5c95435"
format_stamp: "Formatted at 2026-07-09 12:57:57 on dist-test-slave-vcr9"
I20260709 12:57:57.841831   431 fs_report.cc:389] FS layout report
--------------------
wal directory: /tmp/dist-test-taskA9JSIL/test-tmp/auto_leader_rebalancer-test.0.LeaderRebalancerTest.FunctionalTestForNotDivided.1783601864268336-431-0/minicluster-data/ts-2-root
metadata directory: /tmp/dist-test-taskA9JSIL/test-tmp/auto_leader_rebalancer-test.0.LeaderRebalancerTest.FunctionalTestForNotDivided.1783601864268336-431-0/minicluster-data/ts-2-root
1 data directories: /tmp/dist-test-taskA9JSIL/test-tmp/auto_leader_rebalancer-test.0.LeaderRebalancerTest.FunctionalTestForNotDivided.1783601864268336-431-0/minicluster-data/ts-2-root/data
Total live blocks: 0
Total live bytes: 0
Total live bytes (after alignment): 0
Total number of LBM containers: 0 (0 full)
Did not check for missing blocks
Did not check for orphaned blocks
Total full LBM containers with extra space: 0 (0 repaired)
Total full LBM container extra space in bytes: 0 (0 repaired)
Total incomplete LBM containers: 0 (0 repaired)
Total LBM partial records: 0 (0 repaired)
Total corrupted LBM metadata records in RocksDB: 0 (0 repaired)
I20260709 12:57:57.859267   431 rpc_server.cc:225] running with OpenSSL 1.1.1  11 Sep 2018
I20260709 12:57:57.860447   431 kserver.cc:163] Server-wide thread pool size limit: 3276
I20260709 12:57:57.861788   431 txn_system_client.cc:432] TxnSystemClient initialization is disabled...
I20260709 12:57:57.863898   431 ts_tablet_manager.cc:585] Loaded tablet metadata (0 total tablets, 0 live tablets)
I20260709 12:57:57.864068   431 ts_tablet_manager.cc:531] Time spent load tablet metadata: real 0.000s	user 0.000s	sys 0.000s
I20260709 12:57:57.864372   431 ts_tablet_manager.cc:616] Registered 0 tablets
I20260709 12:57:57.864517   431 ts_tablet_manager.cc:595] Time spent register tablets: real 0.000s	user 0.000s	sys 0.000s
I20260709 12:57:57.902516   431 rpc_server.cc:307] RPC server started. Bound to: 127.0.107.195:36165
I20260709 12:57:57.902753  1240 acceptor_pool.cc:272] collecting diagnostics on the listening RPC socket 127.0.107.195:36165 every 8 connection(s)
I20260709 12:57:57.915757  1241 heartbeater.cc:344] Connected to a master server at 127.0.107.254:46289
I20260709 12:57:57.916137  1241 heartbeater.cc:461] Registering TS with master...
I20260709 12:57:57.916877  1241 heartbeater.cc:507] Master 127.0.107.254:46289 requested a full tablet report, sending...
I20260709 12:57:57.918700   965 ts_manager.cc:194] Registered new tserver with Master: a068c0f86c2a4282a961df8be5c95435 (127.0.107.195:36165)
I20260709 12:57:57.919654   431 internal_mini_cluster.cc:371] 3 TS(s) registered with all masters after 0.014190838s
I20260709 12:57:57.920094   965 master_service.cc:502] Signed X509 certificate for tserver {username='slave'} at 127.0.0.1:46478
I20260709 12:57:57.943601   965 catalog_manager.cc:2283] Servicing CreateTable request from {username='slave'} at 127.0.0.1:46480:
name: "test-workload"
schema {
  columns {
    name: "key"
    type: INT32
    is_key: true
    is_nullable: false
    encoding: AUTO_ENCODING
    compression: DEFAULT_COMPRESSION
    cfile_block_size: 0
    immutable: false
  }
  columns {
    name: "int_val"
    type: INT32
    is_key: false
    is_nullable: false
    encoding: AUTO_ENCODING
    compression: DEFAULT_COMPRESSION
    cfile_block_size: 0
    immutable: false
  }
  columns {
    name: "string_val"
    type: STRING
    is_key: false
    is_nullable: true
    encoding: AUTO_ENCODING
    compression: DEFAULT_COMPRESSION
    cfile_block_size: 0
    immutable: false
  }
}
num_replicas: 3
split_rows_range_bounds {
  rows: "\004\001\000\314\314\314\014\004\001\000\230\231\231\031\004\001\000dff&\004\001\0000333\004\001\000\374\377\377?\004\001\000\310\314\314L\004\001\000\224\231\231Y\004\001\000`fff\004\001\000,33s""\004\001\000\314\314\314\014\004\001\000\230\231\231\031\004\001\000dff&\004\001\0000333\004\001\000\374\377\377?\004\001\000\310\314\314L\004\001\000\224\231\231Y\004\001\000`fff\004\001\000,33s"
  indirect_data: """"
}
partition_schema {
  range_schema {
    columns {
      name: "key"
    }
  }
}
W20260709 12:57:57.946341   965 catalog_manager.cc:7077] The number of live tablet servers is not enough to re-replicate a tablet replica of the newly created table test-workload in case of a server failure: 4 tablet servers would be needed, 3 are available. Consider bringing up more tablet servers.
I20260709 12:57:58.038460  1130 tablet_service.cc:1511] Processing CreateTablet for tablet 501f9fa2eb1b4e60afa31547fcfc1af7 (DEFAULT_TABLE table=test-workload [id=6e9beaaccea04bafb311efbdba1b7588]), partition=RANGE (key) PARTITION 429496728 <= VALUES < 644245092
I20260709 12:57:58.039978  1130 data_dirs.cc:400] Could only allocate 1 dirs of requested 3 for tablet 501f9fa2eb1b4e60afa31547fcfc1af7. 1 dirs total, 0 dirs full, 0 dirs failed
I20260709 12:57:58.040392  1127 tablet_service.cc:1511] Processing CreateTablet for tablet 2c95edc2809d4ae79842ca4aed05c354 (DEFAULT_TABLE table=test-workload [id=6e9beaaccea04bafb311efbdba1b7588]), partition=RANGE (key) PARTITION 1073741820 <= VALUES < 1288490184
I20260709 12:57:58.041720  1127 data_dirs.cc:400] Could only allocate 1 dirs of requested 3 for tablet 2c95edc2809d4ae79842ca4aed05c354. 1 dirs total, 0 dirs full, 0 dirs failed
I20260709 12:57:58.044462  1126 tablet_service.cc:1511] Processing CreateTablet for tablet c5e7b519fdb64824a00ea8841a13789a (DEFAULT_TABLE table=test-workload [id=6e9beaaccea04bafb311efbdba1b7588]), partition=RANGE (key) PARTITION 1288490184 <= VALUES < 1503238548
I20260709 12:57:58.045357  1129 tablet_service.cc:1511] Processing CreateTablet for tablet fbd570861fbd463080e4641319dab1ba (DEFAULT_TABLE table=test-workload [id=6e9beaaccea04bafb311efbdba1b7588]), partition=RANGE (key) PARTITION 644245092 <= VALUES < 858993456
I20260709 12:57:58.047267  1131 tablet_service.cc:1511] Processing CreateTablet for tablet 199ccdada50342ec82e4dc5eca71c861 (DEFAULT_TABLE table=test-workload [id=6e9beaaccea04bafb311efbdba1b7588]), partition=RANGE (key) PARTITION 214748364 <= VALUES < 429496728
I20260709 12:57:58.047541  1128 tablet_service.cc:1511] Processing CreateTablet for tablet dd65593693dd449d9f907e6ea29b6890 (DEFAULT_TABLE table=test-workload [id=6e9beaaccea04bafb311efbdba1b7588]), partition=RANGE (key) PARTITION 858993456 <= VALUES < 1073741820
I20260709 12:57:58.045766  1126 data_dirs.cc:400] Could only allocate 1 dirs of requested 3 for tablet c5e7b519fdb64824a00ea8841a13789a. 1 dirs total, 0 dirs full, 0 dirs failed
I20260709 12:57:58.049481  1132 tablet_service.cc:1511] Processing CreateTablet for tablet 3fc66927689c49a5addaa19f63574728 (DEFAULT_TABLE table=test-workload [id=6e9beaaccea04bafb311efbdba1b7588]), partition=RANGE (key) PARTITION VALUES < 214748364
I20260709 12:57:58.050495  1128 data_dirs.cc:400] Could only allocate 1 dirs of requested 3 for tablet dd65593693dd449d9f907e6ea29b6890. 1 dirs total, 0 dirs full, 0 dirs failed
I20260709 12:57:58.051626  1203 tablet_service.cc:1511] Processing CreateTablet for tablet fbd570861fbd463080e4641319dab1ba (DEFAULT_TABLE table=test-workload [id=6e9beaaccea04bafb311efbdba1b7588]), partition=RANGE (key) PARTITION 644245092 <= VALUES < 858993456
I20260709 12:57:58.052950  1203 data_dirs.cc:400] Could only allocate 1 dirs of requested 3 for tablet fbd570861fbd463080e4641319dab1ba. 1 dirs total, 0 dirs full, 0 dirs failed
I20260709 12:57:58.052706  1202 tablet_service.cc:1511] Processing CreateTablet for tablet dd65593693dd449d9f907e6ea29b6890 (DEFAULT_TABLE table=test-workload [id=6e9beaaccea04bafb311efbdba1b7588]), partition=RANGE (key) PARTITION 858993456 <= VALUES < 1073741820
I20260709 12:57:58.053997  1202 data_dirs.cc:400] Could only allocate 1 dirs of requested 3 for tablet dd65593693dd449d9f907e6ea29b6890. 1 dirs total, 0 dirs full, 0 dirs failed
I20260709 12:57:58.055060  1204 tablet_service.cc:1511] Processing CreateTablet for tablet 501f9fa2eb1b4e60afa31547fcfc1af7 (DEFAULT_TABLE table=test-workload [id=6e9beaaccea04bafb311efbdba1b7588]), partition=RANGE (key) PARTITION 429496728 <= VALUES < 644245092
I20260709 12:57:58.056558  1129 data_dirs.cc:400] Could only allocate 1 dirs of requested 3 for tablet fbd570861fbd463080e4641319dab1ba. 1 dirs total, 0 dirs full, 0 dirs failed
I20260709 12:57:58.057394  1205 tablet_service.cc:1511] Processing CreateTablet for tablet 199ccdada50342ec82e4dc5eca71c861 (DEFAULT_TABLE table=test-workload [id=6e9beaaccea04bafb311efbdba1b7588]), partition=RANGE (key) PARTITION 214748364 <= VALUES < 429496728
I20260709 12:57:58.059559  1206 tablet_service.cc:1511] Processing CreateTablet for tablet 3fc66927689c49a5addaa19f63574728 (DEFAULT_TABLE table=test-workload [id=6e9beaaccea04bafb311efbdba1b7588]), partition=RANGE (key) PARTITION VALUES < 214748364
I20260709 12:57:58.061839  1200 tablet_service.cc:1511] Processing CreateTablet for tablet c5e7b519fdb64824a00ea8841a13789a (DEFAULT_TABLE table=test-workload [id=6e9beaaccea04bafb311efbdba1b7588]), partition=RANGE (key) PARTITION 1288490184 <= VALUES < 1503238548
I20260709 12:57:58.064000  1201 tablet_service.cc:1511] Processing CreateTablet for tablet 2c95edc2809d4ae79842ca4aed05c354 (DEFAULT_TABLE table=test-workload [id=6e9beaaccea04bafb311efbdba1b7588]), partition=RANGE (key) PARTITION 1073741820 <= VALUES < 1288490184
I20260709 12:57:58.066186  1199 tablet_service.cc:1511] Processing CreateTablet for tablet 1c9db541c34144f7ac6a4c48efbc64a3 (DEFAULT_TABLE table=test-workload [id=6e9beaaccea04bafb311efbdba1b7588]), partition=RANGE (key) PARTITION 1503238548 <= VALUES < 1717986912
I20260709 12:57:58.067831  1125 tablet_service.cc:1511] Processing CreateTablet for tablet 1c9db541c34144f7ac6a4c48efbc64a3 (DEFAULT_TABLE table=test-workload [id=6e9beaaccea04bafb311efbdba1b7588]), partition=RANGE (key) PARTITION 1503238548 <= VALUES < 1717986912
I20260709 12:57:58.069000  1204 data_dirs.cc:400] Could only allocate 1 dirs of requested 3 for tablet 501f9fa2eb1b4e60afa31547fcfc1af7. 1 dirs total, 0 dirs full, 0 dirs failed
I20260709 12:57:58.069639  1200 data_dirs.cc:400] Could only allocate 1 dirs of requested 3 for tablet c5e7b519fdb64824a00ea8841a13789a. 1 dirs total, 0 dirs full, 0 dirs failed
I20260709 12:57:58.070290  1199 data_dirs.cc:400] Could only allocate 1 dirs of requested 3 for tablet 1c9db541c34144f7ac6a4c48efbc64a3. 1 dirs total, 0 dirs full, 0 dirs failed
I20260709 12:57:58.074435  1131 data_dirs.cc:400] Could only allocate 1 dirs of requested 3 for tablet 199ccdada50342ec82e4dc5eca71c861. 1 dirs total, 0 dirs full, 0 dirs failed
I20260709 12:57:58.083123  1132 data_dirs.cc:400] Could only allocate 1 dirs of requested 3 for tablet 3fc66927689c49a5addaa19f63574728. 1 dirs total, 0 dirs full, 0 dirs failed
I20260709 12:57:58.076472  1206 data_dirs.cc:400] Could only allocate 1 dirs of requested 3 for tablet 3fc66927689c49a5addaa19f63574728. 1 dirs total, 0 dirs full, 0 dirs failed
I20260709 12:57:58.077251  1198 tablet_service.cc:1511] Processing CreateTablet for tablet 02711afdec9640f6bd510a50bb620a1e (DEFAULT_TABLE table=test-workload [id=6e9beaaccea04bafb311efbdba1b7588]), partition=RANGE (key) PARTITION 1717986912 <= VALUES < 1932735276
I20260709 12:57:58.078176  1197 tablet_service.cc:1511] Processing CreateTablet for tablet 1c49c337200e4db7acb3190c2fb37277 (DEFAULT_TABLE table=test-workload [id=6e9beaaccea04bafb311efbdba1b7588]), partition=RANGE (key) PARTITION 1932735276 <= VALUES
I20260709 12:57:58.079263  1124 tablet_service.cc:1511] Processing CreateTablet for tablet 02711afdec9640f6bd510a50bb620a1e (DEFAULT_TABLE table=test-workload [id=6e9beaaccea04bafb311efbdba1b7588]), partition=RANGE (key) PARTITION 1717986912 <= VALUES < 1932735276
I20260709 12:57:58.080992  1123 tablet_service.cc:1511] Processing CreateTablet for tablet 1c49c337200e4db7acb3190c2fb37277 (DEFAULT_TABLE table=test-workload [id=6e9beaaccea04bafb311efbdba1b7588]), partition=RANGE (key) PARTITION 1932735276 <= VALUES
I20260709 12:57:58.089021  1125 data_dirs.cc:400] Could only allocate 1 dirs of requested 3 for tablet 1c9db541c34144f7ac6a4c48efbc64a3. 1 dirs total, 0 dirs full, 0 dirs failed
I20260709 12:57:58.090161  1124 data_dirs.cc:400] Could only allocate 1 dirs of requested 3 for tablet 02711afdec9640f6bd510a50bb620a1e. 1 dirs total, 0 dirs full, 0 dirs failed
I20260709 12:57:58.091315  1123 data_dirs.cc:400] Could only allocate 1 dirs of requested 3 for tablet 1c49c337200e4db7acb3190c2fb37277. 1 dirs total, 0 dirs full, 0 dirs failed
I20260709 12:57:58.096840  1197 data_dirs.cc:400] Could only allocate 1 dirs of requested 3 for tablet 1c49c337200e4db7acb3190c2fb37277. 1 dirs total, 0 dirs full, 0 dirs failed
I20260709 12:57:58.100544  1198 data_dirs.cc:400] Could only allocate 1 dirs of requested 3 for tablet 02711afdec9640f6bd510a50bb620a1e. 1 dirs total, 0 dirs full, 0 dirs failed
I20260709 12:57:58.104528  1201 data_dirs.cc:400] Could only allocate 1 dirs of requested 3 for tablet 2c95edc2809d4ae79842ca4aed05c354. 1 dirs total, 0 dirs full, 0 dirs failed
I20260709 12:57:58.112699  1205 data_dirs.cc:400] Could only allocate 1 dirs of requested 3 for tablet 199ccdada50342ec82e4dc5eca71c861. 1 dirs total, 0 dirs full, 0 dirs failed
I20260709 12:57:58.125001  1057 tablet_service.cc:1511] Processing CreateTablet for tablet 3fc66927689c49a5addaa19f63574728 (DEFAULT_TABLE table=test-workload [id=6e9beaaccea04bafb311efbdba1b7588]), partition=RANGE (key) PARTITION VALUES < 214748364
I20260709 12:57:58.126315  1057 data_dirs.cc:400] Could only allocate 1 dirs of requested 3 for tablet 3fc66927689c49a5addaa19f63574728. 1 dirs total, 0 dirs full, 0 dirs failed
I20260709 12:57:58.129483  1052 tablet_service.cc:1511] Processing CreateTablet for tablet 2c95edc2809d4ae79842ca4aed05c354 (DEFAULT_TABLE table=test-workload [id=6e9beaaccea04bafb311efbdba1b7588]), partition=RANGE (key) PARTITION 1073741820 <= VALUES < 1288490184
I20260709 12:57:58.129889  1051 tablet_service.cc:1511] Processing CreateTablet for tablet c5e7b519fdb64824a00ea8841a13789a (DEFAULT_TABLE table=test-workload [id=6e9beaaccea04bafb311efbdba1b7588]), partition=RANGE (key) PARTITION 1288490184 <= VALUES < 1503238548
I20260709 12:57:58.130926  1052 data_dirs.cc:400] Could only allocate 1 dirs of requested 3 for tablet 2c95edc2809d4ae79842ca4aed05c354. 1 dirs total, 0 dirs full, 0 dirs failed
I20260709 12:57:58.132113  1050 tablet_service.cc:1511] Processing CreateTablet for tablet 1c9db541c34144f7ac6a4c48efbc64a3 (DEFAULT_TABLE table=test-workload [id=6e9beaaccea04bafb311efbdba1b7588]), partition=RANGE (key) PARTITION 1503238548 <= VALUES < 1717986912
I20260709 12:57:58.133452  1050 data_dirs.cc:400] Could only allocate 1 dirs of requested 3 for tablet 1c9db541c34144f7ac6a4c48efbc64a3. 1 dirs total, 0 dirs full, 0 dirs failed
I20260709 12:57:58.137341  1053 tablet_service.cc:1511] Processing CreateTablet for tablet dd65593693dd449d9f907e6ea29b6890 (DEFAULT_TABLE table=test-workload [id=6e9beaaccea04bafb311efbdba1b7588]), partition=RANGE (key) PARTITION 858993456 <= VALUES < 1073741820
I20260709 12:57:58.138664  1053 data_dirs.cc:400] Could only allocate 1 dirs of requested 3 for tablet dd65593693dd449d9f907e6ea29b6890. 1 dirs total, 0 dirs full, 0 dirs failed
I20260709 12:57:58.143182  1056 tablet_service.cc:1511] Processing CreateTablet for tablet 199ccdada50342ec82e4dc5eca71c861 (DEFAULT_TABLE table=test-workload [id=6e9beaaccea04bafb311efbdba1b7588]), partition=RANGE (key) PARTITION 214748364 <= VALUES < 429496728
I20260709 12:57:58.172096  1055 tablet_service.cc:1511] Processing CreateTablet for tablet 501f9fa2eb1b4e60afa31547fcfc1af7 (DEFAULT_TABLE table=test-workload [id=6e9beaaccea04bafb311efbdba1b7588]), partition=RANGE (key) PARTITION 429496728 <= VALUES < 644245092
I20260709 12:57:58.172546  1049 tablet_service.cc:1511] Processing CreateTablet for tablet 02711afdec9640f6bd510a50bb620a1e (DEFAULT_TABLE table=test-workload [id=6e9beaaccea04bafb311efbdba1b7588]), partition=RANGE (key) PARTITION 1717986912 <= VALUES < 1932735276
I20260709 12:57:58.175400  1054 tablet_service.cc:1511] Processing CreateTablet for tablet fbd570861fbd463080e4641319dab1ba (DEFAULT_TABLE table=test-workload [id=6e9beaaccea04bafb311efbdba1b7588]), partition=RANGE (key) PARTITION 644245092 <= VALUES < 858993456
I20260709 12:57:58.176939  1048 tablet_service.cc:1511] Processing CreateTablet for tablet 1c49c337200e4db7acb3190c2fb37277 (DEFAULT_TABLE table=test-workload [id=6e9beaaccea04bafb311efbdba1b7588]), partition=RANGE (key) PARTITION 1932735276 <= VALUES
I20260709 12:57:58.184362  1051 data_dirs.cc:400] Could only allocate 1 dirs of requested 3 for tablet c5e7b519fdb64824a00ea8841a13789a. 1 dirs total, 0 dirs full, 0 dirs failed
I20260709 12:57:58.185060  1056 data_dirs.cc:400] Could only allocate 1 dirs of requested 3 for tablet 199ccdada50342ec82e4dc5eca71c861. 1 dirs total, 0 dirs full, 0 dirs failed
I20260709 12:57:58.189015  1257 tablet_bootstrap.cc:492] T 1c49c337200e4db7acb3190c2fb37277 P a068c0f86c2a4282a961df8be5c95435: Bootstrap starting.
I20260709 12:57:58.189990  1048 data_dirs.cc:400] Could only allocate 1 dirs of requested 3 for tablet 1c49c337200e4db7acb3190c2fb37277. 1 dirs total, 0 dirs full, 0 dirs failed
I20260709 12:57:58.196588  1055 data_dirs.cc:400] Could only allocate 1 dirs of requested 3 for tablet 501f9fa2eb1b4e60afa31547fcfc1af7. 1 dirs total, 0 dirs full, 0 dirs failed
I20260709 12:57:58.209991  1054 data_dirs.cc:400] Could only allocate 1 dirs of requested 3 for tablet fbd570861fbd463080e4641319dab1ba. 1 dirs total, 0 dirs full, 0 dirs failed
I20260709 12:57:58.212697  1049 data_dirs.cc:400] Could only allocate 1 dirs of requested 3 for tablet 02711afdec9640f6bd510a50bb620a1e. 1 dirs total, 0 dirs full, 0 dirs failed
I20260709 12:57:58.217881  1257 tablet_bootstrap.cc:654] T 1c49c337200e4db7acb3190c2fb37277 P a068c0f86c2a4282a961df8be5c95435: Neither blocks nor log segments found. Creating new log.
I20260709 12:57:58.244997  1256 tablet_bootstrap.cc:492] T c5e7b519fdb64824a00ea8841a13789a P 510684f49c9e49a8838857869ba37ba9: Bootstrap starting.
I20260709 12:57:58.260918  1258 tablet_bootstrap.cc:492] T 1c49c337200e4db7acb3190c2fb37277 P 6be460adbebf4c9695f1ea3b6a6285cf: Bootstrap starting.
I20260709 12:57:58.268707  1257 tablet_bootstrap.cc:492] T 1c49c337200e4db7acb3190c2fb37277 P a068c0f86c2a4282a961df8be5c95435: No bootstrap required, opened a new log
I20260709 12:57:58.269340  1257 ts_tablet_manager.cc:1403] T 1c49c337200e4db7acb3190c2fb37277 P a068c0f86c2a4282a961df8be5c95435: Time spent bootstrapping tablet: real 0.081s	user 0.014s	sys 0.000s
I20260709 12:57:58.271281  1256 tablet_bootstrap.cc:654] T c5e7b519fdb64824a00ea8841a13789a P 510684f49c9e49a8838857869ba37ba9: Neither blocks nor log segments found. Creating new log.
I20260709 12:57:58.274607  1257 raft_consensus.cc:359] T 1c49c337200e4db7acb3190c2fb37277 P a068c0f86c2a4282a961df8be5c95435 [term 0 FOLLOWER]: Replica starting. Triggering 0 pending ops. Active config: opid_index: -1 OBSOLETE_local: false peers { permanent_uuid: "6be460adbebf4c9695f1ea3b6a6285cf" member_type: VOTER last_known_addr { host: "127.0.107.193" port: 38747 } } peers { permanent_uuid: "510684f49c9e49a8838857869ba37ba9" member_type: VOTER last_known_addr { host: "127.0.107.194" port: 38341 } } peers { permanent_uuid: "a068c0f86c2a4282a961df8be5c95435" member_type: VOTER last_known_addr { host: "127.0.107.195" port: 36165 } }
I20260709 12:57:58.271418  1258 tablet_bootstrap.cc:654] T 1c49c337200e4db7acb3190c2fb37277 P 6be460adbebf4c9695f1ea3b6a6285cf: Neither blocks nor log segments found. Creating new log.
I20260709 12:57:58.275269  1257 raft_consensus.cc:385] T 1c49c337200e4db7acb3190c2fb37277 P a068c0f86c2a4282a961df8be5c95435 [term 0 FOLLOWER]: Consensus starting up: Expiring failure detector timer to make a prompt election more likely
I20260709 12:57:58.276422  1257 raft_consensus.cc:740] T 1c49c337200e4db7acb3190c2fb37277 P a068c0f86c2a4282a961df8be5c95435 [term 0 FOLLOWER]: Becoming Follower/Learner. State: Replica: a068c0f86c2a4282a961df8be5c95435, State: Initialized, Role: FOLLOWER
I20260709 12:57:58.277554  1256 tablet_bootstrap.cc:492] T c5e7b519fdb64824a00ea8841a13789a P 510684f49c9e49a8838857869ba37ba9: No bootstrap required, opened a new log
I20260709 12:57:58.277194  1257 consensus_queue.cc:260] T 1c49c337200e4db7acb3190c2fb37277 P a068c0f86c2a4282a961df8be5c95435 [NON_LEADER]: Queue going to NON_LEADER mode. State: All replicated index: 0, Majority replicated index: 0, Committed index: 0, Last appended: 0.0, Last appended by leader: 0, Current term: 0, Majority size: -1, State: 0, Mode: NON_LEADER, active raft config: opid_index: -1 OBSOLETE_local: false peers { permanent_uuid: "6be460adbebf4c9695f1ea3b6a6285cf" member_type: VOTER last_known_addr { host: "127.0.107.193" port: 38747 } } peers { permanent_uuid: "510684f49c9e49a8838857869ba37ba9" member_type: VOTER last_known_addr { host: "127.0.107.194" port: 38341 } } peers { permanent_uuid: "a068c0f86c2a4282a961df8be5c95435" member_type: VOTER last_known_addr { host: "127.0.107.195" port: 36165 } }
I20260709 12:57:58.277997  1256 ts_tablet_manager.cc:1403] T c5e7b519fdb64824a00ea8841a13789a P 510684f49c9e49a8838857869ba37ba9: Time spent bootstrapping tablet: real 0.033s	user 0.012s	sys 0.000s
I20260709 12:57:58.280139  1256 raft_consensus.cc:359] T c5e7b519fdb64824a00ea8841a13789a P 510684f49c9e49a8838857869ba37ba9 [term 0 FOLLOWER]: Replica starting. Triggering 0 pending ops. Active config: opid_index: -1 OBSOLETE_local: false peers { permanent_uuid: "6be460adbebf4c9695f1ea3b6a6285cf" member_type: VOTER last_known_addr { host: "127.0.107.193" port: 38747 } } peers { permanent_uuid: "510684f49c9e49a8838857869ba37ba9" member_type: VOTER last_known_addr { host: "127.0.107.194" port: 38341 } } peers { permanent_uuid: "a068c0f86c2a4282a961df8be5c95435" member_type: VOTER last_known_addr { host: "127.0.107.195" port: 36165 } }
I20260709 12:57:58.280759  1256 raft_consensus.cc:385] T c5e7b519fdb64824a00ea8841a13789a P 510684f49c9e49a8838857869ba37ba9 [term 0 FOLLOWER]: Consensus starting up: Expiring failure detector timer to make a prompt election more likely
I20260709 12:57:58.281018  1256 raft_consensus.cc:740] T c5e7b519fdb64824a00ea8841a13789a P 510684f49c9e49a8838857869ba37ba9 [term 0 FOLLOWER]: Becoming Follower/Learner. State: Replica: 510684f49c9e49a8838857869ba37ba9, State: Initialized, Role: FOLLOWER
I20260709 12:57:58.281769  1256 consensus_queue.cc:260] T c5e7b519fdb64824a00ea8841a13789a P 510684f49c9e49a8838857869ba37ba9 [NON_LEADER]: Queue going to NON_LEADER mode. State: All replicated index: 0, Majority replicated index: 0, Committed index: 0, Last appended: 0.0, Last appended by leader: 0, Current term: 0, Majority size: -1, State: 0, Mode: NON_LEADER, active raft config: opid_index: -1 OBSOLETE_local: false peers { permanent_uuid: "6be460adbebf4c9695f1ea3b6a6285cf" member_type: VOTER last_known_addr { host: "127.0.107.193" port: 38747 } } peers { permanent_uuid: "510684f49c9e49a8838857869ba37ba9" member_type: VOTER last_known_addr { host: "127.0.107.194" port: 38341 } } peers { permanent_uuid: "a068c0f86c2a4282a961df8be5c95435" member_type: VOTER last_known_addr { host: "127.0.107.195" port: 36165 } }
I20260709 12:57:58.283490  1258 tablet_bootstrap.cc:492] T 1c49c337200e4db7acb3190c2fb37277 P 6be460adbebf4c9695f1ea3b6a6285cf: No bootstrap required, opened a new log
I20260709 12:57:58.284006  1258 ts_tablet_manager.cc:1403] T 1c49c337200e4db7acb3190c2fb37277 P 6be460adbebf4c9695f1ea3b6a6285cf: Time spent bootstrapping tablet: real 0.023s	user 0.009s	sys 0.003s
I20260709 12:57:58.284076  1167 heartbeater.cc:499] Master 127.0.107.254:46289 was elected leader, sending a full tablet report...
I20260709 12:57:58.284283  1257 ts_tablet_manager.cc:1434] T 1c49c337200e4db7acb3190c2fb37277 P a068c0f86c2a4282a961df8be5c95435: Time spent starting tablet: real 0.012s	user 0.005s	sys 0.004s
I20260709 12:57:58.284650  1256 ts_tablet_manager.cc:1434] T c5e7b519fdb64824a00ea8841a13789a P 510684f49c9e49a8838857869ba37ba9: Time spent starting tablet: real 0.006s	user 0.007s	sys 0.001s
I20260709 12:57:58.284945  1241 heartbeater.cc:499] Master 127.0.107.254:46289 was elected leader, sending a full tablet report...
I20260709 12:57:58.285604  1256 tablet_bootstrap.cc:492] T fbd570861fbd463080e4641319dab1ba P 510684f49c9e49a8838857869ba37ba9: Bootstrap starting.
I20260709 12:57:58.287309  1258 raft_consensus.cc:359] T 1c49c337200e4db7acb3190c2fb37277 P 6be460adbebf4c9695f1ea3b6a6285cf [term 0 FOLLOWER]: Replica starting. Triggering 0 pending ops. Active config: opid_index: -1 OBSOLETE_local: false peers { permanent_uuid: "6be460adbebf4c9695f1ea3b6a6285cf" member_type: VOTER last_known_addr { host: "127.0.107.193" port: 38747 } } peers { permanent_uuid: "510684f49c9e49a8838857869ba37ba9" member_type: VOTER last_known_addr { host: "127.0.107.194" port: 38341 } } peers { permanent_uuid: "a068c0f86c2a4282a961df8be5c95435" member_type: VOTER last_known_addr { host: "127.0.107.195" port: 36165 } }
I20260709 12:57:58.288081  1258 raft_consensus.cc:385] T 1c49c337200e4db7acb3190c2fb37277 P 6be460adbebf4c9695f1ea3b6a6285cf [term 0 FOLLOWER]: Consensus starting up: Expiring failure detector timer to make a prompt election more likely
I20260709 12:57:58.288455  1258 raft_consensus.cc:740] T 1c49c337200e4db7acb3190c2fb37277 P 6be460adbebf4c9695f1ea3b6a6285cf [term 0 FOLLOWER]: Becoming Follower/Learner. State: Replica: 6be460adbebf4c9695f1ea3b6a6285cf, State: Initialized, Role: FOLLOWER
I20260709 12:57:58.289166  1257 tablet_bootstrap.cc:492] T 02711afdec9640f6bd510a50bb620a1e P a068c0f86c2a4282a961df8be5c95435: Bootstrap starting.
I20260709 12:57:58.292346  1256 tablet_bootstrap.cc:654] T fbd570861fbd463080e4641319dab1ba P 510684f49c9e49a8838857869ba37ba9: Neither blocks nor log segments found. Creating new log.
I20260709 12:57:58.292693  1258 consensus_queue.cc:260] T 1c49c337200e4db7acb3190c2fb37277 P 6be460adbebf4c9695f1ea3b6a6285cf [NON_LEADER]: Queue going to NON_LEADER mode. State: All replicated index: 0, Majority replicated index: 0, Committed index: 0, Last appended: 0.0, Last appended by leader: 0, Current term: 0, Majority size: -1, State: 0, Mode: NON_LEADER, active raft config: opid_index: -1 OBSOLETE_local: false peers { permanent_uuid: "6be460adbebf4c9695f1ea3b6a6285cf" member_type: VOTER last_known_addr { host: "127.0.107.193" port: 38747 } } peers { permanent_uuid: "510684f49c9e49a8838857869ba37ba9" member_type: VOTER last_known_addr { host: "127.0.107.194" port: 38341 } } peers { permanent_uuid: "a068c0f86c2a4282a961df8be5c95435" member_type: VOTER last_known_addr { host: "127.0.107.195" port: 36165 } }
I20260709 12:57:58.296481  1257 tablet_bootstrap.cc:654] T 02711afdec9640f6bd510a50bb620a1e P a068c0f86c2a4282a961df8be5c95435: Neither blocks nor log segments found. Creating new log.
I20260709 12:57:58.300354  1092 heartbeater.cc:499] Master 127.0.107.254:46289 was elected leader, sending a full tablet report...
I20260709 12:57:58.301452  1256 tablet_bootstrap.cc:492] T fbd570861fbd463080e4641319dab1ba P 510684f49c9e49a8838857869ba37ba9: No bootstrap required, opened a new log
I20260709 12:57:58.301934  1256 ts_tablet_manager.cc:1403] T fbd570861fbd463080e4641319dab1ba P 510684f49c9e49a8838857869ba37ba9: Time spent bootstrapping tablet: real 0.017s	user 0.011s	sys 0.003s
I20260709 12:57:58.304979  1256 raft_consensus.cc:359] T fbd570861fbd463080e4641319dab1ba P 510684f49c9e49a8838857869ba37ba9 [term 0 FOLLOWER]: Replica starting. Triggering 0 pending ops. Active config: opid_index: -1 OBSOLETE_local: false peers { permanent_uuid: "6be460adbebf4c9695f1ea3b6a6285cf" member_type: VOTER last_known_addr { host: "127.0.107.193" port: 38747 } } peers { permanent_uuid: "510684f49c9e49a8838857869ba37ba9" member_type: VOTER last_known_addr { host: "127.0.107.194" port: 38341 } } peers { permanent_uuid: "a068c0f86c2a4282a961df8be5c95435" member_type: VOTER last_known_addr { host: "127.0.107.195" port: 36165 } }
I20260709 12:57:58.305648  1257 tablet_bootstrap.cc:492] T 02711afdec9640f6bd510a50bb620a1e P a068c0f86c2a4282a961df8be5c95435: No bootstrap required, opened a new log
I20260709 12:57:58.305716  1256 raft_consensus.cc:385] T fbd570861fbd463080e4641319dab1ba P 510684f49c9e49a8838857869ba37ba9 [term 0 FOLLOWER]: Consensus starting up: Expiring failure detector timer to make a prompt election more likely
I20260709 12:57:58.306192  1257 ts_tablet_manager.cc:1403] T 02711afdec9640f6bd510a50bb620a1e P a068c0f86c2a4282a961df8be5c95435: Time spent bootstrapping tablet: real 0.017s	user 0.001s	sys 0.012s
I20260709 12:57:58.306150  1256 raft_consensus.cc:740] T fbd570861fbd463080e4641319dab1ba P 510684f49c9e49a8838857869ba37ba9 [term 0 FOLLOWER]: Becoming Follower/Learner. State: Replica: 510684f49c9e49a8838857869ba37ba9, State: Initialized, Role: FOLLOWER
I20260709 12:57:58.307123  1256 consensus_queue.cc:260] T fbd570861fbd463080e4641319dab1ba P 510684f49c9e49a8838857869ba37ba9 [NON_LEADER]: Queue going to NON_LEADER mode. State: All replicated index: 0, Majority replicated index: 0, Committed index: 0, Last appended: 0.0, Last appended by leader: 0, Current term: 0, Majority size: -1, State: 0, Mode: NON_LEADER, active raft config: opid_index: -1 OBSOLETE_local: false peers { permanent_uuid: "6be460adbebf4c9695f1ea3b6a6285cf" member_type: VOTER last_known_addr { host: "127.0.107.193" port: 38747 } } peers { permanent_uuid: "510684f49c9e49a8838857869ba37ba9" member_type: VOTER last_known_addr { host: "127.0.107.194" port: 38341 } } peers { permanent_uuid: "a068c0f86c2a4282a961df8be5c95435" member_type: VOTER last_known_addr { host: "127.0.107.195" port: 36165 } }
I20260709 12:57:58.309310  1256 ts_tablet_manager.cc:1434] T fbd570861fbd463080e4641319dab1ba P 510684f49c9e49a8838857869ba37ba9: Time spent starting tablet: real 0.007s	user 0.008s	sys 0.000s
I20260709 12:57:58.309366  1257 raft_consensus.cc:359] T 02711afdec9640f6bd510a50bb620a1e P a068c0f86c2a4282a961df8be5c95435 [term 0 FOLLOWER]: Replica starting. Triggering 0 pending ops. Active config: opid_index: -1 OBSOLETE_local: false peers { permanent_uuid: "6be460adbebf4c9695f1ea3b6a6285cf" member_type: VOTER last_known_addr { host: "127.0.107.193" port: 38747 } } peers { permanent_uuid: "510684f49c9e49a8838857869ba37ba9" member_type: VOTER last_known_addr { host: "127.0.107.194" port: 38341 } } peers { permanent_uuid: "a068c0f86c2a4282a961df8be5c95435" member_type: VOTER last_known_addr { host: "127.0.107.195" port: 36165 } }
I20260709 12:57:58.310171  1257 raft_consensus.cc:385] T 02711afdec9640f6bd510a50bb620a1e P a068c0f86c2a4282a961df8be5c95435 [term 0 FOLLOWER]: Consensus starting up: Expiring failure detector timer to make a prompt election more likely
I20260709 12:57:58.310282  1256 tablet_bootstrap.cc:492] T dd65593693dd449d9f907e6ea29b6890 P 510684f49c9e49a8838857869ba37ba9: Bootstrap starting.
I20260709 12:57:58.310508  1257 raft_consensus.cc:740] T 02711afdec9640f6bd510a50bb620a1e P a068c0f86c2a4282a961df8be5c95435 [term 0 FOLLOWER]: Becoming Follower/Learner. State: Replica: a068c0f86c2a4282a961df8be5c95435, State: Initialized, Role: FOLLOWER
I20260709 12:57:58.310644  1258 ts_tablet_manager.cc:1434] T 1c49c337200e4db7acb3190c2fb37277 P 6be460adbebf4c9695f1ea3b6a6285cf: Time spent starting tablet: real 0.026s	user 0.003s	sys 0.007s
I20260709 12:57:58.311637  1258 tablet_bootstrap.cc:492] T 2c95edc2809d4ae79842ca4aed05c354 P 6be460adbebf4c9695f1ea3b6a6285cf: Bootstrap starting.
I20260709 12:57:58.311432  1257 consensus_queue.cc:260] T 02711afdec9640f6bd510a50bb620a1e P a068c0f86c2a4282a961df8be5c95435 [NON_LEADER]: Queue going to NON_LEADER mode. State: All replicated index: 0, Majority replicated index: 0, Committed index: 0, Last appended: 0.0, Last appended by leader: 0, Current term: 0, Majority size: -1, State: 0, Mode: NON_LEADER, active raft config: opid_index: -1 OBSOLETE_local: false peers { permanent_uuid: "6be460adbebf4c9695f1ea3b6a6285cf" member_type: VOTER last_known_addr { host: "127.0.107.193" port: 38747 } } peers { permanent_uuid: "510684f49c9e49a8838857869ba37ba9" member_type: VOTER last_known_addr { host: "127.0.107.194" port: 38341 } } peers { permanent_uuid: "a068c0f86c2a4282a961df8be5c95435" member_type: VOTER last_known_addr { host: "127.0.107.195" port: 36165 } }
I20260709 12:57:58.313807  1257 ts_tablet_manager.cc:1434] T 02711afdec9640f6bd510a50bb620a1e P a068c0f86c2a4282a961df8be5c95435: Time spent starting tablet: real 0.007s	user 0.002s	sys 0.004s
I20260709 12:57:58.314719  1257 tablet_bootstrap.cc:492] T dd65593693dd449d9f907e6ea29b6890 P a068c0f86c2a4282a961df8be5c95435: Bootstrap starting.
I20260709 12:57:58.317234  1256 tablet_bootstrap.cc:654] T dd65593693dd449d9f907e6ea29b6890 P 510684f49c9e49a8838857869ba37ba9: Neither blocks nor log segments found. Creating new log.
I20260709 12:57:58.318840  1258 tablet_bootstrap.cc:654] T 2c95edc2809d4ae79842ca4aed05c354 P 6be460adbebf4c9695f1ea3b6a6285cf: Neither blocks nor log segments found. Creating new log.
I20260709 12:57:58.321192  1257 tablet_bootstrap.cc:654] T dd65593693dd449d9f907e6ea29b6890 P a068c0f86c2a4282a961df8be5c95435: Neither blocks nor log segments found. Creating new log.
I20260709 12:57:58.329509  1258 tablet_bootstrap.cc:492] T 2c95edc2809d4ae79842ca4aed05c354 P 6be460adbebf4c9695f1ea3b6a6285cf: No bootstrap required, opened a new log
I20260709 12:57:58.330144  1258 ts_tablet_manager.cc:1403] T 2c95edc2809d4ae79842ca4aed05c354 P 6be460adbebf4c9695f1ea3b6a6285cf: Time spent bootstrapping tablet: real 0.019s	user 0.013s	sys 0.003s
I20260709 12:57:58.333101  1257 tablet_bootstrap.cc:492] T dd65593693dd449d9f907e6ea29b6890 P a068c0f86c2a4282a961df8be5c95435: No bootstrap required, opened a new log
I20260709 12:57:58.329509  1256 tablet_bootstrap.cc:492] T dd65593693dd449d9f907e6ea29b6890 P 510684f49c9e49a8838857869ba37ba9: No bootstrap required, opened a new log
I20260709 12:57:58.333626  1257 ts_tablet_manager.cc:1403] T dd65593693dd449d9f907e6ea29b6890 P a068c0f86c2a4282a961df8be5c95435: Time spent bootstrapping tablet: real 0.019s	user 0.011s	sys 0.007s
I20260709 12:57:58.333719  1256 ts_tablet_manager.cc:1403] T dd65593693dd449d9f907e6ea29b6890 P 510684f49c9e49a8838857869ba37ba9: Time spent bootstrapping tablet: real 0.024s	user 0.003s	sys 0.016s
I20260709 12:57:58.332729  1258 raft_consensus.cc:359] T 2c95edc2809d4ae79842ca4aed05c354 P 6be460adbebf4c9695f1ea3b6a6285cf [term 0 FOLLOWER]: Replica starting. Triggering 0 pending ops. Active config: opid_index: -1 OBSOLETE_local: false peers { permanent_uuid: "6be460adbebf4c9695f1ea3b6a6285cf" member_type: VOTER last_known_addr { host: "127.0.107.193" port: 38747 } } peers { permanent_uuid: "510684f49c9e49a8838857869ba37ba9" member_type: VOTER last_known_addr { host: "127.0.107.194" port: 38341 } } peers { permanent_uuid: "a068c0f86c2a4282a961df8be5c95435" member_type: VOTER last_known_addr { host: "127.0.107.195" port: 36165 } }
I20260709 12:57:58.336020  1258 raft_consensus.cc:385] T 2c95edc2809d4ae79842ca4aed05c354 P 6be460adbebf4c9695f1ea3b6a6285cf [term 0 FOLLOWER]: Consensus starting up: Expiring failure detector timer to make a prompt election more likely
I20260709 12:57:58.336400  1258 raft_consensus.cc:740] T 2c95edc2809d4ae79842ca4aed05c354 P 6be460adbebf4c9695f1ea3b6a6285cf [term 0 FOLLOWER]: Becoming Follower/Learner. State: Replica: 6be460adbebf4c9695f1ea3b6a6285cf, State: Initialized, Role: FOLLOWER
I20260709 12:57:58.336786  1256 raft_consensus.cc:359] T dd65593693dd449d9f907e6ea29b6890 P 510684f49c9e49a8838857869ba37ba9 [term 0 FOLLOWER]: Replica starting. Triggering 0 pending ops. Active config: opid_index: -1 OBSOLETE_local: false peers { permanent_uuid: "6be460adbebf4c9695f1ea3b6a6285cf" member_type: VOTER last_known_addr { host: "127.0.107.193" port: 38747 } } peers { permanent_uuid: "510684f49c9e49a8838857869ba37ba9" member_type: VOTER last_known_addr { host: "127.0.107.194" port: 38341 } } peers { permanent_uuid: "a068c0f86c2a4282a961df8be5c95435" member_type: VOTER last_known_addr { host: "127.0.107.195" port: 36165 } }
I20260709 12:57:58.337471  1256 raft_consensus.cc:385] T dd65593693dd449d9f907e6ea29b6890 P 510684f49c9e49a8838857869ba37ba9 [term 0 FOLLOWER]: Consensus starting up: Expiring failure detector timer to make a prompt election more likely
I20260709 12:57:58.337767  1256 raft_consensus.cc:740] T dd65593693dd449d9f907e6ea29b6890 P 510684f49c9e49a8838857869ba37ba9 [term 0 FOLLOWER]: Becoming Follower/Learner. State: Replica: 510684f49c9e49a8838857869ba37ba9, State: Initialized, Role: FOLLOWER
I20260709 12:57:58.337957  1257 raft_consensus.cc:359] T dd65593693dd449d9f907e6ea29b6890 P a068c0f86c2a4282a961df8be5c95435 [term 0 FOLLOWER]: Replica starting. Triggering 0 pending ops. Active config: opid_index: -1 OBSOLETE_local: false peers { permanent_uuid: "6be460adbebf4c9695f1ea3b6a6285cf" member_type: VOTER last_known_addr { host: "127.0.107.193" port: 38747 } } peers { permanent_uuid: "510684f49c9e49a8838857869ba37ba9" member_type: VOTER last_known_addr { host: "127.0.107.194" port: 38341 } } peers { permanent_uuid: "a068c0f86c2a4282a961df8be5c95435" member_type: VOTER last_known_addr { host: "127.0.107.195" port: 36165 } }
I20260709 12:57:58.338655  1257 raft_consensus.cc:385] T dd65593693dd449d9f907e6ea29b6890 P a068c0f86c2a4282a961df8be5c95435 [term 0 FOLLOWER]: Consensus starting up: Expiring failure detector timer to make a prompt election more likely
I20260709 12:57:58.338863  1257 raft_consensus.cc:740] T dd65593693dd449d9f907e6ea29b6890 P a068c0f86c2a4282a961df8be5c95435 [term 0 FOLLOWER]: Becoming Follower/Learner. State: Replica: a068c0f86c2a4282a961df8be5c95435, State: Initialized, Role: FOLLOWER
I20260709 12:57:58.338492  1256 consensus_queue.cc:260] T dd65593693dd449d9f907e6ea29b6890 P 510684f49c9e49a8838857869ba37ba9 [NON_LEADER]: Queue going to NON_LEADER mode. State: All replicated index: 0, Majority replicated index: 0, Committed index: 0, Last appended: 0.0, Last appended by leader: 0, Current term: 0, Majority size: -1, State: 0, Mode: NON_LEADER, active raft config: opid_index: -1 OBSOLETE_local: false peers { permanent_uuid: "6be460adbebf4c9695f1ea3b6a6285cf" member_type: VOTER last_known_addr { host: "127.0.107.193" port: 38747 } } peers { permanent_uuid: "510684f49c9e49a8838857869ba37ba9" member_type: VOTER last_known_addr { host: "127.0.107.194" port: 38341 } } peers { permanent_uuid: "a068c0f86c2a4282a961df8be5c95435" member_type: VOTER last_known_addr { host: "127.0.107.195" port: 36165 } }
I20260709 12:57:58.339579  1257 consensus_queue.cc:260] T dd65593693dd449d9f907e6ea29b6890 P a068c0f86c2a4282a961df8be5c95435 [NON_LEADER]: Queue going to NON_LEADER mode. State: All replicated index: 0, Majority replicated index: 0, Committed index: 0, Last appended: 0.0, Last appended by leader: 0, Current term: 0, Majority size: -1, State: 0, Mode: NON_LEADER, active raft config: opid_index: -1 OBSOLETE_local: false peers { permanent_uuid: "6be460adbebf4c9695f1ea3b6a6285cf" member_type: VOTER last_known_addr { host: "127.0.107.193" port: 38747 } } peers { permanent_uuid: "510684f49c9e49a8838857869ba37ba9" member_type: VOTER last_known_addr { host: "127.0.107.194" port: 38341 } } peers { permanent_uuid: "a068c0f86c2a4282a961df8be5c95435" member_type: VOTER last_known_addr { host: "127.0.107.195" port: 36165 } }
I20260709 12:57:58.341099  1256 ts_tablet_manager.cc:1434] T dd65593693dd449d9f907e6ea29b6890 P 510684f49c9e49a8838857869ba37ba9: Time spent starting tablet: real 0.007s	user 0.007s	sys 0.000s
I20260709 12:57:58.340727  1258 consensus_queue.cc:260] T 2c95edc2809d4ae79842ca4aed05c354 P 6be460adbebf4c9695f1ea3b6a6285cf [NON_LEADER]: Queue going to NON_LEADER mode. State: All replicated index: 0, Majority replicated index: 0, Committed index: 0, Last appended: 0.0, Last appended by leader: 0, Current term: 0, Majority size: -1, State: 0, Mode: NON_LEADER, active raft config: opid_index: -1 OBSOLETE_local: false peers { permanent_uuid: "6be460adbebf4c9695f1ea3b6a6285cf" member_type: VOTER last_known_addr { host: "127.0.107.193" port: 38747 } } peers { permanent_uuid: "510684f49c9e49a8838857869ba37ba9" member_type: VOTER last_known_addr { host: "127.0.107.194" port: 38341 } } peers { permanent_uuid: "a068c0f86c2a4282a961df8be5c95435" member_type: VOTER last_known_addr { host: "127.0.107.195" port: 36165 } }
I20260709 12:57:58.342078  1256 tablet_bootstrap.cc:492] T 02711afdec9640f6bd510a50bb620a1e P 510684f49c9e49a8838857869ba37ba9: Bootstrap starting.
I20260709 12:57:58.344956  1257 ts_tablet_manager.cc:1434] T dd65593693dd449d9f907e6ea29b6890 P a068c0f86c2a4282a961df8be5c95435: Time spent starting tablet: real 0.011s	user 0.006s	sys 0.001s
