I20260709 13:10:36.473076  3862 consensus_queue.cc:260] T bbfee53d025046778c2d13def40abfd5 P fa96f185aedf461bb536bc3c2aa3aa65 [NON_LEADER]: Queue going to NON_LEADER mode. State: All replicated index: 0, Majority replicated index: 0, Committed index: 0, Last appended: 0.0, Last appended by leader: 0, Current term: 0, Majority size: -1, State: 0, Mode: NON_LEADER, active raft config: opid_index: -1 OBSOLETE_local: false peers { permanent_uuid: "c2279e6e1df7438fa78b9568033f8d68" member_type: VOTER last_known_addr { host: "127.3.115.129" port: 32935 } } peers { permanent_uuid: "fa96f185aedf461bb536bc3c2aa3aa65" member_type: VOTER last_known_addr { host: "127.3.115.130" port: 34381 } } peers { permanent_uuid: "1fce1e3be7c34d6da45d7cdd63b182dc" member_type: VOTER last_known_addr { host: "127.3.115.131" port: 39697 } }
I20260709 13:10:36.478739  3769 heartbeater.cc:499] Master 127.3.115.190:36859 was elected leader, sending a full tablet report...
I20260709 13:10:36.479658  3862 ts_tablet_manager.cc:1434] T bbfee53d025046778c2d13def40abfd5 P fa96f185aedf461bb536bc3c2aa3aa65: Time spent starting tablet: real 0.011s	user 0.006s	sys 0.004s
I20260709 13:10:36.480737  3862 tablet_bootstrap.cc:492] T 32608d48001340a4a210fd63c12ca73a P fa96f185aedf461bb536bc3c2aa3aa65: Bootstrap starting.
I20260709 13:10:36.486970  3862 tablet_bootstrap.cc:654] T 32608d48001340a4a210fd63c12ca73a P fa96f185aedf461bb536bc3c2aa3aa65: Neither blocks nor log segments found. Creating new log.
I20260709 13:10:36.498380  3861 ts_tablet_manager.cc:1434] T bbfee53d025046778c2d13def40abfd5 P 1fce1e3be7c34d6da45d7cdd63b182dc: Time spent starting tablet: real 0.037s	user 0.008s	sys 0.003s
I20260709 13:10:36.498540  3862 tablet_bootstrap.cc:492] T 32608d48001340a4a210fd63c12ca73a P fa96f185aedf461bb536bc3c2aa3aa65: No bootstrap required, opened a new log
I20260709 13:10:36.504340  3862 ts_tablet_manager.cc:1403] T 32608d48001340a4a210fd63c12ca73a P fa96f185aedf461bb536bc3c2aa3aa65: Time spent bootstrapping tablet: real 0.024s	user 0.017s	sys 0.000s
I20260709 13:10:36.506249  3694 heartbeater.cc:499] Master 127.3.115.190:36859 was elected leader, sending a full tablet report...
I20260709 13:10:36.507110  3862 raft_consensus.cc:359] T 32608d48001340a4a210fd63c12ca73a P fa96f185aedf461bb536bc3c2aa3aa65 [term 0 FOLLOWER]: Replica starting. Triggering 0 pending ops. Active config: opid_index: -1 OBSOLETE_local: false peers { permanent_uuid: "c2279e6e1df7438fa78b9568033f8d68" member_type: VOTER last_known_addr { host: "127.3.115.129" port: 32935 } } peers { permanent_uuid: "fa96f185aedf461bb536bc3c2aa3aa65" member_type: VOTER last_known_addr { host: "127.3.115.130" port: 34381 } } peers { permanent_uuid: "1fce1e3be7c34d6da45d7cdd63b182dc" member_type: VOTER last_known_addr { host: "127.3.115.131" port: 39697 } }
I20260709 13:10:36.507817  3862 raft_consensus.cc:385] T 32608d48001340a4a210fd63c12ca73a P fa96f185aedf461bb536bc3c2aa3aa65 [term 0 FOLLOWER]: Consensus starting up: Expiring failure detector timer to make a prompt election more likely
I20260709 13:10:36.508085  3862 raft_consensus.cc:740] T 32608d48001340a4a210fd63c12ca73a P fa96f185aedf461bb536bc3c2aa3aa65 [term 0 FOLLOWER]: Becoming Follower/Learner. State: Replica: fa96f185aedf461bb536bc3c2aa3aa65, State: Initialized, Role: FOLLOWER
I20260709 13:10:36.508765  3862 consensus_queue.cc:260] T 32608d48001340a4a210fd63c12ca73a P fa96f185aedf461bb536bc3c2aa3aa65 [NON_LEADER]: Queue going to NON_LEADER mode. State: All replicated index: 0, Majority replicated index: 0, Committed index: 0, Last appended: 0.0, Last appended by leader: 0, Current term: 0, Majority size: -1, State: 0, Mode: NON_LEADER, active raft config: opid_index: -1 OBSOLETE_local: false peers { permanent_uuid: "c2279e6e1df7438fa78b9568033f8d68" member_type: VOTER last_known_addr { host: "127.3.115.129" port: 32935 } } peers { permanent_uuid: "fa96f185aedf461bb536bc3c2aa3aa65" member_type: VOTER last_known_addr { host: "127.3.115.130" port: 34381 } } peers { permanent_uuid: "1fce1e3be7c34d6da45d7cdd63b182dc" member_type: VOTER last_known_addr { host: "127.3.115.131" port: 39697 } }
I20260709 13:10:36.511034  3862 ts_tablet_manager.cc:1434] T 32608d48001340a4a210fd63c12ca73a P fa96f185aedf461bb536bc3c2aa3aa65: Time spent starting tablet: real 0.006s	user 0.007s	sys 0.000s
I20260709 13:10:36.511870  3862 tablet_bootstrap.cc:492] T 72612c4643984c9ebb4019c1f1c86116 P fa96f185aedf461bb536bc3c2aa3aa65: Bootstrap starting.
I20260709 13:10:36.516364  3870 raft_consensus.cc:493] T bbfee53d025046778c2d13def40abfd5 P c2279e6e1df7438fa78b9568033f8d68 [term 0 FOLLOWER]: Starting pre-election (no leader contacted us within the election timeout)
I20260709 13:10:36.517232  3843 heartbeater.cc:499] Master 127.3.115.190:36859 was elected leader, sending a full tablet report...
I20260709 13:10:36.517920  3862 tablet_bootstrap.cc:654] T 72612c4643984c9ebb4019c1f1c86116 P fa96f185aedf461bb536bc3c2aa3aa65: Neither blocks nor log segments found. Creating new log.
I20260709 13:10:36.518328  3861 tablet_bootstrap.cc:492] T a0fa19b779164fb8b22f7ac3747cdefb P 1fce1e3be7c34d6da45d7cdd63b182dc: Bootstrap starting.
I20260709 13:10:36.525560  3870 raft_consensus.cc:515] T bbfee53d025046778c2d13def40abfd5 P c2279e6e1df7438fa78b9568033f8d68 [term 0 FOLLOWER]: Starting pre-election with config: opid_index: -1 OBSOLETE_local: false peers { permanent_uuid: "c2279e6e1df7438fa78b9568033f8d68" member_type: VOTER last_known_addr { host: "127.3.115.129" port: 32935 } } peers { permanent_uuid: "fa96f185aedf461bb536bc3c2aa3aa65" member_type: VOTER last_known_addr { host: "127.3.115.130" port: 34381 } } peers { permanent_uuid: "1fce1e3be7c34d6da45d7cdd63b182dc" member_type: VOTER last_known_addr { host: "127.3.115.131" port: 39697 } }
W20260709 13:10:36.528780  3770 tablet.cc:2406] T 32608d48001340a4a210fd63c12ca73a P fa96f185aedf461bb536bc3c2aa3aa65: Can't schedule compaction. Clean time has not been advanced past its initial value.
I20260709 13:10:36.530733  3863 ts_tablet_manager.cc:1434] T bbfee53d025046778c2d13def40abfd5 P c2279e6e1df7438fa78b9568033f8d68: Time spent starting tablet: real 0.068s	user 0.012s	sys 0.052s
I20260709 13:10:36.531709  3863 tablet_bootstrap.cc:492] T 6a6ba639d934447eb98cb2a4098b5b4c P c2279e6e1df7438fa78b9568033f8d68: Bootstrap starting.
I20260709 13:10:36.538287  3863 tablet_bootstrap.cc:654] T 6a6ba639d934447eb98cb2a4098b5b4c P c2279e6e1df7438fa78b9568033f8d68: Neither blocks nor log segments found. Creating new log.
I20260709 13:10:36.540124  3870 leader_election.cc:290] T bbfee53d025046778c2d13def40abfd5 P c2279e6e1df7438fa78b9568033f8d68 [CANDIDATE]: Term 1 pre-election: Requested pre-vote from peers fa96f185aedf461bb536bc3c2aa3aa65 (127.3.115.130:34381), 1fce1e3be7c34d6da45d7cdd63b182dc (127.3.115.131:39697)
I20260709 13:10:36.547931  3861 tablet_bootstrap.cc:654] T a0fa19b779164fb8b22f7ac3747cdefb P 1fce1e3be7c34d6da45d7cdd63b182dc: Neither blocks nor log segments found. Creating new log.
I20260709 13:10:36.553608  3862 tablet_bootstrap.cc:492] T 72612c4643984c9ebb4019c1f1c86116 P fa96f185aedf461bb536bc3c2aa3aa65: No bootstrap required, opened a new log
I20260709 13:10:36.554131  3862 ts_tablet_manager.cc:1403] T 72612c4643984c9ebb4019c1f1c86116 P fa96f185aedf461bb536bc3c2aa3aa65: Time spent bootstrapping tablet: real 0.042s	user 0.009s	sys 0.005s
I20260709 13:10:36.557024  3862 raft_consensus.cc:359] T 72612c4643984c9ebb4019c1f1c86116 P fa96f185aedf461bb536bc3c2aa3aa65 [term 0 FOLLOWER]: Replica starting. Triggering 0 pending ops. Active config: opid_index: -1 OBSOLETE_local: false peers { permanent_uuid: "c2279e6e1df7438fa78b9568033f8d68" member_type: VOTER last_known_addr { host: "127.3.115.129" port: 32935 } } peers { permanent_uuid: "fa96f185aedf461bb536bc3c2aa3aa65" member_type: VOTER last_known_addr { host: "127.3.115.130" port: 34381 } } peers { permanent_uuid: "1fce1e3be7c34d6da45d7cdd63b182dc" member_type: VOTER last_known_addr { host: "127.3.115.131" port: 39697 } }
I20260709 13:10:36.563577  3862 raft_consensus.cc:385] T 72612c4643984c9ebb4019c1f1c86116 P fa96f185aedf461bb536bc3c2aa3aa65 [term 0 FOLLOWER]: Consensus starting up: Expiring failure detector timer to make a prompt election more likely
I20260709 13:10:36.565462  3862 raft_consensus.cc:740] T 72612c4643984c9ebb4019c1f1c86116 P fa96f185aedf461bb536bc3c2aa3aa65 [term 0 FOLLOWER]: Becoming Follower/Learner. State: Replica: fa96f185aedf461bb536bc3c2aa3aa65, State: Initialized, Role: FOLLOWER
I20260709 13:10:36.566645  3744 tablet_service.cc:1917] Received RequestConsensusVote() RPC: tablet_id: "bbfee53d025046778c2d13def40abfd5" candidate_uuid: "c2279e6e1df7438fa78b9568033f8d68" candidate_term: 1 candidate_status { last_received { term: 0 index: 0 } } ignore_live_leader: false dest_uuid: "fa96f185aedf461bb536bc3c2aa3aa65" is_pre_election: true
I20260709 13:10:36.566780  3862 consensus_queue.cc:260] T 72612c4643984c9ebb4019c1f1c86116 P fa96f185aedf461bb536bc3c2aa3aa65 [NON_LEADER]: Queue going to NON_LEADER mode. State: All replicated index: 0, Majority replicated index: 0, Committed index: 0, Last appended: 0.0, Last appended by leader: 0, Current term: 0, Majority size: -1, State: 0, Mode: NON_LEADER, active raft config: opid_index: -1 OBSOLETE_local: false peers { permanent_uuid: "c2279e6e1df7438fa78b9568033f8d68" member_type: VOTER last_known_addr { host: "127.3.115.129" port: 32935 } } peers { permanent_uuid: "fa96f185aedf461bb536bc3c2aa3aa65" member_type: VOTER last_known_addr { host: "127.3.115.130" port: 34381 } } peers { permanent_uuid: "1fce1e3be7c34d6da45d7cdd63b182dc" member_type: VOTER last_known_addr { host: "127.3.115.131" port: 39697 } }
I20260709 13:10:36.567487  3744 raft_consensus.cc:2468] T bbfee53d025046778c2d13def40abfd5 P fa96f185aedf461bb536bc3c2aa3aa65 [term 0 FOLLOWER]: Leader pre-election vote request: Granting yes vote for candidate c2279e6e1df7438fa78b9568033f8d68 in term 0.
I20260709 13:10:36.569216  3862 ts_tablet_manager.cc:1434] T 72612c4643984c9ebb4019c1f1c86116 P fa96f185aedf461bb536bc3c2aa3aa65: Time spent starting tablet: real 0.015s	user 0.002s	sys 0.004s
I20260709 13:10:36.569093  3633 leader_election.cc:304] T bbfee53d025046778c2d13def40abfd5 P c2279e6e1df7438fa78b9568033f8d68 [CANDIDATE]: Term 1 pre-election: Election decided. Result: candidate won. Election summary: received 2 responses out of 3 voters: 2 yes votes; 0 no votes. yes voters: c2279e6e1df7438fa78b9568033f8d68, fa96f185aedf461bb536bc3c2aa3aa65; no voters: 
I20260709 13:10:36.561655  3863 tablet_bootstrap.cc:492] T 6a6ba639d934447eb98cb2a4098b5b4c P c2279e6e1df7438fa78b9568033f8d68: No bootstrap required, opened a new log
I20260709 13:10:36.569991  3870 raft_consensus.cc:2804] T bbfee53d025046778c2d13def40abfd5 P c2279e6e1df7438fa78b9568033f8d68 [term 0 FOLLOWER]: Leader pre-election won for term 1
I20260709 13:10:36.570341  3863 ts_tablet_manager.cc:1403] T 6a6ba639d934447eb98cb2a4098b5b4c P c2279e6e1df7438fa78b9568033f8d68: Time spent bootstrapping tablet: real 0.039s	user 0.014s	sys 0.001s
I20260709 13:10:36.570361  3870 raft_consensus.cc:493] T bbfee53d025046778c2d13def40abfd5 P c2279e6e1df7438fa78b9568033f8d68 [term 0 FOLLOWER]: Starting leader election (no leader contacted us within the election timeout)
I20260709 13:10:36.570871  3870 raft_consensus.cc:3060] T bbfee53d025046778c2d13def40abfd5 P c2279e6e1df7438fa78b9568033f8d68 [term 0 FOLLOWER]: Advancing to term 1
I20260709 13:10:36.577607  3870 raft_consensus.cc:515] T bbfee53d025046778c2d13def40abfd5 P c2279e6e1df7438fa78b9568033f8d68 [term 1 FOLLOWER]: Starting leader election with config: opid_index: -1 OBSOLETE_local: false peers { permanent_uuid: "c2279e6e1df7438fa78b9568033f8d68" member_type: VOTER last_known_addr { host: "127.3.115.129" port: 32935 } } peers { permanent_uuid: "fa96f185aedf461bb536bc3c2aa3aa65" member_type: VOTER last_known_addr { host: "127.3.115.130" port: 34381 } } peers { permanent_uuid: "1fce1e3be7c34d6da45d7cdd63b182dc" member_type: VOTER last_known_addr { host: "127.3.115.131" port: 39697 } }
I20260709 13:10:36.573386  3863 raft_consensus.cc:359] T 6a6ba639d934447eb98cb2a4098b5b4c P c2279e6e1df7438fa78b9568033f8d68 [term 0 FOLLOWER]: Replica starting. Triggering 0 pending ops. Active config: opid_index: -1 OBSOLETE_local: false peers { permanent_uuid: "c2279e6e1df7438fa78b9568033f8d68" member_type: VOTER last_known_addr { host: "127.3.115.129" port: 32935 } } peers { permanent_uuid: "fa96f185aedf461bb536bc3c2aa3aa65" member_type: VOTER last_known_addr { host: "127.3.115.130" port: 34381 } } peers { permanent_uuid: "1fce1e3be7c34d6da45d7cdd63b182dc" member_type: VOTER last_known_addr { host: "127.3.115.131" port: 39697 } }
I20260709 13:10:36.578531  3863 raft_consensus.cc:385] T 6a6ba639d934447eb98cb2a4098b5b4c P c2279e6e1df7438fa78b9568033f8d68 [term 0 FOLLOWER]: Consensus starting up: Expiring failure detector timer to make a prompt election more likely
I20260709 13:10:36.578872  3863 raft_consensus.cc:740] T 6a6ba639d934447eb98cb2a4098b5b4c P c2279e6e1df7438fa78b9568033f8d68 [term 0 FOLLOWER]: Becoming Follower/Learner. State: Replica: c2279e6e1df7438fa78b9568033f8d68, State: Initialized, Role: FOLLOWER
I20260709 13:10:36.579581  3863 consensus_queue.cc:260] T 6a6ba639d934447eb98cb2a4098b5b4c P c2279e6e1df7438fa78b9568033f8d68 [NON_LEADER]: Queue going to NON_LEADER mode. State: All replicated index: 0, Majority replicated index: 0, Committed index: 0, Last appended: 0.0, Last appended by leader: 0, Current term: 0, Majority size: -1, State: 0, Mode: NON_LEADER, active raft config: opid_index: -1 OBSOLETE_local: false peers { permanent_uuid: "c2279e6e1df7438fa78b9568033f8d68" member_type: VOTER last_known_addr { host: "127.3.115.129" port: 32935 } } peers { permanent_uuid: "fa96f185aedf461bb536bc3c2aa3aa65" member_type: VOTER last_known_addr { host: "127.3.115.130" port: 34381 } } peers { permanent_uuid: "1fce1e3be7c34d6da45d7cdd63b182dc" member_type: VOTER last_known_addr { host: "127.3.115.131" port: 39697 } }
I20260709 13:10:36.580436  3744 tablet_service.cc:1917] Received RequestConsensusVote() RPC: tablet_id: "bbfee53d025046778c2d13def40abfd5" candidate_uuid: "c2279e6e1df7438fa78b9568033f8d68" candidate_term: 1 candidate_status { last_received { term: 0 index: 0 } } ignore_live_leader: false dest_uuid: "fa96f185aedf461bb536bc3c2aa3aa65"
I20260709 13:10:36.580950  3744 raft_consensus.cc:3060] T bbfee53d025046778c2d13def40abfd5 P fa96f185aedf461bb536bc3c2aa3aa65 [term 0 FOLLOWER]: Advancing to term 1
I20260709 13:10:36.581676  3863 ts_tablet_manager.cc:1434] T 6a6ba639d934447eb98cb2a4098b5b4c P c2279e6e1df7438fa78b9568033f8d68: Time spent starting tablet: real 0.011s	user 0.002s	sys 0.002s
I20260709 13:10:36.586476  3818 tablet_service.cc:1917] Received RequestConsensusVote() RPC: tablet_id: "bbfee53d025046778c2d13def40abfd5" candidate_uuid: "c2279e6e1df7438fa78b9568033f8d68" candidate_term: 1 candidate_status { last_received { term: 0 index: 0 } } ignore_live_leader: false dest_uuid: "1fce1e3be7c34d6da45d7cdd63b182dc" is_pre_election: true
I20260709 13:10:36.587214  3818 raft_consensus.cc:2468] T bbfee53d025046778c2d13def40abfd5 P 1fce1e3be7c34d6da45d7cdd63b182dc [term 0 FOLLOWER]: Leader pre-election vote request: Granting yes vote for candidate c2279e6e1df7438fa78b9568033f8d68 in term 0.
I20260709 13:10:36.588289  3744 raft_consensus.cc:2468] T bbfee53d025046778c2d13def40abfd5 P fa96f185aedf461bb536bc3c2aa3aa65 [term 1 FOLLOWER]: Leader election vote request: Granting yes vote for candidate c2279e6e1df7438fa78b9568033f8d68 in term 1.
I20260709 13:10:36.582624  3863 tablet_bootstrap.cc:492] T cf61d52abc4e49c8899b3ef23307cc6a P c2279e6e1df7438fa78b9568033f8d68: Bootstrap starting.
I20260709 13:10:36.589471  3633 leader_election.cc:304] T bbfee53d025046778c2d13def40abfd5 P c2279e6e1df7438fa78b9568033f8d68 [CANDIDATE]: Term 1 election: Election decided. Result: candidate won. Election summary: received 2 responses out of 3 voters: 2 yes votes; 0 no votes. yes voters: c2279e6e1df7438fa78b9568033f8d68, fa96f185aedf461bb536bc3c2aa3aa65; no voters: 
I20260709 13:10:36.590372  3867 raft_consensus.cc:2804] T bbfee53d025046778c2d13def40abfd5 P c2279e6e1df7438fa78b9568033f8d68 [term 1 FOLLOWER]: Leader election won for term 1
I20260709 13:10:36.595433  3863 tablet_bootstrap.cc:654] T cf61d52abc4e49c8899b3ef23307cc6a P c2279e6e1df7438fa78b9568033f8d68: Neither blocks nor log segments found. Creating new log.
I20260709 13:10:36.598345  3862 tablet_bootstrap.cc:492] T c6898fccc1fd43ba8487429e8c81933d P fa96f185aedf461bb536bc3c2aa3aa65: Bootstrap starting.
I20260709 13:10:36.600409  3818 tablet_service.cc:1917] Received RequestConsensusVote() RPC: tablet_id: "bbfee53d025046778c2d13def40abfd5" candidate_uuid: "c2279e6e1df7438fa78b9568033f8d68" candidate_term: 1 candidate_status { last_received { term: 0 index: 0 } } ignore_live_leader: false dest_uuid: "1fce1e3be7c34d6da45d7cdd63b182dc"
I20260709 13:10:36.601394  3818 raft_consensus.cc:3060] T bbfee53d025046778c2d13def40abfd5 P 1fce1e3be7c34d6da45d7cdd63b182dc [term 0 FOLLOWER]: Advancing to term 1
I20260709 13:10:36.604274  3861 tablet_bootstrap.cc:492] T a0fa19b779164fb8b22f7ac3747cdefb P 1fce1e3be7c34d6da45d7cdd63b182dc: No bootstrap required, opened a new log
I20260709 13:10:36.604775  3861 ts_tablet_manager.cc:1403] T a0fa19b779164fb8b22f7ac3747cdefb P 1fce1e3be7c34d6da45d7cdd63b182dc: Time spent bootstrapping tablet: real 0.087s	user 0.010s	sys 0.002s
I20260709 13:10:36.606956  3863 tablet_bootstrap.cc:492] T cf61d52abc4e49c8899b3ef23307cc6a P c2279e6e1df7438fa78b9568033f8d68: No bootstrap required, opened a new log
I20260709 13:10:36.607398  3863 ts_tablet_manager.cc:1403] T cf61d52abc4e49c8899b3ef23307cc6a P c2279e6e1df7438fa78b9568033f8d68: Time spent bootstrapping tablet: real 0.025s	user 0.008s	sys 0.009s
I20260709 13:10:36.608314  3818 raft_consensus.cc:2468] T bbfee53d025046778c2d13def40abfd5 P 1fce1e3be7c34d6da45d7cdd63b182dc [term 1 FOLLOWER]: Leader election vote request: Granting yes vote for candidate c2279e6e1df7438fa78b9568033f8d68 in term 1.
I20260709 13:10:36.608284  3861 raft_consensus.cc:359] T a0fa19b779164fb8b22f7ac3747cdefb P 1fce1e3be7c34d6da45d7cdd63b182dc [term 0 FOLLOWER]: Replica starting. Triggering 0 pending ops. Active config: opid_index: -1 OBSOLETE_local: false peers { permanent_uuid: "c2279e6e1df7438fa78b9568033f8d68" member_type: VOTER last_known_addr { host: "127.3.115.129" port: 32935 } } peers { permanent_uuid: "fa96f185aedf461bb536bc3c2aa3aa65" member_type: VOTER last_known_addr { host: "127.3.115.130" port: 34381 } } peers { permanent_uuid: "1fce1e3be7c34d6da45d7cdd63b182dc" member_type: VOTER last_known_addr { host: "127.3.115.131" port: 39697 } }
I20260709 13:10:36.609164  3861 raft_consensus.cc:385] T a0fa19b779164fb8b22f7ac3747cdefb P 1fce1e3be7c34d6da45d7cdd63b182dc [term 0 FOLLOWER]: Consensus starting up: Expiring failure detector timer to make a prompt election more likely
I20260709 13:10:36.609465  3861 raft_consensus.cc:740] T a0fa19b779164fb8b22f7ac3747cdefb P 1fce1e3be7c34d6da45d7cdd63b182dc [term 0 FOLLOWER]: Becoming Follower/Learner. State: Replica: 1fce1e3be7c34d6da45d7cdd63b182dc, State: Initialized, Role: FOLLOWER
I20260709 13:10:36.609965  3870 leader_election.cc:290] T bbfee53d025046778c2d13def40abfd5 P c2279e6e1df7438fa78b9568033f8d68 [CANDIDATE]: Term 1 election: Requested vote from peers fa96f185aedf461bb536bc3c2aa3aa65 (127.3.115.130:34381), 1fce1e3be7c34d6da45d7cdd63b182dc (127.3.115.131:39697)
I20260709 13:10:36.610206  3863 raft_consensus.cc:359] T cf61d52abc4e49c8899b3ef23307cc6a P c2279e6e1df7438fa78b9568033f8d68 [term 0 FOLLOWER]: Replica starting. Triggering 0 pending ops. Active config: opid_index: -1 OBSOLETE_local: false peers { permanent_uuid: "fa96f185aedf461bb536bc3c2aa3aa65" member_type: VOTER last_known_addr { host: "127.3.115.130" port: 34381 } } peers { permanent_uuid: "1fce1e3be7c34d6da45d7cdd63b182dc" member_type: VOTER last_known_addr { host: "127.3.115.131" port: 39697 } } peers { permanent_uuid: "c2279e6e1df7438fa78b9568033f8d68" member_type: VOTER last_known_addr { host: "127.3.115.129" port: 32935 } }
I20260709 13:10:36.611368  3863 raft_consensus.cc:385] T cf61d52abc4e49c8899b3ef23307cc6a P c2279e6e1df7438fa78b9568033f8d68 [term 0 FOLLOWER]: Consensus starting up: Expiring failure detector timer to make a prompt election more likely
I20260709 13:10:36.611624  3863 raft_consensus.cc:740] T cf61d52abc4e49c8899b3ef23307cc6a P c2279e6e1df7438fa78b9568033f8d68 [term 0 FOLLOWER]: Becoming Follower/Learner. State: Replica: c2279e6e1df7438fa78b9568033f8d68, State: Initialized, Role: FOLLOWER
I20260709 13:10:36.612303  3863 consensus_queue.cc:260] T cf61d52abc4e49c8899b3ef23307cc6a P c2279e6e1df7438fa78b9568033f8d68 [NON_LEADER]: Queue going to NON_LEADER mode. State: All replicated index: 0, Majority replicated index: 0, Committed index: 0, Last appended: 0.0, Last appended by leader: 0, Current term: 0, Majority size: -1, State: 0, Mode: NON_LEADER, active raft config: opid_index: -1 OBSOLETE_local: false peers { permanent_uuid: "fa96f185aedf461bb536bc3c2aa3aa65" member_type: VOTER last_known_addr { host: "127.3.115.130" port: 34381 } } peers { permanent_uuid: "1fce1e3be7c34d6da45d7cdd63b182dc" member_type: VOTER last_known_addr { host: "127.3.115.131" port: 39697 } } peers { permanent_uuid: "c2279e6e1df7438fa78b9568033f8d68" member_type: VOTER last_known_addr { host: "127.3.115.129" port: 32935 } }
I20260709 13:10:36.610275  3861 consensus_queue.cc:260] T a0fa19b779164fb8b22f7ac3747cdefb P 1fce1e3be7c34d6da45d7cdd63b182dc [NON_LEADER]: Queue going to NON_LEADER mode. State: All replicated index: 0, Majority replicated index: 0, Committed index: 0, Last appended: 0.0, Last appended by leader: 0, Current term: 0, Majority size: -1, State: 0, Mode: NON_LEADER, active raft config: opid_index: -1 OBSOLETE_local: false peers { permanent_uuid: "c2279e6e1df7438fa78b9568033f8d68" member_type: VOTER last_known_addr { host: "127.3.115.129" port: 32935 } } peers { permanent_uuid: "fa96f185aedf461bb536bc3c2aa3aa65" member_type: VOTER last_known_addr { host: "127.3.115.130" port: 34381 } } peers { permanent_uuid: "1fce1e3be7c34d6da45d7cdd63b182dc" member_type: VOTER last_known_addr { host: "127.3.115.131" port: 39697 } }
I20260709 13:10:36.613984  3863 ts_tablet_manager.cc:1434] T cf61d52abc4e49c8899b3ef23307cc6a P c2279e6e1df7438fa78b9568033f8d68: Time spent starting tablet: real 0.006s	user 0.003s	sys 0.001s
I20260709 13:10:36.616484  3863 tablet_bootstrap.cc:492] T 72612c4643984c9ebb4019c1f1c86116 P c2279e6e1df7438fa78b9568033f8d68: Bootstrap starting.
I20260709 13:10:36.617902  3862 tablet_bootstrap.cc:654] T c6898fccc1fd43ba8487429e8c81933d P fa96f185aedf461bb536bc3c2aa3aa65: Neither blocks nor log segments found. Creating new log.
I20260709 13:10:36.615465  3861 ts_tablet_manager.cc:1434] T a0fa19b779164fb8b22f7ac3747cdefb P 1fce1e3be7c34d6da45d7cdd63b182dc: Time spent starting tablet: real 0.010s	user 0.002s	sys 0.007s
I20260709 13:10:36.620311  3861 tablet_bootstrap.cc:492] T 72612c4643984c9ebb4019c1f1c86116 P 1fce1e3be7c34d6da45d7cdd63b182dc: Bootstrap starting.
I20260709 13:10:36.620369  3867 raft_consensus.cc:697] T bbfee53d025046778c2d13def40abfd5 P c2279e6e1df7438fa78b9568033f8d68 [term 1 LEADER]: Becoming Leader. State: Replica: c2279e6e1df7438fa78b9568033f8d68, State: Running, Role: LEADER
I20260709 13:10:36.621296  3867 consensus_queue.cc:237] T bbfee53d025046778c2d13def40abfd5 P c2279e6e1df7438fa78b9568033f8d68 [LEADER]: Queue going to LEADER mode. State: All replicated index: 0, Majority replicated index: 0, Committed index: 0, Last appended: 0.0, Last appended by leader: 0, Current term: 1, Majority size: 2, State: 0, Mode: LEADER, active raft config: opid_index: -1 OBSOLETE_local: false peers { permanent_uuid: "c2279e6e1df7438fa78b9568033f8d68" member_type: VOTER last_known_addr { host: "127.3.115.129" port: 32935 } } peers { permanent_uuid: "fa96f185aedf461bb536bc3c2aa3aa65" member_type: VOTER last_known_addr { host: "127.3.115.130" port: 34381 } } peers { permanent_uuid: "1fce1e3be7c34d6da45d7cdd63b182dc" member_type: VOTER last_known_addr { host: "127.3.115.131" port: 39697 } }
I20260709 13:10:36.631799  3863 tablet_bootstrap.cc:654] T 72612c4643984c9ebb4019c1f1c86116 P c2279e6e1df7438fa78b9568033f8d68: Neither blocks nor log segments found. Creating new log.
I20260709 13:10:36.633885  3861 tablet_bootstrap.cc:654] T 72612c4643984c9ebb4019c1f1c86116 P 1fce1e3be7c34d6da45d7cdd63b182dc: Neither blocks nor log segments found. Creating new log.
I20260709 13:10:36.633086  3563 catalog_manager.cc:5697] T bbfee53d025046778c2d13def40abfd5 P c2279e6e1df7438fa78b9568033f8d68 reported cstate change: term changed from 0 to 1, leader changed from <none> to c2279e6e1df7438fa78b9568033f8d68 (127.3.115.129). New cstate: current_term: 1 leader_uuid: "c2279e6e1df7438fa78b9568033f8d68" committed_config { opid_index: -1 OBSOLETE_local: false peers { permanent_uuid: "c2279e6e1df7438fa78b9568033f8d68" member_type: VOTER last_known_addr { host: "127.3.115.129" port: 32935 } health_report { overall_health: HEALTHY } } peers { permanent_uuid: "fa96f185aedf461bb536bc3c2aa3aa65" member_type: VOTER last_known_addr { host: "127.3.115.130" port: 34381 } health_report { overall_health: UNKNOWN } } peers { permanent_uuid: "1fce1e3be7c34d6da45d7cdd63b182dc" member_type: VOTER last_known_addr { host: "127.3.115.131" port: 39697 } health_report { overall_health: UNKNOWN } } }
I20260709 13:10:36.640342  3862 tablet_bootstrap.cc:492] T c6898fccc1fd43ba8487429e8c81933d P fa96f185aedf461bb536bc3c2aa3aa65: No bootstrap required, opened a new log
I20260709 13:10:36.640770  3862 ts_tablet_manager.cc:1403] T c6898fccc1fd43ba8487429e8c81933d P fa96f185aedf461bb536bc3c2aa3aa65: Time spent bootstrapping tablet: real 0.043s	user 0.008s	sys 0.003s
I20260709 13:10:36.640901  3867 raft_consensus.cc:493] T 6a6ba639d934447eb98cb2a4098b5b4c P c2279e6e1df7438fa78b9568033f8d68 [term 0 FOLLOWER]: Starting pre-election (no leader contacted us within the election timeout)
I20260709 13:10:36.641345  3867 raft_consensus.cc:515] T 6a6ba639d934447eb98cb2a4098b5b4c P c2279e6e1df7438fa78b9568033f8d68 [term 0 FOLLOWER]: Starting pre-election with config: opid_index: -1 OBSOLETE_local: false peers { permanent_uuid: "c2279e6e1df7438fa78b9568033f8d68" member_type: VOTER last_known_addr { host: "127.3.115.129" port: 32935 } } peers { permanent_uuid: "fa96f185aedf461bb536bc3c2aa3aa65" member_type: VOTER last_known_addr { host: "127.3.115.130" port: 34381 } } peers { permanent_uuid: "1fce1e3be7c34d6da45d7cdd63b182dc" member_type: VOTER last_known_addr { host: "127.3.115.131" port: 39697 } }
I20260709 13:10:36.642659  3863 tablet_bootstrap.cc:492] T 72612c4643984c9ebb4019c1f1c86116 P c2279e6e1df7438fa78b9568033f8d68: No bootstrap required, opened a new log
I20260709 13:10:36.643435  3862 raft_consensus.cc:359] T c6898fccc1fd43ba8487429e8c81933d P fa96f185aedf461bb536bc3c2aa3aa65 [term 0 FOLLOWER]: Replica starting. Triggering 0 pending ops. Active config: opid_index: -1 OBSOLETE_local: false peers { permanent_uuid: "c2279e6e1df7438fa78b9568033f8d68" member_type: VOTER last_known_addr { host: "127.3.115.129" port: 32935 } } peers { permanent_uuid: "fa96f185aedf461bb536bc3c2aa3aa65" member_type: VOTER last_known_addr { host: "127.3.115.130" port: 34381 } } peers { permanent_uuid: "1fce1e3be7c34d6da45d7cdd63b182dc" member_type: VOTER last_known_addr { host: "127.3.115.131" port: 39697 } }
I20260709 13:10:36.644196  3862 raft_consensus.cc:385] T c6898fccc1fd43ba8487429e8c81933d P fa96f185aedf461bb536bc3c2aa3aa65 [term 0 FOLLOWER]: Consensus starting up: Expiring failure detector timer to make a prompt election more likely
I20260709 13:10:36.644498  3862 raft_consensus.cc:740] T c6898fccc1fd43ba8487429e8c81933d P fa96f185aedf461bb536bc3c2aa3aa65 [term 0 FOLLOWER]: Becoming Follower/Learner. State: Replica: fa96f185aedf461bb536bc3c2aa3aa65, State: Initialized, Role: FOLLOWER
I20260709 13:10:36.644443  3744 tablet_service.cc:1917] Received RequestConsensusVote() RPC: tablet_id: "6a6ba639d934447eb98cb2a4098b5b4c" candidate_uuid: "c2279e6e1df7438fa78b9568033f8d68" candidate_term: 1 candidate_status { last_received { term: 0 index: 0 } } ignore_live_leader: false dest_uuid: "fa96f185aedf461bb536bc3c2aa3aa65" is_pre_election: true
I20260709 13:10:36.645399  3862 consensus_queue.cc:260] T c6898fccc1fd43ba8487429e8c81933d P fa96f185aedf461bb536bc3c2aa3aa65 [NON_LEADER]: Queue going to NON_LEADER mode. State: All replicated index: 0, Majority replicated index: 0, Committed index: 0, Last appended: 0.0, Last appended by leader: 0, Current term: 0, Majority size: -1, State: 0, Mode: NON_LEADER, active raft config: opid_index: -1 OBSOLETE_local: false peers { permanent_uuid: "c2279e6e1df7438fa78b9568033f8d68" member_type: VOTER last_known_addr { host: "127.3.115.129" port: 32935 } } peers { permanent_uuid: "fa96f185aedf461bb536bc3c2aa3aa65" member_type: VOTER last_known_addr { host: "127.3.115.130" port: 34381 } } peers { permanent_uuid: "1fce1e3be7c34d6da45d7cdd63b182dc" member_type: VOTER last_known_addr { host: "127.3.115.131" port: 39697 } }
I20260709 13:10:36.644390  3863 ts_tablet_manager.cc:1403] T 72612c4643984c9ebb4019c1f1c86116 P c2279e6e1df7438fa78b9568033f8d68: Time spent bootstrapping tablet: real 0.028s	user 0.005s	sys 0.011s
W20260709 13:10:36.646302  3633 leader_election.cc:343] T 6a6ba639d934447eb98cb2a4098b5b4c P c2279e6e1df7438fa78b9568033f8d68 [CANDIDATE]: Term 1 pre-election: Tablet error from VoteRequest() call to peer fa96f185aedf461bb536bc3c2aa3aa65 (127.3.115.130:34381): Illegal state: must be running to vote when last-logged opid is not known
I20260709 13:10:36.646467  3818 tablet_service.cc:1917] Received RequestConsensusVote() RPC: tablet_id: "6a6ba639d934447eb98cb2a4098b5b4c" candidate_uuid: "c2279e6e1df7438fa78b9568033f8d68" candidate_term: 1 candidate_status { last_received { term: 0 index: 0 } } ignore_live_leader: false dest_uuid: "1fce1e3be7c34d6da45d7cdd63b182dc" is_pre_election: true
W20260709 13:10:36.648547  3635 leader_election.cc:343] T 6a6ba639d934447eb98cb2a4098b5b4c P c2279e6e1df7438fa78b9568033f8d68 [CANDIDATE]: Term 1 pre-election: Tablet error from VoteRequest() call to peer 1fce1e3be7c34d6da45d7cdd63b182dc (127.3.115.131:39697): Illegal state: must be running to vote when last-logged opid is not known
I20260709 13:10:36.648957  3635 leader_election.cc:304] T 6a6ba639d934447eb98cb2a4098b5b4c P c2279e6e1df7438fa78b9568033f8d68 [CANDIDATE]: Term 1 pre-election: Election decided. Result: candidate lost. Election summary: received 3 responses out of 3 voters: 1 yes votes; 2 no votes. yes voters: c2279e6e1df7438fa78b9568033f8d68; no voters: 1fce1e3be7c34d6da45d7cdd63b182dc, fa96f185aedf461bb536bc3c2aa3aa65
I20260709 13:10:36.649093  3863 raft_consensus.cc:359] T 72612c4643984c9ebb4019c1f1c86116 P c2279e6e1df7438fa78b9568033f8d68 [term 0 FOLLOWER]: Replica starting. Triggering 0 pending ops. Active config: opid_index: -1 OBSOLETE_local: false peers { permanent_uuid: "c2279e6e1df7438fa78b9568033f8d68" member_type: VOTER last_known_addr { host: "127.3.115.129" port: 32935 } } peers { permanent_uuid: "fa96f185aedf461bb536bc3c2aa3aa65" member_type: VOTER last_known_addr { host: "127.3.115.130" port: 34381 } } peers { permanent_uuid: "1fce1e3be7c34d6da45d7cdd63b182dc" member_type: VOTER last_known_addr { host: "127.3.115.131" port: 39697 } }
I20260709 13:10:36.643370  3867 leader_election.cc:290] T 6a6ba639d934447eb98cb2a4098b5b4c P c2279e6e1df7438fa78b9568033f8d68 [CANDIDATE]: Term 1 pre-election: Requested pre-vote from peers fa96f185aedf461bb536bc3c2aa3aa65 (127.3.115.130:34381), 1fce1e3be7c34d6da45d7cdd63b182dc (127.3.115.131:39697)
I20260709 13:10:36.649926  3877 raft_consensus.cc:2749] T 6a6ba639d934447eb98cb2a4098b5b4c P c2279e6e1df7438fa78b9568033f8d68 [term 0 FOLLOWER]: Leader pre-election lost for term 1. Reason: could not achieve majority
I20260709 13:10:36.651603  3862 ts_tablet_manager.cc:1434] T c6898fccc1fd43ba8487429e8c81933d P fa96f185aedf461bb536bc3c2aa3aa65: Time spent starting tablet: real 0.011s	user 0.007s	sys 0.000s
I20260709 13:10:36.652467  3861 tablet_bootstrap.cc:492] T 72612c4643984c9ebb4019c1f1c86116 P 1fce1e3be7c34d6da45d7cdd63b182dc: No bootstrap required, opened a new log
I20260709 13:10:36.652568  3863 raft_consensus.cc:385] T 72612c4643984c9ebb4019c1f1c86116 P c2279e6e1df7438fa78b9568033f8d68 [term 0 FOLLOWER]: Consensus starting up: Expiring failure detector timer to make a prompt election more likely
I20260709 13:10:36.652942  3861 ts_tablet_manager.cc:1403] T 72612c4643984c9ebb4019c1f1c86116 P 1fce1e3be7c34d6da45d7cdd63b182dc: Time spent bootstrapping tablet: real 0.033s	user 0.003s	sys 0.013s
I20260709 13:10:36.652925  3863 raft_consensus.cc:740] T 72612c4643984c9ebb4019c1f1c86116 P c2279e6e1df7438fa78b9568033f8d68 [term 0 FOLLOWER]: Becoming Follower/Learner. State: Replica: c2279e6e1df7438fa78b9568033f8d68, State: Initialized, Role: FOLLOWER
I20260709 13:10:36.653781  3863 consensus_queue.cc:260] T 72612c4643984c9ebb4019c1f1c86116 P c2279e6e1df7438fa78b9568033f8d68 [NON_LEADER]: Queue going to NON_LEADER mode. State: All replicated index: 0, Majority replicated index: 0, Committed index: 0, Last appended: 0.0, Last appended by leader: 0, Current term: 0, Majority size: -1, State: 0, Mode: NON_LEADER, active raft config: opid_index: -1 OBSOLETE_local: false peers { permanent_uuid: "c2279e6e1df7438fa78b9568033f8d68" member_type: VOTER last_known_addr { host: "127.3.115.129" port: 32935 } } peers { permanent_uuid: "fa96f185aedf461bb536bc3c2aa3aa65" member_type: VOTER last_known_addr { host: "127.3.115.130" port: 34381 } } peers { permanent_uuid: "1fce1e3be7c34d6da45d7cdd63b182dc" member_type: VOTER last_known_addr { host: "127.3.115.131" port: 39697 } }
I20260709 13:10:36.652494  3862 tablet_bootstrap.cc:492] T 5d75e0070740456f8b21dc31404a181c P fa96f185aedf461bb536bc3c2aa3aa65: Bootstrap starting.
I20260709 13:10:36.655965  3861 raft_consensus.cc:359] T 72612c4643984c9ebb4019c1f1c86116 P 1fce1e3be7c34d6da45d7cdd63b182dc [term 0 FOLLOWER]: Replica starting. Triggering 0 pending ops. Active config: opid_index: -1 OBSOLETE_local: false peers { permanent_uuid: "c2279e6e1df7438fa78b9568033f8d68" member_type: VOTER last_known_addr { host: "127.3.115.129" port: 32935 } } peers { permanent_uuid: "fa96f185aedf461bb536bc3c2aa3aa65" member_type: VOTER last_known_addr { host: "127.3.115.130" port: 34381 } } peers { permanent_uuid: "1fce1e3be7c34d6da45d7cdd63b182dc" member_type: VOTER last_known_addr { host: "127.3.115.131" port: 39697 } }
I20260709 13:10:36.656713  3861 raft_consensus.cc:385] T 72612c4643984c9ebb4019c1f1c86116 P 1fce1e3be7c34d6da45d7cdd63b182dc [term 0 FOLLOWER]: Consensus starting up: Expiring failure detector timer to make a prompt election more likely
I20260709 13:10:36.656997  3861 raft_consensus.cc:740] T 72612c4643984c9ebb4019c1f1c86116 P 1fce1e3be7c34d6da45d7cdd63b182dc [term 0 FOLLOWER]: Becoming Follower/Learner. State: Replica: 1fce1e3be7c34d6da45d7cdd63b182dc, State: Initialized, Role: FOLLOWER
I20260709 13:10:36.657853  3863 ts_tablet_manager.cc:1434] T 72612c4643984c9ebb4019c1f1c86116 P c2279e6e1df7438fa78b9568033f8d68: Time spent starting tablet: real 0.011s	user 0.006s	sys 0.000s
I20260709 13:10:36.657701  3861 consensus_queue.cc:260] T 72612c4643984c9ebb4019c1f1c86116 P 1fce1e3be7c34d6da45d7cdd63b182dc [NON_LEADER]: Queue going to NON_LEADER mode. State: All replicated index: 0, Majority replicated index: 0, Committed index: 0, Last appended: 0.0, Last appended by leader: 0, Current term: 0, Majority size: -1, State: 0, Mode: NON_LEADER, active raft config: opid_index: -1 OBSOLETE_local: false peers { permanent_uuid: "c2279e6e1df7438fa78b9568033f8d68" member_type: VOTER last_known_addr { host: "127.3.115.129" port: 32935 } } peers { permanent_uuid: "fa96f185aedf461bb536bc3c2aa3aa65" member_type: VOTER last_known_addr { host: "127.3.115.130" port: 34381 } } peers { permanent_uuid: "1fce1e3be7c34d6da45d7cdd63b182dc" member_type: VOTER last_known_addr { host: "127.3.115.131" port: 39697 } }
I20260709 13:10:36.658735  3863 tablet_bootstrap.cc:492] T c6898fccc1fd43ba8487429e8c81933d P c2279e6e1df7438fa78b9568033f8d68: Bootstrap starting.
I20260709 13:10:36.659812  3861 ts_tablet_manager.cc:1434] T 72612c4643984c9ebb4019c1f1c86116 P 1fce1e3be7c34d6da45d7cdd63b182dc: Time spent starting tablet: real 0.006s	user 0.008s	sys 0.000s
I20260709 13:10:36.660737  3861 tablet_bootstrap.cc:492] T c6898fccc1fd43ba8487429e8c81933d P 1fce1e3be7c34d6da45d7cdd63b182dc: Bootstrap starting.
I20260709 13:10:36.665050  3863 tablet_bootstrap.cc:654] T c6898fccc1fd43ba8487429e8c81933d P c2279e6e1df7438fa78b9568033f8d68: Neither blocks nor log segments found. Creating new log.
I20260709 13:10:36.682896  3862 tablet_bootstrap.cc:654] T 5d75e0070740456f8b21dc31404a181c P fa96f185aedf461bb536bc3c2aa3aa65: Neither blocks nor log segments found. Creating new log.
I20260709 13:10:36.689127  3861 tablet_bootstrap.cc:654] T c6898fccc1fd43ba8487429e8c81933d P 1fce1e3be7c34d6da45d7cdd63b182dc: Neither blocks nor log segments found. Creating new log.
I20260709 13:10:36.689397  3863 tablet_bootstrap.cc:492] T c6898fccc1fd43ba8487429e8c81933d P c2279e6e1df7438fa78b9568033f8d68: No bootstrap required, opened a new log
I20260709 13:10:36.689851  3863 ts_tablet_manager.cc:1403] T c6898fccc1fd43ba8487429e8c81933d P c2279e6e1df7438fa78b9568033f8d68: Time spent bootstrapping tablet: real 0.031s	user 0.008s	sys 0.003s
I20260709 13:10:36.692864  3863 raft_consensus.cc:359] T c6898fccc1fd43ba8487429e8c81933d P c2279e6e1df7438fa78b9568033f8d68 [term 0 FOLLOWER]: Replica starting. Triggering 0 pending ops. Active config: opid_index: -1 OBSOLETE_local: false peers { permanent_uuid: "c2279e6e1df7438fa78b9568033f8d68" member_type: VOTER last_known_addr { host: "127.3.115.129" port: 32935 } } peers { permanent_uuid: "fa96f185aedf461bb536bc3c2aa3aa65" member_type: VOTER last_known_addr { host: "127.3.115.130" port: 34381 } } peers { permanent_uuid: "1fce1e3be7c34d6da45d7cdd63b182dc" member_type: VOTER last_known_addr { host: "127.3.115.131" port: 39697 } }
I20260709 13:10:36.693591  3863 raft_consensus.cc:385] T c6898fccc1fd43ba8487429e8c81933d P c2279e6e1df7438fa78b9568033f8d68 [term 0 FOLLOWER]: Consensus starting up: Expiring failure detector timer to make a prompt election more likely
I20260709 13:10:36.693903  3863 raft_consensus.cc:740] T c6898fccc1fd43ba8487429e8c81933d P c2279e6e1df7438fa78b9568033f8d68 [term 0 FOLLOWER]: Becoming Follower/Learner. State: Replica: c2279e6e1df7438fa78b9568033f8d68, State: Initialized, Role: FOLLOWER
I20260709 13:10:36.694686  3863 consensus_queue.cc:260] T c6898fccc1fd43ba8487429e8c81933d P c2279e6e1df7438fa78b9568033f8d68 [NON_LEADER]: Queue going to NON_LEADER mode. State: All replicated index: 0, Majority replicated index: 0, Committed index: 0, Last appended: 0.0, Last appended by leader: 0, Current term: 0, Majority size: -1, State: 0, Mode: NON_LEADER, active raft config: opid_index: -1 OBSOLETE_local: false peers { permanent_uuid: "c2279e6e1df7438fa78b9568033f8d68" member_type: VOTER last_known_addr { host: "127.3.115.129" port: 32935 } } peers { permanent_uuid: "fa96f185aedf461bb536bc3c2aa3aa65" member_type: VOTER last_known_addr { host: "127.3.115.130" port: 34381 } } peers { permanent_uuid: "1fce1e3be7c34d6da45d7cdd63b182dc" member_type: VOTER last_known_addr { host: "127.3.115.131" port: 39697 } }
I20260709 13:10:36.697124  3863 ts_tablet_manager.cc:1434] T c6898fccc1fd43ba8487429e8c81933d P c2279e6e1df7438fa78b9568033f8d68: Time spent starting tablet: real 0.007s	user 0.004s	sys 0.004s
I20260709 13:10:36.698087  3863 tablet_bootstrap.cc:492] T a0fa19b779164fb8b22f7ac3747cdefb P c2279e6e1df7438fa78b9568033f8d68: Bootstrap starting.
I20260709 13:10:36.704854  3862 tablet_bootstrap.cc:492] T 5d75e0070740456f8b21dc31404a181c P fa96f185aedf461bb536bc3c2aa3aa65: No bootstrap required, opened a new log
I20260709 13:10:36.705433  3862 ts_tablet_manager.cc:1403] T 5d75e0070740456f8b21dc31404a181c P fa96f185aedf461bb536bc3c2aa3aa65: Time spent bootstrapping tablet: real 0.053s	user 0.011s	sys 0.007s
I20260709 13:10:36.708567  3862 raft_consensus.cc:359] T 5d75e0070740456f8b21dc31404a181c P fa96f185aedf461bb536bc3c2aa3aa65 [term 0 FOLLOWER]: Replica starting. Triggering 0 pending ops. Active config: opid_index: -1 OBSOLETE_local: false peers { permanent_uuid: "c2279e6e1df7438fa78b9568033f8d68" member_type: VOTER last_known_addr { host: "127.3.115.129" port: 32935 } } peers { permanent_uuid: "fa96f185aedf461bb536bc3c2aa3aa65" member_type: VOTER last_known_addr { host: "127.3.115.130" port: 34381 } } peers { permanent_uuid: "1fce1e3be7c34d6da45d7cdd63b182dc" member_type: VOTER last_known_addr { host: "127.3.115.131" port: 39697 } }
I20260709 13:10:36.709318  3862 raft_consensus.cc:385] T 5d75e0070740456f8b21dc31404a181c P fa96f185aedf461bb536bc3c2aa3aa65 [term 0 FOLLOWER]: Consensus starting up: Expiring failure detector timer to make a prompt election more likely
I20260709 13:10:36.709585  3862 raft_consensus.cc:740] T 5d75e0070740456f8b21dc31404a181c P fa96f185aedf461bb536bc3c2aa3aa65 [term 0 FOLLOWER]: Becoming Follower/Learner. State: Replica: fa96f185aedf461bb536bc3c2aa3aa65, State: Initialized, Role: FOLLOWER
I20260709 13:10:36.710366  3862 consensus_queue.cc:260] T 5d75e0070740456f8b21dc31404a181c P fa96f185aedf461bb536bc3c2aa3aa65 [NON_LEADER]: Queue going to NON_LEADER mode. State: All replicated index: 0, Majority replicated index: 0, Committed index: 0, Last appended: 0.0, Last appended by leader: 0, Current term: 0, Majority size: -1, State: 0, Mode: NON_LEADER, active raft config: opid_index: -1 OBSOLETE_local: false peers { permanent_uuid: "c2279e6e1df7438fa78b9568033f8d68" member_type: VOTER last_known_addr { host: "127.3.115.129" port: 32935 } } peers { permanent_uuid: "fa96f185aedf461bb536bc3c2aa3aa65" member_type: VOTER last_known_addr { host: "127.3.115.130" port: 34381 } } peers { permanent_uuid: "1fce1e3be7c34d6da45d7cdd63b182dc" member_type: VOTER last_known_addr { host: "127.3.115.131" port: 39697 } }
I20260709 13:10:36.712788  3862 ts_tablet_manager.cc:1434] T 5d75e0070740456f8b21dc31404a181c P fa96f185aedf461bb536bc3c2aa3aa65: Time spent starting tablet: real 0.007s	user 0.007s	sys 0.001s
I20260709 13:10:36.713660  3862 tablet_bootstrap.cc:492] T cf61d52abc4e49c8899b3ef23307cc6a P fa96f185aedf461bb536bc3c2aa3aa65: Bootstrap starting.
I20260709 13:10:36.714148  3868 raft_consensus.cc:493] T 72612c4643984c9ebb4019c1f1c86116 P 1fce1e3be7c34d6da45d7cdd63b182dc [term 0 FOLLOWER]: Starting pre-election (no leader contacted us within the election timeout)
I20260709 13:10:36.714632  3868 raft_consensus.cc:515] T 72612c4643984c9ebb4019c1f1c86116 P 1fce1e3be7c34d6da45d7cdd63b182dc [term 0 FOLLOWER]: Starting pre-election with config: opid_index: -1 OBSOLETE_local: false peers { permanent_uuid: "c2279e6e1df7438fa78b9568033f8d68" member_type: VOTER last_known_addr { host: "127.3.115.129" port: 32935 } } peers { permanent_uuid: "fa96f185aedf461bb536bc3c2aa3aa65" member_type: VOTER last_known_addr { host: "127.3.115.130" port: 34381 } } peers { permanent_uuid: "1fce1e3be7c34d6da45d7cdd63b182dc" member_type: VOTER last_known_addr { host: "127.3.115.131" port: 39697 } }
I20260709 13:10:36.717974  3868 leader_election.cc:290] T 72612c4643984c9ebb4019c1f1c86116 P 1fce1e3be7c34d6da45d7cdd63b182dc [CANDIDATE]: Term 1 pre-election: Requested pre-vote from peers c2279e6e1df7438fa78b9568033f8d68 (127.3.115.129:32935), fa96f185aedf461bb536bc3c2aa3aa65 (127.3.115.130:34381)
I20260709 13:10:36.720191  3862 tablet_bootstrap.cc:654] T cf61d52abc4e49c8899b3ef23307cc6a P fa96f185aedf461bb536bc3c2aa3aa65: Neither blocks nor log segments found. Creating new log.
I20260709 13:10:36.723244  3863 tablet_bootstrap.cc:654] T a0fa19b779164fb8b22f7ac3747cdefb P c2279e6e1df7438fa78b9568033f8d68: Neither blocks nor log segments found. Creating new log.
I20260709 13:10:36.735606  3862 tablet_bootstrap.cc:492] T cf61d52abc4e49c8899b3ef23307cc6a P fa96f185aedf461bb536bc3c2aa3aa65: No bootstrap required, opened a new log
I20260709 13:10:36.736071  3862 ts_tablet_manager.cc:1403] T cf61d52abc4e49c8899b3ef23307cc6a P fa96f185aedf461bb536bc3c2aa3aa65: Time spent bootstrapping tablet: real 0.023s	user 0.011s	sys 0.000s
I20260709 13:10:36.738770  3862 raft_consensus.cc:359] T cf61d52abc4e49c8899b3ef23307cc6a P fa96f185aedf461bb536bc3c2aa3aa65 [term 0 FOLLOWER]: Replica starting. Triggering 0 pending ops. Active config: opid_index: -1 OBSOLETE_local: false peers { permanent_uuid: "fa96f185aedf461bb536bc3c2aa3aa65" member_type: VOTER last_known_addr { host: "127.3.115.130" port: 34381 } } peers { permanent_uuid: "1fce1e3be7c34d6da45d7cdd63b182dc" member_type: VOTER last_known_addr { host: "127.3.115.131" port: 39697 } } peers { permanent_uuid: "c2279e6e1df7438fa78b9568033f8d68" member_type: VOTER last_known_addr { host: "127.3.115.129" port: 32935 } }
I20260709 13:10:36.739470  3862 raft_consensus.cc:385] T cf61d52abc4e49c8899b3ef23307cc6a P fa96f185aedf461bb536bc3c2aa3aa65 [term 0 FOLLOWER]: Consensus starting up: Expiring failure detector timer to make a prompt election more likely
I20260709 13:10:36.739746  3862 raft_consensus.cc:740] T cf61d52abc4e49c8899b3ef23307cc6a P fa96f185aedf461bb536bc3c2aa3aa65 [term 0 FOLLOWER]: Becoming Follower/Learner. State: Replica: fa96f185aedf461bb536bc3c2aa3aa65, State: Initialized, Role: FOLLOWER
I20260709 13:10:36.741074  3869 raft_consensus.cc:493] T 72612c4643984c9ebb4019c1f1c86116 P fa96f185aedf461bb536bc3c2aa3aa65 [term 0 FOLLOWER]: Starting pre-election (no leader contacted us within the election timeout)
I20260709 13:10:36.741564  3869 raft_consensus.cc:515] T 72612c4643984c9ebb4019c1f1c86116 P fa96f185aedf461bb536bc3c2aa3aa65 [term 0 FOLLOWER]: Starting pre-election with config: opid_index: -1 OBSOLETE_local: false peers { permanent_uuid: "c2279e6e1df7438fa78b9568033f8d68" member_type: VOTER last_known_addr { host: "127.3.115.129" port: 32935 } } peers { permanent_uuid: "fa96f185aedf461bb536bc3c2aa3aa65" member_type: VOTER last_known_addr { host: "127.3.115.130" port: 34381 } } peers { permanent_uuid: "1fce1e3be7c34d6da45d7cdd63b182dc" member_type: VOTER last_known_addr { host: "127.3.115.131" port: 39697 } }
I20260709 13:10:36.744367  3869 leader_election.cc:290] T 72612c4643984c9ebb4019c1f1c86116 P fa96f185aedf461bb536bc3c2aa3aa65 [CANDIDATE]: Term 1 pre-election: Requested pre-vote from peers c2279e6e1df7438fa78b9568033f8d68 (127.3.115.129:32935), 1fce1e3be7c34d6da45d7cdd63b182dc (127.3.115.131:39697)
I20260709 13:10:36.746510  3863 tablet_bootstrap.cc:492] T a0fa19b779164fb8b22f7ac3747cdefb P c2279e6e1df7438fa78b9568033f8d68: No bootstrap required, opened a new log
I20260709 13:10:36.747002  3863 ts_tablet_manager.cc:1403] T a0fa19b779164fb8b22f7ac3747cdefb P c2279e6e1df7438fa78b9568033f8d68: Time spent bootstrapping tablet: real 0.049s	user 0.011s	sys 0.004s
I20260709 13:10:36.750300  3863 raft_consensus.cc:359] T a0fa19b779164fb8b22f7ac3747cdefb P c2279e6e1df7438fa78b9568033f8d68 [term 0 FOLLOWER]: Replica starting. Triggering 0 pending ops. Active config: opid_index: -1 OBSOLETE_local: false peers { permanent_uuid: "c2279e6e1df7438fa78b9568033f8d68" member_type: VOTER last_known_addr { host: "127.3.115.129" port: 32935 } } peers { permanent_uuid: "fa96f185aedf461bb536bc3c2aa3aa65" member_type: VOTER last_known_addr { host: "127.3.115.130" port: 34381 } } peers { permanent_uuid: "1fce1e3be7c34d6da45d7cdd63b182dc" member_type: VOTER last_known_addr { host: "127.3.115.131" port: 39697 } }
I20260709 13:10:36.751197  3863 raft_consensus.cc:385] T a0fa19b779164fb8b22f7ac3747cdefb P c2279e6e1df7438fa78b9568033f8d68 [term 0 FOLLOWER]: Consensus starting up: Expiring failure detector timer to make a prompt election more likely
I20260709 13:10:36.751542  3863 raft_consensus.cc:740] T a0fa19b779164fb8b22f7ac3747cdefb P c2279e6e1df7438fa78b9568033f8d68 [term 0 FOLLOWER]: Becoming Follower/Learner. State: Replica: c2279e6e1df7438fa78b9568033f8d68, State: Initialized, Role: FOLLOWER
I20260709 13:10:36.752410  3863 consensus_queue.cc:260] T a0fa19b779164fb8b22f7ac3747cdefb P c2279e6e1df7438fa78b9568033f8d68 [NON_LEADER]: Queue going to NON_LEADER mode. State: All replicated index: 0, Majority replicated index: 0, Committed index: 0, Last appended: 0.0, Last appended by leader: 0, Current term: 0, Majority size: -1, State: 0, Mode: NON_LEADER, active raft config: opid_index: -1 OBSOLETE_local: false peers { permanent_uuid: "c2279e6e1df7438fa78b9568033f8d68" member_type: VOTER last_known_addr { host: "127.3.115.129" port: 32935 } } peers { permanent_uuid: "fa96f185aedf461bb536bc3c2aa3aa65" member_type: VOTER last_known_addr { host: "127.3.115.130" port: 34381 } } peers { permanent_uuid: "1fce1e3be7c34d6da45d7cdd63b182dc" member_type: VOTER last_known_addr { host: "127.3.115.131" port: 39697 } }
I20260709 13:10:36.756655  3863 ts_tablet_manager.cc:1434] T a0fa19b779164fb8b22f7ac3747cdefb P c2279e6e1df7438fa78b9568033f8d68: Time spent starting tablet: real 0.009s	user 0.008s	sys 0.000s
I20260709 13:10:36.757871  3863 tablet_bootstrap.cc:492] T 32608d48001340a4a210fd63c12ca73a P c2279e6e1df7438fa78b9568033f8d68: Bootstrap starting.
