I20260709 13:11:05.509320  5132 raft_consensus.cc:697] T a7312601ea474173b0c927a9c564cf06 P 9ef45713fdc1454ba0fdf45c0bfd10a6 [term 1 LEADER]: Becoming Leader. State: Replica: 9ef45713fdc1454ba0fdf45c0bfd10a6, State: Running, Role: LEADER
I20260709 13:11:05.520640  4805 leader_election.cc:304] T ddb458261a1b4699a0e045f2a698a9a0 P d930be3681754f38b70e8e5c2018b3e8 [CANDIDATE]: Term 1 election: Election decided. Result: candidate lost. Election summary: received 3 responses out of 3 voters: 1 yes votes; 2 no votes. yes voters: d930be3681754f38b70e8e5c2018b3e8; no voters: 9ef45713fdc1454ba0fdf45c0bfd10a6, bc168da0475b45b5b97c4ca4dbae4921
I20260709 13:11:05.522120  4958 raft_consensus.cc:2804] T 32b8dd137fa24b279c4436ef5173a565 P d930be3681754f38b70e8e5c2018b3e8 [term 1 FOLLOWER]: Leader election won for term 1
I20260709 13:11:05.522593  4958 raft_consensus.cc:697] T 32b8dd137fa24b279c4436ef5173a565 P d930be3681754f38b70e8e5c2018b3e8 [term 1 LEADER]: Becoming Leader. State: Replica: d930be3681754f38b70e8e5c2018b3e8, State: Running, Role: LEADER
I20260709 13:11:05.523536  4959 raft_consensus.cc:2749] T ddb458261a1b4699a0e045f2a698a9a0 P d930be3681754f38b70e8e5c2018b3e8 [term 1 FOLLOWER]: Leader election lost for term 1. Reason: could not achieve majority
I20260709 13:11:05.523895  4879 tablet_bootstrap.cc:654] T 2bb34df6071e4e42bba00583dfe6baa5 P d930be3681754f38b70e8e5c2018b3e8: Neither blocks nor log segments found. Creating new log.
I20260709 13:11:05.523375  4958 consensus_queue.cc:237] T 32b8dd137fa24b279c4436ef5173a565 P d930be3681754f38b70e8e5c2018b3e8 [LEADER]: Queue going to LEADER mode. State: All replicated index: 0, Majority replicated index: 0, Committed index: 0, Last appended: 0.0, Last appended by leader: 0, Current term: 1, Majority size: 2, State: 0, Mode: LEADER, active raft config: opid_index: -1 OBSOLETE_local: false peers { permanent_uuid: "9ef45713fdc1454ba0fdf45c0bfd10a6" member_type: VOTER last_known_addr { host: "127.3.115.129" port: 40079 } } peers { permanent_uuid: "bc168da0475b45b5b97c4ca4dbae4921" member_type: VOTER last_known_addr { host: "127.3.115.130" port: 34189 } } peers { permanent_uuid: "d930be3681754f38b70e8e5c2018b3e8" member_type: VOTER last_known_addr { host: "127.3.115.131" port: 37787 } }
I20260709 13:11:05.527547  4687 tablet_service.cc:1917] Received RequestConsensusVote() RPC: tablet_id: "88f63caf8fa145638103fe953c0dfa73" candidate_uuid: "bc168da0475b45b5b97c4ca4dbae4921" candidate_term: 1 candidate_status { last_received { term: 0 index: 0 } } ignore_live_leader: false dest_uuid: "9ef45713fdc1454ba0fdf45c0bfd10a6" is_pre_election: true
I20260709 13:11:05.552345  4839 tablet_service.cc:1917] Received RequestConsensusVote() RPC: tablet_id: "88f63caf8fa145638103fe953c0dfa73" candidate_uuid: "bc168da0475b45b5b97c4ca4dbae4921" candidate_term: 1 candidate_status { last_received { term: 0 index: 0 } } ignore_live_leader: false dest_uuid: "d930be3681754f38b70e8e5c2018b3e8" is_pre_election: true
I20260709 13:11:05.553251  4882 tablet_bootstrap.cc:654] T ea9dd5b0e24349c18fbb219ef030c014 P 9ef45713fdc1454ba0fdf45c0bfd10a6: Neither blocks nor log segments found. Creating new log.
I20260709 13:11:05.554754  4730 leader_election.cc:304] T 88f63caf8fa145638103fe953c0dfa73 P bc168da0475b45b5b97c4ca4dbae4921 [CANDIDATE]: Term 1 pre-election: Election decided. Result: candidate lost. Election summary: received 3 responses out of 3 voters: 1 yes votes; 2 no votes. yes voters: bc168da0475b45b5b97c4ca4dbae4921; no voters: 9ef45713fdc1454ba0fdf45c0bfd10a6, d930be3681754f38b70e8e5c2018b3e8
I20260709 13:11:05.569236  4586 catalog_manager.cc:5697] T 3933c837d72b4ee2955e0f7d640382e0 P d930be3681754f38b70e8e5c2018b3e8 reported cstate change: term changed from 0 to 1, leader changed from <none> to d930be3681754f38b70e8e5c2018b3e8 (127.3.115.131). New cstate: current_term: 1 leader_uuid: "d930be3681754f38b70e8e5c2018b3e8" committed_config { opid_index: -1 OBSOLETE_local: false peers { permanent_uuid: "9ef45713fdc1454ba0fdf45c0bfd10a6" member_type: VOTER last_known_addr { host: "127.3.115.129" port: 40079 } health_report { overall_health: UNKNOWN } } peers { permanent_uuid: "bc168da0475b45b5b97c4ca4dbae4921" member_type: VOTER last_known_addr { host: "127.3.115.130" port: 34189 } health_report { overall_health: UNKNOWN } } peers { permanent_uuid: "d930be3681754f38b70e8e5c2018b3e8" member_type: VOTER last_known_addr { host: "127.3.115.131" port: 37787 } health_report { overall_health: HEALTHY } } }
I20260709 13:11:05.571271  4586 catalog_manager.cc:5697] T ea9dd5b0e24349c18fbb219ef030c014 P d930be3681754f38b70e8e5c2018b3e8 reported cstate change: term changed from 0 to 1, leader changed from <none> to d930be3681754f38b70e8e5c2018b3e8 (127.3.115.131). New cstate: current_term: 1 leader_uuid: "d930be3681754f38b70e8e5c2018b3e8" committed_config { opid_index: -1 OBSOLETE_local: false peers { permanent_uuid: "9ef45713fdc1454ba0fdf45c0bfd10a6" member_type: VOTER last_known_addr { host: "127.3.115.129" port: 40079 } health_report { overall_health: UNKNOWN } } peers { permanent_uuid: "bc168da0475b45b5b97c4ca4dbae4921" member_type: VOTER last_known_addr { host: "127.3.115.130" port: 34189 } health_report { overall_health: UNKNOWN } } peers { permanent_uuid: "d930be3681754f38b70e8e5c2018b3e8" member_type: VOTER last_known_addr { host: "127.3.115.131" port: 37787 } health_report { overall_health: HEALTHY } } }
I20260709 13:11:05.581230  4881 tablet_bootstrap.cc:492] T bc593d680b35472398103d2baa49b42b P bc168da0475b45b5b97c4ca4dbae4921: No bootstrap required, opened a new log
I20260709 13:11:05.581153  4689 raft_consensus.cc:3060] T 56e87f000aff460e937849c331fc838e P 9ef45713fdc1454ba0fdf45c0bfd10a6 [term 0 FOLLOWER]: Advancing to term 1
I20260709 13:11:05.581991  4881 ts_tablet_manager.cc:1403] T bc593d680b35472398103d2baa49b42b P bc168da0475b45b5b97c4ca4dbae4921: Time spent bootstrapping tablet: real 0.228s	user 0.009s	sys 0.015s
I20260709 13:11:05.520632  5132 consensus_queue.cc:237] T a7312601ea474173b0c927a9c564cf06 P 9ef45713fdc1454ba0fdf45c0bfd10a6 [LEADER]: Queue going to LEADER mode. State: All replicated index: 0, Majority replicated index: 0, Committed index: 0, Last appended: 0.0, Last appended by leader: 0, Current term: 1, Majority size: 2, State: 0, Mode: LEADER, active raft config: opid_index: -1 OBSOLETE_local: false peers { permanent_uuid: "9ef45713fdc1454ba0fdf45c0bfd10a6" member_type: VOTER last_known_addr { host: "127.3.115.129" port: 40079 } } peers { permanent_uuid: "bc168da0475b45b5b97c4ca4dbae4921" member_type: VOTER last_known_addr { host: "127.3.115.130" port: 34189 } } peers { permanent_uuid: "d930be3681754f38b70e8e5c2018b3e8" member_type: VOTER last_known_addr { host: "127.3.115.131" port: 37787 } }
I20260709 13:11:05.589464  4881 raft_consensus.cc:359] T bc593d680b35472398103d2baa49b42b P bc168da0475b45b5b97c4ca4dbae4921 [term 0 FOLLOWER]: Replica starting. Triggering 0 pending ops. Active config: opid_index: -1 OBSOLETE_local: false peers { permanent_uuid: "9ef45713fdc1454ba0fdf45c0bfd10a6" member_type: VOTER last_known_addr { host: "127.3.115.129" port: 40079 } } peers { permanent_uuid: "bc168da0475b45b5b97c4ca4dbae4921" member_type: VOTER last_known_addr { host: "127.3.115.130" port: 34189 } } peers { permanent_uuid: "d930be3681754f38b70e8e5c2018b3e8" member_type: VOTER last_known_addr { host: "127.3.115.131" port: 37787 } }
I20260709 13:11:05.626076  4881 raft_consensus.cc:385] T bc593d680b35472398103d2baa49b42b P bc168da0475b45b5b97c4ca4dbae4921 [term 0 FOLLOWER]: Consensus starting up: Expiring failure detector timer to make a prompt election more likely
I20260709 13:11:05.626396  4881 raft_consensus.cc:740] T bc593d680b35472398103d2baa49b42b P bc168da0475b45b5b97c4ca4dbae4921 [term 0 FOLLOWER]: Becoming Follower/Learner. State: Replica: bc168da0475b45b5b97c4ca4dbae4921, State: Initialized, Role: FOLLOWER
I20260709 13:11:05.627163  4881 consensus_queue.cc:260] T bc593d680b35472398103d2baa49b42b P bc168da0475b45b5b97c4ca4dbae4921 [NON_LEADER]: Queue going to NON_LEADER mode. State: All replicated index: 0, Majority replicated index: 0, Committed index: 0, Last appended: 0.0, Last appended by leader: 0, Current term: 0, Majority size: -1, State: 0, Mode: NON_LEADER, active raft config: opid_index: -1 OBSOLETE_local: false peers { permanent_uuid: "9ef45713fdc1454ba0fdf45c0bfd10a6" member_type: VOTER last_known_addr { host: "127.3.115.129" port: 40079 } } peers { permanent_uuid: "bc168da0475b45b5b97c4ca4dbae4921" member_type: VOTER last_known_addr { host: "127.3.115.130" port: 34189 } } peers { permanent_uuid: "d930be3681754f38b70e8e5c2018b3e8" member_type: VOTER last_known_addr { host: "127.3.115.131" port: 37787 } }
I20260709 13:11:05.629557  4881 ts_tablet_manager.cc:1434] T bc593d680b35472398103d2baa49b42b P bc168da0475b45b5b97c4ca4dbae4921: Time spent starting tablet: real 0.047s	user 0.008s	sys 0.007s
I20260709 13:11:05.629709  4879 tablet_bootstrap.cc:492] T 2bb34df6071e4e42bba00583dfe6baa5 P d930be3681754f38b70e8e5c2018b3e8: No bootstrap required, opened a new log
I20260709 13:11:05.630264  4879 ts_tablet_manager.cc:1403] T 2bb34df6071e4e42bba00583dfe6baa5 P d930be3681754f38b70e8e5c2018b3e8: Time spent bootstrapping tablet: real 0.223s	user 0.025s	sys 0.003s
I20260709 13:11:05.631897  5130 raft_consensus.cc:2749] T 88f63caf8fa145638103fe953c0dfa73 P bc168da0475b45b5b97c4ca4dbae4921 [term 1 FOLLOWER]: Leader pre-election lost for term 1. Reason: could not achieve majority
I20260709 13:11:05.636472  4881 tablet_bootstrap.cc:492] T 9b4dfdcb54bc442abde3915272b280d8 P bc168da0475b45b5b97c4ca4dbae4921: Bootstrap starting.
I20260709 13:11:05.637665  4879 raft_consensus.cc:359] T 2bb34df6071e4e42bba00583dfe6baa5 P d930be3681754f38b70e8e5c2018b3e8 [term 0 FOLLOWER]: Replica starting. Triggering 0 pending ops. Active config: opid_index: -1 OBSOLETE_local: false peers { permanent_uuid: "9ef45713fdc1454ba0fdf45c0bfd10a6" member_type: VOTER last_known_addr { host: "127.3.115.129" port: 40079 } } peers { permanent_uuid: "bc168da0475b45b5b97c4ca4dbae4921" member_type: VOTER last_known_addr { host: "127.3.115.130" port: 34189 } } peers { permanent_uuid: "d930be3681754f38b70e8e5c2018b3e8" member_type: VOTER last_known_addr { host: "127.3.115.131" port: 37787 } }
I20260709 13:11:05.638423  4879 raft_consensus.cc:385] T 2bb34df6071e4e42bba00583dfe6baa5 P d930be3681754f38b70e8e5c2018b3e8 [term 0 FOLLOWER]: Consensus starting up: Expiring failure detector timer to make a prompt election more likely
I20260709 13:11:05.638697  4879 raft_consensus.cc:740] T 2bb34df6071e4e42bba00583dfe6baa5 P d930be3681754f38b70e8e5c2018b3e8 [term 0 FOLLOWER]: Becoming Follower/Learner. State: Replica: d930be3681754f38b70e8e5c2018b3e8, State: Initialized, Role: FOLLOWER
I20260709 13:11:05.639285  4879 consensus_queue.cc:260] T 2bb34df6071e4e42bba00583dfe6baa5 P d930be3681754f38b70e8e5c2018b3e8 [NON_LEADER]: Queue going to NON_LEADER mode. State: All replicated index: 0, Majority replicated index: 0, Committed index: 0, Last appended: 0.0, Last appended by leader: 0, Current term: 0, Majority size: -1, State: 0, Mode: NON_LEADER, active raft config: opid_index: -1 OBSOLETE_local: false peers { permanent_uuid: "9ef45713fdc1454ba0fdf45c0bfd10a6" member_type: VOTER last_known_addr { host: "127.3.115.129" port: 40079 } } peers { permanent_uuid: "bc168da0475b45b5b97c4ca4dbae4921" member_type: VOTER last_known_addr { host: "127.3.115.130" port: 34189 } } peers { permanent_uuid: "d930be3681754f38b70e8e5c2018b3e8" member_type: VOTER last_known_addr { host: "127.3.115.131" port: 37787 } }
I20260709 13:11:05.643231  4879 ts_tablet_manager.cc:1434] T 2bb34df6071e4e42bba00583dfe6baa5 P d930be3681754f38b70e8e5c2018b3e8: Time spent starting tablet: real 0.013s	user 0.005s	sys 0.001s
I20260709 13:11:05.644383  4879 tablet_bootstrap.cc:492] T 9f2f3f9b767a472b89286e05499f385a P d930be3681754f38b70e8e5c2018b3e8: Bootstrap starting.
I20260709 13:11:05.656889  5130 raft_consensus.cc:493] T 544f99fb68a847b0b04d644ad471ba54 P bc168da0475b45b5b97c4ca4dbae4921 [term 0 FOLLOWER]: Starting pre-election (no leader contacted us within the election timeout)
I20260709 13:11:05.657527  5130 raft_consensus.cc:515] T 544f99fb68a847b0b04d644ad471ba54 P bc168da0475b45b5b97c4ca4dbae4921 [term 0 FOLLOWER]: Starting pre-election with config: opid_index: -1 OBSOLETE_local: false peers { permanent_uuid: "9ef45713fdc1454ba0fdf45c0bfd10a6" member_type: VOTER last_known_addr { host: "127.3.115.129" port: 40079 } } peers { permanent_uuid: "bc168da0475b45b5b97c4ca4dbae4921" member_type: VOTER last_known_addr { host: "127.3.115.130" port: 34189 } } peers { permanent_uuid: "d930be3681754f38b70e8e5c2018b3e8" member_type: VOTER last_known_addr { host: "127.3.115.131" port: 37787 } }
I20260709 13:11:05.726450  4838 tablet_service.cc:1917] Received RequestConsensusVote() RPC: tablet_id: "544f99fb68a847b0b04d644ad471ba54" candidate_uuid: "bc168da0475b45b5b97c4ca4dbae4921" candidate_term: 1 candidate_status { last_received { term: 0 index: 0 } } ignore_live_leader: false dest_uuid: "d930be3681754f38b70e8e5c2018b3e8" is_pre_election: true
W20260709 13:11:05.727221  4636 auto_rebalancer.cc:288] Could not retrieve cluster info: Service unavailable: Tablet not running
I20260709 13:11:05.727180  4838 raft_consensus.cc:2468] T 544f99fb68a847b0b04d644ad471ba54 P d930be3681754f38b70e8e5c2018b3e8 [term 0 FOLLOWER]: Leader pre-election vote request: Granting yes vote for candidate bc168da0475b45b5b97c4ca4dbae4921 in term 0.
I20260709 13:11:05.721259  5130 leader_election.cc:290] T 544f99fb68a847b0b04d644ad471ba54 P bc168da0475b45b5b97c4ca4dbae4921 [CANDIDATE]: Term 1 pre-election: Requested pre-vote from peers 9ef45713fdc1454ba0fdf45c0bfd10a6 (127.3.115.129:40079), d930be3681754f38b70e8e5c2018b3e8 (127.3.115.131:37787)
I20260709 13:11:05.723850  4687 tablet_service.cc:1917] Received RequestConsensusVote() RPC: tablet_id: "544f99fb68a847b0b04d644ad471ba54" candidate_uuid: "bc168da0475b45b5b97c4ca4dbae4921" candidate_term: 1 candidate_status { last_received { term: 0 index: 0 } } ignore_live_leader: false dest_uuid: "9ef45713fdc1454ba0fdf45c0bfd10a6" is_pre_election: true
I20260709 13:11:05.739917  4730 leader_election.cc:304] T 544f99fb68a847b0b04d644ad471ba54 P bc168da0475b45b5b97c4ca4dbae4921 [CANDIDATE]: Term 1 pre-election: Election decided. Result: candidate won. Election summary: received 2 responses out of 3 voters: 2 yes votes; 0 no votes. yes voters: bc168da0475b45b5b97c4ca4dbae4921, d930be3681754f38b70e8e5c2018b3e8; no voters: 
I20260709 13:11:05.740875  5130 raft_consensus.cc:2804] T 544f99fb68a847b0b04d644ad471ba54 P bc168da0475b45b5b97c4ca4dbae4921 [term 0 FOLLOWER]: Leader pre-election won for term 1
I20260709 13:11:05.741225  5130 raft_consensus.cc:493] T 544f99fb68a847b0b04d644ad471ba54 P bc168da0475b45b5b97c4ca4dbae4921 [term 0 FOLLOWER]: Starting leader election (no leader contacted us within the election timeout)
I20260709 13:11:05.741398  4882 tablet_bootstrap.cc:492] T ea9dd5b0e24349c18fbb219ef030c014 P 9ef45713fdc1454ba0fdf45c0bfd10a6: No bootstrap required, opened a new log
I20260709 13:11:05.742041  4882 ts_tablet_manager.cc:1403] T ea9dd5b0e24349c18fbb219ef030c014 P 9ef45713fdc1454ba0fdf45c0bfd10a6: Time spent bootstrapping tablet: real 0.301s	user 0.021s	sys 0.011s
I20260709 13:11:05.741616  5130 raft_consensus.cc:3060] T 544f99fb68a847b0b04d644ad471ba54 P bc168da0475b45b5b97c4ca4dbae4921 [term 0 FOLLOWER]: Advancing to term 1
W20260709 13:11:05.748090  4730 leader_election.cc:343] T 544f99fb68a847b0b04d644ad471ba54 P bc168da0475b45b5b97c4ca4dbae4921 [CANDIDATE]: Term 1 pre-election: Tablet error from VoteRequest() call to peer 9ef45713fdc1454ba0fdf45c0bfd10a6 (127.3.115.129:40079): Illegal state: must be running to vote when last-logged opid is not known
I20260709 13:11:05.750373  4881 tablet_bootstrap.cc:654] T 9b4dfdcb54bc442abde3915272b280d8 P bc168da0475b45b5b97c4ca4dbae4921: Neither blocks nor log segments found. Creating new log.
I20260709 13:11:05.766911  4947 raft_consensus.cc:493] T bc593d680b35472398103d2baa49b42b P bc168da0475b45b5b97c4ca4dbae4921 [term 0 FOLLOWER]: Starting pre-election (no leader contacted us within the election timeout)
I20260709 13:11:05.767796  4958 raft_consensus.cc:493] T 9b4dfdcb54bc442abde3915272b280d8 P d930be3681754f38b70e8e5c2018b3e8 [term 0 FOLLOWER]: Starting pre-election (no leader contacted us within the election timeout)
I20260709 13:11:05.768204  4947 raft_consensus.cc:515] T bc593d680b35472398103d2baa49b42b P bc168da0475b45b5b97c4ca4dbae4921 [term 0 FOLLOWER]: Starting pre-election with config: opid_index: -1 OBSOLETE_local: false peers { permanent_uuid: "9ef45713fdc1454ba0fdf45c0bfd10a6" member_type: VOTER last_known_addr { host: "127.3.115.129" port: 40079 } } peers { permanent_uuid: "bc168da0475b45b5b97c4ca4dbae4921" member_type: VOTER last_known_addr { host: "127.3.115.130" port: 34189 } } peers { permanent_uuid: "d930be3681754f38b70e8e5c2018b3e8" member_type: VOTER last_known_addr { host: "127.3.115.131" port: 37787 } }
I20260709 13:11:05.768253  4958 raft_consensus.cc:515] T 9b4dfdcb54bc442abde3915272b280d8 P d930be3681754f38b70e8e5c2018b3e8 [term 0 FOLLOWER]: Starting pre-election with config: opid_index: -1 OBSOLETE_local: false peers { permanent_uuid: "9ef45713fdc1454ba0fdf45c0bfd10a6" member_type: VOTER last_known_addr { host: "127.3.115.129" port: 40079 } } peers { permanent_uuid: "bc168da0475b45b5b97c4ca4dbae4921" member_type: VOTER last_known_addr { host: "127.3.115.130" port: 34189 } } peers { permanent_uuid: "d930be3681754f38b70e8e5c2018b3e8" member_type: VOTER last_known_addr { host: "127.3.115.131" port: 37787 } }
I20260709 13:11:05.772181  4838 tablet_service.cc:1917] Received RequestConsensusVote() RPC: tablet_id: "bc593d680b35472398103d2baa49b42b" candidate_uuid: "bc168da0475b45b5b97c4ca4dbae4921" candidate_term: 1 candidate_status { last_received { term: 0 index: 0 } } ignore_live_leader: false dest_uuid: "d930be3681754f38b70e8e5c2018b3e8" is_pre_election: true
I20260709 13:11:05.770732  4947 leader_election.cc:290] T bc593d680b35472398103d2baa49b42b P bc168da0475b45b5b97c4ca4dbae4921 [CANDIDATE]: Term 1 pre-election: Requested pre-vote from peers 9ef45713fdc1454ba0fdf45c0bfd10a6 (127.3.115.129:40079), d930be3681754f38b70e8e5c2018b3e8 (127.3.115.131:37787)
W20260709 13:11:05.773561  4730 leader_election.cc:343] T bc593d680b35472398103d2baa49b42b P bc168da0475b45b5b97c4ca4dbae4921 [CANDIDATE]: Term 1 pre-election: Tablet error from VoteRequest() call to peer d930be3681754f38b70e8e5c2018b3e8 (127.3.115.131:37787): Illegal state: must be running to vote when last-logged opid is not known
I20260709 13:11:05.774784  4689 tablet_service.cc:1917] Received RequestConsensusVote() RPC: tablet_id: "9b4dfdcb54bc442abde3915272b280d8" candidate_uuid: "d930be3681754f38b70e8e5c2018b3e8" candidate_term: 1 candidate_status { last_received { term: 0 index: 0 } } ignore_live_leader: false dest_uuid: "9ef45713fdc1454ba0fdf45c0bfd10a6" is_pre_election: true
I20260709 13:11:05.776422  5118 raft_consensus.cc:493] T 2bb34df6071e4e42bba00583dfe6baa5 P d930be3681754f38b70e8e5c2018b3e8 [term 0 FOLLOWER]: Starting pre-election (no leader contacted us within the election timeout)
I20260709 13:11:05.776398  4688 tablet_service.cc:1917] Received RequestConsensusVote() RPC: tablet_id: "bc593d680b35472398103d2baa49b42b" candidate_uuid: "bc168da0475b45b5b97c4ca4dbae4921" candidate_term: 1 candidate_status { last_received { term: 0 index: 0 } } ignore_live_leader: false dest_uuid: "9ef45713fdc1454ba0fdf45c0bfd10a6" is_pre_election: true
I20260709 13:11:05.776985  5118 raft_consensus.cc:515] T 2bb34df6071e4e42bba00583dfe6baa5 P d930be3681754f38b70e8e5c2018b3e8 [term 0 FOLLOWER]: Starting pre-election with config: opid_index: -1 OBSOLETE_local: false peers { permanent_uuid: "9ef45713fdc1454ba0fdf45c0bfd10a6" member_type: VOTER last_known_addr { host: "127.3.115.129" port: 40079 } } peers { permanent_uuid: "bc168da0475b45b5b97c4ca4dbae4921" member_type: VOTER last_known_addr { host: "127.3.115.130" port: 34189 } } peers { permanent_uuid: "d930be3681754f38b70e8e5c2018b3e8" member_type: VOTER last_known_addr { host: "127.3.115.131" port: 37787 } }
W20260709 13:11:05.777730  4730 leader_election.cc:343] T bc593d680b35472398103d2baa49b42b P bc168da0475b45b5b97c4ca4dbae4921 [CANDIDATE]: Term 1 pre-election: Tablet error from VoteRequest() call to peer 9ef45713fdc1454ba0fdf45c0bfd10a6 (127.3.115.129:40079): Illegal state: must be running to vote when last-logged opid is not known
I20260709 13:11:05.778088  4730 leader_election.cc:304] T bc593d680b35472398103d2baa49b42b P bc168da0475b45b5b97c4ca4dbae4921 [CANDIDATE]: Term 1 pre-election: Election decided. Result: candidate lost. Election summary: received 3 responses out of 3 voters: 1 yes votes; 2 no votes. yes voters: bc168da0475b45b5b97c4ca4dbae4921; no voters: 9ef45713fdc1454ba0fdf45c0bfd10a6, d930be3681754f38b70e8e5c2018b3e8
I20260709 13:11:05.778918  5118 leader_election.cc:290] T 2bb34df6071e4e42bba00583dfe6baa5 P d930be3681754f38b70e8e5c2018b3e8 [CANDIDATE]: Term 1 pre-election: Requested pre-vote from peers 9ef45713fdc1454ba0fdf45c0bfd10a6 (127.3.115.129:40079), bc168da0475b45b5b97c4ca4dbae4921 (127.3.115.130:34189)
I20260709 13:11:05.778992  4947 raft_consensus.cc:2749] T bc593d680b35472398103d2baa49b42b P bc168da0475b45b5b97c4ca4dbae4921 [term 0 FOLLOWER]: Leader pre-election lost for term 1. Reason: could not achieve majority
I20260709 13:11:05.779701  4882 raft_consensus.cc:359] T ea9dd5b0e24349c18fbb219ef030c014 P 9ef45713fdc1454ba0fdf45c0bfd10a6 [term 0 FOLLOWER]: Replica starting. Triggering 0 pending ops. Active config: opid_index: -1 OBSOLETE_local: false peers { permanent_uuid: "9ef45713fdc1454ba0fdf45c0bfd10a6" member_type: VOTER last_known_addr { host: "127.3.115.129" port: 40079 } } peers { permanent_uuid: "bc168da0475b45b5b97c4ca4dbae4921" member_type: VOTER last_known_addr { host: "127.3.115.130" port: 34189 } } peers { permanent_uuid: "d930be3681754f38b70e8e5c2018b3e8" member_type: VOTER last_known_addr { host: "127.3.115.131" port: 37787 } }
I20260709 13:11:05.780308  4882 raft_consensus.cc:385] T ea9dd5b0e24349c18fbb219ef030c014 P 9ef45713fdc1454ba0fdf45c0bfd10a6 [term 0 FOLLOWER]: Consensus starting up: Expiring failure detector timer to make a prompt election more likely
I20260709 13:11:05.780565  4882 raft_consensus.cc:740] T ea9dd5b0e24349c18fbb219ef030c014 P 9ef45713fdc1454ba0fdf45c0bfd10a6 [term 0 FOLLOWER]: Becoming Follower/Learner. State: Replica: 9ef45713fdc1454ba0fdf45c0bfd10a6, State: Initialized, Role: FOLLOWER
I20260709 13:11:05.781214  4882 consensus_queue.cc:260] T ea9dd5b0e24349c18fbb219ef030c014 P 9ef45713fdc1454ba0fdf45c0bfd10a6 [NON_LEADER]: Queue going to NON_LEADER mode. State: All replicated index: 0, Majority replicated index: 0, Committed index: 0, Last appended: 0.0, Last appended by leader: 0, Current term: 0, Majority size: -1, State: 0, Mode: NON_LEADER, active raft config: opid_index: -1 OBSOLETE_local: false peers { permanent_uuid: "9ef45713fdc1454ba0fdf45c0bfd10a6" member_type: VOTER last_known_addr { host: "127.3.115.129" port: 40079 } } peers { permanent_uuid: "bc168da0475b45b5b97c4ca4dbae4921" member_type: VOTER last_known_addr { host: "127.3.115.130" port: 34189 } } peers { permanent_uuid: "d930be3681754f38b70e8e5c2018b3e8" member_type: VOTER last_known_addr { host: "127.3.115.131" port: 37787 } }
I20260709 13:11:05.780633  4879 tablet_bootstrap.cc:654] T 9f2f3f9b767a472b89286e05499f385a P d930be3681754f38b70e8e5c2018b3e8: Neither blocks nor log segments found. Creating new log.
W20260709 13:11:05.783656  4804 leader_election.cc:343] T 9b4dfdcb54bc442abde3915272b280d8 P d930be3681754f38b70e8e5c2018b3e8 [CANDIDATE]: Term 1 pre-election: Tablet error from VoteRequest() call to peer 9ef45713fdc1454ba0fdf45c0bfd10a6 (127.3.115.129:40079): Illegal state: must be running to vote when last-logged opid is not known
I20260709 13:11:05.784479  4689 tablet_service.cc:1917] Received RequestConsensusVote() RPC: tablet_id: "2bb34df6071e4e42bba00583dfe6baa5" candidate_uuid: "d930be3681754f38b70e8e5c2018b3e8" candidate_term: 1 candidate_status { last_received { term: 0 index: 0 } } ignore_live_leader: false dest_uuid: "9ef45713fdc1454ba0fdf45c0bfd10a6" is_pre_election: true
I20260709 13:11:05.770845  4958 leader_election.cc:290] T 9b4dfdcb54bc442abde3915272b280d8 P d930be3681754f38b70e8e5c2018b3e8 [CANDIDATE]: Term 1 pre-election: Requested pre-vote from peers 9ef45713fdc1454ba0fdf45c0bfd10a6 (127.3.115.129:40079), bc168da0475b45b5b97c4ca4dbae4921 (127.3.115.130:34189)
I20260709 13:11:05.789458  4882 ts_tablet_manager.cc:1434] T ea9dd5b0e24349c18fbb219ef030c014 P 9ef45713fdc1454ba0fdf45c0bfd10a6: Time spent starting tablet: real 0.047s	user 0.005s	sys 0.001s
I20260709 13:11:05.795174  4882 tablet_bootstrap.cc:492] T ddb458261a1b4699a0e045f2a698a9a0 P 9ef45713fdc1454ba0fdf45c0bfd10a6: Bootstrap starting.
I20260709 13:11:05.795743  4760 tablet_service.cc:1917] Received RequestConsensusVote() RPC: tablet_id: "2bb34df6071e4e42bba00583dfe6baa5" candidate_uuid: "d930be3681754f38b70e8e5c2018b3e8" candidate_term: 1 candidate_status { last_received { term: 0 index: 0 } } ignore_live_leader: false dest_uuid: "bc168da0475b45b5b97c4ca4dbae4921" is_pre_election: true
I20260709 13:11:05.798576  4763 tablet_service.cc:1917] Received RequestConsensusVote() RPC: tablet_id: "9b4dfdcb54bc442abde3915272b280d8" candidate_uuid: "d930be3681754f38b70e8e5c2018b3e8" candidate_term: 1 candidate_status { last_received { term: 0 index: 0 } } ignore_live_leader: false dest_uuid: "bc168da0475b45b5b97c4ca4dbae4921" is_pre_election: true
W20260709 13:11:05.800562  4805 leader_election.cc:343] T 2bb34df6071e4e42bba00583dfe6baa5 P d930be3681754f38b70e8e5c2018b3e8 [CANDIDATE]: Term 1 pre-election: Tablet error from VoteRequest() call to peer bc168da0475b45b5b97c4ca4dbae4921 (127.3.115.130:34189): Illegal state: must be running to vote when last-logged opid is not known
W20260709 13:11:05.801524  4805 leader_election.cc:343] T 9b4dfdcb54bc442abde3915272b280d8 P d930be3681754f38b70e8e5c2018b3e8 [CANDIDATE]: Term 1 pre-election: Tablet error from VoteRequest() call to peer bc168da0475b45b5b97c4ca4dbae4921 (127.3.115.130:34189): Illegal state: must be running to vote when last-logged opid is not known
I20260709 13:11:05.801970  4805 leader_election.cc:304] T 9b4dfdcb54bc442abde3915272b280d8 P d930be3681754f38b70e8e5c2018b3e8 [CANDIDATE]: Term 1 pre-election: Election decided. Result: candidate lost. Election summary: received 3 responses out of 3 voters: 1 yes votes; 2 no votes. yes voters: d930be3681754f38b70e8e5c2018b3e8; no voters: 9ef45713fdc1454ba0fdf45c0bfd10a6, bc168da0475b45b5b97c4ca4dbae4921
I20260709 13:11:05.802753  4958 raft_consensus.cc:2749] T 9b4dfdcb54bc442abde3915272b280d8 P d930be3681754f38b70e8e5c2018b3e8 [term 0 FOLLOWER]: Leader pre-election lost for term 1. Reason: could not achieve majority
I20260709 13:11:05.806205  4585 catalog_manager.cc:5697] T a7312601ea474173b0c927a9c564cf06 P 9ef45713fdc1454ba0fdf45c0bfd10a6 reported cstate change: term changed from 0 to 1, leader changed from <none> to 9ef45713fdc1454ba0fdf45c0bfd10a6 (127.3.115.129). New cstate: current_term: 1 leader_uuid: "9ef45713fdc1454ba0fdf45c0bfd10a6" committed_config { opid_index: -1 OBSOLETE_local: false peers { permanent_uuid: "9ef45713fdc1454ba0fdf45c0bfd10a6" member_type: VOTER last_known_addr { host: "127.3.115.129" port: 40079 } health_report { overall_health: HEALTHY } } peers { permanent_uuid: "bc168da0475b45b5b97c4ca4dbae4921" member_type: VOTER last_known_addr { host: "127.3.115.130" port: 34189 } health_report { overall_health: UNKNOWN } } peers { permanent_uuid: "d930be3681754f38b70e8e5c2018b3e8" member_type: VOTER last_known_addr { host: "127.3.115.131" port: 37787 } health_report { overall_health: UNKNOWN } } }
W20260709 13:11:05.810696  4804 leader_election.cc:343] T 2bb34df6071e4e42bba00583dfe6baa5 P d930be3681754f38b70e8e5c2018b3e8 [CANDIDATE]: Term 1 pre-election: Tablet error from VoteRequest() call to peer 9ef45713fdc1454ba0fdf45c0bfd10a6 (127.3.115.129:40079): Illegal state: must be running to vote when last-logged opid is not known
I20260709 13:11:05.812319  4804 leader_election.cc:304] T 2bb34df6071e4e42bba00583dfe6baa5 P d930be3681754f38b70e8e5c2018b3e8 [CANDIDATE]: Term 1 pre-election: Election decided. Result: candidate lost. Election summary: received 3 responses out of 3 voters: 1 yes votes; 2 no votes. yes voters: d930be3681754f38b70e8e5c2018b3e8; no voters: 9ef45713fdc1454ba0fdf45c0bfd10a6, bc168da0475b45b5b97c4ca4dbae4921
I20260709 13:11:05.813378  5119 raft_consensus.cc:2749] T 2bb34df6071e4e42bba00583dfe6baa5 P d930be3681754f38b70e8e5c2018b3e8 [term 0 FOLLOWER]: Leader pre-election lost for term 1. Reason: could not achieve majority
W20260709 13:11:05.814189  4804 consensus_peers.cc:597] T 3933c837d72b4ee2955e0f7d640382e0 P d930be3681754f38b70e8e5c2018b3e8 -> Peer 9ef45713fdc1454ba0fdf45c0bfd10a6 (127.3.115.129:40079): Couldn't send request to peer 9ef45713fdc1454ba0fdf45c0bfd10a6. Error code: TABLET_NOT_RUNNING (12). Status: Illegal state: Tablet not RUNNING: INITIALIZED. This is attempt 1: this message will repeat every 5th retry.
I20260709 13:11:05.804450  5130 raft_consensus.cc:515] T 544f99fb68a847b0b04d644ad471ba54 P bc168da0475b45b5b97c4ca4dbae4921 [term 1 FOLLOWER]: Starting leader election with config: opid_index: -1 OBSOLETE_local: false peers { permanent_uuid: "9ef45713fdc1454ba0fdf45c0bfd10a6" member_type: VOTER last_known_addr { host: "127.3.115.129" port: 40079 } } peers { permanent_uuid: "bc168da0475b45b5b97c4ca4dbae4921" member_type: VOTER last_known_addr { host: "127.3.115.130" port: 34189 } } peers { permanent_uuid: "d930be3681754f38b70e8e5c2018b3e8" member_type: VOTER last_known_addr { host: "127.3.115.131" port: 37787 } }
I20260709 13:11:05.820005  5119 consensus_queue.cc:1048] T 3933c837d72b4ee2955e0f7d640382e0 P d930be3681754f38b70e8e5c2018b3e8 [LEADER]: Connected to new peer: Peer: permanent_uuid: "bc168da0475b45b5b97c4ca4dbae4921" member_type: VOTER last_known_addr { host: "127.3.115.130" port: 34189 }, Status: LMP_MISMATCH, Last received: 0.0, Next index: 1, Last known committed idx: 0, Time since last communication: 0.000s
I20260709 13:11:05.823825  4882 tablet_bootstrap.cc:654] T ddb458261a1b4699a0e045f2a698a9a0 P 9ef45713fdc1454ba0fdf45c0bfd10a6: Neither blocks nor log segments found. Creating new log.
I20260709 13:11:05.835048  4881 tablet_bootstrap.cc:492] T 9b4dfdcb54bc442abde3915272b280d8 P bc168da0475b45b5b97c4ca4dbae4921: No bootstrap required, opened a new log
I20260709 13:11:05.835506  4881 ts_tablet_manager.cc:1403] T 9b4dfdcb54bc442abde3915272b280d8 P bc168da0475b45b5b97c4ca4dbae4921: Time spent bootstrapping tablet: real 0.199s	user 0.011s	sys 0.008s
I20260709 13:11:05.841434  4879 tablet_bootstrap.cc:492] T 9f2f3f9b767a472b89286e05499f385a P d930be3681754f38b70e8e5c2018b3e8: No bootstrap required, opened a new log
I20260709 13:11:05.841903  4879 ts_tablet_manager.cc:1403] T 9f2f3f9b767a472b89286e05499f385a P d930be3681754f38b70e8e5c2018b3e8: Time spent bootstrapping tablet: real 0.198s	user 0.012s	sys 0.005s
I20260709 13:11:05.842451  4881 raft_consensus.cc:359] T 9b4dfdcb54bc442abde3915272b280d8 P bc168da0475b45b5b97c4ca4dbae4921 [term 0 FOLLOWER]: Replica starting. Triggering 0 pending ops. Active config: opid_index: -1 OBSOLETE_local: false peers { permanent_uuid: "9ef45713fdc1454ba0fdf45c0bfd10a6" member_type: VOTER last_known_addr { host: "127.3.115.129" port: 40079 } } peers { permanent_uuid: "bc168da0475b45b5b97c4ca4dbae4921" member_type: VOTER last_known_addr { host: "127.3.115.130" port: 34189 } } peers { permanent_uuid: "d930be3681754f38b70e8e5c2018b3e8" member_type: VOTER last_known_addr { host: "127.3.115.131" port: 37787 } }
I20260709 13:11:05.843453  4881 raft_consensus.cc:385] T 9b4dfdcb54bc442abde3915272b280d8 P bc168da0475b45b5b97c4ca4dbae4921 [term 0 FOLLOWER]: Consensus starting up: Expiring failure detector timer to make a prompt election more likely
I20260709 13:11:05.843677  4881 raft_consensus.cc:740] T 9b4dfdcb54bc442abde3915272b280d8 P bc168da0475b45b5b97c4ca4dbae4921 [term 0 FOLLOWER]: Becoming Follower/Learner. State: Replica: bc168da0475b45b5b97c4ca4dbae4921, State: Initialized, Role: FOLLOWER
I20260709 13:11:05.847509  4881 consensus_queue.cc:260] T 9b4dfdcb54bc442abde3915272b280d8 P bc168da0475b45b5b97c4ca4dbae4921 [NON_LEADER]: Queue going to NON_LEADER mode. State: All replicated index: 0, Majority replicated index: 0, Committed index: 0, Last appended: 0.0, Last appended by leader: 0, Current term: 0, Majority size: -1, State: 0, Mode: NON_LEADER, active raft config: opid_index: -1 OBSOLETE_local: false peers { permanent_uuid: "9ef45713fdc1454ba0fdf45c0bfd10a6" member_type: VOTER last_known_addr { host: "127.3.115.129" port: 40079 } } peers { permanent_uuid: "bc168da0475b45b5b97c4ca4dbae4921" member_type: VOTER last_known_addr { host: "127.3.115.130" port: 34189 } } peers { permanent_uuid: "d930be3681754f38b70e8e5c2018b3e8" member_type: VOTER last_known_addr { host: "127.3.115.131" port: 37787 } }
I20260709 13:11:05.850222  4688 tablet_service.cc:1917] Received RequestConsensusVote() RPC: tablet_id: "544f99fb68a847b0b04d644ad471ba54" candidate_uuid: "bc168da0475b45b5b97c4ca4dbae4921" candidate_term: 1 candidate_status { last_received { term: 0 index: 0 } } ignore_live_leader: false dest_uuid: "9ef45713fdc1454ba0fdf45c0bfd10a6"
W20260709 13:11:05.852435  4730 leader_election.cc:343] T 544f99fb68a847b0b04d644ad471ba54 P bc168da0475b45b5b97c4ca4dbae4921 [CANDIDATE]: Term 1 election: Tablet error from VoteRequest() call to peer 9ef45713fdc1454ba0fdf45c0bfd10a6 (127.3.115.129:40079): Illegal state: must be running to vote when last-logged opid is not known
I20260709 13:11:05.852938  5130 leader_election.cc:290] T 544f99fb68a847b0b04d644ad471ba54 P bc168da0475b45b5b97c4ca4dbae4921 [CANDIDATE]: Term 1 election: Requested vote from peers 9ef45713fdc1454ba0fdf45c0bfd10a6 (127.3.115.129:40079), d930be3681754f38b70e8e5c2018b3e8 (127.3.115.131:37787)
I20260709 13:11:05.854456  4881 ts_tablet_manager.cc:1434] T 9b4dfdcb54bc442abde3915272b280d8 P bc168da0475b45b5b97c4ca4dbae4921: Time spent starting tablet: real 0.019s	user 0.005s	sys 0.000s
I20260709 13:11:05.854800  4838 tablet_service.cc:1917] Received RequestConsensusVote() RPC: tablet_id: "544f99fb68a847b0b04d644ad471ba54" candidate_uuid: "bc168da0475b45b5b97c4ca4dbae4921" candidate_term: 1 candidate_status { last_received { term: 0 index: 0 } } ignore_live_leader: false dest_uuid: "d930be3681754f38b70e8e5c2018b3e8"
I20260709 13:11:05.855438  4881 tablet_bootstrap.cc:492] T 2bb34df6071e4e42bba00583dfe6baa5 P bc168da0475b45b5b97c4ca4dbae4921: Bootstrap starting.
I20260709 13:11:05.855520  4838 raft_consensus.cc:3060] T 544f99fb68a847b0b04d644ad471ba54 P d930be3681754f38b70e8e5c2018b3e8 [term 0 FOLLOWER]: Advancing to term 1
I20260709 13:11:05.862797  4838 raft_consensus.cc:2468] T 544f99fb68a847b0b04d644ad471ba54 P d930be3681754f38b70e8e5c2018b3e8 [term 1 FOLLOWER]: Leader election vote request: Granting yes vote for candidate bc168da0475b45b5b97c4ca4dbae4921 in term 1.
I20260709 13:11:05.866523  4881 tablet_bootstrap.cc:654] T 2bb34df6071e4e42bba00583dfe6baa5 P bc168da0475b45b5b97c4ca4dbae4921: Neither blocks nor log segments found. Creating new log.
I20260709 13:11:05.854182  4879 raft_consensus.cc:359] T 9f2f3f9b767a472b89286e05499f385a P d930be3681754f38b70e8e5c2018b3e8 [term 0 FOLLOWER]: Replica starting. Triggering 0 pending ops. Active config: opid_index: -1 OBSOLETE_local: false peers { permanent_uuid: "9ef45713fdc1454ba0fdf45c0bfd10a6" member_type: VOTER last_known_addr { host: "127.3.115.129" port: 40079 } } peers { permanent_uuid: "bc168da0475b45b5b97c4ca4dbae4921" member_type: VOTER last_known_addr { host: "127.3.115.130" port: 34189 } } peers { permanent_uuid: "d930be3681754f38b70e8e5c2018b3e8" member_type: VOTER last_known_addr { host: "127.3.115.131" port: 37787 } }
I20260709 13:11:05.867230  4587 catalog_manager.cc:5697] T 32b8dd137fa24b279c4436ef5173a565 P d930be3681754f38b70e8e5c2018b3e8 reported cstate change: term changed from 0 to 1, leader changed from <none> to d930be3681754f38b70e8e5c2018b3e8 (127.3.115.131). New cstate: current_term: 1 leader_uuid: "d930be3681754f38b70e8e5c2018b3e8" committed_config { opid_index: -1 OBSOLETE_local: false peers { permanent_uuid: "9ef45713fdc1454ba0fdf45c0bfd10a6" member_type: VOTER last_known_addr { host: "127.3.115.129" port: 40079 } health_report { overall_health: UNKNOWN } } peers { permanent_uuid: "bc168da0475b45b5b97c4ca4dbae4921" member_type: VOTER last_known_addr { host: "127.3.115.130" port: 34189 } health_report { overall_health: UNKNOWN } } peers { permanent_uuid: "d930be3681754f38b70e8e5c2018b3e8" member_type: VOTER last_known_addr { host: "127.3.115.131" port: 37787 } health_report { overall_health: HEALTHY } } }
I20260709 13:11:05.870990  4879 raft_consensus.cc:385] T 9f2f3f9b767a472b89286e05499f385a P d930be3681754f38b70e8e5c2018b3e8 [term 0 FOLLOWER]: Consensus starting up: Expiring failure detector timer to make a prompt election more likely
I20260709 13:11:05.868256  4730 leader_election.cc:304] T 544f99fb68a847b0b04d644ad471ba54 P bc168da0475b45b5b97c4ca4dbae4921 [CANDIDATE]: Term 1 election: Election decided. Result: candidate won. Election summary: received 3 responses out of 3 voters: 2 yes votes; 1 no votes. yes voters: bc168da0475b45b5b97c4ca4dbae4921, d930be3681754f38b70e8e5c2018b3e8; no voters: 9ef45713fdc1454ba0fdf45c0bfd10a6
I20260709 13:11:05.873637  5130 raft_consensus.cc:2804] T 544f99fb68a847b0b04d644ad471ba54 P bc168da0475b45b5b97c4ca4dbae4921 [term 1 FOLLOWER]: Leader election won for term 1
I20260709 13:11:05.874607  5130 raft_consensus.cc:697] T 544f99fb68a847b0b04d644ad471ba54 P bc168da0475b45b5b97c4ca4dbae4921 [term 1 LEADER]: Becoming Leader. State: Replica: bc168da0475b45b5b97c4ca4dbae4921, State: Running, Role: LEADER
I20260709 13:11:05.875770  5130 consensus_queue.cc:237] T 544f99fb68a847b0b04d644ad471ba54 P bc168da0475b45b5b97c4ca4dbae4921 [LEADER]: Queue going to LEADER mode. State: All replicated index: 0, Majority replicated index: 0, Committed index: 0, Last appended: 0.0, Last appended by leader: 0, Current term: 1, Majority size: 2, State: 0, Mode: LEADER, active raft config: opid_index: -1 OBSOLETE_local: false peers { permanent_uuid: "9ef45713fdc1454ba0fdf45c0bfd10a6" member_type: VOTER last_known_addr { host: "127.3.115.129" port: 40079 } } peers { permanent_uuid: "bc168da0475b45b5b97c4ca4dbae4921" member_type: VOTER last_known_addr { host: "127.3.115.130" port: 34189 } } peers { permanent_uuid: "d930be3681754f38b70e8e5c2018b3e8" member_type: VOTER last_known_addr { host: "127.3.115.131" port: 37787 } }
I20260709 13:11:05.875011  4879 raft_consensus.cc:740] T 9f2f3f9b767a472b89286e05499f385a P d930be3681754f38b70e8e5c2018b3e8 [term 0 FOLLOWER]: Becoming Follower/Learner. State: Replica: d930be3681754f38b70e8e5c2018b3e8, State: Initialized, Role: FOLLOWER
I20260709 13:11:05.881124  4882 tablet_bootstrap.cc:492] T ddb458261a1b4699a0e045f2a698a9a0 P 9ef45713fdc1454ba0fdf45c0bfd10a6: No bootstrap required, opened a new log
I20260709 13:11:05.880728  4879 consensus_queue.cc:260] T 9f2f3f9b767a472b89286e05499f385a P d930be3681754f38b70e8e5c2018b3e8 [NON_LEADER]: Queue going to NON_LEADER mode. State: All replicated index: 0, Majority replicated index: 0, Committed index: 0, Last appended: 0.0, Last appended by leader: 0, Current term: 0, Majority size: -1, State: 0, Mode: NON_LEADER, active raft config: opid_index: -1 OBSOLETE_local: false peers { permanent_uuid: "9ef45713fdc1454ba0fdf45c0bfd10a6" member_type: VOTER last_known_addr { host: "127.3.115.129" port: 40079 } } peers { permanent_uuid: "bc168da0475b45b5b97c4ca4dbae4921" member_type: VOTER last_known_addr { host: "127.3.115.130" port: 34189 } } peers { permanent_uuid: "d930be3681754f38b70e8e5c2018b3e8" member_type: VOTER last_known_addr { host: "127.3.115.131" port: 37787 } }
I20260709 13:11:05.881594  4882 ts_tablet_manager.cc:1403] T ddb458261a1b4699a0e045f2a698a9a0 P 9ef45713fdc1454ba0fdf45c0bfd10a6: Time spent bootstrapping tablet: real 0.087s	user 0.013s	sys 0.006s
I20260709 13:11:05.883247  4879 ts_tablet_manager.cc:1434] T 9f2f3f9b767a472b89286e05499f385a P d930be3681754f38b70e8e5c2018b3e8: Time spent starting tablet: real 0.041s	user 0.007s	sys 0.001s
I20260709 13:11:05.885099  4879 tablet_bootstrap.cc:492] T fd9b589400764d9ca8c98d7dcdf8550e P d930be3681754f38b70e8e5c2018b3e8: Bootstrap starting.
I20260709 13:11:05.897468  4882 raft_consensus.cc:359] T ddb458261a1b4699a0e045f2a698a9a0 P 9ef45713fdc1454ba0fdf45c0bfd10a6 [term 0 FOLLOWER]: Replica starting. Triggering 0 pending ops. Active config: opid_index: -1 OBSOLETE_local: false peers { permanent_uuid: "9ef45713fdc1454ba0fdf45c0bfd10a6" member_type: VOTER last_known_addr { host: "127.3.115.129" port: 40079 } } peers { permanent_uuid: "bc168da0475b45b5b97c4ca4dbae4921" member_type: VOTER last_known_addr { host: "127.3.115.130" port: 34189 } } peers { permanent_uuid: "d930be3681754f38b70e8e5c2018b3e8" member_type: VOTER last_known_addr { host: "127.3.115.131" port: 37787 } }
I20260709 13:11:05.898149  4882 raft_consensus.cc:385] T ddb458261a1b4699a0e045f2a698a9a0 P 9ef45713fdc1454ba0fdf45c0bfd10a6 [term 0 FOLLOWER]: Consensus starting up: Expiring failure detector timer to make a prompt election more likely
I20260709 13:11:05.898396  4882 raft_consensus.cc:740] T ddb458261a1b4699a0e045f2a698a9a0 P 9ef45713fdc1454ba0fdf45c0bfd10a6 [term 0 FOLLOWER]: Becoming Follower/Learner. State: Replica: 9ef45713fdc1454ba0fdf45c0bfd10a6, State: Initialized, Role: FOLLOWER
I20260709 13:11:05.898981  4882 consensus_queue.cc:260] T ddb458261a1b4699a0e045f2a698a9a0 P 9ef45713fdc1454ba0fdf45c0bfd10a6 [NON_LEADER]: Queue going to NON_LEADER mode. State: All replicated index: 0, Majority replicated index: 0, Committed index: 0, Last appended: 0.0, Last appended by leader: 0, Current term: 0, Majority size: -1, State: 0, Mode: NON_LEADER, active raft config: opid_index: -1 OBSOLETE_local: false peers { permanent_uuid: "9ef45713fdc1454ba0fdf45c0bfd10a6" member_type: VOTER last_known_addr { host: "127.3.115.129" port: 40079 } } peers { permanent_uuid: "bc168da0475b45b5b97c4ca4dbae4921" member_type: VOTER last_known_addr { host: "127.3.115.130" port: 34189 } } peers { permanent_uuid: "d930be3681754f38b70e8e5c2018b3e8" member_type: VOTER last_known_addr { host: "127.3.115.131" port: 37787 } }
I20260709 13:11:05.902776  4882 ts_tablet_manager.cc:1434] T ddb458261a1b4699a0e045f2a698a9a0 P 9ef45713fdc1454ba0fdf45c0bfd10a6: Time spent starting tablet: real 0.021s	user 0.008s	sys 0.000s
I20260709 13:11:05.903729  4882 tablet_bootstrap.cc:492] T 32b8dd137fa24b279c4436ef5173a565 P 9ef45713fdc1454ba0fdf45c0bfd10a6: Bootstrap starting.
I20260709 13:11:05.904284  4881 tablet_bootstrap.cc:492] T 2bb34df6071e4e42bba00583dfe6baa5 P bc168da0475b45b5b97c4ca4dbae4921: No bootstrap required, opened a new log
I20260709 13:11:05.904824  4881 ts_tablet_manager.cc:1403] T 2bb34df6071e4e42bba00583dfe6baa5 P bc168da0475b45b5b97c4ca4dbae4921: Time spent bootstrapping tablet: real 0.050s	user 0.023s	sys 0.003s
I20260709 13:11:05.906231  4879 tablet_bootstrap.cc:654] T fd9b589400764d9ca8c98d7dcdf8550e P d930be3681754f38b70e8e5c2018b3e8: Neither blocks nor log segments found. Creating new log.
I20260709 13:11:05.908823  4585 catalog_manager.cc:5697] T 544f99fb68a847b0b04d644ad471ba54 P bc168da0475b45b5b97c4ca4dbae4921 reported cstate change: term changed from 0 to 1, leader changed from <none> to bc168da0475b45b5b97c4ca4dbae4921 (127.3.115.130). New cstate: current_term: 1 leader_uuid: "bc168da0475b45b5b97c4ca4dbae4921" committed_config { opid_index: -1 OBSOLETE_local: false peers { permanent_uuid: "9ef45713fdc1454ba0fdf45c0bfd10a6" member_type: VOTER last_known_addr { host: "127.3.115.129" port: 40079 } health_report { overall_health: UNKNOWN } } peers { permanent_uuid: "bc168da0475b45b5b97c4ca4dbae4921" member_type: VOTER last_known_addr { host: "127.3.115.130" port: 34189 } health_report { overall_health: HEALTHY } } peers { permanent_uuid: "d930be3681754f38b70e8e5c2018b3e8" member_type: VOTER last_known_addr { host: "127.3.115.131" port: 37787 } health_report { overall_health: UNKNOWN } } }
I20260709 13:11:05.909657  4882 tablet_bootstrap.cc:654] T 32b8dd137fa24b279c4436ef5173a565 P 9ef45713fdc1454ba0fdf45c0bfd10a6: Neither blocks nor log segments found. Creating new log.
I20260709 13:11:05.908286  4881 raft_consensus.cc:359] T 2bb34df6071e4e42bba00583dfe6baa5 P bc168da0475b45b5b97c4ca4dbae4921 [term 0 FOLLOWER]: Replica starting. Triggering 0 pending ops. Active config: opid_index: -1 OBSOLETE_local: false peers { permanent_uuid: "9ef45713fdc1454ba0fdf45c0bfd10a6" member_type: VOTER last_known_addr { host: "127.3.115.129" port: 40079 } } peers { permanent_uuid: "bc168da0475b45b5b97c4ca4dbae4921" member_type: VOTER last_known_addr { host: "127.3.115.130" port: 34189 } } peers { permanent_uuid: "d930be3681754f38b70e8e5c2018b3e8" member_type: VOTER last_known_addr { host: "127.3.115.131" port: 37787 } }
I20260709 13:11:05.911252  4881 raft_consensus.cc:385] T 2bb34df6071e4e42bba00583dfe6baa5 P bc168da0475b45b5b97c4ca4dbae4921 [term 0 FOLLOWER]: Consensus starting up: Expiring failure detector timer to make a prompt election more likely
I20260709 13:11:05.911542  4881 raft_consensus.cc:740] T 2bb34df6071e4e42bba00583dfe6baa5 P bc168da0475b45b5b97c4ca4dbae4921 [term 0 FOLLOWER]: Becoming Follower/Learner. State: Replica: bc168da0475b45b5b97c4ca4dbae4921, State: Initialized, Role: FOLLOWER
I20260709 13:11:05.912133  4881 consensus_queue.cc:260] T 2bb34df6071e4e42bba00583dfe6baa5 P bc168da0475b45b5b97c4ca4dbae4921 [NON_LEADER]: Queue going to NON_LEADER mode. State: All replicated index: 0, Majority replicated index: 0, Committed index: 0, Last appended: 0.0, Last appended by leader: 0, Current term: 0, Majority size: -1, State: 0, Mode: NON_LEADER, active raft config: opid_index: -1 OBSOLETE_local: false peers { permanent_uuid: "9ef45713fdc1454ba0fdf45c0bfd10a6" member_type: VOTER last_known_addr { host: "127.3.115.129" port: 40079 } } peers { permanent_uuid: "bc168da0475b45b5b97c4ca4dbae4921" member_type: VOTER last_known_addr { host: "127.3.115.130" port: 34189 } } peers { permanent_uuid: "d930be3681754f38b70e8e5c2018b3e8" member_type: VOTER last_known_addr { host: "127.3.115.131" port: 37787 } }
I20260709 13:11:05.915004  4882 tablet_bootstrap.cc:492] T 32b8dd137fa24b279c4436ef5173a565 P 9ef45713fdc1454ba0fdf45c0bfd10a6: No bootstrap required, opened a new log
I20260709 13:11:05.915356  4881 ts_tablet_manager.cc:1434] T 2bb34df6071e4e42bba00583dfe6baa5 P bc168da0475b45b5b97c4ca4dbae4921: Time spent starting tablet: real 0.010s	user 0.005s	sys 0.000s
I20260709 13:11:05.915517  4882 ts_tablet_manager.cc:1403] T 32b8dd137fa24b279c4436ef5173a565 P 9ef45713fdc1454ba0fdf45c0bfd10a6: Time spent bootstrapping tablet: real 0.012s	user 0.002s	sys 0.008s
I20260709 13:11:05.917407  4881 tablet_bootstrap.cc:492] T fa1b055c7b81453a9a2d2b501699bfb9 P bc168da0475b45b5b97c4ca4dbae4921: Bootstrap starting.
I20260709 13:11:05.919536  4911 consensus_queue.cc:1048] T ea9dd5b0e24349c18fbb219ef030c014 P d930be3681754f38b70e8e5c2018b3e8 [LEADER]: Connected to new peer: Peer: permanent_uuid: "bc168da0475b45b5b97c4ca4dbae4921" member_type: VOTER last_known_addr { host: "127.3.115.130" port: 34189 }, Status: LMP_MISMATCH, Last received: 0.0, Next index: 1, Last known committed idx: 0, Time since last communication: 0.000s
I20260709 13:11:05.922875  4881 tablet_bootstrap.cc:654] T fa1b055c7b81453a9a2d2b501699bfb9 P bc168da0475b45b5b97c4ca4dbae4921: Neither blocks nor log segments found. Creating new log.
I20260709 13:11:05.923717  4882 raft_consensus.cc:359] T 32b8dd137fa24b279c4436ef5173a565 P 9ef45713fdc1454ba0fdf45c0bfd10a6 [term 0 FOLLOWER]: Replica starting. Triggering 0 pending ops. Active config: opid_index: -1 OBSOLETE_local: false peers { permanent_uuid: "9ef45713fdc1454ba0fdf45c0bfd10a6" member_type: VOTER last_known_addr { host: "127.3.115.129" port: 40079 } } peers { permanent_uuid: "bc168da0475b45b5b97c4ca4dbae4921" member_type: VOTER last_known_addr { host: "127.3.115.130" port: 34189 } } peers { permanent_uuid: "d930be3681754f38b70e8e5c2018b3e8" member_type: VOTER last_known_addr { host: "127.3.115.131" port: 37787 } }
I20260709 13:11:05.924489  4882 raft_consensus.cc:385] T 32b8dd137fa24b279c4436ef5173a565 P 9ef45713fdc1454ba0fdf45c0bfd10a6 [term 0 FOLLOWER]: Consensus starting up: Expiring failure detector timer to make a prompt election more likely
I20260709 13:11:05.924819  4882 raft_consensus.cc:740] T 32b8dd137fa24b279c4436ef5173a565 P 9ef45713fdc1454ba0fdf45c0bfd10a6 [term 0 FOLLOWER]: Becoming Follower/Learner. State: Replica: 9ef45713fdc1454ba0fdf45c0bfd10a6, State: Initialized, Role: FOLLOWER
I20260709 13:11:05.925546  4882 consensus_queue.cc:260] T 32b8dd137fa24b279c4436ef5173a565 P 9ef45713fdc1454ba0fdf45c0bfd10a6 [NON_LEADER]: Queue going to NON_LEADER mode. State: All replicated index: 0, Majority replicated index: 0, Committed index: 0, Last appended: 0.0, Last appended by leader: 0, Current term: 0, Majority size: -1, State: 0, Mode: NON_LEADER, active raft config: opid_index: -1 OBSOLETE_local: false peers { permanent_uuid: "9ef45713fdc1454ba0fdf45c0bfd10a6" member_type: VOTER last_known_addr { host: "127.3.115.129" port: 40079 } } peers { permanent_uuid: "bc168da0475b45b5b97c4ca4dbae4921" member_type: VOTER last_known_addr { host: "127.3.115.130" port: 34189 } } peers { permanent_uuid: "d930be3681754f38b70e8e5c2018b3e8" member_type: VOTER last_known_addr { host: "127.3.115.131" port: 37787 } }
