I20260709 13:10:45.069934 32412 consensus_queue.cc:237] T 4d498bcaaa21498e9862ed354a6e6508 P 4a5e204707204f68a20dd445cd2b4a20 [LEADER]: Queue going to LEADER mode. State: All replicated index: 0, Majority replicated index: 0, Committed index: 0, Last appended: 0.0, Last appended by leader: 0, Current term: 1, Majority size: 2, State: 0, Mode: LEADER, active raft config: opid_index: -1 OBSOLETE_local: false peers { permanent_uuid: "115344d34f974879bd8340ea0662517d" member_type: VOTER last_known_addr { host: "127.30.211.129" port: 45955 } } peers { permanent_uuid: "a47d0a27a528411ba78bc621bee491bd" member_type: VOTER last_known_addr { host: "127.30.211.130" port: 40895 } } peers { permanent_uuid: "4a5e204707204f68a20dd445cd2b4a20" member_type: VOTER last_known_addr { host: "127.30.211.131" port: 44425 } }
W20260709 13:10:45.073791 32146 auto_rebalancer.cc:288] Could not retrieve cluster info: Service unavailable: Tablet not running
I20260709 13:10:45.077075 32394 ts_tablet_manager.cc:1434] T 6e8a3cd3669c47d89a6c9118731b2dce P a47d0a27a528411ba78bc621bee491bd: Time spent starting tablet: real 0.029s	user 0.005s	sys 0.002s
I20260709 13:10:45.078326 32394 tablet_bootstrap.cc:492] T e07078d6e4674f29a053d13f45a0a76c P a47d0a27a528411ba78bc621bee491bd: Bootstrap starting.
I20260709 13:10:45.082320 32275 tablet_service.cc:1917] Received RequestConsensusVote() RPC: tablet_id: "4d498bcaaa21498e9862ed354a6e6508" candidate_uuid: "4a5e204707204f68a20dd445cd2b4a20" candidate_term: 1 candidate_status { last_received { term: 0 index: 0 } } ignore_live_leader: false dest_uuid: "a47d0a27a528411ba78bc621bee491bd"
W20260709 13:10:45.084079 32313 leader_election.cc:343] T 4d498bcaaa21498e9862ed354a6e6508 P 4a5e204707204f68a20dd445cd2b4a20 [CANDIDATE]: Term 1 election: Tablet error from VoteRequest() call to peer a47d0a27a528411ba78bc621bee491bd (127.30.211.130:40895): Illegal state: must be running to vote when last-logged opid is not known
I20260709 13:10:45.084774 32392 leader_election.cc:290] T 4d498bcaaa21498e9862ed354a6e6508 P 4a5e204707204f68a20dd445cd2b4a20 [CANDIDATE]: Term 1 election: Requested vote from peers 115344d34f974879bd8340ea0662517d (127.30.211.129:45955), a47d0a27a528411ba78bc621bee491bd (127.30.211.130:40895)
I20260709 13:10:45.090709 32391 tablet_bootstrap.cc:492] T a3c674ddfc2f49ac9dd0f2778d66bd40 P 115344d34f974879bd8340ea0662517d: No bootstrap required, opened a new log
I20260709 13:10:45.091135 32391 ts_tablet_manager.cc:1403] T a3c674ddfc2f49ac9dd0f2778d66bd40 P 115344d34f974879bd8340ea0662517d: Time spent bootstrapping tablet: real 0.064s	user 0.012s	sys 0.028s
I20260709 13:10:45.094100 32389 tablet_bootstrap.cc:492] T 501712338b3d4813846eccb4219335e7 P 4a5e204707204f68a20dd445cd2b4a20: No bootstrap required, opened a new log
I20260709 13:10:45.093816 32391 raft_consensus.cc:359] T a3c674ddfc2f49ac9dd0f2778d66bd40 P 115344d34f974879bd8340ea0662517d [term 0 FOLLOWER]: Replica starting. Triggering 0 pending ops. Active config: opid_index: -1 OBSOLETE_local: false peers { permanent_uuid: "115344d34f974879bd8340ea0662517d" member_type: VOTER last_known_addr { host: "127.30.211.129" port: 45955 } } peers { permanent_uuid: "a47d0a27a528411ba78bc621bee491bd" member_type: VOTER last_known_addr { host: "127.30.211.130" port: 40895 } } peers { permanent_uuid: "4a5e204707204f68a20dd445cd2b4a20" member_type: VOTER last_known_addr { host: "127.30.211.131" port: 44425 } }
I20260709 13:10:45.094609 32391 raft_consensus.cc:385] T a3c674ddfc2f49ac9dd0f2778d66bd40 P 115344d34f974879bd8340ea0662517d [term 0 FOLLOWER]: Consensus starting up: Expiring failure detector timer to make a prompt election more likely
I20260709 13:10:45.094728 32389 ts_tablet_manager.cc:1403] T 501712338b3d4813846eccb4219335e7 P 4a5e204707204f68a20dd445cd2b4a20: Time spent bootstrapping tablet: real 0.040s	user 0.015s	sys 0.006s
I20260709 13:10:45.094981 32391 raft_consensus.cc:740] T a3c674ddfc2f49ac9dd0f2778d66bd40 P 115344d34f974879bd8340ea0662517d [term 0 FOLLOWER]: Becoming Follower/Learner. State: Replica: 115344d34f974879bd8340ea0662517d, State: Initialized, Role: FOLLOWER
I20260709 13:10:45.094520 32096 catalog_manager.cc:5697] T 1e44374aa6314f1980fa54dfb7ac0cd6 P 4a5e204707204f68a20dd445cd2b4a20 reported cstate change: term changed from 0 to 1, leader changed from <none> to 4a5e204707204f68a20dd445cd2b4a20 (127.30.211.131). New cstate: current_term: 1 leader_uuid: "4a5e204707204f68a20dd445cd2b4a20" committed_config { opid_index: -1 OBSOLETE_local: false peers { permanent_uuid: "4a5e204707204f68a20dd445cd2b4a20" member_type: VOTER last_known_addr { host: "127.30.211.131" port: 44425 } health_report { overall_health: HEALTHY } } peers { permanent_uuid: "a47d0a27a528411ba78bc621bee491bd" member_type: VOTER last_known_addr { host: "127.30.211.130" port: 40895 } health_report { overall_health: UNKNOWN } } peers { permanent_uuid: "115344d34f974879bd8340ea0662517d" member_type: VOTER last_known_addr { host: "127.30.211.129" port: 45955 } health_report { overall_health: UNKNOWN } } }
I20260709 13:10:45.095902 32391 consensus_queue.cc:260] T a3c674ddfc2f49ac9dd0f2778d66bd40 P 115344d34f974879bd8340ea0662517d [NON_LEADER]: Queue going to NON_LEADER mode. State: All replicated index: 0, Majority replicated index: 0, Committed index: 0, Last appended: 0.0, Last appended by leader: 0, Current term: 0, Majority size: -1, State: 0, Mode: NON_LEADER, active raft config: opid_index: -1 OBSOLETE_local: false peers { permanent_uuid: "115344d34f974879bd8340ea0662517d" member_type: VOTER last_known_addr { host: "127.30.211.129" port: 45955 } } peers { permanent_uuid: "a47d0a27a528411ba78bc621bee491bd" member_type: VOTER last_known_addr { host: "127.30.211.130" port: 40895 } } peers { permanent_uuid: "4a5e204707204f68a20dd445cd2b4a20" member_type: VOTER last_known_addr { host: "127.30.211.131" port: 44425 } }
I20260709 13:10:45.096805 32394 tablet_bootstrap.cc:654] T e07078d6e4674f29a053d13f45a0a76c P a47d0a27a528411ba78bc621bee491bd: Neither blocks nor log segments found. Creating new log.
I20260709 13:10:45.098299 32389 raft_consensus.cc:359] T 501712338b3d4813846eccb4219335e7 P 4a5e204707204f68a20dd445cd2b4a20 [term 0 FOLLOWER]: Replica starting. Triggering 0 pending ops. Active config: opid_index: -1 OBSOLETE_local: false peers { permanent_uuid: "115344d34f974879bd8340ea0662517d" member_type: VOTER last_known_addr { host: "127.30.211.129" port: 45955 } } peers { permanent_uuid: "a47d0a27a528411ba78bc621bee491bd" member_type: VOTER last_known_addr { host: "127.30.211.130" port: 40895 } } peers { permanent_uuid: "4a5e204707204f68a20dd445cd2b4a20" member_type: VOTER last_known_addr { host: "127.30.211.131" port: 44425 } }
I20260709 13:10:45.100907 32391 ts_tablet_manager.cc:1434] T a3c674ddfc2f49ac9dd0f2778d66bd40 P 115344d34f974879bd8340ea0662517d: Time spent starting tablet: real 0.010s	user 0.008s	sys 0.000s
I20260709 13:10:45.102216 32391 tablet_bootstrap.cc:492] T 6e8a3cd3669c47d89a6c9118731b2dce P 115344d34f974879bd8340ea0662517d: Bootstrap starting.
I20260709 13:10:45.099097 32389 raft_consensus.cc:385] T 501712338b3d4813846eccb4219335e7 P 4a5e204707204f68a20dd445cd2b4a20 [term 0 FOLLOWER]: Consensus starting up: Expiring failure detector timer to make a prompt election more likely
I20260709 13:10:45.106010 32389 raft_consensus.cc:740] T 501712338b3d4813846eccb4219335e7 P 4a5e204707204f68a20dd445cd2b4a20 [term 0 FOLLOWER]: Becoming Follower/Learner. State: Replica: 4a5e204707204f68a20dd445cd2b4a20, State: Initialized, Role: FOLLOWER
I20260709 13:10:45.107195 32389 consensus_queue.cc:260] T 501712338b3d4813846eccb4219335e7 P 4a5e204707204f68a20dd445cd2b4a20 [NON_LEADER]: Queue going to NON_LEADER mode. State: All replicated index: 0, Majority replicated index: 0, Committed index: 0, Last appended: 0.0, Last appended by leader: 0, Current term: 0, Majority size: -1, State: 0, Mode: NON_LEADER, active raft config: opid_index: -1 OBSOLETE_local: false peers { permanent_uuid: "115344d34f974879bd8340ea0662517d" member_type: VOTER last_known_addr { host: "127.30.211.129" port: 45955 } } peers { permanent_uuid: "a47d0a27a528411ba78bc621bee491bd" member_type: VOTER last_known_addr { host: "127.30.211.130" port: 40895 } } peers { permanent_uuid: "4a5e204707204f68a20dd445cd2b4a20" member_type: VOTER last_known_addr { host: "127.30.211.131" port: 44425 } }
I20260709 13:10:45.110622 32389 ts_tablet_manager.cc:1434] T 501712338b3d4813846eccb4219335e7 P 4a5e204707204f68a20dd445cd2b4a20: Time spent starting tablet: real 0.015s	user 0.006s	sys 0.000s
I20260709 13:10:45.111994 32389 tablet_bootstrap.cc:492] T aa8bd0deeed34b2291692988b64f94c1 P 4a5e204707204f68a20dd445cd2b4a20: Bootstrap starting.
I20260709 13:10:45.114071 32398 raft_consensus.cc:493] T a3c674ddfc2f49ac9dd0f2778d66bd40 P 115344d34f974879bd8340ea0662517d [term 0 FOLLOWER]: Starting pre-election (no leader contacted us within the election timeout)
I20260709 13:10:45.114709 32398 raft_consensus.cc:515] T a3c674ddfc2f49ac9dd0f2778d66bd40 P 115344d34f974879bd8340ea0662517d [term 0 FOLLOWER]: Starting pre-election with config: opid_index: -1 OBSOLETE_local: false peers { permanent_uuid: "115344d34f974879bd8340ea0662517d" member_type: VOTER last_known_addr { host: "127.30.211.129" port: 45955 } } peers { permanent_uuid: "a47d0a27a528411ba78bc621bee491bd" member_type: VOTER last_known_addr { host: "127.30.211.130" port: 40895 } } peers { permanent_uuid: "4a5e204707204f68a20dd445cd2b4a20" member_type: VOTER last_known_addr { host: "127.30.211.131" port: 44425 } }
I20260709 13:10:45.116665 32398 leader_election.cc:290] T a3c674ddfc2f49ac9dd0f2778d66bd40 P 115344d34f974879bd8340ea0662517d [CANDIDATE]: Term 1 pre-election: Requested pre-vote from peers a47d0a27a528411ba78bc621bee491bd (127.30.211.130:40895), 4a5e204707204f68a20dd445cd2b4a20 (127.30.211.131:44425)
I20260709 13:10:45.117522 32275 tablet_service.cc:1917] Received RequestConsensusVote() RPC: tablet_id: "a3c674ddfc2f49ac9dd0f2778d66bd40" candidate_uuid: "115344d34f974879bd8340ea0662517d" candidate_term: 1 candidate_status { last_received { term: 0 index: 0 } } ignore_live_leader: false dest_uuid: "a47d0a27a528411ba78bc621bee491bd" is_pre_election: true
I20260709 13:10:45.118121 32349 tablet_service.cc:1917] Received RequestConsensusVote() RPC: tablet_id: "a3c674ddfc2f49ac9dd0f2778d66bd40" candidate_uuid: "115344d34f974879bd8340ea0662517d" candidate_term: 1 candidate_status { last_received { term: 0 index: 0 } } ignore_live_leader: false dest_uuid: "4a5e204707204f68a20dd445cd2b4a20" is_pre_election: true
W20260709 13:10:45.119390 32164 leader_election.cc:343] T a3c674ddfc2f49ac9dd0f2778d66bd40 P 115344d34f974879bd8340ea0662517d [CANDIDATE]: Term 1 pre-election: Tablet error from VoteRequest() call to peer a47d0a27a528411ba78bc621bee491bd (127.30.211.130:40895): Illegal state: must be running to vote when last-logged opid is not known
W20260709 13:10:45.119895 32163 leader_election.cc:343] T a3c674ddfc2f49ac9dd0f2778d66bd40 P 115344d34f974879bd8340ea0662517d [CANDIDATE]: Term 1 pre-election: Tablet error from VoteRequest() call to peer 4a5e204707204f68a20dd445cd2b4a20 (127.30.211.131:44425): Illegal state: must be running to vote when last-logged opid is not known
I20260709 13:10:45.120376 32163 leader_election.cc:304] T a3c674ddfc2f49ac9dd0f2778d66bd40 P 115344d34f974879bd8340ea0662517d [CANDIDATE]: Term 1 pre-election: Election decided. Result: candidate lost. Election summary: received 3 responses out of 3 voters: 1 yes votes; 2 no votes. yes voters: 115344d34f974879bd8340ea0662517d; no voters: 4a5e204707204f68a20dd445cd2b4a20, a47d0a27a528411ba78bc621bee491bd
I20260709 13:10:45.121465 32391 tablet_bootstrap.cc:654] T 6e8a3cd3669c47d89a6c9118731b2dce P 115344d34f974879bd8340ea0662517d: Neither blocks nor log segments found. Creating new log.
I20260709 13:10:45.121582 32398 raft_consensus.cc:2749] T a3c674ddfc2f49ac9dd0f2778d66bd40 P 115344d34f974879bd8340ea0662517d [term 0 FOLLOWER]: Leader pre-election lost for term 1. Reason: could not achieve majority
I20260709 13:10:45.122625 32394 tablet_bootstrap.cc:492] T e07078d6e4674f29a053d13f45a0a76c P a47d0a27a528411ba78bc621bee491bd: No bootstrap required, opened a new log
I20260709 13:10:45.123142 32394 ts_tablet_manager.cc:1403] T e07078d6e4674f29a053d13f45a0a76c P a47d0a27a528411ba78bc621bee491bd: Time spent bootstrapping tablet: real 0.045s	user 0.028s	sys 0.002s
I20260709 13:10:45.123732 32389 tablet_bootstrap.cc:654] T aa8bd0deeed34b2291692988b64f94c1 P 4a5e204707204f68a20dd445cd2b4a20: Neither blocks nor log segments found. Creating new log.
I20260709 13:10:45.124269 32412 raft_consensus.cc:493] T eaff142917214ddea116a56f5c220fe9 P 4a5e204707204f68a20dd445cd2b4a20 [term 0 FOLLOWER]: Starting pre-election (no leader contacted us within the election timeout)
I20260709 13:10:45.124718 32412 raft_consensus.cc:515] T eaff142917214ddea116a56f5c220fe9 P 4a5e204707204f68a20dd445cd2b4a20 [term 0 FOLLOWER]: Starting pre-election with config: opid_index: -1 OBSOLETE_local: false peers { permanent_uuid: "115344d34f974879bd8340ea0662517d" member_type: VOTER last_known_addr { host: "127.30.211.129" port: 45955 } } peers { permanent_uuid: "a47d0a27a528411ba78bc621bee491bd" member_type: VOTER last_known_addr { host: "127.30.211.130" port: 40895 } } peers { permanent_uuid: "4a5e204707204f68a20dd445cd2b4a20" member_type: VOTER last_known_addr { host: "127.30.211.131" port: 44425 } }
I20260709 13:10:45.127113 32412 leader_election.cc:290] T eaff142917214ddea116a56f5c220fe9 P 4a5e204707204f68a20dd445cd2b4a20 [CANDIDATE]: Term 1 pre-election: Requested pre-vote from peers 115344d34f974879bd8340ea0662517d (127.30.211.129:45955), a47d0a27a528411ba78bc621bee491bd (127.30.211.130:40895)
I20260709 13:10:45.126737 32394 raft_consensus.cc:359] T e07078d6e4674f29a053d13f45a0a76c P a47d0a27a528411ba78bc621bee491bd [term 0 FOLLOWER]: Replica starting. Triggering 0 pending ops. Active config: opid_index: -1 OBSOLETE_local: false peers { permanent_uuid: "115344d34f974879bd8340ea0662517d" member_type: VOTER last_known_addr { host: "127.30.211.129" port: 45955 } } peers { permanent_uuid: "a47d0a27a528411ba78bc621bee491bd" member_type: VOTER last_known_addr { host: "127.30.211.130" port: 40895 } } peers { permanent_uuid: "4a5e204707204f68a20dd445cd2b4a20" member_type: VOTER last_known_addr { host: "127.30.211.131" port: 44425 } }
I20260709 13:10:45.127745 32394 raft_consensus.cc:385] T e07078d6e4674f29a053d13f45a0a76c P a47d0a27a528411ba78bc621bee491bd [term 0 FOLLOWER]: Consensus starting up: Expiring failure detector timer to make a prompt election more likely
I20260709 13:10:45.128127 32394 raft_consensus.cc:740] T e07078d6e4674f29a053d13f45a0a76c P a47d0a27a528411ba78bc621bee491bd [term 0 FOLLOWER]: Becoming Follower/Learner. State: Replica: a47d0a27a528411ba78bc621bee491bd, State: Initialized, Role: FOLLOWER
I20260709 13:10:45.129089 32394 consensus_queue.cc:260] T e07078d6e4674f29a053d13f45a0a76c P a47d0a27a528411ba78bc621bee491bd [NON_LEADER]: Queue going to NON_LEADER mode. State: All replicated index: 0, Majority replicated index: 0, Committed index: 0, Last appended: 0.0, Last appended by leader: 0, Current term: 0, Majority size: -1, State: 0, Mode: NON_LEADER, active raft config: opid_index: -1 OBSOLETE_local: false peers { permanent_uuid: "115344d34f974879bd8340ea0662517d" member_type: VOTER last_known_addr { host: "127.30.211.129" port: 45955 } } peers { permanent_uuid: "a47d0a27a528411ba78bc621bee491bd" member_type: VOTER last_known_addr { host: "127.30.211.130" port: 40895 } } peers { permanent_uuid: "4a5e204707204f68a20dd445cd2b4a20" member_type: VOTER last_known_addr { host: "127.30.211.131" port: 44425 } }
I20260709 13:10:45.130170 32200 tablet_service.cc:1917] Received RequestConsensusVote() RPC: tablet_id: "eaff142917214ddea116a56f5c220fe9" candidate_uuid: "4a5e204707204f68a20dd445cd2b4a20" candidate_term: 1 candidate_status { last_received { term: 0 index: 0 } } ignore_live_leader: false dest_uuid: "115344d34f974879bd8340ea0662517d" is_pre_election: true
I20260709 13:10:45.130916 32200 raft_consensus.cc:2468] T eaff142917214ddea116a56f5c220fe9 P 115344d34f974879bd8340ea0662517d [term 0 FOLLOWER]: Leader pre-election vote request: Granting yes vote for candidate 4a5e204707204f68a20dd445cd2b4a20 in term 0.
I20260709 13:10:45.132082 32394 ts_tablet_manager.cc:1434] T e07078d6e4674f29a053d13f45a0a76c P a47d0a27a528411ba78bc621bee491bd: Time spent starting tablet: real 0.009s	user 0.005s	sys 0.000s
I20260709 13:10:45.133538 32394 tablet_bootstrap.cc:492] T 4049f7683d79476293dbd3fffaa4e3dc P a47d0a27a528411ba78bc621bee491bd: Bootstrap starting.
I20260709 13:10:45.139726 32314 leader_election.cc:304] T eaff142917214ddea116a56f5c220fe9 P 4a5e204707204f68a20dd445cd2b4a20 [CANDIDATE]: Term 1 pre-election: Election decided. Result: candidate won. Election summary: received 2 responses out of 3 voters: 2 yes votes; 0 no votes. yes voters: 115344d34f974879bd8340ea0662517d, 4a5e204707204f68a20dd445cd2b4a20; no voters: 
I20260709 13:10:45.140691 32389 tablet_bootstrap.cc:492] T aa8bd0deeed34b2291692988b64f94c1 P 4a5e204707204f68a20dd445cd2b4a20: No bootstrap required, opened a new log
I20260709 13:10:45.141120 32389 ts_tablet_manager.cc:1403] T aa8bd0deeed34b2291692988b64f94c1 P 4a5e204707204f68a20dd445cd2b4a20: Time spent bootstrapping tablet: real 0.029s	user 0.010s	sys 0.001s
I20260709 13:10:45.140964 32275 tablet_service.cc:1917] Received RequestConsensusVote() RPC: tablet_id: "eaff142917214ddea116a56f5c220fe9" candidate_uuid: "4a5e204707204f68a20dd445cd2b4a20" candidate_term: 1 candidate_status { last_received { term: 0 index: 0 } } ignore_live_leader: false dest_uuid: "a47d0a27a528411ba78bc621bee491bd" is_pre_election: true
I20260709 13:10:45.142215 32394 tablet_bootstrap.cc:654] T 4049f7683d79476293dbd3fffaa4e3dc P a47d0a27a528411ba78bc621bee491bd: Neither blocks nor log segments found. Creating new log.
W20260709 13:10:45.142464 32313 leader_election.cc:343] T eaff142917214ddea116a56f5c220fe9 P 4a5e204707204f68a20dd445cd2b4a20 [CANDIDATE]: Term 1 pre-election: Tablet error from VoteRequest() call to peer a47d0a27a528411ba78bc621bee491bd (127.30.211.130:40895): Illegal state: must be running to vote when last-logged opid is not known
I20260709 13:10:45.143615 32411 raft_consensus.cc:2804] T eaff142917214ddea116a56f5c220fe9 P 4a5e204707204f68a20dd445cd2b4a20 [term 0 FOLLOWER]: Leader pre-election won for term 1
I20260709 13:10:45.144273 32411 raft_consensus.cc:493] T eaff142917214ddea116a56f5c220fe9 P 4a5e204707204f68a20dd445cd2b4a20 [term 0 FOLLOWER]: Starting leader election (no leader contacted us within the election timeout)
I20260709 13:10:45.144733 32411 raft_consensus.cc:3060] T eaff142917214ddea116a56f5c220fe9 P 4a5e204707204f68a20dd445cd2b4a20 [term 0 FOLLOWER]: Advancing to term 1
I20260709 13:10:45.146363 32412 raft_consensus.cc:493] T 6e8a3cd3669c47d89a6c9118731b2dce P 4a5e204707204f68a20dd445cd2b4a20 [term 0 FOLLOWER]: Starting pre-election (no leader contacted us within the election timeout)
I20260709 13:10:45.143659 32389 raft_consensus.cc:359] T aa8bd0deeed34b2291692988b64f94c1 P 4a5e204707204f68a20dd445cd2b4a20 [term 0 FOLLOWER]: Replica starting. Triggering 0 pending ops. Active config: opid_index: -1 OBSOLETE_local: false peers { permanent_uuid: "115344d34f974879bd8340ea0662517d" member_type: VOTER last_known_addr { host: "127.30.211.129" port: 45955 } } peers { permanent_uuid: "a47d0a27a528411ba78bc621bee491bd" member_type: VOTER last_known_addr { host: "127.30.211.130" port: 40895 } } peers { permanent_uuid: "4a5e204707204f68a20dd445cd2b4a20" member_type: VOTER last_known_addr { host: "127.30.211.131" port: 44425 } }
I20260709 13:10:45.150192 32389 raft_consensus.cc:385] T aa8bd0deeed34b2291692988b64f94c1 P 4a5e204707204f68a20dd445cd2b4a20 [term 0 FOLLOWER]: Consensus starting up: Expiring failure detector timer to make a prompt election more likely
I20260709 13:10:45.147611 32412 raft_consensus.cc:515] T 6e8a3cd3669c47d89a6c9118731b2dce P 4a5e204707204f68a20dd445cd2b4a20 [term 0 FOLLOWER]: Starting pre-election with config: opid_index: -1 OBSOLETE_local: false peers { permanent_uuid: "115344d34f974879bd8340ea0662517d" member_type: VOTER last_known_addr { host: "127.30.211.129" port: 45955 } } peers { permanent_uuid: "a47d0a27a528411ba78bc621bee491bd" member_type: VOTER last_known_addr { host: "127.30.211.130" port: 40895 } } peers { permanent_uuid: "4a5e204707204f68a20dd445cd2b4a20" member_type: VOTER last_known_addr { host: "127.30.211.131" port: 44425 } }
I20260709 13:10:45.150486 32389 raft_consensus.cc:740] T aa8bd0deeed34b2291692988b64f94c1 P 4a5e204707204f68a20dd445cd2b4a20 [term 0 FOLLOWER]: Becoming Follower/Learner. State: Replica: 4a5e204707204f68a20dd445cd2b4a20, State: Initialized, Role: FOLLOWER
I20260709 13:10:45.151347 32391 tablet_bootstrap.cc:492] T 6e8a3cd3669c47d89a6c9118731b2dce P 115344d34f974879bd8340ea0662517d: No bootstrap required, opened a new log
I20260709 13:10:45.151180 32389 consensus_queue.cc:260] T aa8bd0deeed34b2291692988b64f94c1 P 4a5e204707204f68a20dd445cd2b4a20 [NON_LEADER]: Queue going to NON_LEADER mode. State: All replicated index: 0, Majority replicated index: 0, Committed index: 0, Last appended: 0.0, Last appended by leader: 0, Current term: 0, Majority size: -1, State: 0, Mode: NON_LEADER, active raft config: opid_index: -1 OBSOLETE_local: false peers { permanent_uuid: "115344d34f974879bd8340ea0662517d" member_type: VOTER last_known_addr { host: "127.30.211.129" port: 45955 } } peers { permanent_uuid: "a47d0a27a528411ba78bc621bee491bd" member_type: VOTER last_known_addr { host: "127.30.211.130" port: 40895 } } peers { permanent_uuid: "4a5e204707204f68a20dd445cd2b4a20" member_type: VOTER last_known_addr { host: "127.30.211.131" port: 44425 } }
I20260709 13:10:45.151818 32391 ts_tablet_manager.cc:1403] T 6e8a3cd3669c47d89a6c9118731b2dce P 115344d34f974879bd8340ea0662517d: Time spent bootstrapping tablet: real 0.050s	user 0.022s	sys 0.013s
I20260709 13:10:45.152489 32411 raft_consensus.cc:515] T eaff142917214ddea116a56f5c220fe9 P 4a5e204707204f68a20dd445cd2b4a20 [term 1 FOLLOWER]: Starting leader election with config: opid_index: -1 OBSOLETE_local: false peers { permanent_uuid: "115344d34f974879bd8340ea0662517d" member_type: VOTER last_known_addr { host: "127.30.211.129" port: 45955 } } peers { permanent_uuid: "a47d0a27a528411ba78bc621bee491bd" member_type: VOTER last_known_addr { host: "127.30.211.130" port: 40895 } } peers { permanent_uuid: "4a5e204707204f68a20dd445cd2b4a20" member_type: VOTER last_known_addr { host: "127.30.211.131" port: 44425 } }
I20260709 13:10:45.153189 32389 ts_tablet_manager.cc:1434] T aa8bd0deeed34b2291692988b64f94c1 P 4a5e204707204f68a20dd445cd2b4a20: Time spent starting tablet: real 0.012s	user 0.006s	sys 0.000s
I20260709 13:10:45.154089 32389 tablet_bootstrap.cc:492] T a3c674ddfc2f49ac9dd0f2778d66bd40 P 4a5e204707204f68a20dd445cd2b4a20: Bootstrap starting.
I20260709 13:10:45.154796 32200 tablet_service.cc:1917] Received RequestConsensusVote() RPC: tablet_id: "6e8a3cd3669c47d89a6c9118731b2dce" candidate_uuid: "4a5e204707204f68a20dd445cd2b4a20" candidate_term: 1 candidate_status { last_received { term: 0 index: 0 } } ignore_live_leader: false dest_uuid: "115344d34f974879bd8340ea0662517d" is_pre_election: true
I20260709 13:10:45.154785 32391 raft_consensus.cc:359] T 6e8a3cd3669c47d89a6c9118731b2dce P 115344d34f974879bd8340ea0662517d [term 0 FOLLOWER]: Replica starting. Triggering 0 pending ops. Active config: opid_index: -1 OBSOLETE_local: false peers { permanent_uuid: "115344d34f974879bd8340ea0662517d" member_type: VOTER last_known_addr { host: "127.30.211.129" port: 45955 } } peers { permanent_uuid: "a47d0a27a528411ba78bc621bee491bd" member_type: VOTER last_known_addr { host: "127.30.211.130" port: 40895 } } peers { permanent_uuid: "4a5e204707204f68a20dd445cd2b4a20" member_type: VOTER last_known_addr { host: "127.30.211.131" port: 44425 } }
I20260709 13:10:45.155658 32391 raft_consensus.cc:385] T 6e8a3cd3669c47d89a6c9118731b2dce P 115344d34f974879bd8340ea0662517d [term 0 FOLLOWER]: Consensus starting up: Expiring failure detector timer to make a prompt election more likely
I20260709 13:10:45.155967 32391 raft_consensus.cc:740] T 6e8a3cd3669c47d89a6c9118731b2dce P 115344d34f974879bd8340ea0662517d [term 0 FOLLOWER]: Becoming Follower/Learner. State: Replica: 115344d34f974879bd8340ea0662517d, State: Initialized, Role: FOLLOWER
I20260709 13:10:45.156739 32391 consensus_queue.cc:260] T 6e8a3cd3669c47d89a6c9118731b2dce P 115344d34f974879bd8340ea0662517d [NON_LEADER]: Queue going to NON_LEADER mode. State: All replicated index: 0, Majority replicated index: 0, Committed index: 0, Last appended: 0.0, Last appended by leader: 0, Current term: 0, Majority size: -1, State: 0, Mode: NON_LEADER, active raft config: opid_index: -1 OBSOLETE_local: false peers { permanent_uuid: "115344d34f974879bd8340ea0662517d" member_type: VOTER last_known_addr { host: "127.30.211.129" port: 45955 } } peers { permanent_uuid: "a47d0a27a528411ba78bc621bee491bd" member_type: VOTER last_known_addr { host: "127.30.211.130" port: 40895 } } peers { permanent_uuid: "4a5e204707204f68a20dd445cd2b4a20" member_type: VOTER last_known_addr { host: "127.30.211.131" port: 44425 } }
I20260709 13:10:45.157567 32275 tablet_service.cc:1917] Received RequestConsensusVote() RPC: tablet_id: "6e8a3cd3669c47d89a6c9118731b2dce" candidate_uuid: "4a5e204707204f68a20dd445cd2b4a20" candidate_term: 1 candidate_status { last_received { term: 0 index: 0 } } ignore_live_leader: false dest_uuid: "a47d0a27a528411ba78bc621bee491bd" is_pre_election: true
I20260709 13:10:45.158174 32275 raft_consensus.cc:2468] T 6e8a3cd3669c47d89a6c9118731b2dce P a47d0a27a528411ba78bc621bee491bd [term 0 FOLLOWER]: Leader pre-election vote request: Granting yes vote for candidate 4a5e204707204f68a20dd445cd2b4a20 in term 0.
I20260709 13:10:45.158984 32391 ts_tablet_manager.cc:1434] T 6e8a3cd3669c47d89a6c9118731b2dce P 115344d34f974879bd8340ea0662517d: Time spent starting tablet: real 0.007s	user 0.008s	sys 0.000s
I20260709 13:10:45.159060 32392 raft_consensus.cc:493] T e3739e78bc2d40acb09d4c16a87858b9 P 4a5e204707204f68a20dd445cd2b4a20 [term 0 FOLLOWER]: Starting pre-election (no leader contacted us within the election timeout)
I20260709 13:10:45.159801 32389 tablet_bootstrap.cc:654] T a3c674ddfc2f49ac9dd0f2778d66bd40 P 4a5e204707204f68a20dd445cd2b4a20: Neither blocks nor log segments found. Creating new log.
I20260709 13:10:45.159595 32392 raft_consensus.cc:515] T e3739e78bc2d40acb09d4c16a87858b9 P 4a5e204707204f68a20dd445cd2b4a20 [term 0 FOLLOWER]: Starting pre-election with config: opid_index: -1 OBSOLETE_local: false peers { permanent_uuid: "115344d34f974879bd8340ea0662517d" member_type: VOTER last_known_addr { host: "127.30.211.129" port: 45955 } } peers { permanent_uuid: "a47d0a27a528411ba78bc621bee491bd" member_type: VOTER last_known_addr { host: "127.30.211.130" port: 40895 } } peers { permanent_uuid: "4a5e204707204f68a20dd445cd2b4a20" member_type: VOTER last_known_addr { host: "127.30.211.131" port: 44425 } }
I20260709 13:10:45.159765 32096 catalog_manager.cc:5697] T 4d498bcaaa21498e9862ed354a6e6508 P 4a5e204707204f68a20dd445cd2b4a20 reported cstate change: term changed from 0 to 1, leader changed from <none> to 4a5e204707204f68a20dd445cd2b4a20 (127.30.211.131). New cstate: current_term: 1 leader_uuid: "4a5e204707204f68a20dd445cd2b4a20" committed_config { opid_index: -1 OBSOLETE_local: false peers { permanent_uuid: "115344d34f974879bd8340ea0662517d" member_type: VOTER last_known_addr { host: "127.30.211.129" port: 45955 } health_report { overall_health: UNKNOWN } } peers { permanent_uuid: "a47d0a27a528411ba78bc621bee491bd" member_type: VOTER last_known_addr { host: "127.30.211.130" port: 40895 } health_report { overall_health: UNKNOWN } } peers { permanent_uuid: "4a5e204707204f68a20dd445cd2b4a20" member_type: VOTER last_known_addr { host: "127.30.211.131" port: 44425 } health_report { overall_health: HEALTHY } } }
I20260709 13:10:45.161688 32392 leader_election.cc:290] T e3739e78bc2d40acb09d4c16a87858b9 P 4a5e204707204f68a20dd445cd2b4a20 [CANDIDATE]: Term 1 pre-election: Requested pre-vote from peers 115344d34f974879bd8340ea0662517d (127.30.211.129:45955), a47d0a27a528411ba78bc621bee491bd (127.30.211.130:40895)
I20260709 13:10:45.162565 32199 tablet_service.cc:1917] Received RequestConsensusVote() RPC: tablet_id: "e3739e78bc2d40acb09d4c16a87858b9" candidate_uuid: "4a5e204707204f68a20dd445cd2b4a20" candidate_term: 1 candidate_status { last_received { term: 0 index: 0 } } ignore_live_leader: false dest_uuid: "115344d34f974879bd8340ea0662517d" is_pre_election: true
I20260709 13:10:45.162834 32391 tablet_bootstrap.cc:492] T e07078d6e4674f29a053d13f45a0a76c P 115344d34f974879bd8340ea0662517d: Bootstrap starting.
I20260709 13:10:45.163190 32199 raft_consensus.cc:2468] T e3739e78bc2d40acb09d4c16a87858b9 P 115344d34f974879bd8340ea0662517d [term 0 FOLLOWER]: Leader pre-election vote request: Granting yes vote for candidate 4a5e204707204f68a20dd445cd2b4a20 in term 0.
I20260709 13:10:45.163868 32313 leader_election.cc:304] T 6e8a3cd3669c47d89a6c9118731b2dce P 4a5e204707204f68a20dd445cd2b4a20 [CANDIDATE]: Term 1 pre-election: Election decided. Result: candidate won. Election summary: received 2 responses out of 3 voters: 2 yes votes; 0 no votes. yes voters: 4a5e204707204f68a20dd445cd2b4a20, a47d0a27a528411ba78bc621bee491bd; no voters: 
I20260709 13:10:45.165496 32200 raft_consensus.cc:2468] T 6e8a3cd3669c47d89a6c9118731b2dce P 115344d34f974879bd8340ea0662517d [term 0 FOLLOWER]: Leader pre-election vote request: Granting yes vote for candidate 4a5e204707204f68a20dd445cd2b4a20 in term 0.
I20260709 13:10:45.167660 32411 leader_election.cc:290] T eaff142917214ddea116a56f5c220fe9 P 4a5e204707204f68a20dd445cd2b4a20 [CANDIDATE]: Term 1 election: Requested vote from peers 115344d34f974879bd8340ea0662517d (127.30.211.129:45955), a47d0a27a528411ba78bc621bee491bd (127.30.211.130:40895)
I20260709 13:10:45.168210 32411 raft_consensus.cc:2804] T 6e8a3cd3669c47d89a6c9118731b2dce P 4a5e204707204f68a20dd445cd2b4a20 [term 0 FOLLOWER]: Leader pre-election won for term 1
I20260709 13:10:45.168562 32411 raft_consensus.cc:493] T 6e8a3cd3669c47d89a6c9118731b2dce P 4a5e204707204f68a20dd445cd2b4a20 [term 0 FOLLOWER]: Starting leader election (no leader contacted us within the election timeout)
I20260709 13:10:45.173326 32411 raft_consensus.cc:3060] T 6e8a3cd3669c47d89a6c9118731b2dce P 4a5e204707204f68a20dd445cd2b4a20 [term 0 FOLLOWER]: Advancing to term 1
I20260709 13:10:45.179361 32389 tablet_bootstrap.cc:492] T a3c674ddfc2f49ac9dd0f2778d66bd40 P 4a5e204707204f68a20dd445cd2b4a20: No bootstrap required, opened a new log
I20260709 13:10:45.170627 32275 tablet_service.cc:1917] Received RequestConsensusVote() RPC: tablet_id: "e3739e78bc2d40acb09d4c16a87858b9" candidate_uuid: "4a5e204707204f68a20dd445cd2b4a20" candidate_term: 1 candidate_status { last_received { term: 0 index: 0 } } ignore_live_leader: false dest_uuid: "a47d0a27a528411ba78bc621bee491bd" is_pre_election: true
I20260709 13:10:45.171098 32412 leader_election.cc:290] T 6e8a3cd3669c47d89a6c9118731b2dce P 4a5e204707204f68a20dd445cd2b4a20 [CANDIDATE]: Term 1 pre-election: Requested pre-vote from peers 115344d34f974879bd8340ea0662517d (127.30.211.129:45955), a47d0a27a528411ba78bc621bee491bd (127.30.211.130:40895)
I20260709 13:10:45.169451 32199 tablet_service.cc:1917] Received RequestConsensusVote() RPC: tablet_id: "eaff142917214ddea116a56f5c220fe9" candidate_uuid: "4a5e204707204f68a20dd445cd2b4a20" candidate_term: 1 candidate_status { last_received { term: 0 index: 0 } } ignore_live_leader: false dest_uuid: "115344d34f974879bd8340ea0662517d"
I20260709 13:10:45.181452 32391 tablet_bootstrap.cc:654] T e07078d6e4674f29a053d13f45a0a76c P 115344d34f974879bd8340ea0662517d: Neither blocks nor log segments found. Creating new log.
I20260709 13:10:45.170109 32274 tablet_service.cc:1917] Received RequestConsensusVote() RPC: tablet_id: "eaff142917214ddea116a56f5c220fe9" candidate_uuid: "4a5e204707204f68a20dd445cd2b4a20" candidate_term: 1 candidate_status { last_received { term: 0 index: 0 } } ignore_live_leader: false dest_uuid: "a47d0a27a528411ba78bc621bee491bd"
I20260709 13:10:45.181757 32199 raft_consensus.cc:3060] T eaff142917214ddea116a56f5c220fe9 P 115344d34f974879bd8340ea0662517d [term 0 FOLLOWER]: Advancing to term 1
I20260709 13:10:45.179744 32411 raft_consensus.cc:515] T 6e8a3cd3669c47d89a6c9118731b2dce P 4a5e204707204f68a20dd445cd2b4a20 [term 1 FOLLOWER]: Starting leader election with config: opid_index: -1 OBSOLETE_local: false peers { permanent_uuid: "115344d34f974879bd8340ea0662517d" member_type: VOTER last_known_addr { host: "127.30.211.129" port: 45955 } } peers { permanent_uuid: "a47d0a27a528411ba78bc621bee491bd" member_type: VOTER last_known_addr { host: "127.30.211.130" port: 40895 } } peers { permanent_uuid: "4a5e204707204f68a20dd445cd2b4a20" member_type: VOTER last_known_addr { host: "127.30.211.131" port: 44425 } }
I20260709 13:10:45.168712 32314 leader_election.cc:304] T e3739e78bc2d40acb09d4c16a87858b9 P 4a5e204707204f68a20dd445cd2b4a20 [CANDIDATE]: Term 1 pre-election: Election decided. Result: candidate won. Election summary: received 2 responses out of 3 voters: 2 yes votes; 0 no votes. yes voters: 115344d34f974879bd8340ea0662517d, 4a5e204707204f68a20dd445cd2b4a20; no voters: 
W20260709 13:10:45.185628 32313 leader_election.cc:343] T e3739e78bc2d40acb09d4c16a87858b9 P 4a5e204707204f68a20dd445cd2b4a20 [CANDIDATE]: Term 1 pre-election: Tablet error from VoteRequest() call to peer a47d0a27a528411ba78bc621bee491bd (127.30.211.130:40895): Illegal state: must be running to vote when last-logged opid is not known
I20260709 13:10:45.185746 32411 leader_election.cc:290] T 6e8a3cd3669c47d89a6c9118731b2dce P 4a5e204707204f68a20dd445cd2b4a20 [CANDIDATE]: Term 1 election: Requested vote from peers 115344d34f974879bd8340ea0662517d (127.30.211.129:45955), a47d0a27a528411ba78bc621bee491bd (127.30.211.130:40895)
I20260709 13:10:45.187892 32394 tablet_bootstrap.cc:492] T 4049f7683d79476293dbd3fffaa4e3dc P a47d0a27a528411ba78bc621bee491bd: No bootstrap required, opened a new log
I20260709 13:10:45.188380 32394 ts_tablet_manager.cc:1403] T 4049f7683d79476293dbd3fffaa4e3dc P a47d0a27a528411ba78bc621bee491bd: Time spent bootstrapping tablet: real 0.055s	user 0.013s	sys 0.002s
I20260709 13:10:45.188742 32199 raft_consensus.cc:2468] T eaff142917214ddea116a56f5c220fe9 P 115344d34f974879bd8340ea0662517d [term 1 FOLLOWER]: Leader election vote request: Granting yes vote for candidate 4a5e204707204f68a20dd445cd2b4a20 in term 1.
W20260709 13:10:45.189105 32313 leader_election.cc:343] T eaff142917214ddea116a56f5c220fe9 P 4a5e204707204f68a20dd445cd2b4a20 [CANDIDATE]: Term 1 election: Tablet error from VoteRequest() call to peer a47d0a27a528411ba78bc621bee491bd (127.30.211.130:40895): Illegal state: must be running to vote when last-logged opid is not known
I20260709 13:10:45.179769 32389 ts_tablet_manager.cc:1403] T a3c674ddfc2f49ac9dd0f2778d66bd40 P 4a5e204707204f68a20dd445cd2b4a20: Time spent bootstrapping tablet: real 0.026s	user 0.013s	sys 0.006s
I20260709 13:10:45.190976 32274 tablet_service.cc:1917] Received RequestConsensusVote() RPC: tablet_id: "6e8a3cd3669c47d89a6c9118731b2dce" candidate_uuid: "4a5e204707204f68a20dd445cd2b4a20" candidate_term: 1 candidate_status { last_received { term: 0 index: 0 } } ignore_live_leader: false dest_uuid: "a47d0a27a528411ba78bc621bee491bd"
I20260709 13:10:45.191740 32274 raft_consensus.cc:3060] T 6e8a3cd3669c47d89a6c9118731b2dce P a47d0a27a528411ba78bc621bee491bd [term 0 FOLLOWER]: Advancing to term 1
I20260709 13:10:45.191696 32394 raft_consensus.cc:359] T 4049f7683d79476293dbd3fffaa4e3dc P a47d0a27a528411ba78bc621bee491bd [term 0 FOLLOWER]: Replica starting. Triggering 0 pending ops. Active config: opid_index: -1 OBSOLETE_local: false peers { permanent_uuid: "115344d34f974879bd8340ea0662517d" member_type: VOTER last_known_addr { host: "127.30.211.129" port: 45955 } } peers { permanent_uuid: "a47d0a27a528411ba78bc621bee491bd" member_type: VOTER last_known_addr { host: "127.30.211.130" port: 40895 } } peers { permanent_uuid: "4a5e204707204f68a20dd445cd2b4a20" member_type: VOTER last_known_addr { host: "127.30.211.131" port: 44425 } }
I20260709 13:10:45.192634 32394 raft_consensus.cc:385] T 4049f7683d79476293dbd3fffaa4e3dc P a47d0a27a528411ba78bc621bee491bd [term 0 FOLLOWER]: Consensus starting up: Expiring failure detector timer to make a prompt election more likely
I20260709 13:10:45.192968 32394 raft_consensus.cc:740] T 4049f7683d79476293dbd3fffaa4e3dc P a47d0a27a528411ba78bc621bee491bd [term 0 FOLLOWER]: Becoming Follower/Learner. State: Replica: a47d0a27a528411ba78bc621bee491bd, State: Initialized, Role: FOLLOWER
I20260709 13:10:45.193321 32389 raft_consensus.cc:359] T a3c674ddfc2f49ac9dd0f2778d66bd40 P 4a5e204707204f68a20dd445cd2b4a20 [term 0 FOLLOWER]: Replica starting. Triggering 0 pending ops. Active config: opid_index: -1 OBSOLETE_local: false peers { permanent_uuid: "115344d34f974879bd8340ea0662517d" member_type: VOTER last_known_addr { host: "127.30.211.129" port: 45955 } } peers { permanent_uuid: "a47d0a27a528411ba78bc621bee491bd" member_type: VOTER last_known_addr { host: "127.30.211.130" port: 40895 } } peers { permanent_uuid: "4a5e204707204f68a20dd445cd2b4a20" member_type: VOTER last_known_addr { host: "127.30.211.131" port: 44425 } }
I20260709 13:10:45.193957 32389 raft_consensus.cc:385] T a3c674ddfc2f49ac9dd0f2778d66bd40 P 4a5e204707204f68a20dd445cd2b4a20 [term 0 FOLLOWER]: Consensus starting up: Expiring failure detector timer to make a prompt election more likely
I20260709 13:10:45.194232 32389 raft_consensus.cc:740] T a3c674ddfc2f49ac9dd0f2778d66bd40 P 4a5e204707204f68a20dd445cd2b4a20 [term 0 FOLLOWER]: Becoming Follower/Learner. State: Replica: 4a5e204707204f68a20dd445cd2b4a20, State: Initialized, Role: FOLLOWER
I20260709 13:10:45.193712 32394 consensus_queue.cc:260] T 4049f7683d79476293dbd3fffaa4e3dc P a47d0a27a528411ba78bc621bee491bd [NON_LEADER]: Queue going to NON_LEADER mode. State: All replicated index: 0, Majority replicated index: 0, Committed index: 0, Last appended: 0.0, Last appended by leader: 0, Current term: 0, Majority size: -1, State: 0, Mode: NON_LEADER, active raft config: opid_index: -1 OBSOLETE_local: false peers { permanent_uuid: "115344d34f974879bd8340ea0662517d" member_type: VOTER last_known_addr { host: "127.30.211.129" port: 45955 } } peers { permanent_uuid: "a47d0a27a528411ba78bc621bee491bd" member_type: VOTER last_known_addr { host: "127.30.211.130" port: 40895 } } peers { permanent_uuid: "4a5e204707204f68a20dd445cd2b4a20" member_type: VOTER last_known_addr { host: "127.30.211.131" port: 44425 } }
I20260709 13:10:45.194957 32389 consensus_queue.cc:260] T a3c674ddfc2f49ac9dd0f2778d66bd40 P 4a5e204707204f68a20dd445cd2b4a20 [NON_LEADER]: Queue going to NON_LEADER mode. State: All replicated index: 0, Majority replicated index: 0, Committed index: 0, Last appended: 0.0, Last appended by leader: 0, Current term: 0, Majority size: -1, State: 0, Mode: NON_LEADER, active raft config: opid_index: -1 OBSOLETE_local: false peers { permanent_uuid: "115344d34f974879bd8340ea0662517d" member_type: VOTER last_known_addr { host: "127.30.211.129" port: 45955 } } peers { permanent_uuid: "a47d0a27a528411ba78bc621bee491bd" member_type: VOTER last_known_addr { host: "127.30.211.130" port: 40895 } } peers { permanent_uuid: "4a5e204707204f68a20dd445cd2b4a20" member_type: VOTER last_known_addr { host: "127.30.211.131" port: 44425 } }
I20260709 13:10:45.197126 32389 ts_tablet_manager.cc:1434] T a3c674ddfc2f49ac9dd0f2778d66bd40 P 4a5e204707204f68a20dd445cd2b4a20: Time spent starting tablet: real 0.007s	user 0.003s	sys 0.002s
I20260709 13:10:45.197932 32389 tablet_bootstrap.cc:492] T 4049f7683d79476293dbd3fffaa4e3dc P 4a5e204707204f68a20dd445cd2b4a20: Bootstrap starting.
I20260709 13:10:45.200618 32411 raft_consensus.cc:2804] T e3739e78bc2d40acb09d4c16a87858b9 P 4a5e204707204f68a20dd445cd2b4a20 [term 0 FOLLOWER]: Leader pre-election won for term 1
I20260709 13:10:45.201107 32411 raft_consensus.cc:493] T e3739e78bc2d40acb09d4c16a87858b9 P 4a5e204707204f68a20dd445cd2b4a20 [term 0 FOLLOWER]: Starting leader election (no leader contacted us within the election timeout)
I20260709 13:10:45.201546 32411 raft_consensus.cc:3060] T e3739e78bc2d40acb09d4c16a87858b9 P 4a5e204707204f68a20dd445cd2b4a20 [term 0 FOLLOWER]: Advancing to term 1
I20260709 13:10:45.202816 32394 ts_tablet_manager.cc:1434] T 4049f7683d79476293dbd3fffaa4e3dc P a47d0a27a528411ba78bc621bee491bd: Time spent starting tablet: real 0.014s	user 0.005s	sys 0.002s
I20260709 13:10:45.203337 32389 tablet_bootstrap.cc:654] T 4049f7683d79476293dbd3fffaa4e3dc P 4a5e204707204f68a20dd445cd2b4a20: Neither blocks nor log segments found. Creating new log.
I20260709 13:10:45.211778 32394 tablet_bootstrap.cc:492] T e3739e78bc2d40acb09d4c16a87858b9 P a47d0a27a528411ba78bc621bee491bd: Bootstrap starting.
I20260709 13:10:45.216293 32199 tablet_service.cc:1917] Received RequestConsensusVote() RPC: tablet_id: "6e8a3cd3669c47d89a6c9118731b2dce" candidate_uuid: "4a5e204707204f68a20dd445cd2b4a20" candidate_term: 1 candidate_status { last_received { term: 0 index: 0 } } ignore_live_leader: false dest_uuid: "115344d34f974879bd8340ea0662517d"
I20260709 13:10:45.218842 32314 leader_election.cc:304] T eaff142917214ddea116a56f5c220fe9 P 4a5e204707204f68a20dd445cd2b4a20 [CANDIDATE]: Term 1 election: Election decided. Result: candidate won. Election summary: received 3 responses out of 3 voters: 2 yes votes; 1 no votes. yes voters: 115344d34f974879bd8340ea0662517d, 4a5e204707204f68a20dd445cd2b4a20; no voters: a47d0a27a528411ba78bc621bee491bd
I20260709 13:10:45.219643 32412 raft_consensus.cc:2804] T eaff142917214ddea116a56f5c220fe9 P 4a5e204707204f68a20dd445cd2b4a20 [term 1 FOLLOWER]: Leader election won for term 1
I20260709 13:10:45.220180 32412 raft_consensus.cc:697] T eaff142917214ddea116a56f5c220fe9 P 4a5e204707204f68a20dd445cd2b4a20 [term 1 LEADER]: Becoming Leader. State: Replica: 4a5e204707204f68a20dd445cd2b4a20, State: Running, Role: LEADER
I20260709 13:10:45.221362 32394 tablet_bootstrap.cc:654] T e3739e78bc2d40acb09d4c16a87858b9 P a47d0a27a528411ba78bc621bee491bd: Neither blocks nor log segments found. Creating new log.
I20260709 13:10:45.221829 32391 tablet_bootstrap.cc:492] T e07078d6e4674f29a053d13f45a0a76c P 115344d34f974879bd8340ea0662517d: No bootstrap required, opened a new log
I20260709 13:10:45.221331 32412 consensus_queue.cc:237] T eaff142917214ddea116a56f5c220fe9 P 4a5e204707204f68a20dd445cd2b4a20 [LEADER]: Queue going to LEADER mode. State: All replicated index: 0, Majority replicated index: 0, Committed index: 0, Last appended: 0.0, Last appended by leader: 0, Current term: 1, Majority size: 2, State: 0, Mode: LEADER, active raft config: opid_index: -1 OBSOLETE_local: false peers { permanent_uuid: "115344d34f974879bd8340ea0662517d" member_type: VOTER last_known_addr { host: "127.30.211.129" port: 45955 } } peers { permanent_uuid: "a47d0a27a528411ba78bc621bee491bd" member_type: VOTER last_known_addr { host: "127.30.211.130" port: 40895 } } peers { permanent_uuid: "4a5e204707204f68a20dd445cd2b4a20" member_type: VOTER last_known_addr { host: "127.30.211.131" port: 44425 } }
I20260709 13:10:45.222388 32391 ts_tablet_manager.cc:1403] T e07078d6e4674f29a053d13f45a0a76c P 115344d34f974879bd8340ea0662517d: Time spent bootstrapping tablet: real 0.060s	user 0.019s	sys 0.025s
I20260709 13:10:45.228217 32411 raft_consensus.cc:515] T e3739e78bc2d40acb09d4c16a87858b9 P 4a5e204707204f68a20dd445cd2b4a20 [term 1 FOLLOWER]: Starting leader election with config: opid_index: -1 OBSOLETE_local: false peers { permanent_uuid: "115344d34f974879bd8340ea0662517d" member_type: VOTER last_known_addr { host: "127.30.211.129" port: 45955 } } peers { permanent_uuid: "a47d0a27a528411ba78bc621bee491bd" member_type: VOTER last_known_addr { host: "127.30.211.130" port: 40895 } } peers { permanent_uuid: "4a5e204707204f68a20dd445cd2b4a20" member_type: VOTER last_known_addr { host: "127.30.211.131" port: 44425 } }
I20260709 13:10:45.230108 32389 tablet_bootstrap.cc:492] T 4049f7683d79476293dbd3fffaa4e3dc P 4a5e204707204f68a20dd445cd2b4a20: No bootstrap required, opened a new log
I20260709 13:10:45.230510 32389 ts_tablet_manager.cc:1403] T 4049f7683d79476293dbd3fffaa4e3dc P 4a5e204707204f68a20dd445cd2b4a20: Time spent bootstrapping tablet: real 0.033s	user 0.002s	sys 0.016s
I20260709 13:10:45.232414 32275 tablet_service.cc:1917] Received RequestConsensusVote() RPC: tablet_id: "e3739e78bc2d40acb09d4c16a87858b9" candidate_uuid: "4a5e204707204f68a20dd445cd2b4a20" candidate_term: 1 candidate_status { last_received { term: 0 index: 0 } } ignore_live_leader: false dest_uuid: "a47d0a27a528411ba78bc621bee491bd"
I20260709 13:10:45.232546 32200 tablet_service.cc:1917] Received RequestConsensusVote() RPC: tablet_id: "e3739e78bc2d40acb09d4c16a87858b9" candidate_uuid: "4a5e204707204f68a20dd445cd2b4a20" candidate_term: 1 candidate_status { last_received { term: 0 index: 0 } } ignore_live_leader: false dest_uuid: "115344d34f974879bd8340ea0662517d"
I20260709 13:10:45.233511 32200 raft_consensus.cc:3060] T e3739e78bc2d40acb09d4c16a87858b9 P 115344d34f974879bd8340ea0662517d [term 0 FOLLOWER]: Advancing to term 1
W20260709 13:10:45.234227 32313 leader_election.cc:343] T e3739e78bc2d40acb09d4c16a87858b9 P 4a5e204707204f68a20dd445cd2b4a20 [CANDIDATE]: Term 1 election: Tablet error from VoteRequest() call to peer a47d0a27a528411ba78bc621bee491bd (127.30.211.130:40895): Illegal state: must be running to vote when last-logged opid is not known
I20260709 13:10:45.235347 32389 raft_consensus.cc:359] T 4049f7683d79476293dbd3fffaa4e3dc P 4a5e204707204f68a20dd445cd2b4a20 [term 0 FOLLOWER]: Replica starting. Triggering 0 pending ops. Active config: opid_index: -1 OBSOLETE_local: false peers { permanent_uuid: "115344d34f974879bd8340ea0662517d" member_type: VOTER last_known_addr { host: "127.30.211.129" port: 45955 } } peers { permanent_uuid: "a47d0a27a528411ba78bc621bee491bd" member_type: VOTER last_known_addr { host: "127.30.211.130" port: 40895 } } peers { permanent_uuid: "4a5e204707204f68a20dd445cd2b4a20" member_type: VOTER last_known_addr { host: "127.30.211.131" port: 44425 } }
I20260709 13:10:45.236007 32389 raft_consensus.cc:385] T 4049f7683d79476293dbd3fffaa4e3dc P 4a5e204707204f68a20dd445cd2b4a20 [term 0 FOLLOWER]: Consensus starting up: Expiring failure detector timer to make a prompt election more likely
I20260709 13:10:45.236316 32389 raft_consensus.cc:740] T 4049f7683d79476293dbd3fffaa4e3dc P 4a5e204707204f68a20dd445cd2b4a20 [term 0 FOLLOWER]: Becoming Follower/Learner. State: Replica: 4a5e204707204f68a20dd445cd2b4a20, State: Initialized, Role: FOLLOWER
I20260709 13:10:45.236768 32411 leader_election.cc:290] T e3739e78bc2d40acb09d4c16a87858b9 P 4a5e204707204f68a20dd445cd2b4a20 [CANDIDATE]: Term 1 election: Requested vote from peers 115344d34f974879bd8340ea0662517d (127.30.211.129:45955), a47d0a27a528411ba78bc621bee491bd (127.30.211.130:40895)
I20260709 13:10:45.236117 32274 raft_consensus.cc:2468] T 6e8a3cd3669c47d89a6c9118731b2dce P a47d0a27a528411ba78bc621bee491bd [term 1 FOLLOWER]: Leader election vote request: Granting yes vote for candidate 4a5e204707204f68a20dd445cd2b4a20 in term 1.
I20260709 13:10:45.237133 32391 raft_consensus.cc:359] T e07078d6e4674f29a053d13f45a0a76c P 115344d34f974879bd8340ea0662517d [term 0 FOLLOWER]: Replica starting. Triggering 0 pending ops. Active config: opid_index: -1 OBSOLETE_local: false peers { permanent_uuid: "115344d34f974879bd8340ea0662517d" member_type: VOTER last_known_addr { host: "127.30.211.129" port: 45955 } } peers { permanent_uuid: "a47d0a27a528411ba78bc621bee491bd" member_type: VOTER last_known_addr { host: "127.30.211.130" port: 40895 } } peers { permanent_uuid: "4a5e204707204f68a20dd445cd2b4a20" member_type: VOTER last_known_addr { host: "127.30.211.131" port: 44425 } }
I20260709 13:10:45.237903 32391 raft_consensus.cc:385] T e07078d6e4674f29a053d13f45a0a76c P 115344d34f974879bd8340ea0662517d [term 0 FOLLOWER]: Consensus starting up: Expiring failure detector timer to make a prompt election more likely
I20260709 13:10:45.238240 32391 raft_consensus.cc:740] T e07078d6e4674f29a053d13f45a0a76c P 115344d34f974879bd8340ea0662517d [term 0 FOLLOWER]: Becoming Follower/Learner. State: Replica: 115344d34f974879bd8340ea0662517d, State: Initialized, Role: FOLLOWER
I20260709 13:10:45.238449 32313 leader_election.cc:304] T 6e8a3cd3669c47d89a6c9118731b2dce P 4a5e204707204f68a20dd445cd2b4a20 [CANDIDATE]: Term 1 election: Election decided. Result: candidate won. Election summary: received 3 responses out of 3 voters: 2 yes votes; 1 no votes. yes voters: 4a5e204707204f68a20dd445cd2b4a20, a47d0a27a528411ba78bc621bee491bd; no voters: 115344d34f974879bd8340ea0662517d
I20260709 13:10:45.240142 32411 raft_consensus.cc:2804] T 6e8a3cd3669c47d89a6c9118731b2dce P 4a5e204707204f68a20dd445cd2b4a20 [term 1 FOLLOWER]: Leader election won for term 1
I20260709 13:10:45.241037 32411 raft_consensus.cc:697] T 6e8a3cd3669c47d89a6c9118731b2dce P 4a5e204707204f68a20dd445cd2b4a20 [term 1 LEADER]: Becoming Leader. State: Replica: 4a5e204707204f68a20dd445cd2b4a20, State: Running, Role: LEADER
