I20260709 13:10:56.439270 28355 tablet_service.cc:1917] Received RequestConsensusVote() RPC: tablet_id: "dbfe431896134dd7b2b05f4290d23784" candidate_uuid: "74c1f40f5b15485899b0e29b266500ef" candidate_term: 1 candidate_status { last_received { term: 0 index: 0 } } ignore_live_leader: false dest_uuid: "21012b1f81704eb193606419c5c59c52" is_pre_election: true
W20260709 13:10:56.440568 28394 leader_election.cc:343] T dbfe431896134dd7b2b05f4290d23784 P 74c1f40f5b15485899b0e29b266500ef [CANDIDATE]: Term 1 pre-election: Tablet error from VoteRequest() call to peer 21012b1f81704eb193606419c5c59c52 (127.26.135.194:36163): Illegal state: must be running to vote when last-logged opid is not known
I20260709 13:10:56.440866 28482 raft_consensus.cc:2749] T eaf1070663584c8b8e3d6e681e50b0ed P 74c1f40f5b15485899b0e29b266500ef [term 0 FOLLOWER]: Leader pre-election lost for term 1. Reason: could not achieve majority
I20260709 13:10:56.442277 28471 raft_consensus.cc:359] T b4389fee5c654d22bd0ef2361c7c77b5 P 74c1f40f5b15485899b0e29b266500ef [term 0 FOLLOWER]: Replica starting. Triggering 0 pending ops. Active config: opid_index: -1 OBSOLETE_local: false peers { permanent_uuid: "478dc35213ca492aa9135151c3ee0f06" member_type: VOTER last_known_addr { host: "127.26.135.193" port: 44495 } } peers { permanent_uuid: "21012b1f81704eb193606419c5c59c52" member_type: VOTER last_known_addr { host: "127.26.135.194" port: 36163 } } peers { permanent_uuid: "74c1f40f5b15485899b0e29b266500ef" member_type: VOTER last_known_addr { host: "127.26.135.195" port: 38141 } }
I20260709 13:10:56.442781 28471 raft_consensus.cc:385] T b4389fee5c654d22bd0ef2361c7c77b5 P 74c1f40f5b15485899b0e29b266500ef [term 0 FOLLOWER]: Consensus starting up: Expiring failure detector timer to make a prompt election more likely
I20260709 13:10:56.442786 28281 tablet_service.cc:1917] Received RequestConsensusVote() RPC: tablet_id: "dbfe431896134dd7b2b05f4290d23784" candidate_uuid: "74c1f40f5b15485899b0e29b266500ef" candidate_term: 1 candidate_status { last_received { term: 0 index: 0 } } ignore_live_leader: false dest_uuid: "478dc35213ca492aa9135151c3ee0f06" is_pre_election: true
I20260709 13:10:56.442894 28495 leader_election.cc:290] T dbfe431896134dd7b2b05f4290d23784 P 74c1f40f5b15485899b0e29b266500ef [CANDIDATE]: Term 1 pre-election: Requested pre-vote from peers 478dc35213ca492aa9135151c3ee0f06 (127.26.135.193:44495), 21012b1f81704eb193606419c5c59c52 (127.26.135.194:36163)
I20260709 13:10:56.443164 28471 raft_consensus.cc:740] T b4389fee5c654d22bd0ef2361c7c77b5 P 74c1f40f5b15485899b0e29b266500ef [term 0 FOLLOWER]: Becoming Follower/Learner. State: Replica: 74c1f40f5b15485899b0e29b266500ef, State: Initialized, Role: FOLLOWER
W20260709 13:10:56.444285 28396 leader_election.cc:343] T dbfe431896134dd7b2b05f4290d23784 P 74c1f40f5b15485899b0e29b266500ef [CANDIDATE]: Term 1 pre-election: Tablet error from VoteRequest() call to peer 478dc35213ca492aa9135151c3ee0f06 (127.26.135.193:44495): Illegal state: must be running to vote when last-logged opid is not known
I20260709 13:10:56.444203 28471 consensus_queue.cc:260] T b4389fee5c654d22bd0ef2361c7c77b5 P 74c1f40f5b15485899b0e29b266500ef [NON_LEADER]: Queue going to NON_LEADER mode. State: All replicated index: 0, Majority replicated index: 0, Committed index: 0, Last appended: 0.0, Last appended by leader: 0, Current term: 0, Majority size: -1, State: 0, Mode: NON_LEADER, active raft config: opid_index: -1 OBSOLETE_local: false peers { permanent_uuid: "478dc35213ca492aa9135151c3ee0f06" member_type: VOTER last_known_addr { host: "127.26.135.193" port: 44495 } } peers { permanent_uuid: "21012b1f81704eb193606419c5c59c52" member_type: VOTER last_known_addr { host: "127.26.135.194" port: 36163 } } peers { permanent_uuid: "74c1f40f5b15485899b0e29b266500ef" member_type: VOTER last_known_addr { host: "127.26.135.195" port: 38141 } }
I20260709 13:10:56.444730 28396 leader_election.cc:304] T dbfe431896134dd7b2b05f4290d23784 P 74c1f40f5b15485899b0e29b266500ef [CANDIDATE]: Term 1 pre-election: Election decided. Result: candidate lost. Election summary: received 3 responses out of 3 voters: 1 yes votes; 2 no votes. yes voters: 74c1f40f5b15485899b0e29b266500ef; no voters: 21012b1f81704eb193606419c5c59c52, 478dc35213ca492aa9135151c3ee0f06
I20260709 13:10:56.445716 28482 raft_consensus.cc:2749] T dbfe431896134dd7b2b05f4290d23784 P 74c1f40f5b15485899b0e29b266500ef [term 0 FOLLOWER]: Leader pre-election lost for term 1. Reason: could not achieve majority
I20260709 13:10:56.446180 28471 ts_tablet_manager.cc:1434] T b4389fee5c654d22bd0ef2361c7c77b5 P 74c1f40f5b15485899b0e29b266500ef: Time spent starting tablet: real 0.009s	user 0.006s	sys 0.001s
I20260709 13:10:56.446938 28471 tablet_bootstrap.cc:492] T 11c04c6718db4d2187db8c706fb00184 P 74c1f40f5b15485899b0e29b266500ef: Bootstrap starting.
I20260709 13:10:56.450851 28471 tablet_bootstrap.cc:654] T 11c04c6718db4d2187db8c706fb00184 P 74c1f40f5b15485899b0e29b266500ef: Neither blocks nor log segments found. Creating new log.
I20260709 13:10:56.456292 28517 consensus_queue.cc:1048] T 2804d4212e7647bc953166487eefb209 P 478dc35213ca492aa9135151c3ee0f06 [LEADER]: Connected to new peer: Peer: permanent_uuid: "21012b1f81704eb193606419c5c59c52" member_type: VOTER last_known_addr { host: "127.26.135.194" port: 36163 }, Status: LMP_MISMATCH, Last received: 0.0, Next index: 1, Last known committed idx: 0, Time since last communication: 0.001s
I20260709 13:10:56.466395 28517 consensus_queue.cc:1048] T 2804d4212e7647bc953166487eefb209 P 478dc35213ca492aa9135151c3ee0f06 [LEADER]: Connected to new peer: Peer: permanent_uuid: "74c1f40f5b15485899b0e29b266500ef" member_type: VOTER last_known_addr { host: "127.26.135.195" port: 38141 }, Status: LMP_MISMATCH, Last received: 0.0, Next index: 1, Last known committed idx: 0, Time since last communication: 0.001s
I20260709 13:10:56.469748 28474 tablet_bootstrap.cc:492] T 666f42b14e5342e0bbd7e8ded99521cf P 478dc35213ca492aa9135151c3ee0f06: No bootstrap required, opened a new log
I20260709 13:10:56.470453 28474 ts_tablet_manager.cc:1403] T 666f42b14e5342e0bbd7e8ded99521cf P 478dc35213ca492aa9135151c3ee0f06: Time spent bootstrapping tablet: real 0.065s	user 0.015s	sys 0.002s
I20260709 13:10:56.474177 28474 raft_consensus.cc:359] T 666f42b14e5342e0bbd7e8ded99521cf P 478dc35213ca492aa9135151c3ee0f06 [term 0 FOLLOWER]: Replica starting. Triggering 0 pending ops. Active config: opid_index: -1 OBSOLETE_local: false peers { permanent_uuid: "478dc35213ca492aa9135151c3ee0f06" member_type: VOTER last_known_addr { host: "127.26.135.193" port: 44495 } } peers { permanent_uuid: "21012b1f81704eb193606419c5c59c52" member_type: VOTER last_known_addr { host: "127.26.135.194" port: 36163 } } peers { permanent_uuid: "74c1f40f5b15485899b0e29b266500ef" member_type: VOTER last_known_addr { host: "127.26.135.195" port: 38141 } }
I20260709 13:10:56.474865 28470 tablet_bootstrap.cc:492] T 766e611cc1584d4da6d234ca1f20a4a4 P 21012b1f81704eb193606419c5c59c52: No bootstrap required, opened a new log
I20260709 13:10:56.475426 28474 raft_consensus.cc:385] T 666f42b14e5342e0bbd7e8ded99521cf P 478dc35213ca492aa9135151c3ee0f06 [term 0 FOLLOWER]: Consensus starting up: Expiring failure detector timer to make a prompt election more likely
I20260709 13:10:56.475684 28470 ts_tablet_manager.cc:1403] T 766e611cc1584d4da6d234ca1f20a4a4 P 21012b1f81704eb193606419c5c59c52: Time spent bootstrapping tablet: real 0.070s	user 0.032s	sys 0.011s
I20260709 13:10:56.475996 28474 raft_consensus.cc:740] T 666f42b14e5342e0bbd7e8ded99521cf P 478dc35213ca492aa9135151c3ee0f06 [term 0 FOLLOWER]: Becoming Follower/Learner. State: Replica: 478dc35213ca492aa9135151c3ee0f06, State: Initialized, Role: FOLLOWER
I20260709 13:10:56.476994 28474 consensus_queue.cc:260] T 666f42b14e5342e0bbd7e8ded99521cf P 478dc35213ca492aa9135151c3ee0f06 [NON_LEADER]: Queue going to NON_LEADER mode. State: All replicated index: 0, Majority replicated index: 0, Committed index: 0, Last appended: 0.0, Last appended by leader: 0, Current term: 0, Majority size: -1, State: 0, Mode: NON_LEADER, active raft config: opid_index: -1 OBSOLETE_local: false peers { permanent_uuid: "478dc35213ca492aa9135151c3ee0f06" member_type: VOTER last_known_addr { host: "127.26.135.193" port: 44495 } } peers { permanent_uuid: "21012b1f81704eb193606419c5c59c52" member_type: VOTER last_known_addr { host: "127.26.135.194" port: 36163 } } peers { permanent_uuid: "74c1f40f5b15485899b0e29b266500ef" member_type: VOTER last_known_addr { host: "127.26.135.195" port: 38141 } }
I20260709 13:10:56.480410 28471 tablet_bootstrap.cc:492] T 11c04c6718db4d2187db8c706fb00184 P 74c1f40f5b15485899b0e29b266500ef: No bootstrap required, opened a new log
I20260709 13:10:56.480523 28474 ts_tablet_manager.cc:1434] T 666f42b14e5342e0bbd7e8ded99521cf P 478dc35213ca492aa9135151c3ee0f06: Time spent starting tablet: real 0.010s	user 0.003s	sys 0.004s
I20260709 13:10:56.480912 28471 ts_tablet_manager.cc:1403] T 11c04c6718db4d2187db8c706fb00184 P 74c1f40f5b15485899b0e29b266500ef: Time spent bootstrapping tablet: real 0.034s	user 0.016s	sys 0.016s
I20260709 13:10:56.479060 28470 raft_consensus.cc:359] T 766e611cc1584d4da6d234ca1f20a4a4 P 21012b1f81704eb193606419c5c59c52 [term 0 FOLLOWER]: Replica starting. Triggering 0 pending ops. Active config: opid_index: -1 OBSOLETE_local: false peers { permanent_uuid: "478dc35213ca492aa9135151c3ee0f06" member_type: VOTER last_known_addr { host: "127.26.135.193" port: 44495 } } peers { permanent_uuid: "21012b1f81704eb193606419c5c59c52" member_type: VOTER last_known_addr { host: "127.26.135.194" port: 36163 } } peers { permanent_uuid: "74c1f40f5b15485899b0e29b266500ef" member_type: VOTER last_known_addr { host: "127.26.135.195" port: 38141 } }
I20260709 13:10:56.481642 28470 raft_consensus.cc:385] T 766e611cc1584d4da6d234ca1f20a4a4 P 21012b1f81704eb193606419c5c59c52 [term 0 FOLLOWER]: Consensus starting up: Expiring failure detector timer to make a prompt election more likely
I20260709 13:10:56.482010 28470 raft_consensus.cc:740] T 766e611cc1584d4da6d234ca1f20a4a4 P 21012b1f81704eb193606419c5c59c52 [term 0 FOLLOWER]: Becoming Follower/Learner. State: Replica: 21012b1f81704eb193606419c5c59c52, State: Initialized, Role: FOLLOWER
I20260709 13:10:56.484700 28470 consensus_queue.cc:260] T 766e611cc1584d4da6d234ca1f20a4a4 P 21012b1f81704eb193606419c5c59c52 [NON_LEADER]: Queue going to NON_LEADER mode. State: All replicated index: 0, Majority replicated index: 0, Committed index: 0, Last appended: 0.0, Last appended by leader: 0, Current term: 0, Majority size: -1, State: 0, Mode: NON_LEADER, active raft config: opid_index: -1 OBSOLETE_local: false peers { permanent_uuid: "478dc35213ca492aa9135151c3ee0f06" member_type: VOTER last_known_addr { host: "127.26.135.193" port: 44495 } } peers { permanent_uuid: "21012b1f81704eb193606419c5c59c52" member_type: VOTER last_known_addr { host: "127.26.135.194" port: 36163 } } peers { permanent_uuid: "74c1f40f5b15485899b0e29b266500ef" member_type: VOTER last_known_addr { host: "127.26.135.195" port: 38141 } }
I20260709 13:10:56.486788 28470 ts_tablet_manager.cc:1434] T 766e611cc1584d4da6d234ca1f20a4a4 P 21012b1f81704eb193606419c5c59c52: Time spent starting tablet: real 0.011s	user 0.007s	sys 0.001s
I20260709 13:10:56.487715 28470 tablet_bootstrap.cc:492] T b4389fee5c654d22bd0ef2361c7c77b5 P 21012b1f81704eb193606419c5c59c52: Bootstrap starting.
I20260709 13:10:56.492481 28471 raft_consensus.cc:359] T 11c04c6718db4d2187db8c706fb00184 P 74c1f40f5b15485899b0e29b266500ef [term 0 FOLLOWER]: Replica starting. Triggering 0 pending ops. Active config: opid_index: -1 OBSOLETE_local: false peers { permanent_uuid: "478dc35213ca492aa9135151c3ee0f06" member_type: VOTER last_known_addr { host: "127.26.135.193" port: 44495 } } peers { permanent_uuid: "21012b1f81704eb193606419c5c59c52" member_type: VOTER last_known_addr { host: "127.26.135.194" port: 36163 } } peers { permanent_uuid: "74c1f40f5b15485899b0e29b266500ef" member_type: VOTER last_known_addr { host: "127.26.135.195" port: 38141 } }
I20260709 13:10:56.493211 28471 raft_consensus.cc:385] T 11c04c6718db4d2187db8c706fb00184 P 74c1f40f5b15485899b0e29b266500ef [term 0 FOLLOWER]: Consensus starting up: Expiring failure detector timer to make a prompt election more likely
I20260709 13:10:56.493499 28471 raft_consensus.cc:740] T 11c04c6718db4d2187db8c706fb00184 P 74c1f40f5b15485899b0e29b266500ef [term 0 FOLLOWER]: Becoming Follower/Learner. State: Replica: 74c1f40f5b15485899b0e29b266500ef, State: Initialized, Role: FOLLOWER
I20260709 13:10:56.493593 28470 tablet_bootstrap.cc:654] T b4389fee5c654d22bd0ef2361c7c77b5 P 21012b1f81704eb193606419c5c59c52: Neither blocks nor log segments found. Creating new log.
I20260709 13:10:56.494303 28471 consensus_queue.cc:260] T 11c04c6718db4d2187db8c706fb00184 P 74c1f40f5b15485899b0e29b266500ef [NON_LEADER]: Queue going to NON_LEADER mode. State: All replicated index: 0, Majority replicated index: 0, Committed index: 0, Last appended: 0.0, Last appended by leader: 0, Current term: 0, Majority size: -1, State: 0, Mode: NON_LEADER, active raft config: opid_index: -1 OBSOLETE_local: false peers { permanent_uuid: "478dc35213ca492aa9135151c3ee0f06" member_type: VOTER last_known_addr { host: "127.26.135.193" port: 44495 } } peers { permanent_uuid: "21012b1f81704eb193606419c5c59c52" member_type: VOTER last_known_addr { host: "127.26.135.194" port: 36163 } } peers { permanent_uuid: "74c1f40f5b15485899b0e29b266500ef" member_type: VOTER last_known_addr { host: "127.26.135.195" port: 38141 } }
I20260709 13:10:56.503561 28471 ts_tablet_manager.cc:1434] T 11c04c6718db4d2187db8c706fb00184 P 74c1f40f5b15485899b0e29b266500ef: Time spent starting tablet: real 0.022s	user 0.007s	sys 0.003s
I20260709 13:10:56.504763 28471 tablet_bootstrap.cc:492] T 3aa5e352d5334c2ba1d9532de37d9586 P 74c1f40f5b15485899b0e29b266500ef: Bootstrap starting.
I20260709 13:10:56.513736 28474 tablet_bootstrap.cc:492] T f53f4b53396e4a199f806dc3cbaee59e P 478dc35213ca492aa9135151c3ee0f06: Bootstrap starting.
I20260709 13:10:56.522671 28471 tablet_bootstrap.cc:654] T 3aa5e352d5334c2ba1d9532de37d9586 P 74c1f40f5b15485899b0e29b266500ef: Neither blocks nor log segments found. Creating new log.
I20260709 13:10:56.523805 28470 tablet_bootstrap.cc:492] T b4389fee5c654d22bd0ef2361c7c77b5 P 21012b1f81704eb193606419c5c59c52: No bootstrap required, opened a new log
I20260709 13:10:56.524253 28470 ts_tablet_manager.cc:1403] T b4389fee5c654d22bd0ef2361c7c77b5 P 21012b1f81704eb193606419c5c59c52: Time spent bootstrapping tablet: real 0.037s	user 0.021s	sys 0.012s
I20260709 13:10:56.525477 28474 tablet_bootstrap.cc:654] T f53f4b53396e4a199f806dc3cbaee59e P 478dc35213ca492aa9135151c3ee0f06: Neither blocks nor log segments found. Creating new log.
I20260709 13:10:56.526829 28470 raft_consensus.cc:359] T b4389fee5c654d22bd0ef2361c7c77b5 P 21012b1f81704eb193606419c5c59c52 [term 0 FOLLOWER]: Replica starting. Triggering 0 pending ops. Active config: opid_index: -1 OBSOLETE_local: false peers { permanent_uuid: "478dc35213ca492aa9135151c3ee0f06" member_type: VOTER last_known_addr { host: "127.26.135.193" port: 44495 } } peers { permanent_uuid: "21012b1f81704eb193606419c5c59c52" member_type: VOTER last_known_addr { host: "127.26.135.194" port: 36163 } } peers { permanent_uuid: "74c1f40f5b15485899b0e29b266500ef" member_type: VOTER last_known_addr { host: "127.26.135.195" port: 38141 } }
I20260709 13:10:56.527513 28470 raft_consensus.cc:385] T b4389fee5c654d22bd0ef2361c7c77b5 P 21012b1f81704eb193606419c5c59c52 [term 0 FOLLOWER]: Consensus starting up: Expiring failure detector timer to make a prompt election more likely
I20260709 13:10:56.527783 28470 raft_consensus.cc:740] T b4389fee5c654d22bd0ef2361c7c77b5 P 21012b1f81704eb193606419c5c59c52 [term 0 FOLLOWER]: Becoming Follower/Learner. State: Replica: 21012b1f81704eb193606419c5c59c52, State: Initialized, Role: FOLLOWER
I20260709 13:10:56.528548 28470 consensus_queue.cc:260] T b4389fee5c654d22bd0ef2361c7c77b5 P 21012b1f81704eb193606419c5c59c52 [NON_LEADER]: Queue going to NON_LEADER mode. State: All replicated index: 0, Majority replicated index: 0, Committed index: 0, Last appended: 0.0, Last appended by leader: 0, Current term: 0, Majority size: -1, State: 0, Mode: NON_LEADER, active raft config: opid_index: -1 OBSOLETE_local: false peers { permanent_uuid: "478dc35213ca492aa9135151c3ee0f06" member_type: VOTER last_known_addr { host: "127.26.135.193" port: 44495 } } peers { permanent_uuid: "21012b1f81704eb193606419c5c59c52" member_type: VOTER last_known_addr { host: "127.26.135.194" port: 36163 } } peers { permanent_uuid: "74c1f40f5b15485899b0e29b266500ef" member_type: VOTER last_known_addr { host: "127.26.135.195" port: 38141 } }
I20260709 13:10:56.530994 28470 ts_tablet_manager.cc:1434] T b4389fee5c654d22bd0ef2361c7c77b5 P 21012b1f81704eb193606419c5c59c52: Time spent starting tablet: real 0.006s	user 0.003s	sys 0.002s
I20260709 13:10:56.546887 28470 tablet_bootstrap.cc:492] T 3aa5e352d5334c2ba1d9532de37d9586 P 21012b1f81704eb193606419c5c59c52: Bootstrap starting.
I20260709 13:10:56.552590 28470 tablet_bootstrap.cc:654] T 3aa5e352d5334c2ba1d9532de37d9586 P 21012b1f81704eb193606419c5c59c52: Neither blocks nor log segments found. Creating new log.
I20260709 13:10:56.554908 28471 tablet_bootstrap.cc:492] T 3aa5e352d5334c2ba1d9532de37d9586 P 74c1f40f5b15485899b0e29b266500ef: No bootstrap required, opened a new log
I20260709 13:10:56.555390 28471 ts_tablet_manager.cc:1403] T 3aa5e352d5334c2ba1d9532de37d9586 P 74c1f40f5b15485899b0e29b266500ef: Time spent bootstrapping tablet: real 0.051s	user 0.011s	sys 0.017s
I20260709 13:10:56.558084 28471 raft_consensus.cc:359] T 3aa5e352d5334c2ba1d9532de37d9586 P 74c1f40f5b15485899b0e29b266500ef [term 0 FOLLOWER]: Replica starting. Triggering 0 pending ops. Active config: opid_index: -1 OBSOLETE_local: false peers { permanent_uuid: "478dc35213ca492aa9135151c3ee0f06" member_type: VOTER last_known_addr { host: "127.26.135.193" port: 44495 } } peers { permanent_uuid: "21012b1f81704eb193606419c5c59c52" member_type: VOTER last_known_addr { host: "127.26.135.194" port: 36163 } } peers { permanent_uuid: "74c1f40f5b15485899b0e29b266500ef" member_type: VOTER last_known_addr { host: "127.26.135.195" port: 38141 } }
I20260709 13:10:56.558986 28471 raft_consensus.cc:385] T 3aa5e352d5334c2ba1d9532de37d9586 P 74c1f40f5b15485899b0e29b266500ef [term 0 FOLLOWER]: Consensus starting up: Expiring failure detector timer to make a prompt election more likely
I20260709 13:10:56.559332 28471 raft_consensus.cc:740] T 3aa5e352d5334c2ba1d9532de37d9586 P 74c1f40f5b15485899b0e29b266500ef [term 0 FOLLOWER]: Becoming Follower/Learner. State: Replica: 74c1f40f5b15485899b0e29b266500ef, State: Initialized, Role: FOLLOWER
I20260709 13:10:56.560040 28471 consensus_queue.cc:260] T 3aa5e352d5334c2ba1d9532de37d9586 P 74c1f40f5b15485899b0e29b266500ef [NON_LEADER]: Queue going to NON_LEADER mode. State: All replicated index: 0, Majority replicated index: 0, Committed index: 0, Last appended: 0.0, Last appended by leader: 0, Current term: 0, Majority size: -1, State: 0, Mode: NON_LEADER, active raft config: opid_index: -1 OBSOLETE_local: false peers { permanent_uuid: "478dc35213ca492aa9135151c3ee0f06" member_type: VOTER last_known_addr { host: "127.26.135.193" port: 44495 } } peers { permanent_uuid: "21012b1f81704eb193606419c5c59c52" member_type: VOTER last_known_addr { host: "127.26.135.194" port: 36163 } } peers { permanent_uuid: "74c1f40f5b15485899b0e29b266500ef" member_type: VOTER last_known_addr { host: "127.26.135.195" port: 38141 } }
I20260709 13:10:56.561887 28471 ts_tablet_manager.cc:1434] T 3aa5e352d5334c2ba1d9532de37d9586 P 74c1f40f5b15485899b0e29b266500ef: Time spent starting tablet: real 0.006s	user 0.005s	sys 0.000s
I20260709 13:10:56.560778 28474 tablet_bootstrap.cc:492] T f53f4b53396e4a199f806dc3cbaee59e P 478dc35213ca492aa9135151c3ee0f06: No bootstrap required, opened a new log
I20260709 13:10:56.562661 28474 ts_tablet_manager.cc:1403] T f53f4b53396e4a199f806dc3cbaee59e P 478dc35213ca492aa9135151c3ee0f06: Time spent bootstrapping tablet: real 0.049s	user 0.014s	sys 0.000s
I20260709 13:10:56.562577 28553 raft_consensus.cc:493] T 3aa5e352d5334c2ba1d9532de37d9586 P 478dc35213ca492aa9135151c3ee0f06 [term 0 FOLLOWER]: Starting pre-election (no leader contacted us within the election timeout)
I20260709 13:10:56.564595 28471 tablet_bootstrap.cc:492] T f53f4b53396e4a199f806dc3cbaee59e P 74c1f40f5b15485899b0e29b266500ef: Bootstrap starting.
I20260709 13:10:56.565508 28474 raft_consensus.cc:359] T f53f4b53396e4a199f806dc3cbaee59e P 478dc35213ca492aa9135151c3ee0f06 [term 0 FOLLOWER]: Replica starting. Triggering 0 pending ops. Active config: opid_index: -1 OBSOLETE_local: false peers { permanent_uuid: "478dc35213ca492aa9135151c3ee0f06" member_type: VOTER last_known_addr { host: "127.26.135.193" port: 44495 } } peers { permanent_uuid: "21012b1f81704eb193606419c5c59c52" member_type: VOTER last_known_addr { host: "127.26.135.194" port: 36163 } } peers { permanent_uuid: "74c1f40f5b15485899b0e29b266500ef" member_type: VOTER last_known_addr { host: "127.26.135.195" port: 38141 } }
I20260709 13:10:56.566260 28474 raft_consensus.cc:385] T f53f4b53396e4a199f806dc3cbaee59e P 478dc35213ca492aa9135151c3ee0f06 [term 0 FOLLOWER]: Consensus starting up: Expiring failure detector timer to make a prompt election more likely
I20260709 13:10:56.566568 28474 raft_consensus.cc:740] T f53f4b53396e4a199f806dc3cbaee59e P 478dc35213ca492aa9135151c3ee0f06 [term 0 FOLLOWER]: Becoming Follower/Learner. State: Replica: 478dc35213ca492aa9135151c3ee0f06, State: Initialized, Role: FOLLOWER
I20260709 13:10:56.563426 28553 raft_consensus.cc:515] T 3aa5e352d5334c2ba1d9532de37d9586 P 478dc35213ca492aa9135151c3ee0f06 [term 0 FOLLOWER]: Starting pre-election with config: opid_index: -1 OBSOLETE_local: false peers { permanent_uuid: "478dc35213ca492aa9135151c3ee0f06" member_type: VOTER last_known_addr { host: "127.26.135.193" port: 44495 } } peers { permanent_uuid: "21012b1f81704eb193606419c5c59c52" member_type: VOTER last_known_addr { host: "127.26.135.194" port: 36163 } } peers { permanent_uuid: "74c1f40f5b15485899b0e29b266500ef" member_type: VOTER last_known_addr { host: "127.26.135.195" port: 38141 } }
I20260709 13:10:56.567381 28474 consensus_queue.cc:260] T f53f4b53396e4a199f806dc3cbaee59e P 478dc35213ca492aa9135151c3ee0f06 [NON_LEADER]: Queue going to NON_LEADER mode. State: All replicated index: 0, Majority replicated index: 0, Committed index: 0, Last appended: 0.0, Last appended by leader: 0, Current term: 0, Majority size: -1, State: 0, Mode: NON_LEADER, active raft config: opid_index: -1 OBSOLETE_local: false peers { permanent_uuid: "478dc35213ca492aa9135151c3ee0f06" member_type: VOTER last_known_addr { host: "127.26.135.193" port: 44495 } } peers { permanent_uuid: "21012b1f81704eb193606419c5c59c52" member_type: VOTER last_known_addr { host: "127.26.135.194" port: 36163 } } peers { permanent_uuid: "74c1f40f5b15485899b0e29b266500ef" member_type: VOTER last_known_addr { host: "127.26.135.195" port: 38141 } }
I20260709 13:10:56.570523 28471 tablet_bootstrap.cc:654] T f53f4b53396e4a199f806dc3cbaee59e P 74c1f40f5b15485899b0e29b266500ef: Neither blocks nor log segments found. Creating new log.
I20260709 13:10:56.570346 28355 tablet_service.cc:1917] Received RequestConsensusVote() RPC: tablet_id: "3aa5e352d5334c2ba1d9532de37d9586" candidate_uuid: "478dc35213ca492aa9135151c3ee0f06" candidate_term: 1 candidate_status { last_received { term: 0 index: 0 } } ignore_live_leader: false dest_uuid: "21012b1f81704eb193606419c5c59c52" is_pre_election: true
W20260709 13:10:56.571846 28245 leader_election.cc:343] T 3aa5e352d5334c2ba1d9532de37d9586 P 478dc35213ca492aa9135151c3ee0f06 [CANDIDATE]: Term 1 pre-election: Tablet error from VoteRequest() call to peer 21012b1f81704eb193606419c5c59c52 (127.26.135.194:36163): Illegal state: must be running to vote when last-logged opid is not known
I20260709 13:10:56.572587 28474 ts_tablet_manager.cc:1434] T f53f4b53396e4a199f806dc3cbaee59e P 478dc35213ca492aa9135151c3ee0f06: Time spent starting tablet: real 0.009s	user 0.000s	sys 0.006s
I20260709 13:10:56.573180 28430 tablet_service.cc:1917] Received RequestConsensusVote() RPC: tablet_id: "3aa5e352d5334c2ba1d9532de37d9586" candidate_uuid: "478dc35213ca492aa9135151c3ee0f06" candidate_term: 1 candidate_status { last_received { term: 0 index: 0 } } ignore_live_leader: false dest_uuid: "74c1f40f5b15485899b0e29b266500ef" is_pre_election: true
I20260709 13:10:56.573833 28474 tablet_bootstrap.cc:492] T b4389fee5c654d22bd0ef2361c7c77b5 P 478dc35213ca492aa9135151c3ee0f06: Bootstrap starting.
I20260709 13:10:56.573987 28430 raft_consensus.cc:2468] T 3aa5e352d5334c2ba1d9532de37d9586 P 74c1f40f5b15485899b0e29b266500ef [term 0 FOLLOWER]: Leader pre-election vote request: Granting yes vote for candidate 478dc35213ca492aa9135151c3ee0f06 in term 0.
I20260709 13:10:56.575841 28247 leader_election.cc:304] T 3aa5e352d5334c2ba1d9532de37d9586 P 478dc35213ca492aa9135151c3ee0f06 [CANDIDATE]: Term 1 pre-election: Election decided. Result: candidate won. Election summary: received 3 responses out of 3 voters: 2 yes votes; 1 no votes. yes voters: 478dc35213ca492aa9135151c3ee0f06, 74c1f40f5b15485899b0e29b266500ef; no voters: 21012b1f81704eb193606419c5c59c52
I20260709 13:10:56.576939 28552 raft_consensus.cc:2804] T 3aa5e352d5334c2ba1d9532de37d9586 P 478dc35213ca492aa9135151c3ee0f06 [term 0 FOLLOWER]: Leader pre-election won for term 1
I20260709 13:10:56.577414 28552 raft_consensus.cc:493] T 3aa5e352d5334c2ba1d9532de37d9586 P 478dc35213ca492aa9135151c3ee0f06 [term 0 FOLLOWER]: Starting leader election (no leader contacted us within the election timeout)
I20260709 13:10:56.577808 28552 raft_consensus.cc:3060] T 3aa5e352d5334c2ba1d9532de37d9586 P 478dc35213ca492aa9135151c3ee0f06 [term 0 FOLLOWER]: Advancing to term 1
I20260709 13:10:56.587581 28552 raft_consensus.cc:515] T 3aa5e352d5334c2ba1d9532de37d9586 P 478dc35213ca492aa9135151c3ee0f06 [term 1 FOLLOWER]: Starting leader election with config: opid_index: -1 OBSOLETE_local: false peers { permanent_uuid: "478dc35213ca492aa9135151c3ee0f06" member_type: VOTER last_known_addr { host: "127.26.135.193" port: 44495 } } peers { permanent_uuid: "21012b1f81704eb193606419c5c59c52" member_type: VOTER last_known_addr { host: "127.26.135.194" port: 36163 } } peers { permanent_uuid: "74c1f40f5b15485899b0e29b266500ef" member_type: VOTER last_known_addr { host: "127.26.135.195" port: 38141 } }
I20260709 13:10:56.594538 28553 leader_election.cc:290] T 3aa5e352d5334c2ba1d9532de37d9586 P 478dc35213ca492aa9135151c3ee0f06 [CANDIDATE]: Term 1 pre-election: Requested pre-vote from peers 21012b1f81704eb193606419c5c59c52 (127.26.135.194:36163), 74c1f40f5b15485899b0e29b266500ef (127.26.135.195:38141)
I20260709 13:10:56.597802 28355 tablet_service.cc:1917] Received RequestConsensusVote() RPC: tablet_id: "3aa5e352d5334c2ba1d9532de37d9586" candidate_uuid: "478dc35213ca492aa9135151c3ee0f06" candidate_term: 1 candidate_status { last_received { term: 0 index: 0 } } ignore_live_leader: false dest_uuid: "21012b1f81704eb193606419c5c59c52"
W20260709 13:10:56.599714 28245 leader_election.cc:343] T 3aa5e352d5334c2ba1d9532de37d9586 P 478dc35213ca492aa9135151c3ee0f06 [CANDIDATE]: Term 1 election: Tablet error from VoteRequest() call to peer 21012b1f81704eb193606419c5c59c52 (127.26.135.194:36163): Illegal state: must be running to vote when last-logged opid is not known
I20260709 13:10:56.602483 28430 tablet_service.cc:1917] Received RequestConsensusVote() RPC: tablet_id: "3aa5e352d5334c2ba1d9532de37d9586" candidate_uuid: "478dc35213ca492aa9135151c3ee0f06" candidate_term: 1 candidate_status { last_received { term: 0 index: 0 } } ignore_live_leader: false dest_uuid: "74c1f40f5b15485899b0e29b266500ef"
I20260709 13:10:56.603235 28430 raft_consensus.cc:3060] T 3aa5e352d5334c2ba1d9532de37d9586 P 74c1f40f5b15485899b0e29b266500ef [term 0 FOLLOWER]: Advancing to term 1
I20260709 13:10:56.605307 28470 tablet_bootstrap.cc:492] T 3aa5e352d5334c2ba1d9532de37d9586 P 21012b1f81704eb193606419c5c59c52: No bootstrap required, opened a new log
I20260709 13:10:56.605803 28470 ts_tablet_manager.cc:1403] T 3aa5e352d5334c2ba1d9532de37d9586 P 21012b1f81704eb193606419c5c59c52: Time spent bootstrapping tablet: real 0.059s	user 0.032s	sys 0.023s
I20260709 13:10:56.607985 28480 raft_consensus.cc:493] T 4fbfc03a517f47e6bf0575e9a3f29e5f P 21012b1f81704eb193606419c5c59c52 [term 0 FOLLOWER]: Starting pre-election (no leader contacted us within the election timeout)
I20260709 13:10:56.608453 28480 raft_consensus.cc:515] T 4fbfc03a517f47e6bf0575e9a3f29e5f P 21012b1f81704eb193606419c5c59c52 [term 0 FOLLOWER]: Starting pre-election with config: opid_index: -1 OBSOLETE_local: false peers { permanent_uuid: "478dc35213ca492aa9135151c3ee0f06" member_type: VOTER last_known_addr { host: "127.26.135.193" port: 44495 } } peers { permanent_uuid: "21012b1f81704eb193606419c5c59c52" member_type: VOTER last_known_addr { host: "127.26.135.194" port: 36163 } } peers { permanent_uuid: "74c1f40f5b15485899b0e29b266500ef" member_type: VOTER last_known_addr { host: "127.26.135.195" port: 38141 } }
I20260709 13:10:56.608867 28281 raft_consensus.cc:3060] T 4bfe139df3674f6eb66846c18bc1ed04 P 478dc35213ca492aa9135151c3ee0f06 [term 0 FOLLOWER]: Advancing to term 1
I20260709 13:10:56.610674 28480 leader_election.cc:290] T 4fbfc03a517f47e6bf0575e9a3f29e5f P 21012b1f81704eb193606419c5c59c52 [CANDIDATE]: Term 1 pre-election: Requested pre-vote from peers 478dc35213ca492aa9135151c3ee0f06 (127.26.135.193:44495), 74c1f40f5b15485899b0e29b266500ef (127.26.135.195:38141)
I20260709 13:10:56.612634 28429 tablet_service.cc:1917] Received RequestConsensusVote() RPC: tablet_id: "4fbfc03a517f47e6bf0575e9a3f29e5f" candidate_uuid: "21012b1f81704eb193606419c5c59c52" candidate_term: 1 candidate_status { last_received { term: 0 index: 0 } } ignore_live_leader: false dest_uuid: "74c1f40f5b15485899b0e29b266500ef" is_pre_election: true
I20260709 13:10:56.613390 28475 raft_consensus.cc:493] T b4389fee5c654d22bd0ef2361c7c77b5 P 74c1f40f5b15485899b0e29b266500ef [term 0 FOLLOWER]: Starting pre-election (no leader contacted us within the election timeout)
I20260709 13:10:56.613859 28475 raft_consensus.cc:515] T b4389fee5c654d22bd0ef2361c7c77b5 P 74c1f40f5b15485899b0e29b266500ef [term 0 FOLLOWER]: Starting pre-election with config: opid_index: -1 OBSOLETE_local: false peers { permanent_uuid: "478dc35213ca492aa9135151c3ee0f06" member_type: VOTER last_known_addr { host: "127.26.135.193" port: 44495 } } peers { permanent_uuid: "21012b1f81704eb193606419c5c59c52" member_type: VOTER last_known_addr { host: "127.26.135.194" port: 36163 } } peers { permanent_uuid: "74c1f40f5b15485899b0e29b266500ef" member_type: VOTER last_known_addr { host: "127.26.135.195" port: 38141 } }
I20260709 13:10:56.614653 28279 tablet_service.cc:1917] Received RequestConsensusVote() RPC: tablet_id: "4fbfc03a517f47e6bf0575e9a3f29e5f" candidate_uuid: "21012b1f81704eb193606419c5c59c52" candidate_term: 1 candidate_status { last_received { term: 0 index: 0 } } ignore_live_leader: false dest_uuid: "478dc35213ca492aa9135151c3ee0f06" is_pre_election: true
I20260709 13:10:56.615222 28552 leader_election.cc:290] T 3aa5e352d5334c2ba1d9532de37d9586 P 478dc35213ca492aa9135151c3ee0f06 [CANDIDATE]: Term 1 election: Requested vote from peers 21012b1f81704eb193606419c5c59c52 (127.26.135.194:36163), 74c1f40f5b15485899b0e29b266500ef (127.26.135.195:38141)
I20260709 13:10:56.615903 28475 leader_election.cc:290] T b4389fee5c654d22bd0ef2361c7c77b5 P 74c1f40f5b15485899b0e29b266500ef [CANDIDATE]: Term 1 pre-election: Requested pre-vote from peers 478dc35213ca492aa9135151c3ee0f06 (127.26.135.193:44495), 21012b1f81704eb193606419c5c59c52 (127.26.135.194:36163)
I20260709 13:10:56.615975 28430 raft_consensus.cc:2468] T 3aa5e352d5334c2ba1d9532de37d9586 P 74c1f40f5b15485899b0e29b266500ef [term 1 FOLLOWER]: Leader election vote request: Granting yes vote for candidate 478dc35213ca492aa9135151c3ee0f06 in term 1.
I20260709 13:10:56.608825 28470 raft_consensus.cc:359] T 3aa5e352d5334c2ba1d9532de37d9586 P 21012b1f81704eb193606419c5c59c52 [term 0 FOLLOWER]: Replica starting. Triggering 0 pending ops. Active config: opid_index: -1 OBSOLETE_local: false peers { permanent_uuid: "478dc35213ca492aa9135151c3ee0f06" member_type: VOTER last_known_addr { host: "127.26.135.193" port: 44495 } } peers { permanent_uuid: "21012b1f81704eb193606419c5c59c52" member_type: VOTER last_known_addr { host: "127.26.135.194" port: 36163 } } peers { permanent_uuid: "74c1f40f5b15485899b0e29b266500ef" member_type: VOTER last_known_addr { host: "127.26.135.195" port: 38141 } }
I20260709 13:10:56.618168 28470 raft_consensus.cc:385] T 3aa5e352d5334c2ba1d9532de37d9586 P 21012b1f81704eb193606419c5c59c52 [term 0 FOLLOWER]: Consensus starting up: Expiring failure detector timer to make a prompt election more likely
I20260709 13:10:56.618057 28355 tablet_service.cc:1917] Received RequestConsensusVote() RPC: tablet_id: "b4389fee5c654d22bd0ef2361c7c77b5" candidate_uuid: "74c1f40f5b15485899b0e29b266500ef" candidate_term: 1 candidate_status { last_received { term: 0 index: 0 } } ignore_live_leader: false dest_uuid: "21012b1f81704eb193606419c5c59c52" is_pre_election: true
I20260709 13:10:56.618461 28470 raft_consensus.cc:740] T 3aa5e352d5334c2ba1d9532de37d9586 P 21012b1f81704eb193606419c5c59c52 [term 0 FOLLOWER]: Becoming Follower/Learner. State: Replica: 21012b1f81704eb193606419c5c59c52, State: Initialized, Role: FOLLOWER
I20260709 13:10:56.618660 28355 raft_consensus.cc:2468] T b4389fee5c654d22bd0ef2361c7c77b5 P 21012b1f81704eb193606419c5c59c52 [term 0 FOLLOWER]: Leader pre-election vote request: Granting yes vote for candidate 74c1f40f5b15485899b0e29b266500ef in term 0.
I20260709 13:10:56.618552 28247 leader_election.cc:304] T 3aa5e352d5334c2ba1d9532de37d9586 P 478dc35213ca492aa9135151c3ee0f06 [CANDIDATE]: Term 1 election: Election decided. Result: candidate won. Election summary: received 3 responses out of 3 voters: 2 yes votes; 1 no votes. yes voters: 478dc35213ca492aa9135151c3ee0f06, 74c1f40f5b15485899b0e29b266500ef; no voters: 21012b1f81704eb193606419c5c59c52
I20260709 13:10:56.619143 28470 consensus_queue.cc:260] T 3aa5e352d5334c2ba1d9532de37d9586 P 21012b1f81704eb193606419c5c59c52 [NON_LEADER]: Queue going to NON_LEADER mode. State: All replicated index: 0, Majority replicated index: 0, Committed index: 0, Last appended: 0.0, Last appended by leader: 0, Current term: 0, Majority size: -1, State: 0, Mode: NON_LEADER, active raft config: opid_index: -1 OBSOLETE_local: false peers { permanent_uuid: "478dc35213ca492aa9135151c3ee0f06" member_type: VOTER last_known_addr { host: "127.26.135.193" port: 44495 } } peers { permanent_uuid: "21012b1f81704eb193606419c5c59c52" member_type: VOTER last_known_addr { host: "127.26.135.194" port: 36163 } } peers { permanent_uuid: "74c1f40f5b15485899b0e29b266500ef" member_type: VOTER last_known_addr { host: "127.26.135.195" port: 38141 } }
I20260709 13:10:56.619894 28394 leader_election.cc:304] T b4389fee5c654d22bd0ef2361c7c77b5 P 74c1f40f5b15485899b0e29b266500ef [CANDIDATE]: Term 1 pre-election: Election decided. Result: candidate won. Election summary: received 2 responses out of 3 voters: 2 yes votes; 0 no votes. yes voters: 21012b1f81704eb193606419c5c59c52, 74c1f40f5b15485899b0e29b266500ef; no voters: 
I20260709 13:10:56.619961 28552 raft_consensus.cc:2804] T 3aa5e352d5334c2ba1d9532de37d9586 P 478dc35213ca492aa9135151c3ee0f06 [term 1 FOLLOWER]: Leader election won for term 1
I20260709 13:10:56.620934 28279 tablet_service.cc:1917] Received RequestConsensusVote() RPC: tablet_id: "b4389fee5c654d22bd0ef2361c7c77b5" candidate_uuid: "74c1f40f5b15485899b0e29b266500ef" candidate_term: 1 candidate_status { last_received { term: 0 index: 0 } } ignore_live_leader: false dest_uuid: "478dc35213ca492aa9135151c3ee0f06" is_pre_election: true
I20260709 13:10:56.621176 28470 ts_tablet_manager.cc:1434] T 3aa5e352d5334c2ba1d9532de37d9586 P 21012b1f81704eb193606419c5c59c52: Time spent starting tablet: real 0.015s	user 0.007s	sys 0.000s
I20260709 13:10:56.621120 28550 raft_consensus.cc:493] T f53f4b53396e4a199f806dc3cbaee59e P 478dc35213ca492aa9135151c3ee0f06 [term 0 FOLLOWER]: Starting pre-election (no leader contacted us within the election timeout)
I20260709 13:10:56.621495 28475 raft_consensus.cc:2804] T b4389fee5c654d22bd0ef2361c7c77b5 P 74c1f40f5b15485899b0e29b266500ef [term 0 FOLLOWER]: Leader pre-election won for term 1
W20260709 13:10:56.621061 28322 leader_election.cc:343] T 4fbfc03a517f47e6bf0575e9a3f29e5f P 21012b1f81704eb193606419c5c59c52 [CANDIDATE]: Term 1 pre-election: Tablet error from VoteRequest() call to peer 478dc35213ca492aa9135151c3ee0f06 (127.26.135.193:44495): Illegal state: must be running to vote when last-logged opid is not known
I20260709 13:10:56.622161 28470 tablet_bootstrap.cc:492] T eaf1070663584c8b8e3d6e681e50b0ed P 21012b1f81704eb193606419c5c59c52: Bootstrap starting.
I20260709 13:10:56.621767 28550 raft_consensus.cc:515] T f53f4b53396e4a199f806dc3cbaee59e P 478dc35213ca492aa9135151c3ee0f06 [term 0 FOLLOWER]: Starting pre-election with config: opid_index: -1 OBSOLETE_local: false peers { permanent_uuid: "478dc35213ca492aa9135151c3ee0f06" member_type: VOTER last_known_addr { host: "127.26.135.193" port: 44495 } } peers { permanent_uuid: "21012b1f81704eb193606419c5c59c52" member_type: VOTER last_known_addr { host: "127.26.135.194" port: 36163 } } peers { permanent_uuid: "74c1f40f5b15485899b0e29b266500ef" member_type: VOTER last_known_addr { host: "127.26.135.195" port: 38141 } }
W20260709 13:10:56.622887 28322 leader_election.cc:343] T 4fbfc03a517f47e6bf0575e9a3f29e5f P 21012b1f81704eb193606419c5c59c52 [CANDIDATE]: Term 1 pre-election: Tablet error from VoteRequest() call to peer 74c1f40f5b15485899b0e29b266500ef (127.26.135.195:38141): Illegal state: must be running to vote when last-logged opid is not known
I20260709 13:10:56.623339 28322 leader_election.cc:304] T 4fbfc03a517f47e6bf0575e9a3f29e5f P 21012b1f81704eb193606419c5c59c52 [CANDIDATE]: Term 1 pre-election: Election decided. Result: candidate lost. Election summary: received 3 responses out of 3 voters: 1 yes votes; 2 no votes. yes voters: 21012b1f81704eb193606419c5c59c52; no voters: 478dc35213ca492aa9135151c3ee0f06, 74c1f40f5b15485899b0e29b266500ef
I20260709 13:10:56.621841 28475 raft_consensus.cc:493] T b4389fee5c654d22bd0ef2361c7c77b5 P 74c1f40f5b15485899b0e29b266500ef [term 0 FOLLOWER]: Starting leader election (no leader contacted us within the election timeout)
I20260709 13:10:56.624097 28550 leader_election.cc:290] T f53f4b53396e4a199f806dc3cbaee59e P 478dc35213ca492aa9135151c3ee0f06 [CANDIDATE]: Term 1 pre-election: Requested pre-vote from peers 21012b1f81704eb193606419c5c59c52 (127.26.135.194:36163), 74c1f40f5b15485899b0e29b266500ef (127.26.135.195:38141)
I20260709 13:10:56.624835 28534 consensus_queue.cc:1048] T 4bfe139df3674f6eb66846c18bc1ed04 P 21012b1f81704eb193606419c5c59c52 [LEADER]: Connected to new peer: Peer: permanent_uuid: "478dc35213ca492aa9135151c3ee0f06" member_type: VOTER last_known_addr { host: "127.26.135.193" port: 44495 }, Status: LMP_MISMATCH, Last received: 0.0, Next index: 1, Last known committed idx: 0, Time since last communication: 0.001s
I20260709 13:10:56.624159 28475 raft_consensus.cc:3060] T b4389fee5c654d22bd0ef2361c7c77b5 P 74c1f40f5b15485899b0e29b266500ef [term 0 FOLLOWER]: Advancing to term 1
I20260709 13:10:56.626384 28534 raft_consensus.cc:2749] T 4fbfc03a517f47e6bf0575e9a3f29e5f P 21012b1f81704eb193606419c5c59c52 [term 0 FOLLOWER]: Leader pre-election lost for term 1. Reason: could not achieve majority
I20260709 13:10:56.626726 28355 tablet_service.cc:1917] Received RequestConsensusVote() RPC: tablet_id: "f53f4b53396e4a199f806dc3cbaee59e" candidate_uuid: "478dc35213ca492aa9135151c3ee0f06" candidate_term: 1 candidate_status { last_received { term: 0 index: 0 } } ignore_live_leader: false dest_uuid: "21012b1f81704eb193606419c5c59c52" is_pre_election: true
W20260709 13:10:56.628084 28245 leader_election.cc:343] T f53f4b53396e4a199f806dc3cbaee59e P 478dc35213ca492aa9135151c3ee0f06 [CANDIDATE]: Term 1 pre-election: Tablet error from VoteRequest() call to peer 21012b1f81704eb193606419c5c59c52 (127.26.135.194:36163): Illegal state: must be running to vote when last-logged opid is not known
I20260709 13:10:56.628579 28470 tablet_bootstrap.cc:654] T eaf1070663584c8b8e3d6e681e50b0ed P 21012b1f81704eb193606419c5c59c52: Neither blocks nor log segments found. Creating new log.
W20260709 13:10:56.629557 28396 leader_election.cc:343] T b4389fee5c654d22bd0ef2361c7c77b5 P 74c1f40f5b15485899b0e29b266500ef [CANDIDATE]: Term 1 pre-election: Tablet error from VoteRequest() call to peer 478dc35213ca492aa9135151c3ee0f06 (127.26.135.193:44495): Illegal state: must be running to vote when last-logged opid is not known
I20260709 13:10:56.635156 28430 tablet_service.cc:1917] Received RequestConsensusVote() RPC: tablet_id: "f53f4b53396e4a199f806dc3cbaee59e" candidate_uuid: "478dc35213ca492aa9135151c3ee0f06" candidate_term: 1 candidate_status { last_received { term: 0 index: 0 } } ignore_live_leader: false dest_uuid: "74c1f40f5b15485899b0e29b266500ef" is_pre_election: true
I20260709 13:10:56.636502 28552 raft_consensus.cc:697] T 3aa5e352d5334c2ba1d9532de37d9586 P 478dc35213ca492aa9135151c3ee0f06 [term 1 LEADER]: Becoming Leader. State: Replica: 478dc35213ca492aa9135151c3ee0f06, State: Running, Role: LEADER
W20260709 13:10:56.637537 28247 leader_election.cc:343] T f53f4b53396e4a199f806dc3cbaee59e P 478dc35213ca492aa9135151c3ee0f06 [CANDIDATE]: Term 1 pre-election: Tablet error from VoteRequest() call to peer 74c1f40f5b15485899b0e29b266500ef (127.26.135.195:38141): Illegal state: must be running to vote when last-logged opid is not known
I20260709 13:10:56.638183 28247 leader_election.cc:304] T f53f4b53396e4a199f806dc3cbaee59e P 478dc35213ca492aa9135151c3ee0f06 [CANDIDATE]: Term 1 pre-election: Election decided. Result: candidate lost. Election summary: received 3 responses out of 3 voters: 1 yes votes; 2 no votes. yes voters: 478dc35213ca492aa9135151c3ee0f06; no voters: 21012b1f81704eb193606419c5c59c52, 74c1f40f5b15485899b0e29b266500ef
I20260709 13:10:56.594447 28474 tablet_bootstrap.cc:654] T b4389fee5c654d22bd0ef2361c7c77b5 P 478dc35213ca492aa9135151c3ee0f06: Neither blocks nor log segments found. Creating new log.
I20260709 13:10:56.639858 28550 raft_consensus.cc:2749] T f53f4b53396e4a199f806dc3cbaee59e P 478dc35213ca492aa9135151c3ee0f06 [term 0 FOLLOWER]: Leader pre-election lost for term 1. Reason: could not achieve majority
I20260709 13:10:56.637722 28552 consensus_queue.cc:237] T 3aa5e352d5334c2ba1d9532de37d9586 P 478dc35213ca492aa9135151c3ee0f06 [LEADER]: Queue going to LEADER mode. State: All replicated index: 0, Majority replicated index: 0, Committed index: 0, Last appended: 0.0, Last appended by leader: 0, Current term: 1, Majority size: 2, State: 0, Mode: LEADER, active raft config: opid_index: -1 OBSOLETE_local: false peers { permanent_uuid: "478dc35213ca492aa9135151c3ee0f06" member_type: VOTER last_known_addr { host: "127.26.135.193" port: 44495 } } peers { permanent_uuid: "21012b1f81704eb193606419c5c59c52" member_type: VOTER last_known_addr { host: "127.26.135.194" port: 36163 } } peers { permanent_uuid: "74c1f40f5b15485899b0e29b266500ef" member_type: VOTER last_known_addr { host: "127.26.135.195" port: 38141 } }
I20260709 13:10:56.641098 28471 tablet_bootstrap.cc:492] T f53f4b53396e4a199f806dc3cbaee59e P 74c1f40f5b15485899b0e29b266500ef: No bootstrap required, opened a new log
I20260709 13:10:56.642050 28475 raft_consensus.cc:515] T b4389fee5c654d22bd0ef2361c7c77b5 P 74c1f40f5b15485899b0e29b266500ef [term 1 FOLLOWER]: Starting leader election with config: opid_index: -1 OBSOLETE_local: false peers { permanent_uuid: "478dc35213ca492aa9135151c3ee0f06" member_type: VOTER last_known_addr { host: "127.26.135.193" port: 44495 } } peers { permanent_uuid: "21012b1f81704eb193606419c5c59c52" member_type: VOTER last_known_addr { host: "127.26.135.194" port: 36163 } } peers { permanent_uuid: "74c1f40f5b15485899b0e29b266500ef" member_type: VOTER last_known_addr { host: "127.26.135.195" port: 38141 } }
I20260709 13:10:56.643347 28471 ts_tablet_manager.cc:1403] T f53f4b53396e4a199f806dc3cbaee59e P 74c1f40f5b15485899b0e29b266500ef: Time spent bootstrapping tablet: real 0.079s	user 0.016s	sys 0.035s
I20260709 13:10:56.648484 28470 tablet_bootstrap.cc:492] T eaf1070663584c8b8e3d6e681e50b0ed P 21012b1f81704eb193606419c5c59c52: No bootstrap required, opened a new log
I20260709 13:10:56.648998 28470 ts_tablet_manager.cc:1403] T eaf1070663584c8b8e3d6e681e50b0ed P 21012b1f81704eb193606419c5c59c52: Time spent bootstrapping tablet: real 0.027s	user 0.014s	sys 0.007s
I20260709 13:10:56.650606 28279 tablet_service.cc:1917] Received RequestConsensusVote() RPC: tablet_id: "b4389fee5c654d22bd0ef2361c7c77b5" candidate_uuid: "74c1f40f5b15485899b0e29b266500ef" candidate_term: 1 candidate_status { last_received { term: 0 index: 0 } } ignore_live_leader: false dest_uuid: "478dc35213ca492aa9135151c3ee0f06"
I20260709 13:10:56.651119 28471 raft_consensus.cc:359] T f53f4b53396e4a199f806dc3cbaee59e P 74c1f40f5b15485899b0e29b266500ef [term 0 FOLLOWER]: Replica starting. Triggering 0 pending ops. Active config: opid_index: -1 OBSOLETE_local: false peers { permanent_uuid: "478dc35213ca492aa9135151c3ee0f06" member_type: VOTER last_known_addr { host: "127.26.135.193" port: 44495 } } peers { permanent_uuid: "21012b1f81704eb193606419c5c59c52" member_type: VOTER last_known_addr { host: "127.26.135.194" port: 36163 } } peers { permanent_uuid: "74c1f40f5b15485899b0e29b266500ef" member_type: VOTER last_known_addr { host: "127.26.135.195" port: 38141 } }
W20260709 13:10:56.651973 28396 leader_election.cc:343] T b4389fee5c654d22bd0ef2361c7c77b5 P 74c1f40f5b15485899b0e29b266500ef [CANDIDATE]: Term 1 election: Tablet error from VoteRequest() call to peer 478dc35213ca492aa9135151c3ee0f06 (127.26.135.193:44495): Illegal state: must be running to vote when last-logged opid is not known
I20260709 13:10:56.651778 28470 raft_consensus.cc:359] T eaf1070663584c8b8e3d6e681e50b0ed P 21012b1f81704eb193606419c5c59c52 [term 0 FOLLOWER]: Replica starting. Triggering 0 pending ops. Active config: opid_index: -1 OBSOLETE_local: false peers { permanent_uuid: "478dc35213ca492aa9135151c3ee0f06" member_type: VOTER last_known_addr { host: "127.26.135.193" port: 44495 } } peers { permanent_uuid: "21012b1f81704eb193606419c5c59c52" member_type: VOTER last_known_addr { host: "127.26.135.194" port: 36163 } } peers { permanent_uuid: "74c1f40f5b15485899b0e29b266500ef" member_type: VOTER last_known_addr { host: "127.26.135.195" port: 38141 } }
I20260709 13:10:56.652621 28470 raft_consensus.cc:385] T eaf1070663584c8b8e3d6e681e50b0ed P 21012b1f81704eb193606419c5c59c52 [term 0 FOLLOWER]: Consensus starting up: Expiring failure detector timer to make a prompt election more likely
I20260709 13:10:56.651892 28471 raft_consensus.cc:385] T f53f4b53396e4a199f806dc3cbaee59e P 74c1f40f5b15485899b0e29b266500ef [term 0 FOLLOWER]: Consensus starting up: Expiring failure detector timer to make a prompt election more likely
I20260709 13:10:56.652948 28470 raft_consensus.cc:740] T eaf1070663584c8b8e3d6e681e50b0ed P 21012b1f81704eb193606419c5c59c52 [term 0 FOLLOWER]: Becoming Follower/Learner. State: Replica: 21012b1f81704eb193606419c5c59c52, State: Initialized, Role: FOLLOWER
I20260709 13:10:56.653836 28470 consensus_queue.cc:260] T eaf1070663584c8b8e3d6e681e50b0ed P 21012b1f81704eb193606419c5c59c52 [NON_LEADER]: Queue going to NON_LEADER mode. State: All replicated index: 0, Majority replicated index: 0, Committed index: 0, Last appended: 0.0, Last appended by leader: 0, Current term: 0, Majority size: -1, State: 0, Mode: NON_LEADER, active raft config: opid_index: -1 OBSOLETE_local: false peers { permanent_uuid: "478dc35213ca492aa9135151c3ee0f06" member_type: VOTER last_known_addr { host: "127.26.135.193" port: 44495 } } peers { permanent_uuid: "21012b1f81704eb193606419c5c59c52" member_type: VOTER last_known_addr { host: "127.26.135.194" port: 36163 } } peers { permanent_uuid: "74c1f40f5b15485899b0e29b266500ef" member_type: VOTER last_known_addr { host: "127.26.135.195" port: 38141 } }
I20260709 13:10:56.653136 28471 raft_consensus.cc:740] T f53f4b53396e4a199f806dc3cbaee59e P 74c1f40f5b15485899b0e29b266500ef [term 0 FOLLOWER]: Becoming Follower/Learner. State: Replica: 74c1f40f5b15485899b0e29b266500ef, State: Initialized, Role: FOLLOWER
I20260709 13:10:56.656092 28470 ts_tablet_manager.cc:1434] T eaf1070663584c8b8e3d6e681e50b0ed P 21012b1f81704eb193606419c5c59c52: Time spent starting tablet: real 0.007s	user 0.005s	sys 0.003s
I20260709 13:10:56.655807 28471 consensus_queue.cc:260] T f53f4b53396e4a199f806dc3cbaee59e P 74c1f40f5b15485899b0e29b266500ef [NON_LEADER]: Queue going to NON_LEADER mode. State: All replicated index: 0, Majority replicated index: 0, Committed index: 0, Last appended: 0.0, Last appended by leader: 0, Current term: 0, Majority size: -1, State: 0, Mode: NON_LEADER, active raft config: opid_index: -1 OBSOLETE_local: false peers { permanent_uuid: "478dc35213ca492aa9135151c3ee0f06" member_type: VOTER last_known_addr { host: "127.26.135.193" port: 44495 } } peers { permanent_uuid: "21012b1f81704eb193606419c5c59c52" member_type: VOTER last_known_addr { host: "127.26.135.194" port: 36163 } } peers { permanent_uuid: "74c1f40f5b15485899b0e29b266500ef" member_type: VOTER last_known_addr { host: "127.26.135.195" port: 38141 } }
I20260709 13:10:56.658110 28475 leader_election.cc:290] T b4389fee5c654d22bd0ef2361c7c77b5 P 74c1f40f5b15485899b0e29b266500ef [CANDIDATE]: Term 1 election: Requested vote from peers 478dc35213ca492aa9135151c3ee0f06 (127.26.135.193:44495), 21012b1f81704eb193606419c5c59c52 (127.26.135.194:36163)
