W20260709 13:10:49.423892  2708 debug-util.cc:398] Leaking SignalData structure 0x7b08001de140 after lost signal to thread 2786
W20260709 13:10:49.425848  2708 debug-util.cc:398] Leaking SignalData structure 0x7b0800152a60 after lost signal to thread 2860
I20260709 13:10:49.428681  2584 catalog_manager.cc:5697] T cf3115b5cc9d4a158be967550d9a6e63 P 0b620c45241f4a30889483c5f9f1ced9 reported cstate change: term changed from 0 to 1, leader changed from <none> to 0b620c45241f4a30889483c5f9f1ced9 (127.1.139.131). New cstate: current_term: 1 leader_uuid: "0b620c45241f4a30889483c5f9f1ced9" committed_config { opid_index: -1 OBSOLETE_local: false peers { permanent_uuid: "d6ea4b775f6e4551955ae1df784449da" member_type: VOTER last_known_addr { host: "127.1.139.129" port: 37441 } health_report { overall_health: UNKNOWN } } peers { permanent_uuid: "dae42190f005453a82bde35a8b229a70" member_type: VOTER last_known_addr { host: "127.1.139.130" port: 40747 } health_report { overall_health: UNKNOWN } } peers { permanent_uuid: "0b620c45241f4a30889483c5f9f1ced9" member_type: VOTER last_known_addr { host: "127.1.139.131" port: 45315 } health_report { overall_health: HEALTHY } } }
I20260709 13:10:49.429953  2876 tablet_bootstrap.cc:654] T 9e56f6f906bc4f21847151492101bfdf P 0b620c45241f4a30889483c5f9f1ced9: Neither blocks nor log segments found. Creating new log.
I20260709 13:10:49.435328  2877 tablet_bootstrap.cc:492] T 91c576dd3bdc4133a4e57e52a862429d P dae42190f005453a82bde35a8b229a70: No bootstrap required, opened a new log
I20260709 13:10:49.435791  2877 ts_tablet_manager.cc:1403] T 91c576dd3bdc4133a4e57e52a862429d P dae42190f005453a82bde35a8b229a70: Time spent bootstrapping tablet: real 0.076s	user 0.016s	sys 0.009s
I20260709 13:10:49.438367  2878 raft_consensus.cc:359] T 030b18952acb420c9bde34ab9a9fe80a P d6ea4b775f6e4551955ae1df784449da [term 0 FOLLOWER]: Replica starting. Triggering 0 pending ops. Active config: opid_index: -1 OBSOLETE_local: false peers { permanent_uuid: "d6ea4b775f6e4551955ae1df784449da" member_type: VOTER last_known_addr { host: "127.1.139.129" port: 37441 } } peers { permanent_uuid: "dae42190f005453a82bde35a8b229a70" member_type: VOTER last_known_addr { host: "127.1.139.130" port: 40747 } } peers { permanent_uuid: "0b620c45241f4a30889483c5f9f1ced9" member_type: VOTER last_known_addr { host: "127.1.139.131" port: 45315 } }
I20260709 13:10:49.439015  2878 raft_consensus.cc:385] T 030b18952acb420c9bde34ab9a9fe80a P d6ea4b775f6e4551955ae1df784449da [term 0 FOLLOWER]: Consensus starting up: Expiring failure detector timer to make a prompt election more likely
I20260709 13:10:49.439275  2878 raft_consensus.cc:740] T 030b18952acb420c9bde34ab9a9fe80a P d6ea4b775f6e4551955ae1df784449da [term 0 FOLLOWER]: Becoming Follower/Learner. State: Replica: d6ea4b775f6e4551955ae1df784449da, State: Initialized, Role: FOLLOWER
I20260709 13:10:49.443032  2878 consensus_queue.cc:260] T 030b18952acb420c9bde34ab9a9fe80a P d6ea4b775f6e4551955ae1df784449da [NON_LEADER]: Queue going to NON_LEADER mode. State: All replicated index: 0, Majority replicated index: 0, Committed index: 0, Last appended: 0.0, Last appended by leader: 0, Current term: 0, Majority size: -1, State: 0, Mode: NON_LEADER, active raft config: opid_index: -1 OBSOLETE_local: false peers { permanent_uuid: "d6ea4b775f6e4551955ae1df784449da" member_type: VOTER last_known_addr { host: "127.1.139.129" port: 37441 } } peers { permanent_uuid: "dae42190f005453a82bde35a8b229a70" member_type: VOTER last_known_addr { host: "127.1.139.130" port: 40747 } } peers { permanent_uuid: "0b620c45241f4a30889483c5f9f1ced9" member_type: VOTER last_known_addr { host: "127.1.139.131" port: 45315 } }
I20260709 13:10:49.445067  2878 ts_tablet_manager.cc:1434] T 030b18952acb420c9bde34ab9a9fe80a P d6ea4b775f6e4551955ae1df784449da: Time spent starting tablet: real 0.026s	user 0.004s	sys 0.000s
I20260709 13:10:49.444860  2583 catalog_manager.cc:5697] T 00e59acea1774c34a6c7de031d121100 P d6ea4b775f6e4551955ae1df784449da reported cstate change: term changed from 0 to 1, leader changed from <none> to d6ea4b775f6e4551955ae1df784449da (127.1.139.129). New cstate: current_term: 1 leader_uuid: "d6ea4b775f6e4551955ae1df784449da" committed_config { opid_index: -1 OBSOLETE_local: false peers { permanent_uuid: "d6ea4b775f6e4551955ae1df784449da" member_type: VOTER last_known_addr { host: "127.1.139.129" port: 37441 } health_report { overall_health: HEALTHY } } peers { permanent_uuid: "dae42190f005453a82bde35a8b229a70" member_type: VOTER last_known_addr { host: "127.1.139.130" port: 40747 } health_report { overall_health: UNKNOWN } } peers { permanent_uuid: "0b620c45241f4a30889483c5f9f1ced9" member_type: VOTER last_known_addr { host: "127.1.139.131" port: 45315 } health_report { overall_health: UNKNOWN } } }
I20260709 13:10:49.445868  2878 tablet_bootstrap.cc:492] T c93485a2cac349dd88a221d6b53d562a P d6ea4b775f6e4551955ae1df784449da: Bootstrap starting.
I20260709 13:10:49.454586  2877 raft_consensus.cc:359] T 91c576dd3bdc4133a4e57e52a862429d P dae42190f005453a82bde35a8b229a70 [term 0 FOLLOWER]: Replica starting. Triggering 0 pending ops. Active config: opid_index: -1 OBSOLETE_local: false peers { permanent_uuid: "d6ea4b775f6e4551955ae1df784449da" member_type: VOTER last_known_addr { host: "127.1.139.129" port: 37441 } } peers { permanent_uuid: "dae42190f005453a82bde35a8b229a70" member_type: VOTER last_known_addr { host: "127.1.139.130" port: 40747 } } peers { permanent_uuid: "0b620c45241f4a30889483c5f9f1ced9" member_type: VOTER last_known_addr { host: "127.1.139.131" port: 45315 } }
I20260709 13:10:49.455257  2877 raft_consensus.cc:385] T 91c576dd3bdc4133a4e57e52a862429d P dae42190f005453a82bde35a8b229a70 [term 0 FOLLOWER]: Consensus starting up: Expiring failure detector timer to make a prompt election more likely
I20260709 13:10:49.455606  2876 tablet_bootstrap.cc:492] T 9e56f6f906bc4f21847151492101bfdf P 0b620c45241f4a30889483c5f9f1ced9: No bootstrap required, opened a new log
I20260709 13:10:49.455705  2877 raft_consensus.cc:740] T 91c576dd3bdc4133a4e57e52a862429d P dae42190f005453a82bde35a8b229a70 [term 0 FOLLOWER]: Becoming Follower/Learner. State: Replica: dae42190f005453a82bde35a8b229a70, State: Initialized, Role: FOLLOWER
I20260709 13:10:49.456090  2876 ts_tablet_manager.cc:1403] T 9e56f6f906bc4f21847151492101bfdf P 0b620c45241f4a30889483c5f9f1ced9: Time spent bootstrapping tablet: real 0.062s	user 0.007s	sys 0.003s
I20260709 13:10:49.456624  2877 consensus_queue.cc:260] T 91c576dd3bdc4133a4e57e52a862429d P dae42190f005453a82bde35a8b229a70 [NON_LEADER]: Queue going to NON_LEADER mode. State: All replicated index: 0, Majority replicated index: 0, Committed index: 0, Last appended: 0.0, Last appended by leader: 0, Current term: 0, Majority size: -1, State: 0, Mode: NON_LEADER, active raft config: opid_index: -1 OBSOLETE_local: false peers { permanent_uuid: "d6ea4b775f6e4551955ae1df784449da" member_type: VOTER last_known_addr { host: "127.1.139.129" port: 37441 } } peers { permanent_uuid: "dae42190f005453a82bde35a8b229a70" member_type: VOTER last_known_addr { host: "127.1.139.130" port: 40747 } } peers { permanent_uuid: "0b620c45241f4a30889483c5f9f1ced9" member_type: VOTER last_known_addr { host: "127.1.139.131" port: 45315 } }
I20260709 13:10:49.457098  2878 tablet_bootstrap.cc:654] T c93485a2cac349dd88a221d6b53d562a P d6ea4b775f6e4551955ae1df784449da: Neither blocks nor log segments found. Creating new log.
I20260709 13:10:49.458765  2876 raft_consensus.cc:359] T 9e56f6f906bc4f21847151492101bfdf P 0b620c45241f4a30889483c5f9f1ced9 [term 0 FOLLOWER]: Replica starting. Triggering 0 pending ops. Active config: opid_index: -1 OBSOLETE_local: false peers { permanent_uuid: "d6ea4b775f6e4551955ae1df784449da" member_type: VOTER last_known_addr { host: "127.1.139.129" port: 37441 } } peers { permanent_uuid: "dae42190f005453a82bde35a8b229a70" member_type: VOTER last_known_addr { host: "127.1.139.130" port: 40747 } } peers { permanent_uuid: "0b620c45241f4a30889483c5f9f1ced9" member_type: VOTER last_known_addr { host: "127.1.139.131" port: 45315 } }
I20260709 13:10:49.459390  2876 raft_consensus.cc:385] T 9e56f6f906bc4f21847151492101bfdf P 0b620c45241f4a30889483c5f9f1ced9 [term 0 FOLLOWER]: Consensus starting up: Expiring failure detector timer to make a prompt election more likely
I20260709 13:10:49.459640  2876 raft_consensus.cc:740] T 9e56f6f906bc4f21847151492101bfdf P 0b620c45241f4a30889483c5f9f1ced9 [term 0 FOLLOWER]: Becoming Follower/Learner. State: Replica: 0b620c45241f4a30889483c5f9f1ced9, State: Initialized, Role: FOLLOWER
I20260709 13:10:49.460357  2876 consensus_queue.cc:260] T 9e56f6f906bc4f21847151492101bfdf P 0b620c45241f4a30889483c5f9f1ced9 [NON_LEADER]: Queue going to NON_LEADER mode. State: All replicated index: 0, Majority replicated index: 0, Committed index: 0, Last appended: 0.0, Last appended by leader: 0, Current term: 0, Majority size: -1, State: 0, Mode: NON_LEADER, active raft config: opid_index: -1 OBSOLETE_local: false peers { permanent_uuid: "d6ea4b775f6e4551955ae1df784449da" member_type: VOTER last_known_addr { host: "127.1.139.129" port: 37441 } } peers { permanent_uuid: "dae42190f005453a82bde35a8b229a70" member_type: VOTER last_known_addr { host: "127.1.139.130" port: 40747 } } peers { permanent_uuid: "0b620c45241f4a30889483c5f9f1ced9" member_type: VOTER last_known_addr { host: "127.1.139.131" port: 45315 } }
I20260709 13:10:49.463598  2877 ts_tablet_manager.cc:1434] T 91c576dd3bdc4133a4e57e52a862429d P dae42190f005453a82bde35a8b229a70: Time spent starting tablet: real 0.028s	user 0.013s	sys 0.000s
I20260709 13:10:49.464318  2876 ts_tablet_manager.cc:1434] T 9e56f6f906bc4f21847151492101bfdf P 0b620c45241f4a30889483c5f9f1ced9: Time spent starting tablet: real 0.008s	user 0.007s	sys 0.000s
I20260709 13:10:49.464823  2877 tablet_bootstrap.cc:492] T c93485a2cac349dd88a221d6b53d562a P dae42190f005453a82bde35a8b229a70: Bootstrap starting.
I20260709 13:10:49.465179  2876 tablet_bootstrap.cc:492] T 47fd381ce52b4db2921af7bc40cc24d6 P 0b620c45241f4a30889483c5f9f1ced9: Bootstrap starting.
I20260709 13:10:49.470105  2957 raft_consensus.cc:493] T 6ba3478fe50a4115b87a866a4b40ec34 P 0b620c45241f4a30889483c5f9f1ced9 [term 0 FOLLOWER]: Starting pre-election (no leader contacted us within the election timeout)
I20260709 13:10:49.470594  2957 raft_consensus.cc:515] T 6ba3478fe50a4115b87a866a4b40ec34 P 0b620c45241f4a30889483c5f9f1ced9 [term 0 FOLLOWER]: Starting pre-election with config: opid_index: -1 OBSOLETE_local: false peers { permanent_uuid: "d6ea4b775f6e4551955ae1df784449da" member_type: VOTER last_known_addr { host: "127.1.139.129" port: 37441 } } peers { permanent_uuid: "dae42190f005453a82bde35a8b229a70" member_type: VOTER last_known_addr { host: "127.1.139.130" port: 40747 } } peers { permanent_uuid: "0b620c45241f4a30889483c5f9f1ced9" member_type: VOTER last_known_addr { host: "127.1.139.131" port: 45315 } }
I20260709 13:10:49.472653  2957 leader_election.cc:290] T 6ba3478fe50a4115b87a866a4b40ec34 P 0b620c45241f4a30889483c5f9f1ced9 [CANDIDATE]: Term 1 pre-election: Requested pre-vote from peers d6ea4b775f6e4551955ae1df784449da (127.1.139.129:37441), dae42190f005453a82bde35a8b229a70 (127.1.139.130:40747)
I20260709 13:10:49.475658  2762 tablet_service.cc:1917] Received RequestConsensusVote() RPC: tablet_id: "6ba3478fe50a4115b87a866a4b40ec34" candidate_uuid: "0b620c45241f4a30889483c5f9f1ced9" candidate_term: 1 candidate_status { last_received { term: 0 index: 0 } } ignore_live_leader: false dest_uuid: "dae42190f005453a82bde35a8b229a70" is_pre_election: true
I20260709 13:10:49.476430  2762 raft_consensus.cc:2468] T 6ba3478fe50a4115b87a866a4b40ec34 P dae42190f005453a82bde35a8b229a70 [term 0 FOLLOWER]: Leader pre-election vote request: Granting yes vote for candidate 0b620c45241f4a30889483c5f9f1ced9 in term 0.
I20260709 13:10:49.477466  2687 tablet_service.cc:1917] Received RequestConsensusVote() RPC: tablet_id: "6ba3478fe50a4115b87a866a4b40ec34" candidate_uuid: "0b620c45241f4a30889483c5f9f1ced9" candidate_term: 1 candidate_status { last_received { term: 0 index: 0 } } ignore_live_leader: false dest_uuid: "d6ea4b775f6e4551955ae1df784449da" is_pre_election: true
W20260709 13:10:49.478837  2800 leader_election.cc:343] T 6ba3478fe50a4115b87a866a4b40ec34 P 0b620c45241f4a30889483c5f9f1ced9 [CANDIDATE]: Term 1 pre-election: Tablet error from VoteRequest() call to peer d6ea4b775f6e4551955ae1df784449da (127.1.139.129:37441): Illegal state: must be running to vote when last-logged opid is not known
I20260709 13:10:49.480072  2800 leader_election.cc:304] T 6ba3478fe50a4115b87a866a4b40ec34 P 0b620c45241f4a30889483c5f9f1ced9 [CANDIDATE]: Term 1 pre-election: Election decided. Result: candidate won. Election summary: received 3 responses out of 3 voters: 2 yes votes; 1 no votes. yes voters: 0b620c45241f4a30889483c5f9f1ced9, dae42190f005453a82bde35a8b229a70; no voters: d6ea4b775f6e4551955ae1df784449da
I20260709 13:10:49.480978  2957 raft_consensus.cc:2804] T 6ba3478fe50a4115b87a866a4b40ec34 P 0b620c45241f4a30889483c5f9f1ced9 [term 0 FOLLOWER]: Leader pre-election won for term 1
I20260709 13:10:49.481387  2938 consensus_queue.cc:1048] T eeda97d54ef44ef0b3b47c4a4f28682d P 0b620c45241f4a30889483c5f9f1ced9 [LEADER]: Connected to new peer: Peer: permanent_uuid: "dae42190f005453a82bde35a8b229a70" member_type: VOTER last_known_addr { host: "127.1.139.130" port: 40747 }, Status: LMP_MISMATCH, Last received: 0.0, Next index: 1, Last known committed idx: 0, Time since last communication: 0.000s
I20260709 13:10:49.487464  2876 tablet_bootstrap.cc:654] T 47fd381ce52b4db2921af7bc40cc24d6 P 0b620c45241f4a30889483c5f9f1ced9: Neither blocks nor log segments found. Creating new log.
I20260709 13:10:49.481354  2957 raft_consensus.cc:493] T 6ba3478fe50a4115b87a866a4b40ec34 P 0b620c45241f4a30889483c5f9f1ced9 [term 0 FOLLOWER]: Starting leader election (no leader contacted us within the election timeout)
I20260709 13:10:49.489063  2957 raft_consensus.cc:3060] T 6ba3478fe50a4115b87a866a4b40ec34 P 0b620c45241f4a30889483c5f9f1ced9 [term 0 FOLLOWER]: Advancing to term 1
I20260709 13:10:49.490913  2884 raft_consensus.cc:493] T 91c576dd3bdc4133a4e57e52a862429d P dae42190f005453a82bde35a8b229a70 [term 0 FOLLOWER]: Starting pre-election (no leader contacted us within the election timeout)
I20260709 13:10:49.491369  2884 raft_consensus.cc:515] T 91c576dd3bdc4133a4e57e52a862429d P dae42190f005453a82bde35a8b229a70 [term 0 FOLLOWER]: Starting pre-election with config: opid_index: -1 OBSOLETE_local: false peers { permanent_uuid: "d6ea4b775f6e4551955ae1df784449da" member_type: VOTER last_known_addr { host: "127.1.139.129" port: 37441 } } peers { permanent_uuid: "dae42190f005453a82bde35a8b229a70" member_type: VOTER last_known_addr { host: "127.1.139.130" port: 40747 } } peers { permanent_uuid: "0b620c45241f4a30889483c5f9f1ced9" member_type: VOTER last_known_addr { host: "127.1.139.131" port: 45315 } }
I20260709 13:10:49.493554  2884 leader_election.cc:290] T 91c576dd3bdc4133a4e57e52a862429d P dae42190f005453a82bde35a8b229a70 [CANDIDATE]: Term 1 pre-election: Requested pre-vote from peers d6ea4b775f6e4551955ae1df784449da (127.1.139.129:37441), 0b620c45241f4a30889483c5f9f1ced9 (127.1.139.131:45315)
I20260709 13:10:49.495544  2687 tablet_service.cc:1917] Received RequestConsensusVote() RPC: tablet_id: "91c576dd3bdc4133a4e57e52a862429d" candidate_uuid: "dae42190f005453a82bde35a8b229a70" candidate_term: 1 candidate_status { last_received { term: 0 index: 0 } } ignore_live_leader: false dest_uuid: "d6ea4b775f6e4551955ae1df784449da" is_pre_election: true
I20260709 13:10:49.498843  2836 tablet_service.cc:1917] Received RequestConsensusVote() RPC: tablet_id: "91c576dd3bdc4133a4e57e52a862429d" candidate_uuid: "dae42190f005453a82bde35a8b229a70" candidate_term: 1 candidate_status { last_received { term: 0 index: 0 } } ignore_live_leader: false dest_uuid: "0b620c45241f4a30889483c5f9f1ced9" is_pre_election: true
I20260709 13:10:49.499831  2836 raft_consensus.cc:2393] T 91c576dd3bdc4133a4e57e52a862429d P 0b620c45241f4a30889483c5f9f1ced9 [term 1 FOLLOWER]: Leader pre-election vote request: Denying vote to candidate dae42190f005453a82bde35a8b229a70 in current term 1: Already voted for candidate d6ea4b775f6e4551955ae1df784449da in this term.
I20260709 13:10:49.501276  2727 leader_election.cc:304] T 91c576dd3bdc4133a4e57e52a862429d P dae42190f005453a82bde35a8b229a70 [CANDIDATE]: Term 1 pre-election: Election decided. Result: candidate lost. Election summary: received 3 responses out of 3 voters: 1 yes votes; 2 no votes. yes voters: dae42190f005453a82bde35a8b229a70; no voters: 0b620c45241f4a30889483c5f9f1ced9, d6ea4b775f6e4551955ae1df784449da
I20260709 13:10:49.502067  2884 raft_consensus.cc:3060] T 91c576dd3bdc4133a4e57e52a862429d P dae42190f005453a82bde35a8b229a70 [term 0 FOLLOWER]: Advancing to term 1
I20260709 13:10:49.508633  2877 tablet_bootstrap.cc:654] T c93485a2cac349dd88a221d6b53d562a P dae42190f005453a82bde35a8b229a70: Neither blocks nor log segments found. Creating new log.
I20260709 13:10:49.511222  2957 raft_consensus.cc:515] T 6ba3478fe50a4115b87a866a4b40ec34 P 0b620c45241f4a30889483c5f9f1ced9 [term 1 FOLLOWER]: Starting leader election with config: opid_index: -1 OBSOLETE_local: false peers { permanent_uuid: "d6ea4b775f6e4551955ae1df784449da" member_type: VOTER last_known_addr { host: "127.1.139.129" port: 37441 } } peers { permanent_uuid: "dae42190f005453a82bde35a8b229a70" member_type: VOTER last_known_addr { host: "127.1.139.130" port: 40747 } } peers { permanent_uuid: "0b620c45241f4a30889483c5f9f1ced9" member_type: VOTER last_known_addr { host: "127.1.139.131" port: 45315 } }
I20260709 13:10:49.516517  2938 consensus_queue.cc:1048] T eeda97d54ef44ef0b3b47c4a4f28682d P 0b620c45241f4a30889483c5f9f1ced9 [LEADER]: Connected to new peer: Peer: permanent_uuid: "d6ea4b775f6e4551955ae1df784449da" member_type: VOTER last_known_addr { host: "127.1.139.129" port: 37441 }, Status: LMP_MISMATCH, Last received: 0.0, Next index: 1, Last known committed idx: 0, Time since last communication: 0.000s
I20260709 13:10:49.529168  2957 leader_election.cc:290] T 6ba3478fe50a4115b87a866a4b40ec34 P 0b620c45241f4a30889483c5f9f1ced9 [CANDIDATE]: Term 1 election: Requested vote from peers d6ea4b775f6e4551955ae1df784449da (127.1.139.129:37441), dae42190f005453a82bde35a8b229a70 (127.1.139.130:40747)
I20260709 13:10:49.535956  2938 consensus_queue.cc:1048] T bf5216fa696a4338b3546d4bb6a96293 P 0b620c45241f4a30889483c5f9f1ced9 [LEADER]: Connected to new peer: Peer: permanent_uuid: "d6ea4b775f6e4551955ae1df784449da" member_type: VOTER last_known_addr { host: "127.1.139.129" port: 37441 }, Status: LMP_MISMATCH, Last received: 0.0, Next index: 1, Last known committed idx: 0, Time since last communication: 0.001s
I20260709 13:10:49.537014  2762 tablet_service.cc:1917] Received RequestConsensusVote() RPC: tablet_id: "6ba3478fe50a4115b87a866a4b40ec34" candidate_uuid: "0b620c45241f4a30889483c5f9f1ced9" candidate_term: 1 candidate_status { last_received { term: 0 index: 0 } } ignore_live_leader: false dest_uuid: "dae42190f005453a82bde35a8b229a70"
I20260709 13:10:49.537585  2762 raft_consensus.cc:3060] T 6ba3478fe50a4115b87a866a4b40ec34 P dae42190f005453a82bde35a8b229a70 [term 0 FOLLOWER]: Advancing to term 1
I20260709 13:10:49.543866  2877 tablet_bootstrap.cc:492] T c93485a2cac349dd88a221d6b53d562a P dae42190f005453a82bde35a8b229a70: No bootstrap required, opened a new log
I20260709 13:10:49.546026  2877 ts_tablet_manager.cc:1403] T c93485a2cac349dd88a221d6b53d562a P dae42190f005453a82bde35a8b229a70: Time spent bootstrapping tablet: real 0.081s	user 0.015s	sys 0.000s
I20260709 13:10:49.546041  2687 tablet_service.cc:1917] Received RequestConsensusVote() RPC: tablet_id: "6ba3478fe50a4115b87a866a4b40ec34" candidate_uuid: "0b620c45241f4a30889483c5f9f1ced9" candidate_term: 1 candidate_status { last_received { term: 0 index: 0 } } ignore_live_leader: false dest_uuid: "d6ea4b775f6e4551955ae1df784449da"
W20260709 13:10:49.548686  2800 leader_election.cc:343] T 6ba3478fe50a4115b87a866a4b40ec34 P 0b620c45241f4a30889483c5f9f1ced9 [CANDIDATE]: Term 1 election: Tablet error from VoteRequest() call to peer d6ea4b775f6e4551955ae1df784449da (127.1.139.129:37441): Illegal state: must be running to vote when last-logged opid is not known
I20260709 13:10:49.551473  2877 raft_consensus.cc:359] T c93485a2cac349dd88a221d6b53d562a P dae42190f005453a82bde35a8b229a70 [term 0 FOLLOWER]: Replica starting. Triggering 0 pending ops. Active config: opid_index: -1 OBSOLETE_local: false peers { permanent_uuid: "d6ea4b775f6e4551955ae1df784449da" member_type: VOTER last_known_addr { host: "127.1.139.129" port: 37441 } } peers { permanent_uuid: "dae42190f005453a82bde35a8b229a70" member_type: VOTER last_known_addr { host: "127.1.139.130" port: 40747 } } peers { permanent_uuid: "0b620c45241f4a30889483c5f9f1ced9" member_type: VOTER last_known_addr { host: "127.1.139.131" port: 45315 } }
I20260709 13:10:49.552561  2877 raft_consensus.cc:385] T c93485a2cac349dd88a221d6b53d562a P dae42190f005453a82bde35a8b229a70 [term 0 FOLLOWER]: Consensus starting up: Expiring failure detector timer to make a prompt election more likely
I20260709 13:10:49.552883  2877 raft_consensus.cc:740] T c93485a2cac349dd88a221d6b53d562a P dae42190f005453a82bde35a8b229a70 [term 0 FOLLOWER]: Becoming Follower/Learner. State: Replica: dae42190f005453a82bde35a8b229a70, State: Initialized, Role: FOLLOWER
I20260709 13:10:49.554414  2878 tablet_bootstrap.cc:492] T c93485a2cac349dd88a221d6b53d562a P d6ea4b775f6e4551955ae1df784449da: No bootstrap required, opened a new log
I20260709 13:10:49.554839  2878 ts_tablet_manager.cc:1403] T c93485a2cac349dd88a221d6b53d562a P d6ea4b775f6e4551955ae1df784449da: Time spent bootstrapping tablet: real 0.109s	user 0.033s	sys 0.008s
I20260709 13:10:49.557181  2878 raft_consensus.cc:359] T c93485a2cac349dd88a221d6b53d562a P d6ea4b775f6e4551955ae1df784449da [term 0 FOLLOWER]: Replica starting. Triggering 0 pending ops. Active config: opid_index: -1 OBSOLETE_local: false peers { permanent_uuid: "d6ea4b775f6e4551955ae1df784449da" member_type: VOTER last_known_addr { host: "127.1.139.129" port: 37441 } } peers { permanent_uuid: "dae42190f005453a82bde35a8b229a70" member_type: VOTER last_known_addr { host: "127.1.139.130" port: 40747 } } peers { permanent_uuid: "0b620c45241f4a30889483c5f9f1ced9" member_type: VOTER last_known_addr { host: "127.1.139.131" port: 45315 } }
I20260709 13:10:49.557811  2878 raft_consensus.cc:385] T c93485a2cac349dd88a221d6b53d562a P d6ea4b775f6e4551955ae1df784449da [term 0 FOLLOWER]: Consensus starting up: Expiring failure detector timer to make a prompt election more likely
I20260709 13:10:49.558082  2878 raft_consensus.cc:740] T c93485a2cac349dd88a221d6b53d562a P d6ea4b775f6e4551955ae1df784449da [term 0 FOLLOWER]: Becoming Follower/Learner. State: Replica: d6ea4b775f6e4551955ae1df784449da, State: Initialized, Role: FOLLOWER
I20260709 13:10:49.553622  2877 consensus_queue.cc:260] T c93485a2cac349dd88a221d6b53d562a P dae42190f005453a82bde35a8b229a70 [NON_LEADER]: Queue going to NON_LEADER mode. State: All replicated index: 0, Majority replicated index: 0, Committed index: 0, Last appended: 0.0, Last appended by leader: 0, Current term: 0, Majority size: -1, State: 0, Mode: NON_LEADER, active raft config: opid_index: -1 OBSOLETE_local: false peers { permanent_uuid: "d6ea4b775f6e4551955ae1df784449da" member_type: VOTER last_known_addr { host: "127.1.139.129" port: 37441 } } peers { permanent_uuid: "dae42190f005453a82bde35a8b229a70" member_type: VOTER last_known_addr { host: "127.1.139.130" port: 40747 } } peers { permanent_uuid: "0b620c45241f4a30889483c5f9f1ced9" member_type: VOTER last_known_addr { host: "127.1.139.131" port: 45315 } }
I20260709 13:10:49.559006  2878 consensus_queue.cc:260] T c93485a2cac349dd88a221d6b53d562a P d6ea4b775f6e4551955ae1df784449da [NON_LEADER]: Queue going to NON_LEADER mode. State: All replicated index: 0, Majority replicated index: 0, Committed index: 0, Last appended: 0.0, Last appended by leader: 0, Current term: 0, Majority size: -1, State: 0, Mode: NON_LEADER, active raft config: opid_index: -1 OBSOLETE_local: false peers { permanent_uuid: "d6ea4b775f6e4551955ae1df784449da" member_type: VOTER last_known_addr { host: "127.1.139.129" port: 37441 } } peers { permanent_uuid: "dae42190f005453a82bde35a8b229a70" member_type: VOTER last_known_addr { host: "127.1.139.130" port: 40747 } } peers { permanent_uuid: "0b620c45241f4a30889483c5f9f1ced9" member_type: VOTER last_known_addr { host: "127.1.139.131" port: 45315 } }
I20260709 13:10:49.560604  2884 raft_consensus.cc:2749] T 91c576dd3bdc4133a4e57e52a862429d P dae42190f005453a82bde35a8b229a70 [term 1 FOLLOWER]: Leader pre-election lost for term 1. Reason: could not achieve majority
I20260709 13:10:49.562440  2877 ts_tablet_manager.cc:1434] T c93485a2cac349dd88a221d6b53d562a P dae42190f005453a82bde35a8b229a70: Time spent starting tablet: real 0.016s	user 0.006s	sys 0.000s
I20260709 13:10:49.563395  2877 tablet_bootstrap.cc:492] T 3c4f15acfdb14c6682d0cf3ec44f791e P dae42190f005453a82bde35a8b229a70: Bootstrap starting.
I20260709 13:10:49.563448  2762 raft_consensus.cc:2468] T 6ba3478fe50a4115b87a866a4b40ec34 P dae42190f005453a82bde35a8b229a70 [term 1 FOLLOWER]: Leader election vote request: Granting yes vote for candidate 0b620c45241f4a30889483c5f9f1ced9 in term 1.
I20260709 13:10:49.564558  2800 leader_election.cc:304] T 6ba3478fe50a4115b87a866a4b40ec34 P 0b620c45241f4a30889483c5f9f1ced9 [CANDIDATE]: Term 1 election: Election decided. Result: candidate won. Election summary: received 3 responses out of 3 voters: 2 yes votes; 1 no votes. yes voters: 0b620c45241f4a30889483c5f9f1ced9, dae42190f005453a82bde35a8b229a70; no voters: d6ea4b775f6e4551955ae1df784449da
I20260709 13:10:49.565966  2938 raft_consensus.cc:2804] T 6ba3478fe50a4115b87a866a4b40ec34 P 0b620c45241f4a30889483c5f9f1ced9 [term 1 FOLLOWER]: Leader election won for term 1
I20260709 13:10:49.566594  2938 raft_consensus.cc:697] T 6ba3478fe50a4115b87a866a4b40ec34 P 0b620c45241f4a30889483c5f9f1ced9 [term 1 LEADER]: Becoming Leader. State: Replica: 0b620c45241f4a30889483c5f9f1ced9, State: Running, Role: LEADER
I20260709 13:10:49.567588  2938 consensus_queue.cc:237] T 6ba3478fe50a4115b87a866a4b40ec34 P 0b620c45241f4a30889483c5f9f1ced9 [LEADER]: Queue going to LEADER mode. State: All replicated index: 0, Majority replicated index: 0, Committed index: 0, Last appended: 0.0, Last appended by leader: 0, Current term: 1, Majority size: 2, State: 0, Mode: LEADER, active raft config: opid_index: -1 OBSOLETE_local: false peers { permanent_uuid: "d6ea4b775f6e4551955ae1df784449da" member_type: VOTER last_known_addr { host: "127.1.139.129" port: 37441 } } peers { permanent_uuid: "dae42190f005453a82bde35a8b229a70" member_type: VOTER last_known_addr { host: "127.1.139.130" port: 40747 } } peers { permanent_uuid: "0b620c45241f4a30889483c5f9f1ced9" member_type: VOTER last_known_addr { host: "127.1.139.131" port: 45315 } }
I20260709 13:10:49.578462  2878 ts_tablet_manager.cc:1434] T c93485a2cac349dd88a221d6b53d562a P d6ea4b775f6e4551955ae1df784449da: Time spent starting tablet: real 0.023s	user 0.006s	sys 0.000s
I20260709 13:10:49.579346  2878 tablet_bootstrap.cc:492] T 6ba3478fe50a4115b87a866a4b40ec34 P d6ea4b775f6e4551955ae1df784449da: Bootstrap starting.
I20260709 13:10:49.587600  2876 tablet_bootstrap.cc:492] T 47fd381ce52b4db2921af7bc40cc24d6 P 0b620c45241f4a30889483c5f9f1ced9: No bootstrap required, opened a new log
I20260709 13:10:49.588111  2876 ts_tablet_manager.cc:1403] T 47fd381ce52b4db2921af7bc40cc24d6 P 0b620c45241f4a30889483c5f9f1ced9: Time spent bootstrapping tablet: real 0.123s	user 0.033s	sys 0.054s
I20260709 13:10:49.591967  2585 catalog_manager.cc:5697] T 6ba3478fe50a4115b87a866a4b40ec34 P 0b620c45241f4a30889483c5f9f1ced9 reported cstate change: term changed from 0 to 1, leader changed from <none> to 0b620c45241f4a30889483c5f9f1ced9 (127.1.139.131). New cstate: current_term: 1 leader_uuid: "0b620c45241f4a30889483c5f9f1ced9" committed_config { opid_index: -1 OBSOLETE_local: false peers { permanent_uuid: "d6ea4b775f6e4551955ae1df784449da" member_type: VOTER last_known_addr { host: "127.1.139.129" port: 37441 } health_report { overall_health: UNKNOWN } } peers { permanent_uuid: "dae42190f005453a82bde35a8b229a70" member_type: VOTER last_known_addr { host: "127.1.139.130" port: 40747 } health_report { overall_health: UNKNOWN } } peers { permanent_uuid: "0b620c45241f4a30889483c5f9f1ced9" member_type: VOTER last_known_addr { host: "127.1.139.131" port: 45315 } health_report { overall_health: HEALTHY } } }
I20260709 13:10:49.598363  2918 consensus_queue.cc:1048] T 1c05ddf5f46b4557b0c4283ad01cddb6 P dae42190f005453a82bde35a8b229a70 [LEADER]: Connected to new peer: Peer: permanent_uuid: "d6ea4b775f6e4551955ae1df784449da" member_type: VOTER last_known_addr { host: "127.1.139.129" port: 37441 }, Status: LMP_MISMATCH, Last received: 0.0, Next index: 1, Last known committed idx: 0, Time since last communication: 0.001s
I20260709 13:10:49.598562  2906 consensus_queue.cc:1048] T bf5216fa696a4338b3546d4bb6a96293 P 0b620c45241f4a30889483c5f9f1ced9 [LEADER]: Connected to new peer: Peer: permanent_uuid: "dae42190f005453a82bde35a8b229a70" member_type: VOTER last_known_addr { host: "127.1.139.130" port: 40747 }, Status: LMP_MISMATCH, Last received: 0.0, Next index: 1, Last known committed idx: 0, Time since last communication: 0.000s
I20260709 13:10:49.626951  2884 raft_consensus.cc:493] T 356a879b7e474647b56b6936179d26bb P dae42190f005453a82bde35a8b229a70 [term 0 FOLLOWER]: Starting pre-election (no leader contacted us within the election timeout)
I20260709 13:10:49.630486  2920 raft_consensus.cc:493] T c93485a2cac349dd88a221d6b53d562a P dae42190f005453a82bde35a8b229a70 [term 0 FOLLOWER]: Starting pre-election (no leader contacted us within the election timeout)
I20260709 13:10:49.638125  2884 raft_consensus.cc:515] T 356a879b7e474647b56b6936179d26bb P dae42190f005453a82bde35a8b229a70 [term 0 FOLLOWER]: Starting pre-election with config: opid_index: -1 OBSOLETE_local: false peers { permanent_uuid: "d6ea4b775f6e4551955ae1df784449da" member_type: VOTER last_known_addr { host: "127.1.139.129" port: 37441 } } peers { permanent_uuid: "dae42190f005453a82bde35a8b229a70" member_type: VOTER last_known_addr { host: "127.1.139.130" port: 40747 } } peers { permanent_uuid: "0b620c45241f4a30889483c5f9f1ced9" member_type: VOTER last_known_addr { host: "127.1.139.131" port: 45315 } }
I20260709 13:10:49.638761  2920 raft_consensus.cc:515] T c93485a2cac349dd88a221d6b53d562a P dae42190f005453a82bde35a8b229a70 [term 0 FOLLOWER]: Starting pre-election with config: opid_index: -1 OBSOLETE_local: false peers { permanent_uuid: "d6ea4b775f6e4551955ae1df784449da" member_type: VOTER last_known_addr { host: "127.1.139.129" port: 37441 } } peers { permanent_uuid: "dae42190f005453a82bde35a8b229a70" member_type: VOTER last_known_addr { host: "127.1.139.130" port: 40747 } } peers { permanent_uuid: "0b620c45241f4a30889483c5f9f1ced9" member_type: VOTER last_known_addr { host: "127.1.139.131" port: 45315 } }
I20260709 13:10:49.655704  2878 tablet_bootstrap.cc:654] T 6ba3478fe50a4115b87a866a4b40ec34 P d6ea4b775f6e4551955ae1df784449da: Neither blocks nor log segments found. Creating new log.
I20260709 13:10:49.686194  2876 raft_consensus.cc:359] T 47fd381ce52b4db2921af7bc40cc24d6 P 0b620c45241f4a30889483c5f9f1ced9 [term 0 FOLLOWER]: Replica starting. Triggering 0 pending ops. Active config: opid_index: -1 OBSOLETE_local: false peers { permanent_uuid: "d6ea4b775f6e4551955ae1df784449da" member_type: VOTER last_known_addr { host: "127.1.139.129" port: 37441 } } peers { permanent_uuid: "dae42190f005453a82bde35a8b229a70" member_type: VOTER last_known_addr { host: "127.1.139.130" port: 40747 } } peers { permanent_uuid: "0b620c45241f4a30889483c5f9f1ced9" member_type: VOTER last_known_addr { host: "127.1.139.131" port: 45315 } }
I20260709 13:10:49.687048  2876 raft_consensus.cc:385] T 47fd381ce52b4db2921af7bc40cc24d6 P 0b620c45241f4a30889483c5f9f1ced9 [term 0 FOLLOWER]: Consensus starting up: Expiring failure detector timer to make a prompt election more likely
I20260709 13:10:49.687378  2876 raft_consensus.cc:740] T 47fd381ce52b4db2921af7bc40cc24d6 P 0b620c45241f4a30889483c5f9f1ced9 [term 0 FOLLOWER]: Becoming Follower/Learner. State: Replica: 0b620c45241f4a30889483c5f9f1ced9, State: Initialized, Role: FOLLOWER
I20260709 13:10:49.692140  2920 leader_election.cc:290] T c93485a2cac349dd88a221d6b53d562a P dae42190f005453a82bde35a8b229a70 [CANDIDATE]: Term 1 pre-election: Requested pre-vote from peers d6ea4b775f6e4551955ae1df784449da (127.1.139.129:37441), 0b620c45241f4a30889483c5f9f1ced9 (127.1.139.131:45315)
I20260709 13:10:49.692962  2884 leader_election.cc:290] T 356a879b7e474647b56b6936179d26bb P dae42190f005453a82bde35a8b229a70 [CANDIDATE]: Term 1 pre-election: Requested pre-vote from peers d6ea4b775f6e4551955ae1df784449da (127.1.139.129:37441), 0b620c45241f4a30889483c5f9f1ced9 (127.1.139.131:45315)
I20260709 13:10:49.651865  2906 consensus_queue.cc:1048] T ea03e98c70294cf89696b99ce87e29bd P 0b620c45241f4a30889483c5f9f1ced9 [LEADER]: Connected to new peer: Peer: permanent_uuid: "dae42190f005453a82bde35a8b229a70" member_type: VOTER last_known_addr { host: "127.1.139.130" port: 40747 }, Status: LMP_MISMATCH, Last received: 0.0, Next index: 1, Last known committed idx: 0, Time since last communication: 0.042s
I20260709 13:10:49.699785  2876 consensus_queue.cc:260] T 47fd381ce52b4db2921af7bc40cc24d6 P 0b620c45241f4a30889483c5f9f1ced9 [NON_LEADER]: Queue going to NON_LEADER mode. State: All replicated index: 0, Majority replicated index: 0, Committed index: 0, Last appended: 0.0, Last appended by leader: 0, Current term: 0, Majority size: -1, State: 0, Mode: NON_LEADER, active raft config: opid_index: -1 OBSOLETE_local: false peers { permanent_uuid: "d6ea4b775f6e4551955ae1df784449da" member_type: VOTER last_known_addr { host: "127.1.139.129" port: 37441 } } peers { permanent_uuid: "dae42190f005453a82bde35a8b229a70" member_type: VOTER last_known_addr { host: "127.1.139.130" port: 40747 } } peers { permanent_uuid: "0b620c45241f4a30889483c5f9f1ced9" member_type: VOTER last_known_addr { host: "127.1.139.131" port: 45315 } }
I20260709 13:10:49.701359  2940 raft_consensus.cc:493] T 47fd381ce52b4db2921af7bc40cc24d6 P 0b620c45241f4a30889483c5f9f1ced9 [term 0 FOLLOWER]: Starting pre-election (no leader contacted us within the election timeout)
I20260709 13:10:49.686288  2905 raft_consensus.cc:493] T 030b18952acb420c9bde34ab9a9fe80a P d6ea4b775f6e4551955ae1df784449da [term 0 FOLLOWER]: Starting pre-election (no leader contacted us within the election timeout)
I20260709 13:10:49.701815  2876 ts_tablet_manager.cc:1434] T 47fd381ce52b4db2921af7bc40cc24d6 P 0b620c45241f4a30889483c5f9f1ced9: Time spent starting tablet: real 0.113s	user 0.006s	sys 0.001s
I20260709 13:10:49.702741  2876 tablet_bootstrap.cc:492] T c93485a2cac349dd88a221d6b53d562a P 0b620c45241f4a30889483c5f9f1ced9: Bootstrap starting.
I20260709 13:10:49.702117  2905 raft_consensus.cc:515] T 030b18952acb420c9bde34ab9a9fe80a P d6ea4b775f6e4551955ae1df784449da [term 0 FOLLOWER]: Starting pre-election with config: opid_index: -1 OBSOLETE_local: false peers { permanent_uuid: "d6ea4b775f6e4551955ae1df784449da" member_type: VOTER last_known_addr { host: "127.1.139.129" port: 37441 } } peers { permanent_uuid: "dae42190f005453a82bde35a8b229a70" member_type: VOTER last_known_addr { host: "127.1.139.130" port: 40747 } } peers { permanent_uuid: "0b620c45241f4a30889483c5f9f1ced9" member_type: VOTER last_known_addr { host: "127.1.139.131" port: 45315 } }
I20260709 13:10:49.704330  2836 tablet_service.cc:1917] Received RequestConsensusVote() RPC: tablet_id: "c93485a2cac349dd88a221d6b53d562a" candidate_uuid: "dae42190f005453a82bde35a8b229a70" candidate_term: 1 candidate_status { last_received { term: 0 index: 0 } } ignore_live_leader: false dest_uuid: "0b620c45241f4a30889483c5f9f1ced9" is_pre_election: true
I20260709 13:10:49.704685  2877 tablet_bootstrap.cc:654] T 3c4f15acfdb14c6682d0cf3ec44f791e P dae42190f005453a82bde35a8b229a70: Neither blocks nor log segments found. Creating new log.
I20260709 13:10:49.704744  2835 tablet_service.cc:1917] Received RequestConsensusVote() RPC: tablet_id: "356a879b7e474647b56b6936179d26bb" candidate_uuid: "dae42190f005453a82bde35a8b229a70" candidate_term: 1 candidate_status { last_received { term: 0 index: 0 } } ignore_live_leader: false dest_uuid: "0b620c45241f4a30889483c5f9f1ced9" is_pre_election: true
W20260709 13:10:49.707298  2727 leader_election.cc:343] T c93485a2cac349dd88a221d6b53d562a P dae42190f005453a82bde35a8b229a70 [CANDIDATE]: Term 1 pre-election: Tablet error from VoteRequest() call to peer 0b620c45241f4a30889483c5f9f1ced9 (127.1.139.131:45315): Illegal state: must be running to vote when last-logged opid is not known
W20260709 13:10:49.708483  2727 leader_election.cc:343] T 356a879b7e474647b56b6936179d26bb P dae42190f005453a82bde35a8b229a70 [CANDIDATE]: Term 1 pre-election: Tablet error from VoteRequest() call to peer 0b620c45241f4a30889483c5f9f1ced9 (127.1.139.131:45315): Illegal state: must be running to vote when last-logged opid is not known
I20260709 13:10:49.710474  2957 consensus_queue.cc:1048] T ea03e98c70294cf89696b99ce87e29bd P 0b620c45241f4a30889483c5f9f1ced9 [LEADER]: Connected to new peer: Peer: permanent_uuid: "d6ea4b775f6e4551955ae1df784449da" member_type: VOTER last_known_addr { host: "127.1.139.129" port: 37441 }, Status: LMP_MISMATCH, Last received: 0.0, Next index: 1, Last known committed idx: 0, Time since last communication: 0.000s
I20260709 13:10:49.710711  2906 raft_consensus.cc:493] T a5f49f902b6841959851a44904cd82c8 P 0b620c45241f4a30889483c5f9f1ced9 [term 0 FOLLOWER]: Starting pre-election (no leader contacted us within the election timeout)
I20260709 13:10:49.711290  2897 consensus_queue.cc:1048] T 1c05ddf5f46b4557b0c4283ad01cddb6 P dae42190f005453a82bde35a8b229a70 [LEADER]: Connected to new peer: Peer: permanent_uuid: "0b620c45241f4a30889483c5f9f1ced9" member_type: VOTER last_known_addr { host: "127.1.139.131" port: 45315 }, Status: LMP_MISMATCH, Last received: 0.0, Next index: 1, Last known committed idx: 0, Time since last communication: 0.000s
I20260709 13:10:49.711242  2906 raft_consensus.cc:515] T a5f49f902b6841959851a44904cd82c8 P 0b620c45241f4a30889483c5f9f1ced9 [term 0 FOLLOWER]: Starting pre-election with config: opid_index: -1 OBSOLETE_local: false peers { permanent_uuid: "d6ea4b775f6e4551955ae1df784449da" member_type: VOTER last_known_addr { host: "127.1.139.129" port: 37441 } } peers { permanent_uuid: "dae42190f005453a82bde35a8b229a70" member_type: VOTER last_known_addr { host: "127.1.139.130" port: 40747 } } peers { permanent_uuid: "0b620c45241f4a30889483c5f9f1ced9" member_type: VOTER last_known_addr { host: "127.1.139.131" port: 45315 } }
I20260709 13:10:49.701836  2940 raft_consensus.cc:515] T 47fd381ce52b4db2921af7bc40cc24d6 P 0b620c45241f4a30889483c5f9f1ced9 [term 0 FOLLOWER]: Starting pre-election with config: opid_index: -1 OBSOLETE_local: false peers { permanent_uuid: "d6ea4b775f6e4551955ae1df784449da" member_type: VOTER last_known_addr { host: "127.1.139.129" port: 37441 } } peers { permanent_uuid: "dae42190f005453a82bde35a8b229a70" member_type: VOTER last_known_addr { host: "127.1.139.130" port: 40747 } } peers { permanent_uuid: "0b620c45241f4a30889483c5f9f1ced9" member_type: VOTER last_known_addr { host: "127.1.139.131" port: 45315 } }
I20260709 13:10:49.720275  2686 tablet_service.cc:1917] Received RequestConsensusVote() RPC: tablet_id: "a5f49f902b6841959851a44904cd82c8" candidate_uuid: "0b620c45241f4a30889483c5f9f1ced9" candidate_term: 1 candidate_status { last_received { term: 0 index: 0 } } ignore_live_leader: false dest_uuid: "d6ea4b775f6e4551955ae1df784449da" is_pre_election: true
I20260709 13:10:49.724515  2687 tablet_service.cc:1917] Received RequestConsensusVote() RPC: tablet_id: "356a879b7e474647b56b6936179d26bb" candidate_uuid: "dae42190f005453a82bde35a8b229a70" candidate_term: 1 candidate_status { last_received { term: 0 index: 0 } } ignore_live_leader: false dest_uuid: "d6ea4b775f6e4551955ae1df784449da" is_pre_election: true
I20260709 13:10:49.725085  2905 leader_election.cc:290] T 030b18952acb420c9bde34ab9a9fe80a P d6ea4b775f6e4551955ae1df784449da [CANDIDATE]: Term 1 pre-election: Requested pre-vote from peers dae42190f005453a82bde35a8b229a70 (127.1.139.130:40747), 0b620c45241f4a30889483c5f9f1ced9 (127.1.139.131:45315)
I20260709 13:10:49.725127  2687 raft_consensus.cc:2468] T 356a879b7e474647b56b6936179d26bb P d6ea4b775f6e4551955ae1df784449da [term 0 FOLLOWER]: Leader pre-election vote request: Granting yes vote for candidate dae42190f005453a82bde35a8b229a70 in term 0.
I20260709 13:10:49.727065  2835 tablet_service.cc:1917] Received RequestConsensusVote() RPC: tablet_id: "030b18952acb420c9bde34ab9a9fe80a" candidate_uuid: "d6ea4b775f6e4551955ae1df784449da" candidate_term: 1 candidate_status { last_received { term: 0 index: 0 } } ignore_live_leader: false dest_uuid: "0b620c45241f4a30889483c5f9f1ced9" is_pre_election: true
I20260709 13:10:49.728609  2940 leader_election.cc:290] T 47fd381ce52b4db2921af7bc40cc24d6 P 0b620c45241f4a30889483c5f9f1ced9 [CANDIDATE]: Term 1 pre-election: Requested pre-vote from peers d6ea4b775f6e4551955ae1df784449da (127.1.139.129:37441), dae42190f005453a82bde35a8b229a70 (127.1.139.130:40747)
I20260709 13:10:49.728664  2760 tablet_service.cc:1917] Received RequestConsensusVote() RPC: tablet_id: "030b18952acb420c9bde34ab9a9fe80a" candidate_uuid: "d6ea4b775f6e4551955ae1df784449da" candidate_term: 1 candidate_status { last_received { term: 0 index: 0 } } ignore_live_leader: false dest_uuid: "dae42190f005453a82bde35a8b229a70" is_pre_election: true
W20260709 13:10:49.729825  2800 leader_election.cc:343] T a5f49f902b6841959851a44904cd82c8 P 0b620c45241f4a30889483c5f9f1ced9 [CANDIDATE]: Term 1 pre-election: Tablet error from VoteRequest() call to peer d6ea4b775f6e4551955ae1df784449da (127.1.139.129:37441): Illegal state: must be running to vote when last-logged opid is not known
W20260709 13:10:49.731233  2652 leader_election.cc:343] T 030b18952acb420c9bde34ab9a9fe80a P d6ea4b775f6e4551955ae1df784449da [CANDIDATE]: Term 1 pre-election: Tablet error from VoteRequest() call to peer 0b620c45241f4a30889483c5f9f1ced9 (127.1.139.131:45315): Illegal state: must be running to vote when last-logged opid is not known
I20260709 13:10:49.738188  2726 leader_election.cc:304] T 356a879b7e474647b56b6936179d26bb P dae42190f005453a82bde35a8b229a70 [CANDIDATE]: Term 1 pre-election: Election decided. Result: candidate won. Election summary: received 3 responses out of 3 voters: 2 yes votes; 1 no votes. yes voters: d6ea4b775f6e4551955ae1df784449da, dae42190f005453a82bde35a8b229a70; no voters: 0b620c45241f4a30889483c5f9f1ced9
I20260709 13:10:49.739872  2897 raft_consensus.cc:2804] T 356a879b7e474647b56b6936179d26bb P dae42190f005453a82bde35a8b229a70 [term 0 FOLLOWER]: Leader pre-election won for term 1
I20260709 13:10:49.732609  2684 tablet_service.cc:1917] Received RequestConsensusVote() RPC: tablet_id: "47fd381ce52b4db2921af7bc40cc24d6" candidate_uuid: "0b620c45241f4a30889483c5f9f1ced9" candidate_term: 1 candidate_status { last_received { term: 0 index: 0 } } ignore_live_leader: false dest_uuid: "d6ea4b775f6e4551955ae1df784449da" is_pre_election: true
I20260709 13:10:49.740235  2897 raft_consensus.cc:493] T 356a879b7e474647b56b6936179d26bb P dae42190f005453a82bde35a8b229a70 [term 0 FOLLOWER]: Starting leader election (no leader contacted us within the election timeout)
I20260709 13:10:49.740626  2897 raft_consensus.cc:3060] T 356a879b7e474647b56b6936179d26bb P dae42190f005453a82bde35a8b229a70 [term 0 FOLLOWER]: Advancing to term 1
I20260709 13:10:49.741931  2687 tablet_service.cc:1917] Received RequestConsensusVote() RPC: tablet_id: "c93485a2cac349dd88a221d6b53d562a" candidate_uuid: "dae42190f005453a82bde35a8b229a70" candidate_term: 1 candidate_status { last_received { term: 0 index: 0 } } ignore_live_leader: false dest_uuid: "d6ea4b775f6e4551955ae1df784449da" is_pre_election: true
I20260709 13:10:49.742550  2988 raft_consensus.cc:493] T cf3115b5cc9d4a158be967550d9a6e63 P dae42190f005453a82bde35a8b229a70 [term 0 FOLLOWER]: Starting pre-election (no leader contacted us within the election timeout)
I20260709 13:10:49.743146  2687 raft_consensus.cc:2468] T c93485a2cac349dd88a221d6b53d562a P d6ea4b775f6e4551955ae1df784449da [term 0 FOLLOWER]: Leader pre-election vote request: Granting yes vote for candidate dae42190f005453a82bde35a8b229a70 in term 0.
I20260709 13:10:49.743660  2760 tablet_service.cc:1917] Received RequestConsensusVote() RPC: tablet_id: "47fd381ce52b4db2921af7bc40cc24d6" candidate_uuid: "0b620c45241f4a30889483c5f9f1ced9" candidate_term: 1 candidate_status { last_received { term: 0 index: 0 } } ignore_live_leader: false dest_uuid: "dae42190f005453a82bde35a8b229a70" is_pre_election: true
W20260709 13:10:49.745252  2800 leader_election.cc:343] T 47fd381ce52b4db2921af7bc40cc24d6 P 0b620c45241f4a30889483c5f9f1ced9 [CANDIDATE]: Term 1 pre-election: Tablet error from VoteRequest() call to peer dae42190f005453a82bde35a8b229a70 (127.1.139.130:40747): Illegal state: must be running to vote when last-logged opid is not known
W20260709 13:10:49.734334  2651 leader_election.cc:343] T 030b18952acb420c9bde34ab9a9fe80a P d6ea4b775f6e4551955ae1df784449da [CANDIDATE]: Term 1 pre-election: Tablet error from VoteRequest() call to peer dae42190f005453a82bde35a8b229a70 (127.1.139.130:40747): Illegal state: must be running to vote when last-logged opid is not known
I20260709 13:10:49.742072  2906 leader_election.cc:290] T a5f49f902b6841959851a44904cd82c8 P 0b620c45241f4a30889483c5f9f1ced9 [CANDIDATE]: Term 1 pre-election: Requested pre-vote from peers d6ea4b775f6e4551955ae1df784449da (127.1.139.129:37441), dae42190f005453a82bde35a8b229a70 (127.1.139.130:40747)
I20260709 13:10:49.743145  2988 raft_consensus.cc:515] T cf3115b5cc9d4a158be967550d9a6e63 P dae42190f005453a82bde35a8b229a70 [term 0 FOLLOWER]: Starting pre-election with config: opid_index: -1 OBSOLETE_local: false peers { permanent_uuid: "d6ea4b775f6e4551955ae1df784449da" member_type: VOTER last_known_addr { host: "127.1.139.129" port: 37441 } } peers { permanent_uuid: "dae42190f005453a82bde35a8b229a70" member_type: VOTER last_known_addr { host: "127.1.139.130" port: 40747 } } peers { permanent_uuid: "0b620c45241f4a30889483c5f9f1ced9" member_type: VOTER last_known_addr { host: "127.1.139.131" port: 45315 } }
W20260709 13:10:49.755132  2800 leader_election.cc:343] T 47fd381ce52b4db2921af7bc40cc24d6 P 0b620c45241f4a30889483c5f9f1ced9 [CANDIDATE]: Term 1 pre-election: Tablet error from VoteRequest() call to peer d6ea4b775f6e4551955ae1df784449da (127.1.139.129:37441): Illegal state: must be running to vote when last-logged opid is not known
I20260709 13:10:49.755549  2726 leader_election.cc:304] T c93485a2cac349dd88a221d6b53d562a P dae42190f005453a82bde35a8b229a70 [CANDIDATE]: Term 1 pre-election: Election decided. Result: candidate won. Election summary: received 3 responses out of 3 voters: 2 yes votes; 1 no votes. yes voters: d6ea4b775f6e4551955ae1df784449da, dae42190f005453a82bde35a8b229a70; no voters: 0b620c45241f4a30889483c5f9f1ced9
I20260709 13:10:49.755828  2800 leader_election.cc:304] T 47fd381ce52b4db2921af7bc40cc24d6 P 0b620c45241f4a30889483c5f9f1ced9 [CANDIDATE]: Term 1 pre-election: Election decided. Result: candidate lost. Election summary: received 3 responses out of 3 voters: 1 yes votes; 2 no votes. yes voters: 0b620c45241f4a30889483c5f9f1ced9; no voters: d6ea4b775f6e4551955ae1df784449da, dae42190f005453a82bde35a8b229a70
I20260709 13:10:49.748576  2651 leader_election.cc:304] T 030b18952acb420c9bde34ab9a9fe80a P d6ea4b775f6e4551955ae1df784449da [CANDIDATE]: Term 1 pre-election: Election decided. Result: candidate lost. Election summary: received 3 responses out of 3 voters: 1 yes votes; 2 no votes. yes voters: d6ea4b775f6e4551955ae1df784449da; no voters: 0b620c45241f4a30889483c5f9f1ced9, dae42190f005453a82bde35a8b229a70
I20260709 13:10:49.757006  2760 tablet_service.cc:1917] Received RequestConsensusVote() RPC: tablet_id: "a5f49f902b6841959851a44904cd82c8" candidate_uuid: "0b620c45241f4a30889483c5f9f1ced9" candidate_term: 1 candidate_status { last_received { term: 0 index: 0 } } ignore_live_leader: false dest_uuid: "dae42190f005453a82bde35a8b229a70" is_pre_election: true
I20260709 13:10:49.758440  2905 raft_consensus.cc:2749] T 030b18952acb420c9bde34ab9a9fe80a P d6ea4b775f6e4551955ae1df784449da [term 0 FOLLOWER]: Leader pre-election lost for term 1. Reason: could not achieve majority
I20260709 13:10:49.759004  2905 raft_consensus.cc:493] T 4da40e6445d144b599072e5e9f2518dc P d6ea4b775f6e4551955ae1df784449da [term 0 FOLLOWER]: Starting pre-election (no leader contacted us within the election timeout)
I20260709 13:10:49.759407  2905 raft_consensus.cc:515] T 4da40e6445d144b599072e5e9f2518dc P d6ea4b775f6e4551955ae1df784449da [term 0 FOLLOWER]: Starting pre-election with config: opid_index: -1 OBSOLETE_local: false peers { permanent_uuid: "d6ea4b775f6e4551955ae1df784449da" member_type: VOTER last_known_addr { host: "127.1.139.129" port: 37441 } } peers { permanent_uuid: "dae42190f005453a82bde35a8b229a70" member_type: VOTER last_known_addr { host: "127.1.139.130" port: 40747 } } peers { permanent_uuid: "0b620c45241f4a30889483c5f9f1ced9" member_type: VOTER last_known_addr { host: "127.1.139.131" port: 45315 } }
I20260709 13:10:49.759905  2876 tablet_bootstrap.cc:654] T c93485a2cac349dd88a221d6b53d562a P 0b620c45241f4a30889483c5f9f1ced9: Neither blocks nor log segments found. Creating new log.
