I20260709 13:10:32.462841   984 consensus_queue.cc:237] T 4f04366c8fd241f4b1060aa8702f4024 P bf5f5cfb4c934495a1e7c84cee2bb85b [LEADER]: Queue going to LEADER mode. State: All replicated index: 0, Majority replicated index: 3, Committed index: 3, Last appended: 4.3, Last appended by leader: 3, Current term: 5, Majority size: 2, State: 0, Mode: LEADER, active raft config: opid_index: -1 OBSOLETE_local: false peers { permanent_uuid: "bf5f5cfb4c934495a1e7c84cee2bb85b" member_type: VOTER last_known_addr { host: "127.31.212.193" port: 43373 } } peers { permanent_uuid: "d9b0c049cc654911962b9fc340258985" member_type: VOTER last_known_addr { host: "127.31.212.194" port: 41117 } } peers { permanent_uuid: "9b8e690ad9b248dab52c1cdc9a500dcd" member_type: VOTER last_known_addr { host: "127.31.212.195" port: 46353 } }
I20260709 13:10:32.468508   655 catalog_manager.cc:5697] T 1ca91ea037ec4de6a95f98b480713ea1 P bf5f5cfb4c934495a1e7c84cee2bb85b reported cstate change: term changed from 3 to 4, leader changed from 9b8e690ad9b248dab52c1cdc9a500dcd (127.31.212.195) to bf5f5cfb4c934495a1e7c84cee2bb85b (127.31.212.193). New cstate: current_term: 4 leader_uuid: "bf5f5cfb4c934495a1e7c84cee2bb85b" committed_config { opid_index: -1 OBSOLETE_local: false peers { permanent_uuid: "bf5f5cfb4c934495a1e7c84cee2bb85b" member_type: VOTER last_known_addr { host: "127.31.212.193" port: 43373 } health_report { overall_health: HEALTHY } } peers { permanent_uuid: "d9b0c049cc654911962b9fc340258985" member_type: VOTER last_known_addr { host: "127.31.212.194" port: 41117 } health_report { overall_health: UNKNOWN } } peers { permanent_uuid: "9b8e690ad9b248dab52c1cdc9a500dcd" member_type: VOTER last_known_addr { host: "127.31.212.195" port: 46353 } health_report { overall_health: UNKNOWN } } }
I20260709 13:10:32.469470   655 catalog_manager.cc:5697] T 4f04366c8fd241f4b1060aa8702f4024 P bf5f5cfb4c934495a1e7c84cee2bb85b reported cstate change: term changed from 4 to 5, leader changed from 9b8e690ad9b248dab52c1cdc9a500dcd (127.31.212.195) to bf5f5cfb4c934495a1e7c84cee2bb85b (127.31.212.193). New cstate: current_term: 5 leader_uuid: "bf5f5cfb4c934495a1e7c84cee2bb85b" committed_config { opid_index: -1 OBSOLETE_local: false peers { permanent_uuid: "bf5f5cfb4c934495a1e7c84cee2bb85b" member_type: VOTER last_known_addr { host: "127.31.212.193" port: 43373 } health_report { overall_health: HEALTHY } } peers { permanent_uuid: "d9b0c049cc654911962b9fc340258985" member_type: VOTER last_known_addr { host: "127.31.212.194" port: 41117 } health_report { overall_health: UNKNOWN } } peers { permanent_uuid: "9b8e690ad9b248dab52c1cdc9a500dcd" member_type: VOTER last_known_addr { host: "127.31.212.195" port: 46353 } health_report { overall_health: UNKNOWN } } }
I20260709 13:10:32.643916   832 raft_consensus.cc:1275] T a39c1dbdff5142d78947297944f1bf06 P d9b0c049cc654911962b9fc340258985 [term 3 FOLLOWER]: Refusing update from remote peer bf5f5cfb4c934495a1e7c84cee2bb85b: Log matching property violated. Preceding OpId in replica: term: 2 index: 2. Preceding OpId from leader: term: 3 index: 3. (index mismatch)
I20260709 13:10:32.644919   984 consensus_queue.cc:1048] T a39c1dbdff5142d78947297944f1bf06 P bf5f5cfb4c934495a1e7c84cee2bb85b [LEADER]: Connected to new peer: Peer: permanent_uuid: "d9b0c049cc654911962b9fc340258985" member_type: VOTER last_known_addr { host: "127.31.212.194" port: 41117 }, Status: LMP_MISMATCH, Last received: 0.0, Next index: 3, Last known committed idx: 2, Time since last communication: 0.000s
I20260709 13:10:32.653631   905 raft_consensus.cc:1275] T a39c1dbdff5142d78947297944f1bf06 P 9b8e690ad9b248dab52c1cdc9a500dcd [term 3 FOLLOWER]: Refusing update from remote peer bf5f5cfb4c934495a1e7c84cee2bb85b: Log matching property violated. Preceding OpId in replica: term: 2 index: 2. Preceding OpId from leader: term: 3 index: 3. (index mismatch)
I20260709 13:10:32.655449   984 consensus_queue.cc:1048] T a39c1dbdff5142d78947297944f1bf06 P bf5f5cfb4c934495a1e7c84cee2bb85b [LEADER]: Connected to new peer: Peer: permanent_uuid: "9b8e690ad9b248dab52c1cdc9a500dcd" member_type: VOTER last_known_addr { host: "127.31.212.195" port: 46353 }, Status: LMP_MISMATCH, Last received: 0.0, Next index: 3, Last known committed idx: 2, Time since last communication: 0.000s
I20260709 13:10:32.745683   832 raft_consensus.cc:1275] T e30ae8af1096454c917c62078392cc75 P d9b0c049cc654911962b9fc340258985 [term 3 FOLLOWER]: Refusing update from remote peer bf5f5cfb4c934495a1e7c84cee2bb85b: Log matching property violated. Preceding OpId in replica: term: 2 index: 2. Preceding OpId from leader: term: 3 index: 3. (index mismatch)
I20260709 13:10:32.746685   984 consensus_queue.cc:1048] T e30ae8af1096454c917c62078392cc75 P bf5f5cfb4c934495a1e7c84cee2bb85b [LEADER]: Connected to new peer: Peer: permanent_uuid: "d9b0c049cc654911962b9fc340258985" member_type: VOTER last_known_addr { host: "127.31.212.194" port: 41117 }, Status: LMP_MISMATCH, Last received: 0.0, Next index: 3, Last known committed idx: 2, Time since last communication: 0.000s
I20260709 13:10:32.753460   904 raft_consensus.cc:1275] T abf5d09132e044acbedff8b5f24bde16 P 9b8e690ad9b248dab52c1cdc9a500dcd [term 3 FOLLOWER]: Refusing update from remote peer bf5f5cfb4c934495a1e7c84cee2bb85b: Log matching property violated. Preceding OpId in replica: term: 2 index: 2. Preceding OpId from leader: term: 3 index: 3. (index mismatch)
I20260709 13:10:32.755062  1103 consensus_queue.cc:1048] T abf5d09132e044acbedff8b5f24bde16 P bf5f5cfb4c934495a1e7c84cee2bb85b [LEADER]: Connected to new peer: Peer: permanent_uuid: "9b8e690ad9b248dab52c1cdc9a500dcd" member_type: VOTER last_known_addr { host: "127.31.212.195" port: 46353 }, Status: LMP_MISMATCH, Last received: 0.0, Next index: 3, Last known committed idx: 2, Time since last communication: 0.001s
I20260709 13:10:32.761101   905 raft_consensus.cc:1275] T e30ae8af1096454c917c62078392cc75 P 9b8e690ad9b248dab52c1cdc9a500dcd [term 3 FOLLOWER]: Refusing update from remote peer bf5f5cfb4c934495a1e7c84cee2bb85b: Log matching property violated. Preceding OpId in replica: term: 2 index: 2. Preceding OpId from leader: term: 3 index: 3. (index mismatch)
I20260709 13:10:32.765661  1103 consensus_queue.cc:1048] T e30ae8af1096454c917c62078392cc75 P bf5f5cfb4c934495a1e7c84cee2bb85b [LEADER]: Connected to new peer: Peer: permanent_uuid: "9b8e690ad9b248dab52c1cdc9a500dcd" member_type: VOTER last_known_addr { host: "127.31.212.195" port: 46353 }, Status: LMP_MISMATCH, Last received: 0.0, Next index: 3, Last known committed idx: 2, Time since last communication: 0.000s
I20260709 13:10:32.766718   830 raft_consensus.cc:1275] T abf5d09132e044acbedff8b5f24bde16 P d9b0c049cc654911962b9fc340258985 [term 3 FOLLOWER]: Refusing update from remote peer bf5f5cfb4c934495a1e7c84cee2bb85b: Log matching property violated. Preceding OpId in replica: term: 2 index: 2. Preceding OpId from leader: term: 3 index: 3. (index mismatch)
I20260709 13:10:32.768172   984 consensus_queue.cc:1048] T abf5d09132e044acbedff8b5f24bde16 P bf5f5cfb4c934495a1e7c84cee2bb85b [LEADER]: Connected to new peer: Peer: permanent_uuid: "d9b0c049cc654911962b9fc340258985" member_type: VOTER last_known_addr { host: "127.31.212.194" port: 41117 }, Status: LMP_MISMATCH, Last received: 0.0, Next index: 3, Last known committed idx: 2, Time since last communication: 0.000s
I20260709 13:10:32.910979   830 raft_consensus.cc:1275] T 1ca91ea037ec4de6a95f98b480713ea1 P d9b0c049cc654911962b9fc340258985 [term 4 FOLLOWER]: Refusing update from remote peer bf5f5cfb4c934495a1e7c84cee2bb85b: Log matching property violated. Preceding OpId in replica: term: 3 index: 3. Preceding OpId from leader: term: 4 index: 4. (index mismatch)
I20260709 13:10:32.912143   984 consensus_queue.cc:1048] T 1ca91ea037ec4de6a95f98b480713ea1 P bf5f5cfb4c934495a1e7c84cee2bb85b [LEADER]: Connected to new peer: Peer: permanent_uuid: "d9b0c049cc654911962b9fc340258985" member_type: VOTER last_known_addr { host: "127.31.212.194" port: 41117 }, Status: LMP_MISMATCH, Last received: 0.0, Next index: 4, Last known committed idx: 3, Time since last communication: 0.000s
I20260709 13:10:32.922688   905 raft_consensus.cc:1275] T 1ca91ea037ec4de6a95f98b480713ea1 P 9b8e690ad9b248dab52c1cdc9a500dcd [term 4 FOLLOWER]: Refusing update from remote peer bf5f5cfb4c934495a1e7c84cee2bb85b: Log matching property violated. Preceding OpId in replica: term: 3 index: 3. Preceding OpId from leader: term: 4 index: 4. (index mismatch)
I20260709 13:10:32.923997  1103 consensus_queue.cc:1048] T 1ca91ea037ec4de6a95f98b480713ea1 P bf5f5cfb4c934495a1e7c84cee2bb85b [LEADER]: Connected to new peer: Peer: permanent_uuid: "9b8e690ad9b248dab52c1cdc9a500dcd" member_type: VOTER last_known_addr { host: "127.31.212.195" port: 46353 }, Status: LMP_MISMATCH, Last received: 0.0, Next index: 4, Last known committed idx: 3, Time since last communication: 0.000s
I20260709 13:10:32.987658   905 raft_consensus.cc:1275] T 4f04366c8fd241f4b1060aa8702f4024 P 9b8e690ad9b248dab52c1cdc9a500dcd [term 5 FOLLOWER]: Refusing update from remote peer bf5f5cfb4c934495a1e7c84cee2bb85b: Log matching property violated. Preceding OpId in replica: term: 4 index: 3. Preceding OpId from leader: term: 5 index: 4. (index mismatch)
I20260709 13:10:32.988770  1103 consensus_queue.cc:1048] T 4f04366c8fd241f4b1060aa8702f4024 P bf5f5cfb4c934495a1e7c84cee2bb85b [LEADER]: Connected to new peer: Peer: permanent_uuid: "9b8e690ad9b248dab52c1cdc9a500dcd" member_type: VOTER last_known_addr { host: "127.31.212.195" port: 46353 }, Status: LMP_MISMATCH, Last received: 0.0, Next index: 4, Last known committed idx: 3, Time since last communication: 0.000s
I20260709 13:10:32.996321   830 raft_consensus.cc:1275] T 4f04366c8fd241f4b1060aa8702f4024 P d9b0c049cc654911962b9fc340258985 [term 5 FOLLOWER]: Refusing update from remote peer bf5f5cfb4c934495a1e7c84cee2bb85b: Log matching property violated. Preceding OpId in replica: term: 4 index: 3. Preceding OpId from leader: term: 5 index: 4. (index mismatch)
I20260709 13:10:32.998111  1103 consensus_queue.cc:1048] T 4f04366c8fd241f4b1060aa8702f4024 P bf5f5cfb4c934495a1e7c84cee2bb85b [LEADER]: Connected to new peer: Peer: permanent_uuid: "d9b0c049cc654911962b9fc340258985" member_type: VOTER last_known_addr { host: "127.31.212.194" port: 41117 }, Status: LMP_MISMATCH, Last received: 0.0, Next index: 4, Last known committed idx: 3, Time since last communication: 0.000s
I20260709 13:10:35.013334 32595 auto_leader_rebalancer.cc:141] leader rebalance for table test-workload
I20260709 13:10:35.022634   758 tablet_service.cc:2072] Received LeaderStepDown RPC: tablet_id: "57893b96c75c400a88bb269212413daa"
dest_uuid: "bf5f5cfb4c934495a1e7c84cee2bb85b"
mode: GRACEFUL
new_leader_uuid: "9b8e690ad9b248dab52c1cdc9a500dcd"
 from {username='slave'} at 127.0.0.1:33642
I20260709 13:10:35.023202   758 raft_consensus.cc:606] T 57893b96c75c400a88bb269212413daa P bf5f5cfb4c934495a1e7c84cee2bb85b [term 1 LEADER]: Received request to transfer leadership to TS 9b8e690ad9b248dab52c1cdc9a500dcd
I20260709 13:10:35.026059   758 tablet_service.cc:2072] Received LeaderStepDown RPC: tablet_id: "abf5d09132e044acbedff8b5f24bde16"
dest_uuid: "bf5f5cfb4c934495a1e7c84cee2bb85b"
mode: GRACEFUL
new_leader_uuid: "d9b0c049cc654911962b9fc340258985"
 from {username='slave'} at 127.0.0.1:33642
I20260709 13:10:35.026710   758 raft_consensus.cc:606] T abf5d09132e044acbedff8b5f24bde16 P bf5f5cfb4c934495a1e7c84cee2bb85b [term 3 LEADER]: Received request to transfer leadership to TS d9b0c049cc654911962b9fc340258985
I20260709 13:10:35.029287   758 tablet_service.cc:2072] Received LeaderStepDown RPC: tablet_id: "e30ae8af1096454c917c62078392cc75"
dest_uuid: "bf5f5cfb4c934495a1e7c84cee2bb85b"
mode: GRACEFUL
new_leader_uuid: "d9b0c049cc654911962b9fc340258985"
 from {username='slave'} at 127.0.0.1:33642
I20260709 13:10:35.029826   758 raft_consensus.cc:606] T e30ae8af1096454c917c62078392cc75 P bf5f5cfb4c934495a1e7c84cee2bb85b [term 3 LEADER]: Received request to transfer leadership to TS d9b0c049cc654911962b9fc340258985
I20260709 13:10:35.032229   758 tablet_service.cc:2072] Received LeaderStepDown RPC: tablet_id: "ff16e5b3055a4fa2934401b532aac21a"
dest_uuid: "bf5f5cfb4c934495a1e7c84cee2bb85b"
mode: GRACEFUL
new_leader_uuid: "9b8e690ad9b248dab52c1cdc9a500dcd"
 from {username='slave'} at 127.0.0.1:33642
I20260709 13:10:35.032665   758 raft_consensus.cc:606] T ff16e5b3055a4fa2934401b532aac21a P bf5f5cfb4c934495a1e7c84cee2bb85b [term 2 LEADER]: Received request to transfer leadership to TS 9b8e690ad9b248dab52c1cdc9a500dcd
I20260709 13:10:35.033651 32595 auto_leader_rebalancer.cc:452] table: test-workload, leader rebalance finish, leader transfer count: 4
I20260709 13:10:35.034144 32595 auto_leader_rebalancer.cc:527] All tables' leader rebalancing finished this round
I20260709 13:10:35.050529  1118 raft_consensus.cc:993] T e30ae8af1096454c917c62078392cc75 P bf5f5cfb4c934495a1e7c84cee2bb85b: : Instructing follower d9b0c049cc654911962b9fc340258985 to start an election
I20260709 13:10:35.050972  1104 raft_consensus.cc:1081] T e30ae8af1096454c917c62078392cc75 P bf5f5cfb4c934495a1e7c84cee2bb85b [term 3 LEADER]: Signalling peer d9b0c049cc654911962b9fc340258985 to start an election
I20260709 13:10:35.052291   830 tablet_service.cc:2044] Received Run Leader Election RPC: tablet_id: "e30ae8af1096454c917c62078392cc75"
dest_uuid: "d9b0c049cc654911962b9fc340258985"
 from {username='slave'} at 127.0.0.1:50662
I20260709 13:10:35.052686   830 raft_consensus.cc:493] T e30ae8af1096454c917c62078392cc75 P d9b0c049cc654911962b9fc340258985 [term 3 FOLLOWER]: Starting forced leader election (received explicit request)
I20260709 13:10:35.052924   830 raft_consensus.cc:3060] T e30ae8af1096454c917c62078392cc75 P d9b0c049cc654911962b9fc340258985 [term 3 FOLLOWER]: Advancing to term 4
I20260709 13:10:35.057188   830 raft_consensus.cc:515] T e30ae8af1096454c917c62078392cc75 P d9b0c049cc654911962b9fc340258985 [term 4 FOLLOWER]: Starting forced leader election with config: opid_index: -1 OBSOLETE_local: false peers { permanent_uuid: "bf5f5cfb4c934495a1e7c84cee2bb85b" member_type: VOTER last_known_addr { host: "127.31.212.193" port: 43373 } } peers { permanent_uuid: "d9b0c049cc654911962b9fc340258985" member_type: VOTER last_known_addr { host: "127.31.212.194" port: 41117 } } peers { permanent_uuid: "9b8e690ad9b248dab52c1cdc9a500dcd" member_type: VOTER last_known_addr { host: "127.31.212.195" port: 46353 } }
I20260709 13:10:35.058619   830 leader_election.cc:290] T e30ae8af1096454c917c62078392cc75 P d9b0c049cc654911962b9fc340258985 [CANDIDATE]: Term 4 election: Requested vote from peers bf5f5cfb4c934495a1e7c84cee2bb85b (127.31.212.193:43373), 9b8e690ad9b248dab52c1cdc9a500dcd (127.31.212.195:46353)
I20260709 13:10:35.059417   758 tablet_service.cc:1917] Received RequestConsensusVote() RPC: tablet_id: "e30ae8af1096454c917c62078392cc75" candidate_uuid: "d9b0c049cc654911962b9fc340258985" candidate_term: 4 candidate_status { last_received { term: 3 index: 3 } } ignore_live_leader: true dest_uuid: "bf5f5cfb4c934495a1e7c84cee2bb85b"
I20260709 13:10:35.059664   907 tablet_service.cc:1917] Received RequestConsensusVote() RPC: tablet_id: "e30ae8af1096454c917c62078392cc75" candidate_uuid: "d9b0c049cc654911962b9fc340258985" candidate_term: 4 candidate_status { last_received { term: 3 index: 3 } } ignore_live_leader: true dest_uuid: "9b8e690ad9b248dab52c1cdc9a500dcd"
I20260709 13:10:35.059921   758 raft_consensus.cc:3055] T e30ae8af1096454c917c62078392cc75 P bf5f5cfb4c934495a1e7c84cee2bb85b [term 3 LEADER]: Stepping down as leader of term 3
I20260709 13:10:35.060133   907 raft_consensus.cc:3060] T e30ae8af1096454c917c62078392cc75 P 9b8e690ad9b248dab52c1cdc9a500dcd [term 3 FOLLOWER]: Advancing to term 4
I20260709 13:10:35.060276   758 raft_consensus.cc:740] T e30ae8af1096454c917c62078392cc75 P bf5f5cfb4c934495a1e7c84cee2bb85b [term 3 LEADER]: Becoming Follower/Learner. State: Replica: bf5f5cfb4c934495a1e7c84cee2bb85b, State: Running, Role: LEADER
I20260709 13:10:35.061054   758 consensus_queue.cc:260] T e30ae8af1096454c917c62078392cc75 P bf5f5cfb4c934495a1e7c84cee2bb85b [NON_LEADER]: Queue going to NON_LEADER mode. State: All replicated index: 0, Majority replicated index: 3, Committed index: 3, Last appended: 3.3, Last appended by leader: 3, Current term: 3, Majority size: -1, State: 0, Mode: NON_LEADER, active raft config: opid_index: -1 OBSOLETE_local: false peers { permanent_uuid: "bf5f5cfb4c934495a1e7c84cee2bb85b" member_type: VOTER last_known_addr { host: "127.31.212.193" port: 43373 } } peers { permanent_uuid: "d9b0c049cc654911962b9fc340258985" member_type: VOTER last_known_addr { host: "127.31.212.194" port: 41117 } } peers { permanent_uuid: "9b8e690ad9b248dab52c1cdc9a500dcd" member_type: VOTER last_known_addr { host: "127.31.212.195" port: 46353 } }
I20260709 13:10:35.062095   758 raft_consensus.cc:3060] T e30ae8af1096454c917c62078392cc75 P bf5f5cfb4c934495a1e7c84cee2bb85b [term 3 FOLLOWER]: Advancing to term 4
I20260709 13:10:35.065080   907 raft_consensus.cc:2468] T e30ae8af1096454c917c62078392cc75 P 9b8e690ad9b248dab52c1cdc9a500dcd [term 4 FOLLOWER]: Leader election vote request: Granting yes vote for candidate d9b0c049cc654911962b9fc340258985 in term 4.
I20260709 13:10:35.066049   796 leader_election.cc:304] T e30ae8af1096454c917c62078392cc75 P d9b0c049cc654911962b9fc340258985 [CANDIDATE]: Term 4 election: Election decided. Result: candidate won. Election summary: received 2 responses out of 3 voters: 2 yes votes; 0 no votes. yes voters: 9b8e690ad9b248dab52c1cdc9a500dcd, d9b0c049cc654911962b9fc340258985; no voters: 
I20260709 13:10:35.066241   758 raft_consensus.cc:2468] T e30ae8af1096454c917c62078392cc75 P bf5f5cfb4c934495a1e7c84cee2bb85b [term 4 FOLLOWER]: Leader election vote request: Granting yes vote for candidate d9b0c049cc654911962b9fc340258985 in term 4.
I20260709 13:10:35.066633  1092 raft_consensus.cc:2804] T e30ae8af1096454c917c62078392cc75 P d9b0c049cc654911962b9fc340258985 [term 4 FOLLOWER]: Leader election won for term 4
I20260709 13:10:35.067571  1092 raft_consensus.cc:697] T e30ae8af1096454c917c62078392cc75 P d9b0c049cc654911962b9fc340258985 [term 4 LEADER]: Becoming Leader. State: Replica: d9b0c049cc654911962b9fc340258985, State: Running, Role: LEADER
I20260709 13:10:35.068264  1092 consensus_queue.cc:237] T e30ae8af1096454c917c62078392cc75 P d9b0c049cc654911962b9fc340258985 [LEADER]: Queue going to LEADER mode. State: All replicated index: 0, Majority replicated index: 3, Committed index: 3, Last appended: 3.3, Last appended by leader: 3, Current term: 4, Majority size: 2, State: 0, Mode: LEADER, active raft config: opid_index: -1 OBSOLETE_local: false peers { permanent_uuid: "bf5f5cfb4c934495a1e7c84cee2bb85b" member_type: VOTER last_known_addr { host: "127.31.212.193" port: 43373 } } peers { permanent_uuid: "d9b0c049cc654911962b9fc340258985" member_type: VOTER last_known_addr { host: "127.31.212.194" port: 41117 } } peers { permanent_uuid: "9b8e690ad9b248dab52c1cdc9a500dcd" member_type: VOTER last_known_addr { host: "127.31.212.195" port: 46353 } }
I20260709 13:10:35.076191   655 catalog_manager.cc:5697] T e30ae8af1096454c917c62078392cc75 P d9b0c049cc654911962b9fc340258985 reported cstate change: term changed from 3 to 4, leader changed from bf5f5cfb4c934495a1e7c84cee2bb85b (127.31.212.193) to d9b0c049cc654911962b9fc340258985 (127.31.212.194). New cstate: current_term: 4 leader_uuid: "d9b0c049cc654911962b9fc340258985" committed_config { opid_index: -1 OBSOLETE_local: false peers { permanent_uuid: "bf5f5cfb4c934495a1e7c84cee2bb85b" member_type: VOTER last_known_addr { host: "127.31.212.193" port: 43373 } health_report { overall_health: UNKNOWN } } peers { permanent_uuid: "d9b0c049cc654911962b9fc340258985" member_type: VOTER last_known_addr { host: "127.31.212.194" port: 41117 } health_report { overall_health: HEALTHY } } peers { permanent_uuid: "9b8e690ad9b248dab52c1cdc9a500dcd" member_type: VOTER last_known_addr { host: "127.31.212.195" port: 46353 } health_report { overall_health: UNKNOWN } } }
W20260709 13:10:35.215152   779 debug-util.cc:398] Leaking SignalData structure 0x7b08000d7900 after lost signal to thread 32598
W20260709 13:10:35.215996   779 debug-util.cc:398] Leaking SignalData structure 0x7b08001b9560 after lost signal to thread 690
W20260709 13:10:35.216882   779 debug-util.cc:398] Leaking SignalData structure 0x7b0800152260 after lost signal to thread 782
W20260709 13:10:35.217567   779 debug-util.cc:398] Leaking SignalData structure 0x7b08001cb6c0 after lost signal to thread 857
W20260709 13:10:35.218349   779 debug-util.cc:398] Leaking SignalData structure 0x7b080017f180 after lost signal to thread 931
I20260709 13:10:35.260326  1104 raft_consensus.cc:993] T 57893b96c75c400a88bb269212413daa P bf5f5cfb4c934495a1e7c84cee2bb85b: : Instructing follower 9b8e690ad9b248dab52c1cdc9a500dcd to start an election
I20260709 13:10:35.260779  1118 raft_consensus.cc:1081] T 57893b96c75c400a88bb269212413daa P bf5f5cfb4c934495a1e7c84cee2bb85b [term 1 LEADER]: Signalling peer 9b8e690ad9b248dab52c1cdc9a500dcd to start an election
I20260709 13:10:35.262113   907 tablet_service.cc:2044] Received Run Leader Election RPC: tablet_id: "57893b96c75c400a88bb269212413daa"
dest_uuid: "9b8e690ad9b248dab52c1cdc9a500dcd"
 from {username='slave'} at 127.0.0.1:49744
I20260709 13:10:35.262534   907 raft_consensus.cc:493] T 57893b96c75c400a88bb269212413daa P 9b8e690ad9b248dab52c1cdc9a500dcd [term 1 FOLLOWER]: Starting forced leader election (received explicit request)
I20260709 13:10:35.262796   907 raft_consensus.cc:3060] T 57893b96c75c400a88bb269212413daa P 9b8e690ad9b248dab52c1cdc9a500dcd [term 1 FOLLOWER]: Advancing to term 2
I20260709 13:10:35.267875   907 raft_consensus.cc:515] T 57893b96c75c400a88bb269212413daa P 9b8e690ad9b248dab52c1cdc9a500dcd [term 2 FOLLOWER]: Starting forced leader election with config: opid_index: -1 OBSOLETE_local: false peers { permanent_uuid: "bf5f5cfb4c934495a1e7c84cee2bb85b" member_type: VOTER last_known_addr { host: "127.31.212.193" port: 43373 } } peers { permanent_uuid: "d9b0c049cc654911962b9fc340258985" member_type: VOTER last_known_addr { host: "127.31.212.194" port: 41117 } } peers { permanent_uuid: "9b8e690ad9b248dab52c1cdc9a500dcd" member_type: VOTER last_known_addr { host: "127.31.212.195" port: 46353 } }
I20260709 13:10:35.269419   907 leader_election.cc:290] T 57893b96c75c400a88bb269212413daa P 9b8e690ad9b248dab52c1cdc9a500dcd [CANDIDATE]: Term 2 election: Requested vote from peers bf5f5cfb4c934495a1e7c84cee2bb85b (127.31.212.193:43373), d9b0c049cc654911962b9fc340258985 (127.31.212.194:41117)
I20260709 13:10:35.270121   758 tablet_service.cc:1917] Received RequestConsensusVote() RPC: tablet_id: "57893b96c75c400a88bb269212413daa" candidate_uuid: "9b8e690ad9b248dab52c1cdc9a500dcd" candidate_term: 2 candidate_status { last_received { term: 1 index: 1 } } ignore_live_leader: true dest_uuid: "bf5f5cfb4c934495a1e7c84cee2bb85b"
I20260709 13:10:35.270288   830 tablet_service.cc:1917] Received RequestConsensusVote() RPC: tablet_id: "57893b96c75c400a88bb269212413daa" candidate_uuid: "9b8e690ad9b248dab52c1cdc9a500dcd" candidate_term: 2 candidate_status { last_received { term: 1 index: 1 } } ignore_live_leader: true dest_uuid: "d9b0c049cc654911962b9fc340258985"
I20260709 13:10:35.270746   830 raft_consensus.cc:3060] T 57893b96c75c400a88bb269212413daa P d9b0c049cc654911962b9fc340258985 [term 1 FOLLOWER]: Advancing to term 2
I20260709 13:10:35.270704   758 raft_consensus.cc:3055] T 57893b96c75c400a88bb269212413daa P bf5f5cfb4c934495a1e7c84cee2bb85b [term 1 LEADER]: Stepping down as leader of term 1
I20260709 13:10:35.271464   758 raft_consensus.cc:740] T 57893b96c75c400a88bb269212413daa P bf5f5cfb4c934495a1e7c84cee2bb85b [term 1 LEADER]: Becoming Follower/Learner. State: Replica: bf5f5cfb4c934495a1e7c84cee2bb85b, State: Running, Role: LEADER
I20260709 13:10:35.272239   758 consensus_queue.cc:260] T 57893b96c75c400a88bb269212413daa P bf5f5cfb4c934495a1e7c84cee2bb85b [NON_LEADER]: Queue going to NON_LEADER mode. State: All replicated index: 0, Majority replicated index: 1, Committed index: 1, Last appended: 1.1, Last appended by leader: 1, Current term: 1, Majority size: -1, State: 0, Mode: NON_LEADER, active raft config: opid_index: -1 OBSOLETE_local: false peers { permanent_uuid: "bf5f5cfb4c934495a1e7c84cee2bb85b" member_type: VOTER last_known_addr { host: "127.31.212.193" port: 43373 } } peers { permanent_uuid: "d9b0c049cc654911962b9fc340258985" member_type: VOTER last_known_addr { host: "127.31.212.194" port: 41117 } } peers { permanent_uuid: "9b8e690ad9b248dab52c1cdc9a500dcd" member_type: VOTER last_known_addr { host: "127.31.212.195" port: 46353 } }
I20260709 13:10:35.273419   758 raft_consensus.cc:3060] T 57893b96c75c400a88bb269212413daa P bf5f5cfb4c934495a1e7c84cee2bb85b [term 1 FOLLOWER]: Advancing to term 2
I20260709 13:10:35.275246   830 raft_consensus.cc:2468] T 57893b96c75c400a88bb269212413daa P d9b0c049cc654911962b9fc340258985 [term 2 FOLLOWER]: Leader election vote request: Granting yes vote for candidate 9b8e690ad9b248dab52c1cdc9a500dcd in term 2.
I20260709 13:10:35.276465   871 leader_election.cc:304] T 57893b96c75c400a88bb269212413daa P 9b8e690ad9b248dab52c1cdc9a500dcd [CANDIDATE]: Term 2 election: Election decided. Result: candidate won. Election summary: received 2 responses out of 3 voters: 2 yes votes; 0 no votes. yes voters: 9b8e690ad9b248dab52c1cdc9a500dcd, d9b0c049cc654911962b9fc340258985; no voters: 
I20260709 13:10:35.277524  1078 raft_consensus.cc:2804] T 57893b96c75c400a88bb269212413daa P 9b8e690ad9b248dab52c1cdc9a500dcd [term 2 FOLLOWER]: Leader election won for term 2
I20260709 13:10:35.279541   758 raft_consensus.cc:2468] T 57893b96c75c400a88bb269212413daa P bf5f5cfb4c934495a1e7c84cee2bb85b [term 2 FOLLOWER]: Leader election vote request: Granting yes vote for candidate 9b8e690ad9b248dab52c1cdc9a500dcd in term 2.
I20260709 13:10:35.280931  1078 raft_consensus.cc:697] T 57893b96c75c400a88bb269212413daa P 9b8e690ad9b248dab52c1cdc9a500dcd [term 2 LEADER]: Becoming Leader. State: Replica: 9b8e690ad9b248dab52c1cdc9a500dcd, State: Running, Role: LEADER
I20260709 13:10:35.281805  1078 consensus_queue.cc:237] T 57893b96c75c400a88bb269212413daa P 9b8e690ad9b248dab52c1cdc9a500dcd [LEADER]: Queue going to LEADER mode. State: All replicated index: 0, Majority replicated index: 1, Committed index: 1, Last appended: 1.1, Last appended by leader: 1, Current term: 2, Majority size: 2, State: 0, Mode: LEADER, active raft config: opid_index: -1 OBSOLETE_local: false peers { permanent_uuid: "bf5f5cfb4c934495a1e7c84cee2bb85b" member_type: VOTER last_known_addr { host: "127.31.212.193" port: 43373 } } peers { permanent_uuid: "d9b0c049cc654911962b9fc340258985" member_type: VOTER last_known_addr { host: "127.31.212.194" port: 41117 } } peers { permanent_uuid: "9b8e690ad9b248dab52c1cdc9a500dcd" member_type: VOTER last_known_addr { host: "127.31.212.195" port: 46353 } }
I20260709 13:10:35.290642   655 catalog_manager.cc:5697] T 57893b96c75c400a88bb269212413daa P 9b8e690ad9b248dab52c1cdc9a500dcd reported cstate change: term changed from 1 to 2, leader changed from bf5f5cfb4c934495a1e7c84cee2bb85b (127.31.212.193) to 9b8e690ad9b248dab52c1cdc9a500dcd (127.31.212.195). New cstate: current_term: 2 leader_uuid: "9b8e690ad9b248dab52c1cdc9a500dcd" committed_config { opid_index: -1 OBSOLETE_local: false peers { permanent_uuid: "bf5f5cfb4c934495a1e7c84cee2bb85b" member_type: VOTER last_known_addr { host: "127.31.212.193" port: 43373 } health_report { overall_health: UNKNOWN } } peers { permanent_uuid: "d9b0c049cc654911962b9fc340258985" member_type: VOTER last_known_addr { host: "127.31.212.194" port: 41117 } health_report { overall_health: UNKNOWN } } peers { permanent_uuid: "9b8e690ad9b248dab52c1cdc9a500dcd" member_type: VOTER last_known_addr { host: "127.31.212.195" port: 46353 } health_report { overall_health: HEALTHY } } }
I20260709 13:10:35.445006  1104 raft_consensus.cc:993] T ff16e5b3055a4fa2934401b532aac21a P bf5f5cfb4c934495a1e7c84cee2bb85b: : Instructing follower 9b8e690ad9b248dab52c1cdc9a500dcd to start an election
I20260709 13:10:35.445410  1118 raft_consensus.cc:1081] T ff16e5b3055a4fa2934401b532aac21a P bf5f5cfb4c934495a1e7c84cee2bb85b [term 2 LEADER]: Signalling peer 9b8e690ad9b248dab52c1cdc9a500dcd to start an election
I20260709 13:10:35.446635   907 tablet_service.cc:2044] Received Run Leader Election RPC: tablet_id: "ff16e5b3055a4fa2934401b532aac21a"
dest_uuid: "9b8e690ad9b248dab52c1cdc9a500dcd"
 from {username='slave'} at 127.0.0.1:49744
I20260709 13:10:35.447034   907 raft_consensus.cc:493] T ff16e5b3055a4fa2934401b532aac21a P 9b8e690ad9b248dab52c1cdc9a500dcd [term 2 FOLLOWER]: Starting forced leader election (received explicit request)
I20260709 13:10:35.447273   907 raft_consensus.cc:3060] T ff16e5b3055a4fa2934401b532aac21a P 9b8e690ad9b248dab52c1cdc9a500dcd [term 2 FOLLOWER]: Advancing to term 3
I20260709 13:10:35.451238   907 raft_consensus.cc:515] T ff16e5b3055a4fa2934401b532aac21a P 9b8e690ad9b248dab52c1cdc9a500dcd [term 3 FOLLOWER]: Starting forced leader election with config: opid_index: -1 OBSOLETE_local: false peers { permanent_uuid: "bf5f5cfb4c934495a1e7c84cee2bb85b" member_type: VOTER last_known_addr { host: "127.31.212.193" port: 43373 } } peers { permanent_uuid: "d9b0c049cc654911962b9fc340258985" member_type: VOTER last_known_addr { host: "127.31.212.194" port: 41117 } } peers { permanent_uuid: "9b8e690ad9b248dab52c1cdc9a500dcd" member_type: VOTER last_known_addr { host: "127.31.212.195" port: 46353 } }
I20260709 13:10:35.452634   907 leader_election.cc:290] T ff16e5b3055a4fa2934401b532aac21a P 9b8e690ad9b248dab52c1cdc9a500dcd [CANDIDATE]: Term 3 election: Requested vote from peers bf5f5cfb4c934495a1e7c84cee2bb85b (127.31.212.193:43373), d9b0c049cc654911962b9fc340258985 (127.31.212.194:41117)
I20260709 13:10:35.453435   758 tablet_service.cc:1917] Received RequestConsensusVote() RPC: tablet_id: "ff16e5b3055a4fa2934401b532aac21a" candidate_uuid: "9b8e690ad9b248dab52c1cdc9a500dcd" candidate_term: 3 candidate_status { last_received { term: 2 index: 2 } } ignore_live_leader: true dest_uuid: "bf5f5cfb4c934495a1e7c84cee2bb85b"
I20260709 13:10:35.453567   830 tablet_service.cc:1917] Received RequestConsensusVote() RPC: tablet_id: "ff16e5b3055a4fa2934401b532aac21a" candidate_uuid: "9b8e690ad9b248dab52c1cdc9a500dcd" candidate_term: 3 candidate_status { last_received { term: 2 index: 2 } } ignore_live_leader: true dest_uuid: "d9b0c049cc654911962b9fc340258985"
I20260709 13:10:35.453982   758 raft_consensus.cc:3055] T ff16e5b3055a4fa2934401b532aac21a P bf5f5cfb4c934495a1e7c84cee2bb85b [term 2 LEADER]: Stepping down as leader of term 2
I20260709 13:10:35.454084   830 raft_consensus.cc:3060] T ff16e5b3055a4fa2934401b532aac21a P d9b0c049cc654911962b9fc340258985 [term 2 FOLLOWER]: Advancing to term 3
I20260709 13:10:35.454303   758 raft_consensus.cc:740] T ff16e5b3055a4fa2934401b532aac21a P bf5f5cfb4c934495a1e7c84cee2bb85b [term 2 LEADER]: Becoming Follower/Learner. State: Replica: bf5f5cfb4c934495a1e7c84cee2bb85b, State: Running, Role: LEADER
I20260709 13:10:35.454985   758 consensus_queue.cc:260] T ff16e5b3055a4fa2934401b532aac21a P bf5f5cfb4c934495a1e7c84cee2bb85b [NON_LEADER]: Queue going to NON_LEADER mode. State: All replicated index: 0, Majority replicated index: 2, Committed index: 2, Last appended: 2.2, Last appended by leader: 2, Current term: 2, Majority size: -1, State: 0, Mode: NON_LEADER, active raft config: opid_index: -1 OBSOLETE_local: false peers { permanent_uuid: "bf5f5cfb4c934495a1e7c84cee2bb85b" member_type: VOTER last_known_addr { host: "127.31.212.193" port: 43373 } } peers { permanent_uuid: "d9b0c049cc654911962b9fc340258985" member_type: VOTER last_known_addr { host: "127.31.212.194" port: 41117 } } peers { permanent_uuid: "9b8e690ad9b248dab52c1cdc9a500dcd" member_type: VOTER last_known_addr { host: "127.31.212.195" port: 46353 } }
I20260709 13:10:35.456064   758 raft_consensus.cc:3060] T ff16e5b3055a4fa2934401b532aac21a P bf5f5cfb4c934495a1e7c84cee2bb85b [term 2 FOLLOWER]: Advancing to term 3
I20260709 13:10:35.460112   830 raft_consensus.cc:2468] T ff16e5b3055a4fa2934401b532aac21a P d9b0c049cc654911962b9fc340258985 [term 3 FOLLOWER]: Leader election vote request: Granting yes vote for candidate 9b8e690ad9b248dab52c1cdc9a500dcd in term 3.
I20260709 13:10:35.461012   871 leader_election.cc:304] T ff16e5b3055a4fa2934401b532aac21a P 9b8e690ad9b248dab52c1cdc9a500dcd [CANDIDATE]: Term 3 election: Election decided. Result: candidate won. Election summary: received 2 responses out of 3 voters: 2 yes votes; 0 no votes. yes voters: 9b8e690ad9b248dab52c1cdc9a500dcd, d9b0c049cc654911962b9fc340258985; no voters: 
I20260709 13:10:35.461658   758 raft_consensus.cc:2468] T ff16e5b3055a4fa2934401b532aac21a P bf5f5cfb4c934495a1e7c84cee2bb85b [term 3 FOLLOWER]: Leader election vote request: Granting yes vote for candidate 9b8e690ad9b248dab52c1cdc9a500dcd in term 3.
I20260709 13:10:35.461740  1078 raft_consensus.cc:2804] T ff16e5b3055a4fa2934401b532aac21a P 9b8e690ad9b248dab52c1cdc9a500dcd [term 3 FOLLOWER]: Leader election won for term 3
I20260709 13:10:35.462193  1078 raft_consensus.cc:697] T ff16e5b3055a4fa2934401b532aac21a P 9b8e690ad9b248dab52c1cdc9a500dcd [term 3 LEADER]: Becoming Leader. State: Replica: 9b8e690ad9b248dab52c1cdc9a500dcd, State: Running, Role: LEADER
I20260709 13:10:35.462987  1078 consensus_queue.cc:237] T ff16e5b3055a4fa2934401b532aac21a P 9b8e690ad9b248dab52c1cdc9a500dcd [LEADER]: Queue going to LEADER mode. State: All replicated index: 0, Majority replicated index: 2, Committed index: 2, Last appended: 2.2, Last appended by leader: 2, Current term: 3, Majority size: 2, State: 0, Mode: LEADER, active raft config: opid_index: -1 OBSOLETE_local: false peers { permanent_uuid: "bf5f5cfb4c934495a1e7c84cee2bb85b" member_type: VOTER last_known_addr { host: "127.31.212.193" port: 43373 } } peers { permanent_uuid: "d9b0c049cc654911962b9fc340258985" member_type: VOTER last_known_addr { host: "127.31.212.194" port: 41117 } } peers { permanent_uuid: "9b8e690ad9b248dab52c1cdc9a500dcd" member_type: VOTER last_known_addr { host: "127.31.212.195" port: 46353 } }
I20260709 13:10:35.468523   655 catalog_manager.cc:5697] T ff16e5b3055a4fa2934401b532aac21a P 9b8e690ad9b248dab52c1cdc9a500dcd reported cstate change: term changed from 2 to 3, leader changed from bf5f5cfb4c934495a1e7c84cee2bb85b (127.31.212.193) to 9b8e690ad9b248dab52c1cdc9a500dcd (127.31.212.195). New cstate: current_term: 3 leader_uuid: "9b8e690ad9b248dab52c1cdc9a500dcd" committed_config { opid_index: -1 OBSOLETE_local: false peers { permanent_uuid: "bf5f5cfb4c934495a1e7c84cee2bb85b" member_type: VOTER last_known_addr { host: "127.31.212.193" port: 43373 } health_report { overall_health: UNKNOWN } } peers { permanent_uuid: "d9b0c049cc654911962b9fc340258985" member_type: VOTER last_known_addr { host: "127.31.212.194" port: 41117 } health_report { overall_health: UNKNOWN } } peers { permanent_uuid: "9b8e690ad9b248dab52c1cdc9a500dcd" member_type: VOTER last_known_addr { host: "127.31.212.195" port: 46353 } health_report { overall_health: HEALTHY } } }
I20260709 13:10:35.472266  1104 raft_consensus.cc:993] T abf5d09132e044acbedff8b5f24bde16 P bf5f5cfb4c934495a1e7c84cee2bb85b: : Instructing follower d9b0c049cc654911962b9fc340258985 to start an election
I20260709 13:10:35.472736  1118 raft_consensus.cc:1081] T abf5d09132e044acbedff8b5f24bde16 P bf5f5cfb4c934495a1e7c84cee2bb85b [term 3 LEADER]: Signalling peer d9b0c049cc654911962b9fc340258985 to start an election
I20260709 13:10:35.474066   830 tablet_service.cc:2044] Received Run Leader Election RPC: tablet_id: "abf5d09132e044acbedff8b5f24bde16"
dest_uuid: "d9b0c049cc654911962b9fc340258985"
 from {username='slave'} at 127.0.0.1:50662
I20260709 13:10:35.474516   830 raft_consensus.cc:493] T abf5d09132e044acbedff8b5f24bde16 P d9b0c049cc654911962b9fc340258985 [term 3 FOLLOWER]: Starting forced leader election (received explicit request)
I20260709 13:10:35.474766   830 raft_consensus.cc:3060] T abf5d09132e044acbedff8b5f24bde16 P d9b0c049cc654911962b9fc340258985 [term 3 FOLLOWER]: Advancing to term 4
I20260709 13:10:35.479488   830 raft_consensus.cc:515] T abf5d09132e044acbedff8b5f24bde16 P d9b0c049cc654911962b9fc340258985 [term 4 FOLLOWER]: Starting forced leader election with config: opid_index: -1 OBSOLETE_local: false peers { permanent_uuid: "bf5f5cfb4c934495a1e7c84cee2bb85b" member_type: VOTER last_known_addr { host: "127.31.212.193" port: 43373 } } peers { permanent_uuid: "d9b0c049cc654911962b9fc340258985" member_type: VOTER last_known_addr { host: "127.31.212.194" port: 41117 } } peers { permanent_uuid: "9b8e690ad9b248dab52c1cdc9a500dcd" member_type: VOTER last_known_addr { host: "127.31.212.195" port: 46353 } }
I20260709 13:10:35.480929   830 leader_election.cc:290] T abf5d09132e044acbedff8b5f24bde16 P d9b0c049cc654911962b9fc340258985 [CANDIDATE]: Term 4 election: Requested vote from peers bf5f5cfb4c934495a1e7c84cee2bb85b (127.31.212.193:43373), 9b8e690ad9b248dab52c1cdc9a500dcd (127.31.212.195:46353)
I20260709 13:10:35.481685   758 tablet_service.cc:1917] Received RequestConsensusVote() RPC: tablet_id: "abf5d09132e044acbedff8b5f24bde16" candidate_uuid: "d9b0c049cc654911962b9fc340258985" candidate_term: 4 candidate_status { last_received { term: 3 index: 3 } } ignore_live_leader: true dest_uuid: "bf5f5cfb4c934495a1e7c84cee2bb85b"
I20260709 13:10:35.481787   907 tablet_service.cc:1917] Received RequestConsensusVote() RPC: tablet_id: "abf5d09132e044acbedff8b5f24bde16" candidate_uuid: "d9b0c049cc654911962b9fc340258985" candidate_term: 4 candidate_status { last_received { term: 3 index: 3 } } ignore_live_leader: true dest_uuid: "9b8e690ad9b248dab52c1cdc9a500dcd"
I20260709 13:10:35.482273   758 raft_consensus.cc:3055] T abf5d09132e044acbedff8b5f24bde16 P bf5f5cfb4c934495a1e7c84cee2bb85b [term 3 LEADER]: Stepping down as leader of term 3
I20260709 13:10:35.482322   907 raft_consensus.cc:3060] T abf5d09132e044acbedff8b5f24bde16 P 9b8e690ad9b248dab52c1cdc9a500dcd [term 3 FOLLOWER]: Advancing to term 4
I20260709 13:10:35.482663   758 raft_consensus.cc:740] T abf5d09132e044acbedff8b5f24bde16 P bf5f5cfb4c934495a1e7c84cee2bb85b [term 3 LEADER]: Becoming Follower/Learner. State: Replica: bf5f5cfb4c934495a1e7c84cee2bb85b, State: Running, Role: LEADER
I20260709 13:10:35.483349   758 consensus_queue.cc:260] T abf5d09132e044acbedff8b5f24bde16 P bf5f5cfb4c934495a1e7c84cee2bb85b [NON_LEADER]: Queue going to NON_LEADER mode. State: All replicated index: 0, Majority replicated index: 3, Committed index: 3, Last appended: 3.3, Last appended by leader: 3, Current term: 3, Majority size: -1, State: 0, Mode: NON_LEADER, active raft config: opid_index: -1 OBSOLETE_local: false peers { permanent_uuid: "bf5f5cfb4c934495a1e7c84cee2bb85b" member_type: VOTER last_known_addr { host: "127.31.212.193" port: 43373 } } peers { permanent_uuid: "d9b0c049cc654911962b9fc340258985" member_type: VOTER last_known_addr { host: "127.31.212.194" port: 41117 } } peers { permanent_uuid: "9b8e690ad9b248dab52c1cdc9a500dcd" member_type: VOTER last_known_addr { host: "127.31.212.195" port: 46353 } }
I20260709 13:10:35.484383   758 raft_consensus.cc:3060] T abf5d09132e044acbedff8b5f24bde16 P bf5f5cfb4c934495a1e7c84cee2bb85b [term 3 FOLLOWER]: Advancing to term 4
I20260709 13:10:35.488071   907 raft_consensus.cc:2468] T abf5d09132e044acbedff8b5f24bde16 P 9b8e690ad9b248dab52c1cdc9a500dcd [term 4 FOLLOWER]: Leader election vote request: Granting yes vote for candidate d9b0c049cc654911962b9fc340258985 in term 4.
I20260709 13:10:35.489003   796 leader_election.cc:304] T abf5d09132e044acbedff8b5f24bde16 P d9b0c049cc654911962b9fc340258985 [CANDIDATE]: Term 4 election: Election decided. Result: candidate won. Election summary: received 2 responses out of 3 voters: 2 yes votes; 0 no votes. yes voters: 9b8e690ad9b248dab52c1cdc9a500dcd, d9b0c049cc654911962b9fc340258985; no voters: 
I20260709 13:10:35.489650  1092 raft_consensus.cc:2804] T abf5d09132e044acbedff8b5f24bde16 P d9b0c049cc654911962b9fc340258985 [term 4 FOLLOWER]: Leader election won for term 4
I20260709 13:10:35.489640   758 raft_consensus.cc:2468] T abf5d09132e044acbedff8b5f24bde16 P bf5f5cfb4c934495a1e7c84cee2bb85b [term 4 FOLLOWER]: Leader election vote request: Granting yes vote for candidate d9b0c049cc654911962b9fc340258985 in term 4.
I20260709 13:10:35.490247  1092 raft_consensus.cc:697] T abf5d09132e044acbedff8b5f24bde16 P d9b0c049cc654911962b9fc340258985 [term 4 LEADER]: Becoming Leader. State: Replica: d9b0c049cc654911962b9fc340258985, State: Running, Role: LEADER
I20260709 13:10:35.491031  1092 consensus_queue.cc:237] T abf5d09132e044acbedff8b5f24bde16 P d9b0c049cc654911962b9fc340258985 [LEADER]: Queue going to LEADER mode. State: All replicated index: 0, Majority replicated index: 3, Committed index: 3, Last appended: 3.3, Last appended by leader: 3, Current term: 4, Majority size: 2, State: 0, Mode: LEADER, active raft config: opid_index: -1 OBSOLETE_local: false peers { permanent_uuid: "bf5f5cfb4c934495a1e7c84cee2bb85b" member_type: VOTER last_known_addr { host: "127.31.212.193" port: 43373 } } peers { permanent_uuid: "d9b0c049cc654911962b9fc340258985" member_type: VOTER last_known_addr { host: "127.31.212.194" port: 41117 } } peers { permanent_uuid: "9b8e690ad9b248dab52c1cdc9a500dcd" member_type: VOTER last_known_addr { host: "127.31.212.195" port: 46353 } }
I20260709 13:10:35.497745   655 catalog_manager.cc:5697] T abf5d09132e044acbedff8b5f24bde16 P d9b0c049cc654911962b9fc340258985 reported cstate change: term changed from 3 to 4, leader changed from bf5f5cfb4c934495a1e7c84cee2bb85b (127.31.212.193) to d9b0c049cc654911962b9fc340258985 (127.31.212.194). New cstate: current_term: 4 leader_uuid: "d9b0c049cc654911962b9fc340258985" committed_config { opid_index: -1 OBSOLETE_local: false peers { permanent_uuid: "bf5f5cfb4c934495a1e7c84cee2bb85b" member_type: VOTER last_known_addr { host: "127.31.212.193" port: 43373 } health_report { overall_health: UNKNOWN } } peers { permanent_uuid: "d9b0c049cc654911962b9fc340258985" member_type: VOTER last_known_addr { host: "127.31.212.194" port: 41117 } health_report { overall_health: HEALTHY } } peers { permanent_uuid: "9b8e690ad9b248dab52c1cdc9a500dcd" member_type: VOTER last_known_addr { host: "127.31.212.195" port: 46353 } health_report { overall_health: UNKNOWN } } }
I20260709 13:10:35.501335   758 raft_consensus.cc:1275] T e30ae8af1096454c917c62078392cc75 P bf5f5cfb4c934495a1e7c84cee2bb85b [term 4 FOLLOWER]: Refusing update from remote peer d9b0c049cc654911962b9fc340258985: Log matching property violated. Preceding OpId in replica: term: 3 index: 3. Preceding OpId from leader: term: 4 index: 4. (index mismatch)
I20260709 13:10:35.502489  1092 consensus_queue.cc:1048] T e30ae8af1096454c917c62078392cc75 P d9b0c049cc654911962b9fc340258985 [LEADER]: Connected to new peer: Peer: permanent_uuid: "bf5f5cfb4c934495a1e7c84cee2bb85b" member_type: VOTER last_known_addr { host: "127.31.212.193" port: 43373 }, Status: LMP_MISMATCH, Last received: 0.0, Next index: 4, Last known committed idx: 3, Time since last communication: 0.000s
I20260709 13:10:35.511197   907 raft_consensus.cc:1275] T e30ae8af1096454c917c62078392cc75 P 9b8e690ad9b248dab52c1cdc9a500dcd [term 4 FOLLOWER]: Refusing update from remote peer d9b0c049cc654911962b9fc340258985: Log matching property violated. Preceding OpId in replica: term: 3 index: 3. Preceding OpId from leader: term: 4 index: 4. (index mismatch)
I20260709 13:10:35.512485  1092 consensus_queue.cc:1048] T e30ae8af1096454c917c62078392cc75 P d9b0c049cc654911962b9fc340258985 [LEADER]: Connected to new peer: Peer: permanent_uuid: "9b8e690ad9b248dab52c1cdc9a500dcd" member_type: VOTER last_known_addr { host: "127.31.212.195" port: 46353 }, Status: LMP_MISMATCH, Last received: 0.0, Next index: 4, Last known committed idx: 3, Time since last communication: 0.000s
I20260709 13:10:35.780719   830 raft_consensus.cc:1275] T 57893b96c75c400a88bb269212413daa P d9b0c049cc654911962b9fc340258985 [term 2 FOLLOWER]: Refusing update from remote peer 9b8e690ad9b248dab52c1cdc9a500dcd: Log matching property violated. Preceding OpId in replica: term: 1 index: 1. Preceding OpId from leader: term: 2 index: 2. (index mismatch)
I20260709 13:10:35.781780  1078 consensus_queue.cc:1048] T 57893b96c75c400a88bb269212413daa P 9b8e690ad9b248dab52c1cdc9a500dcd [LEADER]: Connected to new peer: Peer: permanent_uuid: "d9b0c049cc654911962b9fc340258985" member_type: VOTER last_known_addr { host: "127.31.212.194" port: 41117 }, Status: LMP_MISMATCH, Last received: 0.0, Next index: 2, Last known committed idx: 1, Time since last communication: 0.000s
I20260709 13:10:35.790357   758 raft_consensus.cc:1275] T 57893b96c75c400a88bb269212413daa P bf5f5cfb4c934495a1e7c84cee2bb85b [term 2 FOLLOWER]: Refusing update from remote peer 9b8e690ad9b248dab52c1cdc9a500dcd: Log matching property violated. Preceding OpId in replica: term: 1 index: 1. Preceding OpId from leader: term: 2 index: 2. (index mismatch)
I20260709 13:10:35.792119  1125 consensus_queue.cc:1048] T 57893b96c75c400a88bb269212413daa P 9b8e690ad9b248dab52c1cdc9a500dcd [LEADER]: Connected to new peer: Peer: permanent_uuid: "bf5f5cfb4c934495a1e7c84cee2bb85b" member_type: VOTER last_known_addr { host: "127.31.212.193" port: 43373 }, Status: LMP_MISMATCH, Last received: 0.0, Next index: 2, Last known committed idx: 1, Time since last communication: 0.000s
I20260709 13:10:35.915176   907 raft_consensus.cc:1275] T abf5d09132e044acbedff8b5f24bde16 P 9b8e690ad9b248dab52c1cdc9a500dcd [term 4 FOLLOWER]: Refusing update from remote peer d9b0c049cc654911962b9fc340258985: Log matching property violated. Preceding OpId in replica: term: 3 index: 3. Preceding OpId from leader: term: 4 index: 4. (index mismatch)
I20260709 13:10:35.915176   758 raft_consensus.cc:1275] T ff16e5b3055a4fa2934401b532aac21a P bf5f5cfb4c934495a1e7c84cee2bb85b [term 3 FOLLOWER]: Refusing update from remote peer 9b8e690ad9b248dab52c1cdc9a500dcd: Log matching property violated. Preceding OpId in replica: term: 2 index: 2. Preceding OpId from leader: term: 3 index: 3. (index mismatch)
I20260709 13:10:35.916404  1092 consensus_queue.cc:1048] T abf5d09132e044acbedff8b5f24bde16 P d9b0c049cc654911962b9fc340258985 [LEADER]: Connected to new peer: Peer: permanent_uuid: "9b8e690ad9b248dab52c1cdc9a500dcd" member_type: VOTER last_known_addr { host: "127.31.212.195" port: 46353 }, Status: LMP_MISMATCH, Last received: 0.0, Next index: 4, Last known committed idx: 3, Time since last communication: 0.000s
I20260709 13:10:35.916406  1125 consensus_queue.cc:1048] T ff16e5b3055a4fa2934401b532aac21a P 9b8e690ad9b248dab52c1cdc9a500dcd [LEADER]: Connected to new peer: Peer: permanent_uuid: "bf5f5cfb4c934495a1e7c84cee2bb85b" member_type: VOTER last_known_addr { host: "127.31.212.193" port: 43373 }, Status: LMP_MISMATCH, Last received: 0.0, Next index: 3, Last known committed idx: 2, Time since last communication: 0.000s
I20260709 13:10:35.926095   830 raft_consensus.cc:1275] T ff16e5b3055a4fa2934401b532aac21a P d9b0c049cc654911962b9fc340258985 [term 3 FOLLOWER]: Refusing update from remote peer 9b8e690ad9b248dab52c1cdc9a500dcd: Log matching property violated. Preceding OpId in replica: term: 2 index: 2. Preceding OpId from leader: term: 3 index: 3. (index mismatch)
I20260709 13:10:35.926414   758 raft_consensus.cc:1275] T abf5d09132e044acbedff8b5f24bde16 P bf5f5cfb4c934495a1e7c84cee2bb85b [term 4 FOLLOWER]: Refusing update from remote peer d9b0c049cc654911962b9fc340258985: Log matching property violated. Preceding OpId in replica: term: 3 index: 3. Preceding OpId from leader: term: 4 index: 4. (index mismatch)
I20260709 13:10:35.927564  1078 consensus_queue.cc:1048] T ff16e5b3055a4fa2934401b532aac21a P 9b8e690ad9b248dab52c1cdc9a500dcd [LEADER]: Connected to new peer: Peer: permanent_uuid: "d9b0c049cc654911962b9fc340258985" member_type: VOTER last_known_addr { host: "127.31.212.194" port: 41117 }, Status: LMP_MISMATCH, Last received: 0.0, Next index: 3, Last known committed idx: 2, Time since last communication: 0.000s
I20260709 13:10:35.928352  1092 consensus_queue.cc:1048] T abf5d09132e044acbedff8b5f24bde16 P d9b0c049cc654911962b9fc340258985 [LEADER]: Connected to new peer: Peer: permanent_uuid: "bf5f5cfb4c934495a1e7c84cee2bb85b" member_type: VOTER last_known_addr { host: "127.31.212.193" port: 43373 }, Status: LMP_MISMATCH, Last received: 0.0, Next index: 4, Last known committed idx: 3, Time since last communication: 0.000s
I20260709 13:10:36.034925 32595 auto_leader_rebalancer.cc:141] leader rebalance for table test-workload
I20260709 13:10:36.040606 32595 tablet_server.cc:179] TabletServer@127.31.212.193:0 shutting down...
I20260709 13:10:36.063028 32595 ts_tablet_manager.cc:1507] Shutting down tablet manager...
I20260709 13:10:36.063799 32595 tablet_replica.cc:333] T abf5d09132e044acbedff8b5f24bde16 P bf5f5cfb4c934495a1e7c84cee2bb85b: stopping tablet replica
I20260709 13:10:36.064582 32595 raft_consensus.cc:2243] T abf5d09132e044acbedff8b5f24bde16 P bf5f5cfb4c934495a1e7c84cee2bb85b [term 4 FOLLOWER]: Raft consensus shutting down.
I20260709 13:10:36.065174 32595 raft_consensus.cc:2272] T abf5d09132e044acbedff8b5f24bde16 P bf5f5cfb4c934495a1e7c84cee2bb85b [term 4 FOLLOWER]: Raft consensus is shut down!
W20260709 13:10:36.065933   798 proxy.cc:239] Call had error, refreshing address and retrying: Remote error: Service unavailable: service kudu.consensus.ConsensusService not registered on TabletServer [suppressed 1 similar messages]
I20260709 13:10:36.069013 32595 tablet_replica.cc:333] T 57893b96c75c400a88bb269212413daa P bf5f5cfb4c934495a1e7c84cee2bb85b: stopping tablet replica
I20260709 13:10:36.069780 32595 raft_consensus.cc:2243] T 57893b96c75c400a88bb269212413daa P bf5f5cfb4c934495a1e7c84cee2bb85b [term 2 FOLLOWER]: Raft consensus shutting down.
