I20260709 12:57:41.623561   680 leader_election.cc:304] T 4dad2e1fe787440cb2ded2f10d643a92 P a4ef435b05b1475ca5ccf2cdcd1d91bd [CANDIDATE]: Term 1 pre-election: Election decided. Result: candidate lost. Election summary: received 3 responses out of 3 voters: 1 yes votes; 2 no votes. yes voters: a4ef435b05b1475ca5ccf2cdcd1d91bd; no voters: e5843d890ec346089b86a78f654ab61c, f288ae83d57047b28450a9c8905ad4de
I20260709 12:57:41.632393   766 raft_consensus.cc:2804] T 59d992f27d204de986c153fc64bf3d93 P e5843d890ec346089b86a78f654ab61c [term 1 FOLLOWER]: Leader election won for term 1
I20260709 12:57:41.636000   762 raft_consensus.cc:2749] T 4dad2e1fe787440cb2ded2f10d643a92 P a4ef435b05b1475ca5ccf2cdcd1d91bd [term 0 FOLLOWER]: Leader pre-election lost for term 1. Reason: could not achieve majority
I20260709 12:57:41.639457   714 tablet_service.cc:1917] Received RequestConsensusVote() RPC: tablet_id: "ae86d4a3502e485994558c643b6b1342" candidate_uuid: "e5843d890ec346089b86a78f654ab61c" candidate_term: 1 candidate_status { last_received { term: 0 index: 0 } } ignore_live_leader: false dest_uuid: "a4ef435b05b1475ca5ccf2cdcd1d91bd" is_pre_election: true
I20260709 12:57:41.640208   714 raft_consensus.cc:2393] T ae86d4a3502e485994558c643b6b1342 P a4ef435b05b1475ca5ccf2cdcd1d91bd [term 1 FOLLOWER]: Leader pre-election vote request: Denying vote to candidate e5843d890ec346089b86a78f654ab61c in current term 1: Already voted for candidate a4ef435b05b1475ca5ccf2cdcd1d91bd in this term.
I20260709 12:57:41.638926   607 leader_election.cc:304] T 3d159683da3b4255b053abc5b83390da P e5843d890ec346089b86a78f654ab61c [CANDIDATE]: Term 1 pre-election: Election decided. Result: candidate won. Election summary: received 2 responses out of 3 voters: 2 yes votes; 0 no votes. yes voters: e5843d890ec346089b86a78f654ab61c, f288ae83d57047b28450a9c8905ad4de; no voters: 
I20260709 12:57:41.637152   766 raft_consensus.cc:697] T 59d992f27d204de986c153fc64bf3d93 P e5843d890ec346089b86a78f654ab61c [term 1 LEADER]: Becoming Leader. State: Replica: e5843d890ec346089b86a78f654ab61c, State: Running, Role: LEADER
I20260709 12:57:41.642508   711 tablet_service.cc:1917] Received RequestConsensusVote() RPC: tablet_id: "3d159683da3b4255b053abc5b83390da" candidate_uuid: "e5843d890ec346089b86a78f654ab61c" candidate_term: 1 candidate_status { last_received { term: 0 index: 0 } } ignore_live_leader: false dest_uuid: "a4ef435b05b1475ca5ccf2cdcd1d91bd" is_pre_election: true
I20260709 12:57:41.643734   789 leader_election.cc:290] T ae86d4a3502e485994558c643b6b1342 P a4ef435b05b1475ca5ccf2cdcd1d91bd [CANDIDATE]: Term 1 election: Requested vote from peers f288ae83d57047b28450a9c8905ad4de (127.0.107.193:46183), e5843d890ec346089b86a78f654ab61c (127.0.107.194:43865)
I20260709 12:57:41.645586   713 tablet_service.cc:1917] Received RequestConsensusVote() RPC: tablet_id: "59d992f27d204de986c153fc64bf3d93" candidate_uuid: "e5843d890ec346089b86a78f654ab61c" candidate_term: 1 candidate_status { last_received { term: 0 index: 0 } } ignore_live_leader: false dest_uuid: "a4ef435b05b1475ca5ccf2cdcd1d91bd" is_pre_election: true
I20260709 12:57:41.647085   758 tablet_bootstrap.cc:492] T 4dad2e1fe787440cb2ded2f10d643a92 P f288ae83d57047b28450a9c8905ad4de: No bootstrap required, opened a new log
I20260709 12:57:41.647116   766 consensus_queue.cc:237] T 59d992f27d204de986c153fc64bf3d93 P e5843d890ec346089b86a78f654ab61c [LEADER]: Queue going to LEADER mode. State: All replicated index: 0, Majority replicated index: 0, Committed index: 0, Last appended: 0.0, Last appended by leader: 0, Current term: 1, Majority size: 2, State: 0, Mode: LEADER, active raft config: opid_index: -1 OBSOLETE_local: false peers { permanent_uuid: "f288ae83d57047b28450a9c8905ad4de" member_type: VOTER last_known_addr { host: "127.0.107.193" port: 46183 } } peers { permanent_uuid: "e5843d890ec346089b86a78f654ab61c" member_type: VOTER last_known_addr { host: "127.0.107.194" port: 43865 } } peers { permanent_uuid: "a4ef435b05b1475ca5ccf2cdcd1d91bd" member_type: VOTER last_known_addr { host: "127.0.107.195" port: 45779 } }
I20260709 12:57:41.647665   758 ts_tablet_manager.cc:1403] T 4dad2e1fe787440cb2ded2f10d643a92 P f288ae83d57047b28450a9c8905ad4de: Time spent bootstrapping tablet: real 0.226s	user 0.019s	sys 0.020s
I20260709 12:57:41.648629   760 tablet_bootstrap.cc:492] T 318a4729a180435bb74b7aadba2bf88c P a4ef435b05b1475ca5ccf2cdcd1d91bd: No bootstrap required, opened a new log
I20260709 12:57:41.647552   639 tablet_service.cc:1917] Received RequestConsensusVote() RPC: tablet_id: "ce92e895b08e496896af3ee6fb966c31" candidate_uuid: "a4ef435b05b1475ca5ccf2cdcd1d91bd" candidate_term: 1 candidate_status { last_received { term: 0 index: 0 } } ignore_live_leader: false dest_uuid: "e5843d890ec346089b86a78f654ab61c" is_pre_election: true
I20260709 12:57:41.649180   760 ts_tablet_manager.cc:1403] T 318a4729a180435bb74b7aadba2bf88c P a4ef435b05b1475ca5ccf2cdcd1d91bd: Time spent bootstrapping tablet: real 0.191s	user 0.021s	sys 0.017s
I20260709 12:57:41.648550   712 tablet_service.cc:1917] Received RequestConsensusVote() RPC: tablet_id: "59d992f27d204de986c153fc64bf3d93" candidate_uuid: "e5843d890ec346089b86a78f654ab61c" candidate_term: 1 candidate_status { last_received { term: 0 index: 0 } } ignore_live_leader: false dest_uuid: "a4ef435b05b1475ca5ccf2cdcd1d91bd"
I20260709 12:57:41.650478   563 tablet_service.cc:1917] Received RequestConsensusVote() RPC: tablet_id: "ae86d4a3502e485994558c643b6b1342" candidate_uuid: "a4ef435b05b1475ca5ccf2cdcd1d91bd" candidate_term: 1 candidate_status { last_received { term: 0 index: 0 } } ignore_live_leader: false dest_uuid: "f288ae83d57047b28450a9c8905ad4de"
I20260709 12:57:41.644928   710 tablet_service.cc:1917] Received RequestConsensusVote() RPC: tablet_id: "ae86d4a3502e485994558c643b6b1342" candidate_uuid: "e5843d890ec346089b86a78f654ab61c" candidate_term: 1 candidate_status { last_received { term: 0 index: 0 } } ignore_live_leader: false dest_uuid: "a4ef435b05b1475ca5ccf2cdcd1d91bd"
I20260709 12:57:41.653548   639 raft_consensus.cc:2468] T ce92e895b08e496896af3ee6fb966c31 P e5843d890ec346089b86a78f654ab61c [term 0 FOLLOWER]: Leader pre-election vote request: Granting yes vote for candidate a4ef435b05b1475ca5ccf2cdcd1d91bd in term 0.
W20260709 12:57:41.649389   607 leader_election.cc:343] T 3d159683da3b4255b053abc5b83390da P e5843d890ec346089b86a78f654ab61c [CANDIDATE]: Term 1 pre-election: Tablet error from VoteRequest() call to peer a4ef435b05b1475ca5ccf2cdcd1d91bd (127.0.107.195:45779): Illegal state: must be running to vote when last-logged opid is not known
I20260709 12:57:41.655772   710 raft_consensus.cc:2393] T ae86d4a3502e485994558c643b6b1342 P a4ef435b05b1475ca5ccf2cdcd1d91bd [term 1 FOLLOWER]: Leader election vote request: Denying vote to candidate e5843d890ec346089b86a78f654ab61c in current term 1: Already voted for candidate a4ef435b05b1475ca5ccf2cdcd1d91bd in this term.
I20260709 12:57:41.655952   759 ts_tablet_manager.cc:1434] T 318a4729a180435bb74b7aadba2bf88c P e5843d890ec346089b86a78f654ab61c: Time spent starting tablet: real 0.157s	user 0.010s	sys 0.004s
I20260709 12:57:41.657111   712 raft_consensus.cc:2393] T 59d992f27d204de986c153fc64bf3d93 P a4ef435b05b1475ca5ccf2cdcd1d91bd [term 1 FOLLOWER]: Leader election vote request: Denying vote to candidate e5843d890ec346089b86a78f654ab61c in current term 1: Already voted for candidate a4ef435b05b1475ca5ccf2cdcd1d91bd in this term.
I20260709 12:57:41.656855   767 raft_consensus.cc:515] T ce92e895b08e496896af3ee6fb966c31 P f288ae83d57047b28450a9c8905ad4de [term 1 FOLLOWER]: Starting leader election with config: opid_index: -1 OBSOLETE_local: false peers { permanent_uuid: "f288ae83d57047b28450a9c8905ad4de" member_type: VOTER last_known_addr { host: "127.0.107.193" port: 46183 } } peers { permanent_uuid: "e5843d890ec346089b86a78f654ab61c" member_type: VOTER last_known_addr { host: "127.0.107.194" port: 43865 } } peers { permanent_uuid: "a4ef435b05b1475ca5ccf2cdcd1d91bd" member_type: VOTER last_known_addr { host: "127.0.107.195" port: 45779 } }
I20260709 12:57:41.658672   639 tablet_service.cc:1917] Received RequestConsensusVote() RPC: tablet_id: "ae86d4a3502e485994558c643b6b1342" candidate_uuid: "a4ef435b05b1475ca5ccf2cdcd1d91bd" candidate_term: 1 candidate_status { last_received { term: 0 index: 0 } } ignore_live_leader: false dest_uuid: "e5843d890ec346089b86a78f654ab61c"
I20260709 12:57:41.659950   566 raft_consensus.cc:2393] T ce92e895b08e496896af3ee6fb966c31 P f288ae83d57047b28450a9c8905ad4de [term 1 FOLLOWER]: Leader pre-election vote request: Denying vote to candidate a4ef435b05b1475ca5ccf2cdcd1d91bd in current term 1: Already voted for candidate f288ae83d57047b28450a9c8905ad4de in this term.
I20260709 12:57:41.660615   680 leader_election.cc:304] T ce92e895b08e496896af3ee6fb966c31 P a4ef435b05b1475ca5ccf2cdcd1d91bd [CANDIDATE]: Term 1 pre-election: Election decided. Result: candidate won. Election summary: received 2 responses out of 3 voters: 2 yes votes; 0 no votes. yes voters: a4ef435b05b1475ca5ccf2cdcd1d91bd, e5843d890ec346089b86a78f654ab61c; no voters: 
I20260709 12:57:41.661568   639 raft_consensus.cc:2393] T ae86d4a3502e485994558c643b6b1342 P e5843d890ec346089b86a78f654ab61c [term 1 FOLLOWER]: Leader election vote request: Denying vote to candidate a4ef435b05b1475ca5ccf2cdcd1d91bd in current term 1: Already voted for candidate e5843d890ec346089b86a78f654ab61c in this term.
I20260709 12:57:41.661700   789 raft_consensus.cc:2804] T ce92e895b08e496896af3ee6fb966c31 P a4ef435b05b1475ca5ccf2cdcd1d91bd [term 0 FOLLOWER]: Leader pre-election won for term 1
I20260709 12:57:41.662041   789 raft_consensus.cc:493] T ce92e895b08e496896af3ee6fb966c31 P a4ef435b05b1475ca5ccf2cdcd1d91bd [term 0 FOLLOWER]: Starting leader election (no leader contacted us within the election timeout)
I20260709 12:57:41.662319   789 raft_consensus.cc:3060] T ce92e895b08e496896af3ee6fb966c31 P a4ef435b05b1475ca5ccf2cdcd1d91bd [term 0 FOLLOWER]: Advancing to term 1
I20260709 12:57:41.657382   758 raft_consensus.cc:359] T 4dad2e1fe787440cb2ded2f10d643a92 P f288ae83d57047b28450a9c8905ad4de [term 0 FOLLOWER]: Replica starting. Triggering 0 pending ops. Active config: opid_index: -1 OBSOLETE_local: false peers { permanent_uuid: "f288ae83d57047b28450a9c8905ad4de" member_type: VOTER last_known_addr { host: "127.0.107.193" port: 46183 } } peers { permanent_uuid: "e5843d890ec346089b86a78f654ab61c" member_type: VOTER last_known_addr { host: "127.0.107.194" port: 43865 } } peers { permanent_uuid: "a4ef435b05b1475ca5ccf2cdcd1d91bd" member_type: VOTER last_known_addr { host: "127.0.107.195" port: 45779 } }
I20260709 12:57:41.663861   758 raft_consensus.cc:385] T 4dad2e1fe787440cb2ded2f10d643a92 P f288ae83d57047b28450a9c8905ad4de [term 0 FOLLOWER]: Consensus starting up: Expiring failure detector timer to make a prompt election more likely
I20260709 12:57:41.663925   680 leader_election.cc:304] T ae86d4a3502e485994558c643b6b1342 P a4ef435b05b1475ca5ccf2cdcd1d91bd [CANDIDATE]: Term 1 election: Election decided. Result: candidate lost. Election summary: received 3 responses out of 3 voters: 1 yes votes; 2 no votes. yes voters: a4ef435b05b1475ca5ccf2cdcd1d91bd; no voters: e5843d890ec346089b86a78f654ab61c, f288ae83d57047b28450a9c8905ad4de
I20260709 12:57:41.664258   758 raft_consensus.cc:740] T 4dad2e1fe787440cb2ded2f10d643a92 P f288ae83d57047b28450a9c8905ad4de [term 0 FOLLOWER]: Becoming Follower/Learner. State: Replica: f288ae83d57047b28450a9c8905ad4de, State: Initialized, Role: FOLLOWER
I20260709 12:57:41.665275   767 leader_election.cc:290] T ce92e895b08e496896af3ee6fb966c31 P f288ae83d57047b28450a9c8905ad4de [CANDIDATE]: Term 1 election: Requested vote from peers e5843d890ec346089b86a78f654ab61c (127.0.107.194:43865), a4ef435b05b1475ca5ccf2cdcd1d91bd (127.0.107.195:45779)
I20260709 12:57:41.665088   758 consensus_queue.cc:260] T 4dad2e1fe787440cb2ded2f10d643a92 P f288ae83d57047b28450a9c8905ad4de [NON_LEADER]: Queue going to NON_LEADER mode. State: All replicated index: 0, Majority replicated index: 0, Committed index: 0, Last appended: 0.0, Last appended by leader: 0, Current term: 0, Majority size: -1, State: 0, Mode: NON_LEADER, active raft config: opid_index: -1 OBSOLETE_local: false peers { permanent_uuid: "f288ae83d57047b28450a9c8905ad4de" member_type: VOTER last_known_addr { host: "127.0.107.193" port: 46183 } } peers { permanent_uuid: "e5843d890ec346089b86a78f654ab61c" member_type: VOTER last_known_addr { host: "127.0.107.194" port: 43865 } } peers { permanent_uuid: "a4ef435b05b1475ca5ccf2cdcd1d91bd" member_type: VOTER last_known_addr { host: "127.0.107.195" port: 45779 } }
I20260709 12:57:41.665886   762 raft_consensus.cc:2749] T ae86d4a3502e485994558c643b6b1342 P a4ef435b05b1475ca5ccf2cdcd1d91bd [term 1 FOLLOWER]: Leader election lost for term 1. Reason: could not achieve majority
I20260709 12:57:41.667369   758 ts_tablet_manager.cc:1434] T 4dad2e1fe787440cb2ded2f10d643a92 P f288ae83d57047b28450a9c8905ad4de: Time spent starting tablet: real 0.019s	user 0.007s	sys 0.002s
I20260709 12:57:41.668383   758 tablet_bootstrap.cc:492] T 20be75f5238a4daf9b2d7c78f1c7845b P f288ae83d57047b28450a9c8905ad4de: Bootstrap starting.
I20260709 12:57:41.668519   710 tablet_service.cc:1917] Received RequestConsensusVote() RPC: tablet_id: "ce92e895b08e496896af3ee6fb966c31" candidate_uuid: "f288ae83d57047b28450a9c8905ad4de" candidate_term: 1 candidate_status { last_received { term: 0 index: 0 } } ignore_live_leader: false dest_uuid: "a4ef435b05b1475ca5ccf2cdcd1d91bd"
I20260709 12:57:41.669842   789 raft_consensus.cc:515] T ce92e895b08e496896af3ee6fb966c31 P a4ef435b05b1475ca5ccf2cdcd1d91bd [term 1 FOLLOWER]: Starting leader election with config: opid_index: -1 OBSOLETE_local: false peers { permanent_uuid: "f288ae83d57047b28450a9c8905ad4de" member_type: VOTER last_known_addr { host: "127.0.107.193" port: 46183 } } peers { permanent_uuid: "e5843d890ec346089b86a78f654ab61c" member_type: VOTER last_known_addr { host: "127.0.107.194" port: 43865 } } peers { permanent_uuid: "a4ef435b05b1475ca5ccf2cdcd1d91bd" member_type: VOTER last_known_addr { host: "127.0.107.195" port: 45779 } }
I20260709 12:57:41.670656   715 raft_consensus.cc:2468] T 6feee5683f744814891d8ca5d5bcbfe6 P a4ef435b05b1475ca5ccf2cdcd1d91bd [term 1 FOLLOWER]: Leader election vote request: Granting yes vote for candidate f288ae83d57047b28450a9c8905ad4de in term 1.
I20260709 12:57:41.671921   710 raft_consensus.cc:2393] T ce92e895b08e496896af3ee6fb966c31 P a4ef435b05b1475ca5ccf2cdcd1d91bd [term 1 FOLLOWER]: Leader election vote request: Denying vote to candidate f288ae83d57047b28450a9c8905ad4de in current term 1: Already voted for candidate a4ef435b05b1475ca5ccf2cdcd1d91bd in this term.
I20260709 12:57:41.672868   639 tablet_service.cc:1917] Received RequestConsensusVote() RPC: tablet_id: "ce92e895b08e496896af3ee6fb966c31" candidate_uuid: "f288ae83d57047b28450a9c8905ad4de" candidate_term: 1 candidate_status { last_received { term: 0 index: 0 } } ignore_live_leader: false dest_uuid: "e5843d890ec346089b86a78f654ab61c"
I20260709 12:57:41.673636   760 raft_consensus.cc:359] T 318a4729a180435bb74b7aadba2bf88c P a4ef435b05b1475ca5ccf2cdcd1d91bd [term 0 FOLLOWER]: Replica starting. Triggering 0 pending ops. Active config: opid_index: -1 OBSOLETE_local: false peers { permanent_uuid: "f288ae83d57047b28450a9c8905ad4de" member_type: VOTER last_known_addr { host: "127.0.107.193" port: 46183 } } peers { permanent_uuid: "e5843d890ec346089b86a78f654ab61c" member_type: VOTER last_known_addr { host: "127.0.107.194" port: 43865 } } peers { permanent_uuid: "a4ef435b05b1475ca5ccf2cdcd1d91bd" member_type: VOTER last_known_addr { host: "127.0.107.195" port: 45779 } }
I20260709 12:57:41.674208   760 raft_consensus.cc:385] T 318a4729a180435bb74b7aadba2bf88c P a4ef435b05b1475ca5ccf2cdcd1d91bd [term 0 FOLLOWER]: Consensus starting up: Expiring failure detector timer to make a prompt election more likely
I20260709 12:57:41.674401   760 raft_consensus.cc:740] T 318a4729a180435bb74b7aadba2bf88c P a4ef435b05b1475ca5ccf2cdcd1d91bd [term 0 FOLLOWER]: Becoming Follower/Learner. State: Replica: a4ef435b05b1475ca5ccf2cdcd1d91bd, State: Initialized, Role: FOLLOWER
I20260709 12:57:41.675102   639 raft_consensus.cc:3060] T ce92e895b08e496896af3ee6fb966c31 P e5843d890ec346089b86a78f654ab61c [term 0 FOLLOWER]: Advancing to term 1
I20260709 12:57:41.676611   760 consensus_queue.cc:260] T 318a4729a180435bb74b7aadba2bf88c P a4ef435b05b1475ca5ccf2cdcd1d91bd [NON_LEADER]: Queue going to NON_LEADER mode. State: All replicated index: 0, Majority replicated index: 0, Committed index: 0, Last appended: 0.0, Last appended by leader: 0, Current term: 0, Majority size: -1, State: 0, Mode: NON_LEADER, active raft config: opid_index: -1 OBSOLETE_local: false peers { permanent_uuid: "f288ae83d57047b28450a9c8905ad4de" member_type: VOTER last_known_addr { host: "127.0.107.193" port: 46183 } } peers { permanent_uuid: "e5843d890ec346089b86a78f654ab61c" member_type: VOTER last_known_addr { host: "127.0.107.194" port: 43865 } } peers { permanent_uuid: "a4ef435b05b1475ca5ccf2cdcd1d91bd" member_type: VOTER last_known_addr { host: "127.0.107.195" port: 45779 } }
I20260709 12:57:41.677345   759 tablet_bootstrap.cc:492] T 4dad2e1fe787440cb2ded2f10d643a92 P e5843d890ec346089b86a78f654ab61c: Bootstrap starting.
I20260709 12:57:41.682524   760 ts_tablet_manager.cc:1434] T 318a4729a180435bb74b7aadba2bf88c P a4ef435b05b1475ca5ccf2cdcd1d91bd: Time spent starting tablet: real 0.033s	user 0.005s	sys 0.000s
I20260709 12:57:41.683272   760 tablet_bootstrap.cc:492] T 3d159683da3b4255b053abc5b83390da P a4ef435b05b1475ca5ccf2cdcd1d91bd: Bootstrap starting.
I20260709 12:57:41.677840   795 raft_consensus.cc:2804] T 3d159683da3b4255b053abc5b83390da P e5843d890ec346089b86a78f654ab61c [term 0 FOLLOWER]: Leader pre-election won for term 1
I20260709 12:57:41.684417   532 leader_election.cc:304] T 6feee5683f744814891d8ca5d5bcbfe6 P f288ae83d57047b28450a9c8905ad4de [CANDIDATE]: Term 1 election: Election decided. Result: candidate won. Election summary: received 3 responses out of 3 voters: 2 yes votes; 1 no votes. yes voters: a4ef435b05b1475ca5ccf2cdcd1d91bd, f288ae83d57047b28450a9c8905ad4de; no voters: e5843d890ec346089b86a78f654ab61c
I20260709 12:57:41.687084   767 raft_consensus.cc:2804] T 6feee5683f744814891d8ca5d5bcbfe6 P f288ae83d57047b28450a9c8905ad4de [term 1 FOLLOWER]: Leader election won for term 1
I20260709 12:57:41.687640   767 raft_consensus.cc:697] T 6feee5683f744814891d8ca5d5bcbfe6 P f288ae83d57047b28450a9c8905ad4de [term 1 LEADER]: Becoming Leader. State: Replica: f288ae83d57047b28450a9c8905ad4de, State: Running, Role: LEADER
I20260709 12:57:41.690847   767 consensus_queue.cc:237] T 6feee5683f744814891d8ca5d5bcbfe6 P f288ae83d57047b28450a9c8905ad4de [LEADER]: Queue going to LEADER mode. State: All replicated index: 0, Majority replicated index: 0, Committed index: 0, Last appended: 0.0, Last appended by leader: 0, Current term: 1, Majority size: 2, State: 0, Mode: LEADER, active raft config: opid_index: -1 OBSOLETE_local: false peers { permanent_uuid: "f288ae83d57047b28450a9c8905ad4de" member_type: VOTER last_known_addr { host: "127.0.107.193" port: 46183 } } peers { permanent_uuid: "e5843d890ec346089b86a78f654ab61c" member_type: VOTER last_known_addr { host: "127.0.107.194" port: 43865 } } peers { permanent_uuid: "a4ef435b05b1475ca5ccf2cdcd1d91bd" member_type: VOTER last_known_addr { host: "127.0.107.195" port: 45779 } }
I20260709 12:57:41.693674   565 raft_consensus.cc:2468] T ae86d4a3502e485994558c643b6b1342 P f288ae83d57047b28450a9c8905ad4de [term 1 FOLLOWER]: Leader election vote request: Granting yes vote for candidate e5843d890ec346089b86a78f654ab61c in term 1.
I20260709 12:57:41.693965   639 raft_consensus.cc:2468] T ce92e895b08e496896af3ee6fb966c31 P e5843d890ec346089b86a78f654ab61c [term 1 FOLLOWER]: Leader election vote request: Granting yes vote for candidate f288ae83d57047b28450a9c8905ad4de in term 1.
I20260709 12:57:41.688931   795 raft_consensus.cc:493] T 3d159683da3b4255b053abc5b83390da P e5843d890ec346089b86a78f654ab61c [term 0 FOLLOWER]: Starting leader election (no leader contacted us within the election timeout)
I20260709 12:57:41.697362   531 leader_election.cc:304] T ce92e895b08e496896af3ee6fb966c31 P f288ae83d57047b28450a9c8905ad4de [CANDIDATE]: Term 1 election: Election decided. Result: candidate won. Election summary: received 3 responses out of 3 voters: 2 yes votes; 1 no votes. yes voters: e5843d890ec346089b86a78f654ab61c, f288ae83d57047b28450a9c8905ad4de; no voters: a4ef435b05b1475ca5ccf2cdcd1d91bd
I20260709 12:57:41.695835   795 raft_consensus.cc:3060] T 3d159683da3b4255b053abc5b83390da P e5843d890ec346089b86a78f654ab61c [term 0 FOLLOWER]: Advancing to term 1
I20260709 12:57:41.699596   774 raft_consensus.cc:2804] T ce92e895b08e496896af3ee6fb966c31 P f288ae83d57047b28450a9c8905ad4de [term 1 FOLLOWER]: Leader election won for term 1
I20260709 12:57:41.700362   774 raft_consensus.cc:697] T ce92e895b08e496896af3ee6fb966c31 P f288ae83d57047b28450a9c8905ad4de [term 1 LEADER]: Becoming Leader. State: Replica: f288ae83d57047b28450a9c8905ad4de, State: Running, Role: LEADER
I20260709 12:57:41.701803   789 leader_election.cc:290] T ce92e895b08e496896af3ee6fb966c31 P a4ef435b05b1475ca5ccf2cdcd1d91bd [CANDIDATE]: Term 1 election: Requested vote from peers f288ae83d57047b28450a9c8905ad4de (127.0.107.193:46183), e5843d890ec346089b86a78f654ab61c (127.0.107.194:43865)
I20260709 12:57:41.698818   565 tablet_service.cc:1917] Received RequestConsensusVote() RPC: tablet_id: "ce92e895b08e496896af3ee6fb966c31" candidate_uuid: "a4ef435b05b1475ca5ccf2cdcd1d91bd" candidate_term: 1 candidate_status { last_received { term: 0 index: 0 } } ignore_live_leader: false dest_uuid: "f288ae83d57047b28450a9c8905ad4de"
I20260709 12:57:41.701395   774 consensus_queue.cc:237] T ce92e895b08e496896af3ee6fb966c31 P f288ae83d57047b28450a9c8905ad4de [LEADER]: Queue going to LEADER mode. State: All replicated index: 0, Majority replicated index: 0, Committed index: 0, Last appended: 0.0, Last appended by leader: 0, Current term: 1, Majority size: 2, State: 0, Mode: LEADER, active raft config: opid_index: -1 OBSOLETE_local: false peers { permanent_uuid: "f288ae83d57047b28450a9c8905ad4de" member_type: VOTER last_known_addr { host: "127.0.107.193" port: 46183 } } peers { permanent_uuid: "e5843d890ec346089b86a78f654ab61c" member_type: VOTER last_known_addr { host: "127.0.107.194" port: 43865 } } peers { permanent_uuid: "a4ef435b05b1475ca5ccf2cdcd1d91bd" member_type: VOTER last_known_addr { host: "127.0.107.195" port: 45779 } }
I20260709 12:57:41.697153   607 leader_election.cc:304] T ae86d4a3502e485994558c643b6b1342 P e5843d890ec346089b86a78f654ab61c [CANDIDATE]: Term 1 election: Election decided. Result: candidate won. Election summary: received 3 responses out of 3 voters: 2 yes votes; 1 no votes. yes voters: e5843d890ec346089b86a78f654ab61c, f288ae83d57047b28450a9c8905ad4de; no voters: a4ef435b05b1475ca5ccf2cdcd1d91bd
I20260709 12:57:41.706889   766 raft_consensus.cc:2804] T ae86d4a3502e485994558c643b6b1342 P e5843d890ec346089b86a78f654ab61c [term 1 FOLLOWER]: Leader election won for term 1
I20260709 12:57:41.707042   639 tablet_service.cc:1917] Received RequestConsensusVote() RPC: tablet_id: "ce92e895b08e496896af3ee6fb966c31" candidate_uuid: "a4ef435b05b1475ca5ccf2cdcd1d91bd" candidate_term: 1 candidate_status { last_received { term: 0 index: 0 } } ignore_live_leader: false dest_uuid: "e5843d890ec346089b86a78f654ab61c"
I20260709 12:57:41.716014   766 raft_consensus.cc:697] T ae86d4a3502e485994558c643b6b1342 P e5843d890ec346089b86a78f654ab61c [term 1 LEADER]: Becoming Leader. State: Replica: e5843d890ec346089b86a78f654ab61c, State: Running, Role: LEADER
I20260709 12:57:41.716807   639 raft_consensus.cc:2393] T ce92e895b08e496896af3ee6fb966c31 P e5843d890ec346089b86a78f654ab61c [term 1 FOLLOWER]: Leader election vote request: Denying vote to candidate a4ef435b05b1475ca5ccf2cdcd1d91bd in current term 1: Already voted for candidate f288ae83d57047b28450a9c8905ad4de in this term.
I20260709 12:57:41.719604   789 raft_consensus.cc:493] T 318a4729a180435bb74b7aadba2bf88c P a4ef435b05b1475ca5ccf2cdcd1d91bd [term 0 FOLLOWER]: Starting pre-election (no leader contacted us within the election timeout)
I20260709 12:57:41.722213   766 consensus_queue.cc:237] T ae86d4a3502e485994558c643b6b1342 P e5843d890ec346089b86a78f654ab61c [LEADER]: Queue going to LEADER mode. State: All replicated index: 0, Majority replicated index: 0, Committed index: 0, Last appended: 0.0, Last appended by leader: 0, Current term: 1, Majority size: 2, State: 0, Mode: LEADER, active raft config: opid_index: -1 OBSOLETE_local: false peers { permanent_uuid: "f288ae83d57047b28450a9c8905ad4de" member_type: VOTER last_known_addr { host: "127.0.107.193" port: 46183 } } peers { permanent_uuid: "a4ef435b05b1475ca5ccf2cdcd1d91bd" member_type: VOTER last_known_addr { host: "127.0.107.195" port: 45779 } } peers { permanent_uuid: "e5843d890ec346089b86a78f654ab61c" member_type: VOTER last_known_addr { host: "127.0.107.194" port: 43865 } }
I20260709 12:57:41.723802   680 leader_election.cc:304] T ce92e895b08e496896af3ee6fb966c31 P a4ef435b05b1475ca5ccf2cdcd1d91bd [CANDIDATE]: Term 1 election: Election decided. Result: candidate lost. Election summary: received 3 responses out of 3 voters: 1 yes votes; 2 no votes. yes voters: a4ef435b05b1475ca5ccf2cdcd1d91bd; no voters: e5843d890ec346089b86a78f654ab61c, f288ae83d57047b28450a9c8905ad4de
I20260709 12:57:41.725344   762 raft_consensus.cc:2749] T ce92e895b08e496896af3ee6fb966c31 P a4ef435b05b1475ca5ccf2cdcd1d91bd [term 1 FOLLOWER]: Leader election lost for term 1. Reason: could not achieve majority
I20260709 12:57:41.728098   759 tablet_bootstrap.cc:654] T 4dad2e1fe787440cb2ded2f10d643a92 P e5843d890ec346089b86a78f654ab61c: Neither blocks nor log segments found. Creating new log.
I20260709 12:57:41.721738   789 raft_consensus.cc:515] T 318a4729a180435bb74b7aadba2bf88c P a4ef435b05b1475ca5ccf2cdcd1d91bd [term 0 FOLLOWER]: Starting pre-election with config: opid_index: -1 OBSOLETE_local: false peers { permanent_uuid: "f288ae83d57047b28450a9c8905ad4de" member_type: VOTER last_known_addr { host: "127.0.107.193" port: 46183 } } peers { permanent_uuid: "e5843d890ec346089b86a78f654ab61c" member_type: VOTER last_known_addr { host: "127.0.107.194" port: 43865 } } peers { permanent_uuid: "a4ef435b05b1475ca5ccf2cdcd1d91bd" member_type: VOTER last_known_addr { host: "127.0.107.195" port: 45779 } }
I20260709 12:57:41.733218   758 tablet_bootstrap.cc:654] T 20be75f5238a4daf9b2d7c78f1c7845b P f288ae83d57047b28450a9c8905ad4de: Neither blocks nor log segments found. Creating new log.
I20260709 12:57:41.736241   760 tablet_bootstrap.cc:654] T 3d159683da3b4255b053abc5b83390da P a4ef435b05b1475ca5ccf2cdcd1d91bd: Neither blocks nor log segments found. Creating new log.
I20260709 12:57:41.737957   789 leader_election.cc:290] T 318a4729a180435bb74b7aadba2bf88c P a4ef435b05b1475ca5ccf2cdcd1d91bd [CANDIDATE]: Term 1 pre-election: Requested pre-vote from peers f288ae83d57047b28450a9c8905ad4de (127.0.107.193:46183), e5843d890ec346089b86a78f654ab61c (127.0.107.194:43865)
I20260709 12:57:41.741797   758 tablet_bootstrap.cc:492] T 20be75f5238a4daf9b2d7c78f1c7845b P f288ae83d57047b28450a9c8905ad4de: No bootstrap required, opened a new log
I20260709 12:57:41.742262   758 ts_tablet_manager.cc:1403] T 20be75f5238a4daf9b2d7c78f1c7845b P f288ae83d57047b28450a9c8905ad4de: Time spent bootstrapping tablet: real 0.074s	user 0.011s	sys 0.004s
I20260709 12:57:41.745050   758 raft_consensus.cc:359] T 20be75f5238a4daf9b2d7c78f1c7845b P f288ae83d57047b28450a9c8905ad4de [term 0 FOLLOWER]: Replica starting. Triggering 0 pending ops. Active config: opid_index: -1 OBSOLETE_local: false peers { permanent_uuid: "f288ae83d57047b28450a9c8905ad4de" member_type: VOTER last_known_addr { host: "127.0.107.193" port: 46183 } } peers { permanent_uuid: "e5843d890ec346089b86a78f654ab61c" member_type: VOTER last_known_addr { host: "127.0.107.194" port: 43865 } } peers { permanent_uuid: "a4ef435b05b1475ca5ccf2cdcd1d91bd" member_type: VOTER last_known_addr { host: "127.0.107.195" port: 45779 } }
I20260709 12:57:41.738750   565 tablet_service.cc:1917] Received RequestConsensusVote() RPC: tablet_id: "318a4729a180435bb74b7aadba2bf88c" candidate_uuid: "a4ef435b05b1475ca5ccf2cdcd1d91bd" candidate_term: 1 candidate_status { last_received { term: 0 index: 0 } } ignore_live_leader: false dest_uuid: "f288ae83d57047b28450a9c8905ad4de" is_pre_election: true
I20260709 12:57:41.738880   639 tablet_service.cc:1917] Received RequestConsensusVote() RPC: tablet_id: "318a4729a180435bb74b7aadba2bf88c" candidate_uuid: "a4ef435b05b1475ca5ccf2cdcd1d91bd" candidate_term: 1 candidate_status { last_received { term: 0 index: 0 } } ignore_live_leader: false dest_uuid: "e5843d890ec346089b86a78f654ab61c" is_pre_election: true
I20260709 12:57:41.746613   639 raft_consensus.cc:2468] T 318a4729a180435bb74b7aadba2bf88c P e5843d890ec346089b86a78f654ab61c [term 0 FOLLOWER]: Leader pre-election vote request: Granting yes vote for candidate a4ef435b05b1475ca5ccf2cdcd1d91bd in term 0.
W20260709 12:57:41.747258   681 leader_election.cc:343] T 318a4729a180435bb74b7aadba2bf88c P a4ef435b05b1475ca5ccf2cdcd1d91bd [CANDIDATE]: Term 1 pre-election: Tablet error from VoteRequest() call to peer f288ae83d57047b28450a9c8905ad4de (127.0.107.193:46183): Illegal state: must be running to vote when last-logged opid is not known
I20260709 12:57:41.745695   758 raft_consensus.cc:385] T 20be75f5238a4daf9b2d7c78f1c7845b P f288ae83d57047b28450a9c8905ad4de [term 0 FOLLOWER]: Consensus starting up: Expiring failure detector timer to make a prompt election more likely
I20260709 12:57:41.749028   758 raft_consensus.cc:740] T 20be75f5238a4daf9b2d7c78f1c7845b P f288ae83d57047b28450a9c8905ad4de [term 0 FOLLOWER]: Becoming Follower/Learner. State: Replica: f288ae83d57047b28450a9c8905ad4de, State: Initialized, Role: FOLLOWER
I20260709 12:57:41.749498   680 leader_election.cc:304] T 318a4729a180435bb74b7aadba2bf88c P a4ef435b05b1475ca5ccf2cdcd1d91bd [CANDIDATE]: Term 1 pre-election: Election decided. Result: candidate won. Election summary: received 3 responses out of 3 voters: 2 yes votes; 1 no votes. yes voters: a4ef435b05b1475ca5ccf2cdcd1d91bd, e5843d890ec346089b86a78f654ab61c; no voters: f288ae83d57047b28450a9c8905ad4de
I20260709 12:57:41.751632   789 raft_consensus.cc:2804] T 318a4729a180435bb74b7aadba2bf88c P a4ef435b05b1475ca5ccf2cdcd1d91bd [term 0 FOLLOWER]: Leader pre-election won for term 1
I20260709 12:57:41.752082   789 raft_consensus.cc:493] T 318a4729a180435bb74b7aadba2bf88c P a4ef435b05b1475ca5ccf2cdcd1d91bd [term 0 FOLLOWER]: Starting leader election (no leader contacted us within the election timeout)
I20260709 12:57:41.752396   789 raft_consensus.cc:3060] T 318a4729a180435bb74b7aadba2bf88c P a4ef435b05b1475ca5ccf2cdcd1d91bd [term 0 FOLLOWER]: Advancing to term 1
I20260709 12:57:41.750633   758 consensus_queue.cc:260] T 20be75f5238a4daf9b2d7c78f1c7845b P f288ae83d57047b28450a9c8905ad4de [NON_LEADER]: Queue going to NON_LEADER mode. State: All replicated index: 0, Majority replicated index: 0, Committed index: 0, Last appended: 0.0, Last appended by leader: 0, Current term: 0, Majority size: -1, State: 0, Mode: NON_LEADER, active raft config: opid_index: -1 OBSOLETE_local: false peers { permanent_uuid: "f288ae83d57047b28450a9c8905ad4de" member_type: VOTER last_known_addr { host: "127.0.107.193" port: 46183 } } peers { permanent_uuid: "e5843d890ec346089b86a78f654ab61c" member_type: VOTER last_known_addr { host: "127.0.107.194" port: 43865 } } peers { permanent_uuid: "a4ef435b05b1475ca5ccf2cdcd1d91bd" member_type: VOTER last_known_addr { host: "127.0.107.195" port: 45779 } }
I20260709 12:57:41.753883   758 ts_tablet_manager.cc:1434] T 20be75f5238a4daf9b2d7c78f1c7845b P f288ae83d57047b28450a9c8905ad4de: Time spent starting tablet: real 0.011s	user 0.003s	sys 0.004s
I20260709 12:57:41.754653   758 tablet_bootstrap.cc:492] T a58aa7d6078d4105871e3f45b9feb23b P f288ae83d57047b28450a9c8905ad4de: Bootstrap starting.
I20260709 12:57:41.756685   795 raft_consensus.cc:515] T 3d159683da3b4255b053abc5b83390da P e5843d890ec346089b86a78f654ab61c [term 1 FOLLOWER]: Starting leader election with config: opid_index: -1 OBSOLETE_local: false peers { permanent_uuid: "f288ae83d57047b28450a9c8905ad4de" member_type: VOTER last_known_addr { host: "127.0.107.193" port: 46183 } } peers { permanent_uuid: "e5843d890ec346089b86a78f654ab61c" member_type: VOTER last_known_addr { host: "127.0.107.194" port: 43865 } } peers { permanent_uuid: "a4ef435b05b1475ca5ccf2cdcd1d91bd" member_type: VOTER last_known_addr { host: "127.0.107.195" port: 45779 } }
I20260709 12:57:41.758203   463 catalog_manager.cc:5697] T 59d992f27d204de986c153fc64bf3d93 P e5843d890ec346089b86a78f654ab61c reported cstate change: term changed from 0 to 1, leader changed from <none> to e5843d890ec346089b86a78f654ab61c (127.0.107.194). New cstate: current_term: 1 leader_uuid: "e5843d890ec346089b86a78f654ab61c" committed_config { opid_index: -1 OBSOLETE_local: false peers { permanent_uuid: "f288ae83d57047b28450a9c8905ad4de" member_type: VOTER last_known_addr { host: "127.0.107.193" port: 46183 } health_report { overall_health: UNKNOWN } } peers { permanent_uuid: "e5843d890ec346089b86a78f654ab61c" member_type: VOTER last_known_addr { host: "127.0.107.194" port: 43865 } health_report { overall_health: HEALTHY } } peers { permanent_uuid: "a4ef435b05b1475ca5ccf2cdcd1d91bd" member_type: VOTER last_known_addr { host: "127.0.107.195" port: 45779 } health_report { overall_health: UNKNOWN } } }
I20260709 12:57:41.759505   795 leader_election.cc:290] T 3d159683da3b4255b053abc5b83390da P e5843d890ec346089b86a78f654ab61c [CANDIDATE]: Term 1 election: Requested vote from peers f288ae83d57047b28450a9c8905ad4de (127.0.107.193:46183), a4ef435b05b1475ca5ccf2cdcd1d91bd (127.0.107.195:45779)
I20260709 12:57:41.760545   462 catalog_manager.cc:5697] T 6feee5683f744814891d8ca5d5bcbfe6 P f288ae83d57047b28450a9c8905ad4de reported cstate change: term changed from 0 to 1, leader changed from <none> to f288ae83d57047b28450a9c8905ad4de (127.0.107.193). New cstate: current_term: 1 leader_uuid: "f288ae83d57047b28450a9c8905ad4de" committed_config { opid_index: -1 OBSOLETE_local: false peers { permanent_uuid: "f288ae83d57047b28450a9c8905ad4de" member_type: VOTER last_known_addr { host: "127.0.107.193" port: 46183 } health_report { overall_health: HEALTHY } } peers { permanent_uuid: "e5843d890ec346089b86a78f654ab61c" member_type: VOTER last_known_addr { host: "127.0.107.194" port: 43865 } health_report { overall_health: UNKNOWN } } peers { permanent_uuid: "a4ef435b05b1475ca5ccf2cdcd1d91bd" member_type: VOTER last_known_addr { host: "127.0.107.195" port: 45779 } health_report { overall_health: UNKNOWN } } }
I20260709 12:57:41.759529   789 raft_consensus.cc:515] T 318a4729a180435bb74b7aadba2bf88c P a4ef435b05b1475ca5ccf2cdcd1d91bd [term 1 FOLLOWER]: Starting leader election with config: opid_index: -1 OBSOLETE_local: false peers { permanent_uuid: "f288ae83d57047b28450a9c8905ad4de" member_type: VOTER last_known_addr { host: "127.0.107.193" port: 46183 } } peers { permanent_uuid: "e5843d890ec346089b86a78f654ab61c" member_type: VOTER last_known_addr { host: "127.0.107.194" port: 43865 } } peers { permanent_uuid: "a4ef435b05b1475ca5ccf2cdcd1d91bd" member_type: VOTER last_known_addr { host: "127.0.107.195" port: 45779 } }
I20260709 12:57:41.763685   789 leader_election.cc:290] T 318a4729a180435bb74b7aadba2bf88c P a4ef435b05b1475ca5ccf2cdcd1d91bd [CANDIDATE]: Term 1 election: Requested vote from peers f288ae83d57047b28450a9c8905ad4de (127.0.107.193:46183), e5843d890ec346089b86a78f654ab61c (127.0.107.194:43865)
I20260709 12:57:41.763856   565 tablet_service.cc:1917] Received RequestConsensusVote() RPC: tablet_id: "3d159683da3b4255b053abc5b83390da" candidate_uuid: "e5843d890ec346089b86a78f654ab61c" candidate_term: 1 candidate_status { last_received { term: 0 index: 0 } } ignore_live_leader: false dest_uuid: "f288ae83d57047b28450a9c8905ad4de"
I20260709 12:57:41.764905   565 raft_consensus.cc:3060] T 3d159683da3b4255b053abc5b83390da P f288ae83d57047b28450a9c8905ad4de [term 0 FOLLOWER]: Advancing to term 1
I20260709 12:57:41.767324   715 tablet_service.cc:1917] Received RequestConsensusVote() RPC: tablet_id: "3d159683da3b4255b053abc5b83390da" candidate_uuid: "e5843d890ec346089b86a78f654ab61c" candidate_term: 1 candidate_status { last_received { term: 0 index: 0 } } ignore_live_leader: false dest_uuid: "a4ef435b05b1475ca5ccf2cdcd1d91bd"
I20260709 12:57:41.771652   566 tablet_service.cc:1917] Received RequestConsensusVote() RPC: tablet_id: "318a4729a180435bb74b7aadba2bf88c" candidate_uuid: "a4ef435b05b1475ca5ccf2cdcd1d91bd" candidate_term: 1 candidate_status { last_received { term: 0 index: 0 } } ignore_live_leader: false dest_uuid: "f288ae83d57047b28450a9c8905ad4de"
I20260709 12:57:41.772780   759 tablet_bootstrap.cc:492] T 4dad2e1fe787440cb2ded2f10d643a92 P e5843d890ec346089b86a78f654ab61c: No bootstrap required, opened a new log
I20260709 12:57:41.773198   759 ts_tablet_manager.cc:1403] T 4dad2e1fe787440cb2ded2f10d643a92 P e5843d890ec346089b86a78f654ab61c: Time spent bootstrapping tablet: real 0.097s	user 0.008s	sys 0.006s
I20260709 12:57:41.773779   639 tablet_service.cc:1917] Received RequestConsensusVote() RPC: tablet_id: "318a4729a180435bb74b7aadba2bf88c" candidate_uuid: "a4ef435b05b1475ca5ccf2cdcd1d91bd" candidate_term: 1 candidate_status { last_received { term: 0 index: 0 } } ignore_live_leader: false dest_uuid: "e5843d890ec346089b86a78f654ab61c"
I20260709 12:57:41.774338   639 raft_consensus.cc:3060] T 318a4729a180435bb74b7aadba2bf88c P e5843d890ec346089b86a78f654ab61c [term 0 FOLLOWER]: Advancing to term 1
I20260709 12:57:41.775096   760 tablet_bootstrap.cc:492] T 3d159683da3b4255b053abc5b83390da P a4ef435b05b1475ca5ccf2cdcd1d91bd: No bootstrap required, opened a new log
I20260709 12:57:41.775558   760 ts_tablet_manager.cc:1403] T 3d159683da3b4255b053abc5b83390da P a4ef435b05b1475ca5ccf2cdcd1d91bd: Time spent bootstrapping tablet: real 0.092s	user 0.017s	sys 0.008s
I20260709 12:57:41.775689   759 raft_consensus.cc:359] T 4dad2e1fe787440cb2ded2f10d643a92 P e5843d890ec346089b86a78f654ab61c [term 0 FOLLOWER]: Replica starting. Triggering 0 pending ops. Active config: opid_index: -1 OBSOLETE_local: false peers { permanent_uuid: "f288ae83d57047b28450a9c8905ad4de" member_type: VOTER last_known_addr { host: "127.0.107.193" port: 46183 } } peers { permanent_uuid: "e5843d890ec346089b86a78f654ab61c" member_type: VOTER last_known_addr { host: "127.0.107.194" port: 43865 } } peers { permanent_uuid: "a4ef435b05b1475ca5ccf2cdcd1d91bd" member_type: VOTER last_known_addr { host: "127.0.107.195" port: 45779 } }
W20260709 12:57:41.770251   607 leader_election.cc:343] T 3d159683da3b4255b053abc5b83390da P e5843d890ec346089b86a78f654ab61c [CANDIDATE]: Term 1 election: Tablet error from VoteRequest() call to peer a4ef435b05b1475ca5ccf2cdcd1d91bd (127.0.107.195:45779): Illegal state: must be running to vote when last-logged opid is not known
I20260709 12:57:41.776335   759 raft_consensus.cc:385] T 4dad2e1fe787440cb2ded2f10d643a92 P e5843d890ec346089b86a78f654ab61c [term 0 FOLLOWER]: Consensus starting up: Expiring failure detector timer to make a prompt election more likely
I20260709 12:57:41.776618   759 raft_consensus.cc:740] T 4dad2e1fe787440cb2ded2f10d643a92 P e5843d890ec346089b86a78f654ab61c [term 0 FOLLOWER]: Becoming Follower/Learner. State: Replica: e5843d890ec346089b86a78f654ab61c, State: Initialized, Role: FOLLOWER
W20260709 12:57:41.776510   681 leader_election.cc:343] T 318a4729a180435bb74b7aadba2bf88c P a4ef435b05b1475ca5ccf2cdcd1d91bd [CANDIDATE]: Term 1 election: Tablet error from VoteRequest() call to peer f288ae83d57047b28450a9c8905ad4de (127.0.107.193:46183): Illegal state: must be running to vote when last-logged opid is not known
I20260709 12:57:41.777242   759 consensus_queue.cc:260] T 4dad2e1fe787440cb2ded2f10d643a92 P e5843d890ec346089b86a78f654ab61c [NON_LEADER]: Queue going to NON_LEADER mode. State: All replicated index: 0, Majority replicated index: 0, Committed index: 0, Last appended: 0.0, Last appended by leader: 0, Current term: 0, Majority size: -1, State: 0, Mode: NON_LEADER, active raft config: opid_index: -1 OBSOLETE_local: false peers { permanent_uuid: "f288ae83d57047b28450a9c8905ad4de" member_type: VOTER last_known_addr { host: "127.0.107.193" port: 46183 } } peers { permanent_uuid: "e5843d890ec346089b86a78f654ab61c" member_type: VOTER last_known_addr { host: "127.0.107.194" port: 43865 } } peers { permanent_uuid: "a4ef435b05b1475ca5ccf2cdcd1d91bd" member_type: VOTER last_known_addr { host: "127.0.107.195" port: 45779 } }
I20260709 12:57:41.779446   759 ts_tablet_manager.cc:1434] T 4dad2e1fe787440cb2ded2f10d643a92 P e5843d890ec346089b86a78f654ab61c: Time spent starting tablet: real 0.006s	user 0.006s	sys 0.000s
I20260709 12:57:41.780316   759 tablet_bootstrap.cc:492] T 6feee5683f744814891d8ca5d5bcbfe6 P e5843d890ec346089b86a78f654ab61c: Bootstrap starting.
I20260709 12:57:41.782215   565 raft_consensus.cc:2468] T 3d159683da3b4255b053abc5b83390da P f288ae83d57047b28450a9c8905ad4de [term 1 FOLLOWER]: Leader election vote request: Granting yes vote for candidate e5843d890ec346089b86a78f654ab61c in term 1.
I20260709 12:57:41.783654   607 leader_election.cc:304] T 3d159683da3b4255b053abc5b83390da P e5843d890ec346089b86a78f654ab61c [CANDIDATE]: Term 1 election: Election decided. Result: candidate won. Election summary: received 3 responses out of 3 voters: 2 yes votes; 1 no votes. yes voters: e5843d890ec346089b86a78f654ab61c, f288ae83d57047b28450a9c8905ad4de; no voters: a4ef435b05b1475ca5ccf2cdcd1d91bd
I20260709 12:57:41.785064   795 raft_consensus.cc:2804] T 3d159683da3b4255b053abc5b83390da P e5843d890ec346089b86a78f654ab61c [term 1 FOLLOWER]: Leader election won for term 1
I20260709 12:57:41.785815   795 raft_consensus.cc:697] T 3d159683da3b4255b053abc5b83390da P e5843d890ec346089b86a78f654ab61c [term 1 LEADER]: Becoming Leader. State: Replica: e5843d890ec346089b86a78f654ab61c, State: Running, Role: LEADER
I20260709 12:57:41.788318   795 consensus_queue.cc:237] T 3d159683da3b4255b053abc5b83390da P e5843d890ec346089b86a78f654ab61c [LEADER]: Queue going to LEADER mode. State: All replicated index: 0, Majority replicated index: 0, Committed index: 0, Last appended: 0.0, Last appended by leader: 0, Current term: 1, Majority size: 2, State: 0, Mode: LEADER, active raft config: opid_index: -1 OBSOLETE_local: false peers { permanent_uuid: "f288ae83d57047b28450a9c8905ad4de" member_type: VOTER last_known_addr { host: "127.0.107.193" port: 46183 } } peers { permanent_uuid: "e5843d890ec346089b86a78f654ab61c" member_type: VOTER last_known_addr { host: "127.0.107.194" port: 43865 } } peers { permanent_uuid: "a4ef435b05b1475ca5ccf2cdcd1d91bd" member_type: VOTER last_known_addr { host: "127.0.107.195" port: 45779 } }
I20260709 12:57:41.789829   760 raft_consensus.cc:359] T 3d159683da3b4255b053abc5b83390da P a4ef435b05b1475ca5ccf2cdcd1d91bd [term 0 FOLLOWER]: Replica starting. Triggering 0 pending ops. Active config: opid_index: -1 OBSOLETE_local: false peers { permanent_uuid: "f288ae83d57047b28450a9c8905ad4de" member_type: VOTER last_known_addr { host: "127.0.107.193" port: 46183 } } peers { permanent_uuid: "e5843d890ec346089b86a78f654ab61c" member_type: VOTER last_known_addr { host: "127.0.107.194" port: 43865 } } peers { permanent_uuid: "a4ef435b05b1475ca5ccf2cdcd1d91bd" member_type: VOTER last_known_addr { host: "127.0.107.195" port: 45779 } }
I20260709 12:57:41.790446   760 raft_consensus.cc:385] T 3d159683da3b4255b053abc5b83390da P a4ef435b05b1475ca5ccf2cdcd1d91bd [term 0 FOLLOWER]: Consensus starting up: Expiring failure detector timer to make a prompt election more likely
I20260709 12:57:41.791080   760 raft_consensus.cc:740] T 3d159683da3b4255b053abc5b83390da P a4ef435b05b1475ca5ccf2cdcd1d91bd [term 0 FOLLOWER]: Becoming Follower/Learner. State: Replica: a4ef435b05b1475ca5ccf2cdcd1d91bd, State: Initialized, Role: FOLLOWER
I20260709 12:57:41.786795   639 raft_consensus.cc:2468] T 318a4729a180435bb74b7aadba2bf88c P e5843d890ec346089b86a78f654ab61c [term 1 FOLLOWER]: Leader election vote request: Granting yes vote for candidate a4ef435b05b1475ca5ccf2cdcd1d91bd in term 1.
I20260709 12:57:41.791353   802 raft_consensus.cc:493] T 20be75f5238a4daf9b2d7c78f1c7845b P e5843d890ec346089b86a78f654ab61c [term 0 FOLLOWER]: Starting pre-election (no leader contacted us within the election timeout)
I20260709 12:57:41.790580   766 raft_consensus.cc:493] T 4dad2e1fe787440cb2ded2f10d643a92 P e5843d890ec346089b86a78f654ab61c [term 0 FOLLOWER]: Starting pre-election (no leader contacted us within the election timeout)
I20260709 12:57:41.791690   760 consensus_queue.cc:260] T 3d159683da3b4255b053abc5b83390da P a4ef435b05b1475ca5ccf2cdcd1d91bd [NON_LEADER]: Queue going to NON_LEADER mode. State: All replicated index: 0, Majority replicated index: 0, Committed index: 0, Last appended: 0.0, Last appended by leader: 0, Current term: 0, Majority size: -1, State: 0, Mode: NON_LEADER, active raft config: opid_index: -1 OBSOLETE_local: false peers { permanent_uuid: "f288ae83d57047b28450a9c8905ad4de" member_type: VOTER last_known_addr { host: "127.0.107.193" port: 46183 } } peers { permanent_uuid: "e5843d890ec346089b86a78f654ab61c" member_type: VOTER last_known_addr { host: "127.0.107.194" port: 43865 } } peers { permanent_uuid: "a4ef435b05b1475ca5ccf2cdcd1d91bd" member_type: VOTER last_known_addr { host: "127.0.107.195" port: 45779 } }
I20260709 12:57:41.796900   802 raft_consensus.cc:515] T 20be75f5238a4daf9b2d7c78f1c7845b P e5843d890ec346089b86a78f654ab61c [term 0 FOLLOWER]: Starting pre-election with config: opid_index: -1 OBSOLETE_local: false peers { permanent_uuid: "f288ae83d57047b28450a9c8905ad4de" member_type: VOTER last_known_addr { host: "127.0.107.193" port: 46183 } } peers { permanent_uuid: "e5843d890ec346089b86a78f654ab61c" member_type: VOTER last_known_addr { host: "127.0.107.194" port: 43865 } } peers { permanent_uuid: "a4ef435b05b1475ca5ccf2cdcd1d91bd" member_type: VOTER last_known_addr { host: "127.0.107.195" port: 45779 } }
I20260709 12:57:41.798483   766 raft_consensus.cc:515] T 4dad2e1fe787440cb2ded2f10d643a92 P e5843d890ec346089b86a78f654ab61c [term 0 FOLLOWER]: Starting pre-election with config: opid_index: -1 OBSOLETE_local: false peers { permanent_uuid: "f288ae83d57047b28450a9c8905ad4de" member_type: VOTER last_known_addr { host: "127.0.107.193" port: 46183 } } peers { permanent_uuid: "e5843d890ec346089b86a78f654ab61c" member_type: VOTER last_known_addr { host: "127.0.107.194" port: 43865 } } peers { permanent_uuid: "a4ef435b05b1475ca5ccf2cdcd1d91bd" member_type: VOTER last_known_addr { host: "127.0.107.195" port: 45779 } }
I20260709 12:57:41.800967   802 leader_election.cc:290] T 20be75f5238a4daf9b2d7c78f1c7845b P e5843d890ec346089b86a78f654ab61c [CANDIDATE]: Term 1 pre-election: Requested pre-vote from peers f288ae83d57047b28450a9c8905ad4de (127.0.107.193:46183), a4ef435b05b1475ca5ccf2cdcd1d91bd (127.0.107.195:45779)
I20260709 12:57:41.800997   766 leader_election.cc:290] T 4dad2e1fe787440cb2ded2f10d643a92 P e5843d890ec346089b86a78f654ab61c [CANDIDATE]: Term 1 pre-election: Requested pre-vote from peers f288ae83d57047b28450a9c8905ad4de (127.0.107.193:46183), a4ef435b05b1475ca5ccf2cdcd1d91bd (127.0.107.195:45779)
I20260709 12:57:41.803447   758 tablet_bootstrap.cc:654] T a58aa7d6078d4105871e3f45b9feb23b P f288ae83d57047b28450a9c8905ad4de: Neither blocks nor log segments found. Creating new log.
I20260709 12:57:41.803684   710 tablet_service.cc:1917] Received RequestConsensusVote() RPC: tablet_id: "4dad2e1fe787440cb2ded2f10d643a92" candidate_uuid: "e5843d890ec346089b86a78f654ab61c" candidate_term: 1 candidate_status { last_received { term: 0 index: 0 } } ignore_live_leader: false dest_uuid: "a4ef435b05b1475ca5ccf2cdcd1d91bd" is_pre_election: true
I20260709 12:57:41.804527   710 raft_consensus.cc:2468] T 4dad2e1fe787440cb2ded2f10d643a92 P a4ef435b05b1475ca5ccf2cdcd1d91bd [term 0 FOLLOWER]: Leader pre-election vote request: Granting yes vote for candidate e5843d890ec346089b86a78f654ab61c in term 0.
I20260709 12:57:41.804996   680 leader_election.cc:304] T 318a4729a180435bb74b7aadba2bf88c P a4ef435b05b1475ca5ccf2cdcd1d91bd [CANDIDATE]: Term 1 election: Election decided. Result: candidate won. Election summary: received 3 responses out of 3 voters: 2 yes votes; 1 no votes. yes voters: a4ef435b05b1475ca5ccf2cdcd1d91bd, e5843d890ec346089b86a78f654ab61c; no voters: f288ae83d57047b28450a9c8905ad4de
I20260709 12:57:41.802740   715 tablet_service.cc:1917] Received RequestConsensusVote() RPC: tablet_id: "20be75f5238a4daf9b2d7c78f1c7845b" candidate_uuid: "e5843d890ec346089b86a78f654ab61c" candidate_term: 1 candidate_status { last_received { term: 0 index: 0 } } ignore_live_leader: false dest_uuid: "a4ef435b05b1475ca5ccf2cdcd1d91bd" is_pre_election: true
I20260709 12:57:41.806030   607 leader_election.cc:304] T 4dad2e1fe787440cb2ded2f10d643a92 P e5843d890ec346089b86a78f654ab61c [CANDIDATE]: Term 1 pre-election: Election decided. Result: candidate won. Election summary: received 2 responses out of 3 voters: 2 yes votes; 0 no votes. yes voters: a4ef435b05b1475ca5ccf2cdcd1d91bd, e5843d890ec346089b86a78f654ab61c; no voters: 
I20260709 12:57:41.806759   715 raft_consensus.cc:2468] T 20be75f5238a4daf9b2d7c78f1c7845b P a4ef435b05b1475ca5ccf2cdcd1d91bd [term 0 FOLLOWER]: Leader pre-election vote request: Granting yes vote for candidate e5843d890ec346089b86a78f654ab61c in term 0.
I20260709 12:57:41.807461   766 raft_consensus.cc:2804] T 4dad2e1fe787440cb2ded2f10d643a92 P e5843d890ec346089b86a78f654ab61c [term 0 FOLLOWER]: Leader pre-election won for term 1
