I20260709 13:10:11.843498 30202 raft_consensus.cc:740] T 8ae3558e3311424bba4cf784ff92c7fd P a5c9bca5344946d089280412ee72f6aa [term 0 FOLLOWER]: Becoming Follower/Learner. State: Replica: a5c9bca5344946d089280412ee72f6aa, State: Initialized, Role: FOLLOWER
I20260709 13:10:11.844223 30200 tablet_bootstrap.cc:654] T 5271b0d602cf426c932d4c44e2d684a5 P 28a4ddbad53c49509421b7f22a50e942: Neither blocks nor log segments found. Creating new log.
I20260709 13:10:11.844238 30202 consensus_queue.cc:260] T 8ae3558e3311424bba4cf784ff92c7fd P a5c9bca5344946d089280412ee72f6aa [NON_LEADER]: Queue going to NON_LEADER mode. State: All replicated index: 0, Majority replicated index: 0, Committed index: 0, Last appended: 0.0, Last appended by leader: 0, Current term: 0, Majority size: -1, State: 0, Mode: NON_LEADER, active raft config: opid_index: -1 OBSOLETE_local: false peers { permanent_uuid: "a5c9bca5344946d089280412ee72f6aa" member_type: VOTER last_known_addr { host: "127.29.44.65" port: 34171 } } peers { permanent_uuid: "1fbbc8fcc2d240dcb0360af2f695828f" member_type: VOTER last_known_addr { host: "127.29.44.66" port: 42553 } } peers { permanent_uuid: "28a4ddbad53c49509421b7f22a50e942" member_type: VOTER last_known_addr { host: "127.29.44.67" port: 42175 } }
I20260709 13:10:11.854255 30202 ts_tablet_manager.cc:1434] T 8ae3558e3311424bba4cf784ff92c7fd P a5c9bca5344946d089280412ee72f6aa: Time spent starting tablet: real 0.015s	user 0.014s	sys 0.000s
I20260709 13:10:11.854297 30033 heartbeater.cc:499] Master 127.29.44.126:34333 was elected leader, sending a full tablet report...
I20260709 13:10:11.855341 30202 tablet_bootstrap.cc:492] T 1102185db42647af94d6ee80f5af8013 P a5c9bca5344946d089280412ee72f6aa: Bootstrap starting.
I20260709 13:10:11.861999 30202 tablet_bootstrap.cc:654] T 1102185db42647af94d6ee80f5af8013 P a5c9bca5344946d089280412ee72f6aa: Neither blocks nor log segments found. Creating new log.
I20260709 13:10:11.866071 30108 heartbeater.cc:499] Master 127.29.44.126:34333 was elected leader, sending a full tablet report...
I20260709 13:10:11.867302 30201 ts_tablet_manager.cc:1434] T 0789fabfcf374ed48b244130ab532b2d P 1fbbc8fcc2d240dcb0360af2f695828f: Time spent starting tablet: real 0.040s	user 0.006s	sys 0.004s
I20260709 13:10:11.868414 30201 tablet_bootstrap.cc:492] T 63504da826b34d80805fcd913bf834d2 P 1fbbc8fcc2d240dcb0360af2f695828f: Bootstrap starting.
W20260709 13:10:11.872763 30034 tablet.cc:2406] T 8ae3558e3311424bba4cf784ff92c7fd P a5c9bca5344946d089280412ee72f6aa: Can't schedule compaction. Clean time has not been advanced past its initial value.
I20260709 13:10:11.873939 30202 tablet_bootstrap.cc:492] T 1102185db42647af94d6ee80f5af8013 P a5c9bca5344946d089280412ee72f6aa: No bootstrap required, opened a new log
I20260709 13:10:11.874434 30202 ts_tablet_manager.cc:1403] T 1102185db42647af94d6ee80f5af8013 P a5c9bca5344946d089280412ee72f6aa: Time spent bootstrapping tablet: real 0.019s	user 0.012s	sys 0.006s
I20260709 13:10:11.875581 30201 tablet_bootstrap.cc:654] T 63504da826b34d80805fcd913bf834d2 P 1fbbc8fcc2d240dcb0360af2f695828f: Neither blocks nor log segments found. Creating new log.
I20260709 13:10:11.877326 30202 raft_consensus.cc:359] T 1102185db42647af94d6ee80f5af8013 P a5c9bca5344946d089280412ee72f6aa [term 0 FOLLOWER]: Replica starting. Triggering 0 pending ops. Active config: opid_index: -1 OBSOLETE_local: false peers { permanent_uuid: "a5c9bca5344946d089280412ee72f6aa" member_type: VOTER last_known_addr { host: "127.29.44.65" port: 34171 } } peers { permanent_uuid: "1fbbc8fcc2d240dcb0360af2f695828f" member_type: VOTER last_known_addr { host: "127.29.44.66" port: 42553 } } peers { permanent_uuid: "28a4ddbad53c49509421b7f22a50e942" member_type: VOTER last_known_addr { host: "127.29.44.67" port: 42175 } }
I20260709 13:10:11.878365 30202 raft_consensus.cc:385] T 1102185db42647af94d6ee80f5af8013 P a5c9bca5344946d089280412ee72f6aa [term 0 FOLLOWER]: Consensus starting up: Expiring failure detector timer to make a prompt election more likely
I20260709 13:10:11.878669 30202 raft_consensus.cc:740] T 1102185db42647af94d6ee80f5af8013 P a5c9bca5344946d089280412ee72f6aa [term 0 FOLLOWER]: Becoming Follower/Learner. State: Replica: a5c9bca5344946d089280412ee72f6aa, State: Initialized, Role: FOLLOWER
I20260709 13:10:11.879467 30202 consensus_queue.cc:260] T 1102185db42647af94d6ee80f5af8013 P a5c9bca5344946d089280412ee72f6aa [NON_LEADER]: Queue going to NON_LEADER mode. State: All replicated index: 0, Majority replicated index: 0, Committed index: 0, Last appended: 0.0, Last appended by leader: 0, Current term: 0, Majority size: -1, State: 0, Mode: NON_LEADER, active raft config: opid_index: -1 OBSOLETE_local: false peers { permanent_uuid: "a5c9bca5344946d089280412ee72f6aa" member_type: VOTER last_known_addr { host: "127.29.44.65" port: 34171 } } peers { permanent_uuid: "1fbbc8fcc2d240dcb0360af2f695828f" member_type: VOTER last_known_addr { host: "127.29.44.66" port: 42553 } } peers { permanent_uuid: "28a4ddbad53c49509421b7f22a50e942" member_type: VOTER last_known_addr { host: "127.29.44.67" port: 42175 } }
I20260709 13:10:11.889501 30202 ts_tablet_manager.cc:1434] T 1102185db42647af94d6ee80f5af8013 P a5c9bca5344946d089280412ee72f6aa: Time spent starting tablet: real 0.015s	user 0.005s	sys 0.008s
I20260709 13:10:11.889737 30200 tablet_bootstrap.cc:492] T 5271b0d602cf426c932d4c44e2d684a5 P 28a4ddbad53c49509421b7f22a50e942: No bootstrap required, opened a new log
I20260709 13:10:11.890161 30200 ts_tablet_manager.cc:1403] T 5271b0d602cf426c932d4c44e2d684a5 P 28a4ddbad53c49509421b7f22a50e942: Time spent bootstrapping tablet: real 0.053s	user 0.012s	sys 0.005s
I20260709 13:10:11.890435 30201 tablet_bootstrap.cc:492] T 63504da826b34d80805fcd913bf834d2 P 1fbbc8fcc2d240dcb0360af2f695828f: No bootstrap required, opened a new log
I20260709 13:10:11.890530 30202 tablet_bootstrap.cc:492] T 063e60f7074f430f9d927f2c06f5f968 P a5c9bca5344946d089280412ee72f6aa: Bootstrap starting.
I20260709 13:10:11.890928 30201 ts_tablet_manager.cc:1403] T 63504da826b34d80805fcd913bf834d2 P 1fbbc8fcc2d240dcb0360af2f695828f: Time spent bootstrapping tablet: real 0.023s	user 0.011s	sys 0.008s
I20260709 13:10:11.893647 30200 raft_consensus.cc:359] T 5271b0d602cf426c932d4c44e2d684a5 P 28a4ddbad53c49509421b7f22a50e942 [term 0 FOLLOWER]: Replica starting. Triggering 0 pending ops. Active config: opid_index: -1 OBSOLETE_local: false peers { permanent_uuid: "a5c9bca5344946d089280412ee72f6aa" member_type: VOTER last_known_addr { host: "127.29.44.65" port: 34171 } } peers { permanent_uuid: "1fbbc8fcc2d240dcb0360af2f695828f" member_type: VOTER last_known_addr { host: "127.29.44.66" port: 42553 } } peers { permanent_uuid: "28a4ddbad53c49509421b7f22a50e942" member_type: VOTER last_known_addr { host: "127.29.44.67" port: 42175 } }
I20260709 13:10:11.894444 30200 raft_consensus.cc:385] T 5271b0d602cf426c932d4c44e2d684a5 P 28a4ddbad53c49509421b7f22a50e942 [term 0 FOLLOWER]: Consensus starting up: Expiring failure detector timer to make a prompt election more likely
I20260709 13:10:11.897432 30201 raft_consensus.cc:359] T 63504da826b34d80805fcd913bf834d2 P 1fbbc8fcc2d240dcb0360af2f695828f [term 0 FOLLOWER]: Replica starting. Triggering 0 pending ops. Active config: opid_index: -1 OBSOLETE_local: false peers { permanent_uuid: "a5c9bca5344946d089280412ee72f6aa" member_type: VOTER last_known_addr { host: "127.29.44.65" port: 34171 } } peers { permanent_uuid: "1fbbc8fcc2d240dcb0360af2f695828f" member_type: VOTER last_known_addr { host: "127.29.44.66" port: 42553 } } peers { permanent_uuid: "28a4ddbad53c49509421b7f22a50e942" member_type: VOTER last_known_addr { host: "127.29.44.67" port: 42175 } }
I20260709 13:10:11.894791 30200 raft_consensus.cc:740] T 5271b0d602cf426c932d4c44e2d684a5 P 28a4ddbad53c49509421b7f22a50e942 [term 0 FOLLOWER]: Becoming Follower/Learner. State: Replica: 28a4ddbad53c49509421b7f22a50e942, State: Initialized, Role: FOLLOWER
I20260709 13:10:11.898154 30201 raft_consensus.cc:385] T 63504da826b34d80805fcd913bf834d2 P 1fbbc8fcc2d240dcb0360af2f695828f [term 0 FOLLOWER]: Consensus starting up: Expiring failure detector timer to make a prompt election more likely
I20260709 13:10:11.898391 30202 tablet_bootstrap.cc:654] T 063e60f7074f430f9d927f2c06f5f968 P a5c9bca5344946d089280412ee72f6aa: Neither blocks nor log segments found. Creating new log.
I20260709 13:10:11.906360 30201 raft_consensus.cc:740] T 63504da826b34d80805fcd913bf834d2 P 1fbbc8fcc2d240dcb0360af2f695828f [term 0 FOLLOWER]: Becoming Follower/Learner. State: Replica: 1fbbc8fcc2d240dcb0360af2f695828f, State: Initialized, Role: FOLLOWER
I20260709 13:10:11.907011 30200 consensus_queue.cc:260] T 5271b0d602cf426c932d4c44e2d684a5 P 28a4ddbad53c49509421b7f22a50e942 [NON_LEADER]: Queue going to NON_LEADER mode. State: All replicated index: 0, Majority replicated index: 0, Committed index: 0, Last appended: 0.0, Last appended by leader: 0, Current term: 0, Majority size: -1, State: 0, Mode: NON_LEADER, active raft config: opid_index: -1 OBSOLETE_local: false peers { permanent_uuid: "a5c9bca5344946d089280412ee72f6aa" member_type: VOTER last_known_addr { host: "127.29.44.65" port: 34171 } } peers { permanent_uuid: "1fbbc8fcc2d240dcb0360af2f695828f" member_type: VOTER last_known_addr { host: "127.29.44.66" port: 42553 } } peers { permanent_uuid: "28a4ddbad53c49509421b7f22a50e942" member_type: VOTER last_known_addr { host: "127.29.44.67" port: 42175 } }
I20260709 13:10:11.908543 30201 consensus_queue.cc:260] T 63504da826b34d80805fcd913bf834d2 P 1fbbc8fcc2d240dcb0360af2f695828f [NON_LEADER]: Queue going to NON_LEADER mode. State: All replicated index: 0, Majority replicated index: 0, Committed index: 0, Last appended: 0.0, Last appended by leader: 0, Current term: 0, Majority size: -1, State: 0, Mode: NON_LEADER, active raft config: opid_index: -1 OBSOLETE_local: false peers { permanent_uuid: "a5c9bca5344946d089280412ee72f6aa" member_type: VOTER last_known_addr { host: "127.29.44.65" port: 34171 } } peers { permanent_uuid: "1fbbc8fcc2d240dcb0360af2f695828f" member_type: VOTER last_known_addr { host: "127.29.44.66" port: 42553 } } peers { permanent_uuid: "28a4ddbad53c49509421b7f22a50e942" member_type: VOTER last_known_addr { host: "127.29.44.67" port: 42175 } }
I20260709 13:10:11.911563 30201 ts_tablet_manager.cc:1434] T 63504da826b34d80805fcd913bf834d2 P 1fbbc8fcc2d240dcb0360af2f695828f: Time spent starting tablet: real 0.020s	user 0.006s	sys 0.000s
I20260709 13:10:11.912402 30202 tablet_bootstrap.cc:492] T 063e60f7074f430f9d927f2c06f5f968 P a5c9bca5344946d089280412ee72f6aa: No bootstrap required, opened a new log
I20260709 13:10:11.912421 30201 tablet_bootstrap.cc:492] T cb65277937e54498b230e511b0bfed6e P 1fbbc8fcc2d240dcb0360af2f695828f: Bootstrap starting.
I20260709 13:10:11.912981 30202 ts_tablet_manager.cc:1403] T 063e60f7074f430f9d927f2c06f5f968 P a5c9bca5344946d089280412ee72f6aa: Time spent bootstrapping tablet: real 0.023s	user 0.009s	sys 0.003s
I20260709 13:10:11.915315 30200 ts_tablet_manager.cc:1434] T 5271b0d602cf426c932d4c44e2d684a5 P 28a4ddbad53c49509421b7f22a50e942: Time spent starting tablet: real 0.025s	user 0.007s	sys 0.000s
I20260709 13:10:11.916239 30200 tablet_bootstrap.cc:492] T 1102185db42647af94d6ee80f5af8013 P 28a4ddbad53c49509421b7f22a50e942: Bootstrap starting.
I20260709 13:10:11.919560 30201 tablet_bootstrap.cc:654] T cb65277937e54498b230e511b0bfed6e P 1fbbc8fcc2d240dcb0360af2f695828f: Neither blocks nor log segments found. Creating new log.
I20260709 13:10:11.922358 30200 tablet_bootstrap.cc:654] T 1102185db42647af94d6ee80f5af8013 P 28a4ddbad53c49509421b7f22a50e942: Neither blocks nor log segments found. Creating new log.
I20260709 13:10:11.926208 30202 raft_consensus.cc:359] T 063e60f7074f430f9d927f2c06f5f968 P a5c9bca5344946d089280412ee72f6aa [term 0 FOLLOWER]: Replica starting. Triggering 0 pending ops. Active config: opid_index: -1 OBSOLETE_local: false peers { permanent_uuid: "a5c9bca5344946d089280412ee72f6aa" member_type: VOTER last_known_addr { host: "127.29.44.65" port: 34171 } } peers { permanent_uuid: "1fbbc8fcc2d240dcb0360af2f695828f" member_type: VOTER last_known_addr { host: "127.29.44.66" port: 42553 } } peers { permanent_uuid: "28a4ddbad53c49509421b7f22a50e942" member_type: VOTER last_known_addr { host: "127.29.44.67" port: 42175 } }
I20260709 13:10:11.926939 30202 raft_consensus.cc:385] T 063e60f7074f430f9d927f2c06f5f968 P a5c9bca5344946d089280412ee72f6aa [term 0 FOLLOWER]: Consensus starting up: Expiring failure detector timer to make a prompt election more likely
I20260709 13:10:11.927220 30202 raft_consensus.cc:740] T 063e60f7074f430f9d927f2c06f5f968 P a5c9bca5344946d089280412ee72f6aa [term 0 FOLLOWER]: Becoming Follower/Learner. State: Replica: a5c9bca5344946d089280412ee72f6aa, State: Initialized, Role: FOLLOWER
I20260709 13:10:11.927886 30202 consensus_queue.cc:260] T 063e60f7074f430f9d927f2c06f5f968 P a5c9bca5344946d089280412ee72f6aa [NON_LEADER]: Queue going to NON_LEADER mode. State: All replicated index: 0, Majority replicated index: 0, Committed index: 0, Last appended: 0.0, Last appended by leader: 0, Current term: 0, Majority size: -1, State: 0, Mode: NON_LEADER, active raft config: opid_index: -1 OBSOLETE_local: false peers { permanent_uuid: "a5c9bca5344946d089280412ee72f6aa" member_type: VOTER last_known_addr { host: "127.29.44.65" port: 34171 } } peers { permanent_uuid: "1fbbc8fcc2d240dcb0360af2f695828f" member_type: VOTER last_known_addr { host: "127.29.44.66" port: 42553 } } peers { permanent_uuid: "28a4ddbad53c49509421b7f22a50e942" member_type: VOTER last_known_addr { host: "127.29.44.67" port: 42175 } }
I20260709 13:10:11.930218 30202 ts_tablet_manager.cc:1434] T 063e60f7074f430f9d927f2c06f5f968 P a5c9bca5344946d089280412ee72f6aa: Time spent starting tablet: real 0.017s	user 0.005s	sys 0.002s
I20260709 13:10:11.931146 30202 tablet_bootstrap.cc:492] T 415a3429aaef4440b687bcc06c481ac3 P a5c9bca5344946d089280412ee72f6aa: Bootstrap starting.
I20260709 13:10:11.937327 30202 tablet_bootstrap.cc:654] T 415a3429aaef4440b687bcc06c481ac3 P a5c9bca5344946d089280412ee72f6aa: Neither blocks nor log segments found. Creating new log.
I20260709 13:10:11.941290 30201 tablet_bootstrap.cc:492] T cb65277937e54498b230e511b0bfed6e P 1fbbc8fcc2d240dcb0360af2f695828f: No bootstrap required, opened a new log
I20260709 13:10:11.941798 30201 ts_tablet_manager.cc:1403] T cb65277937e54498b230e511b0bfed6e P 1fbbc8fcc2d240dcb0360af2f695828f: Time spent bootstrapping tablet: real 0.030s	user 0.014s	sys 0.013s
I20260709 13:10:11.943176 30200 tablet_bootstrap.cc:492] T 1102185db42647af94d6ee80f5af8013 P 28a4ddbad53c49509421b7f22a50e942: No bootstrap required, opened a new log
I20260709 13:10:11.943779 30200 ts_tablet_manager.cc:1403] T 1102185db42647af94d6ee80f5af8013 P 28a4ddbad53c49509421b7f22a50e942: Time spent bootstrapping tablet: real 0.028s	user 0.006s	sys 0.004s
I20260709 13:10:11.944732 30201 raft_consensus.cc:359] T cb65277937e54498b230e511b0bfed6e P 1fbbc8fcc2d240dcb0360af2f695828f [term 0 FOLLOWER]: Replica starting. Triggering 0 pending ops. Active config: opid_index: -1 OBSOLETE_local: false peers { permanent_uuid: "a5c9bca5344946d089280412ee72f6aa" member_type: VOTER last_known_addr { host: "127.29.44.65" port: 34171 } } peers { permanent_uuid: "1fbbc8fcc2d240dcb0360af2f695828f" member_type: VOTER last_known_addr { host: "127.29.44.66" port: 42553 } } peers { permanent_uuid: "28a4ddbad53c49509421b7f22a50e942" member_type: VOTER last_known_addr { host: "127.29.44.67" port: 42175 } }
I20260709 13:10:11.945472 30201 raft_consensus.cc:385] T cb65277937e54498b230e511b0bfed6e P 1fbbc8fcc2d240dcb0360af2f695828f [term 0 FOLLOWER]: Consensus starting up: Expiring failure detector timer to make a prompt election more likely
I20260709 13:10:11.945787 30201 raft_consensus.cc:740] T cb65277937e54498b230e511b0bfed6e P 1fbbc8fcc2d240dcb0360af2f695828f [term 0 FOLLOWER]: Becoming Follower/Learner. State: Replica: 1fbbc8fcc2d240dcb0360af2f695828f, State: Initialized, Role: FOLLOWER
I20260709 13:10:11.946537 30201 consensus_queue.cc:260] T cb65277937e54498b230e511b0bfed6e P 1fbbc8fcc2d240dcb0360af2f695828f [NON_LEADER]: Queue going to NON_LEADER mode. State: All replicated index: 0, Majority replicated index: 0, Committed index: 0, Last appended: 0.0, Last appended by leader: 0, Current term: 0, Majority size: -1, State: 0, Mode: NON_LEADER, active raft config: opid_index: -1 OBSOLETE_local: false peers { permanent_uuid: "a5c9bca5344946d089280412ee72f6aa" member_type: VOTER last_known_addr { host: "127.29.44.65" port: 34171 } } peers { permanent_uuid: "1fbbc8fcc2d240dcb0360af2f695828f" member_type: VOTER last_known_addr { host: "127.29.44.66" port: 42553 } } peers { permanent_uuid: "28a4ddbad53c49509421b7f22a50e942" member_type: VOTER last_known_addr { host: "127.29.44.67" port: 42175 } }
I20260709 13:10:11.947598 30200 raft_consensus.cc:359] T 1102185db42647af94d6ee80f5af8013 P 28a4ddbad53c49509421b7f22a50e942 [term 0 FOLLOWER]: Replica starting. Triggering 0 pending ops. Active config: opid_index: -1 OBSOLETE_local: false peers { permanent_uuid: "a5c9bca5344946d089280412ee72f6aa" member_type: VOTER last_known_addr { host: "127.29.44.65" port: 34171 } } peers { permanent_uuid: "1fbbc8fcc2d240dcb0360af2f695828f" member_type: VOTER last_known_addr { host: "127.29.44.66" port: 42553 } } peers { permanent_uuid: "28a4ddbad53c49509421b7f22a50e942" member_type: VOTER last_known_addr { host: "127.29.44.67" port: 42175 } }
I20260709 13:10:11.948547 30200 raft_consensus.cc:385] T 1102185db42647af94d6ee80f5af8013 P 28a4ddbad53c49509421b7f22a50e942 [term 0 FOLLOWER]: Consensus starting up: Expiring failure detector timer to make a prompt election more likely
I20260709 13:10:11.948920 30200 raft_consensus.cc:740] T 1102185db42647af94d6ee80f5af8013 P 28a4ddbad53c49509421b7f22a50e942 [term 0 FOLLOWER]: Becoming Follower/Learner. State: Replica: 28a4ddbad53c49509421b7f22a50e942, State: Initialized, Role: FOLLOWER
I20260709 13:10:11.950721 30200 consensus_queue.cc:260] T 1102185db42647af94d6ee80f5af8013 P 28a4ddbad53c49509421b7f22a50e942 [NON_LEADER]: Queue going to NON_LEADER mode. State: All replicated index: 0, Majority replicated index: 0, Committed index: 0, Last appended: 0.0, Last appended by leader: 0, Current term: 0, Majority size: -1, State: 0, Mode: NON_LEADER, active raft config: opid_index: -1 OBSOLETE_local: false peers { permanent_uuid: "a5c9bca5344946d089280412ee72f6aa" member_type: VOTER last_known_addr { host: "127.29.44.65" port: 34171 } } peers { permanent_uuid: "1fbbc8fcc2d240dcb0360af2f695828f" member_type: VOTER last_known_addr { host: "127.29.44.66" port: 42553 } } peers { permanent_uuid: "28a4ddbad53c49509421b7f22a50e942" member_type: VOTER last_known_addr { host: "127.29.44.67" port: 42175 } }
I20260709 13:10:11.952994 30200 ts_tablet_manager.cc:1434] T 1102185db42647af94d6ee80f5af8013 P 28a4ddbad53c49509421b7f22a50e942: Time spent starting tablet: real 0.009s	user 0.003s	sys 0.006s
I20260709 13:10:11.953907 30200 tablet_bootstrap.cc:492] T 0789fabfcf374ed48b244130ab532b2d P 28a4ddbad53c49509421b7f22a50e942: Bootstrap starting.
I20260709 13:10:11.955356 30201 ts_tablet_manager.cc:1434] T cb65277937e54498b230e511b0bfed6e P 1fbbc8fcc2d240dcb0360af2f695828f: Time spent starting tablet: real 0.013s	user 0.006s	sys 0.000s
I20260709 13:10:11.956851 30202 tablet_bootstrap.cc:492] T 415a3429aaef4440b687bcc06c481ac3 P a5c9bca5344946d089280412ee72f6aa: No bootstrap required, opened a new log
I20260709 13:10:11.957371 30202 ts_tablet_manager.cc:1403] T 415a3429aaef4440b687bcc06c481ac3 P a5c9bca5344946d089280412ee72f6aa: Time spent bootstrapping tablet: real 0.026s	user 0.008s	sys 0.013s
I20260709 13:10:11.960330 30200 tablet_bootstrap.cc:654] T 0789fabfcf374ed48b244130ab532b2d P 28a4ddbad53c49509421b7f22a50e942: Neither blocks nor log segments found. Creating new log.
I20260709 13:10:11.960399 30202 raft_consensus.cc:359] T 415a3429aaef4440b687bcc06c481ac3 P a5c9bca5344946d089280412ee72f6aa [term 0 FOLLOWER]: Replica starting. Triggering 0 pending ops. Active config: opid_index: -1 OBSOLETE_local: false peers { permanent_uuid: "a5c9bca5344946d089280412ee72f6aa" member_type: VOTER last_known_addr { host: "127.29.44.65" port: 34171 } } peers { permanent_uuid: "28a4ddbad53c49509421b7f22a50e942" member_type: VOTER last_known_addr { host: "127.29.44.67" port: 42175 } } peers { permanent_uuid: "1fbbc8fcc2d240dcb0360af2f695828f" member_type: VOTER last_known_addr { host: "127.29.44.66" port: 42553 } }
I20260709 13:10:11.961313 30202 raft_consensus.cc:385] T 415a3429aaef4440b687bcc06c481ac3 P a5c9bca5344946d089280412ee72f6aa [term 0 FOLLOWER]: Consensus starting up: Expiring failure detector timer to make a prompt election more likely
I20260709 13:10:11.961655 30202 raft_consensus.cc:740] T 415a3429aaef4440b687bcc06c481ac3 P a5c9bca5344946d089280412ee72f6aa [term 0 FOLLOWER]: Becoming Follower/Learner. State: Replica: a5c9bca5344946d089280412ee72f6aa, State: Initialized, Role: FOLLOWER
I20260709 13:10:11.962598 30202 consensus_queue.cc:260] T 415a3429aaef4440b687bcc06c481ac3 P a5c9bca5344946d089280412ee72f6aa [NON_LEADER]: Queue going to NON_LEADER mode. State: All replicated index: 0, Majority replicated index: 0, Committed index: 0, Last appended: 0.0, Last appended by leader: 0, Current term: 0, Majority size: -1, State: 0, Mode: NON_LEADER, active raft config: opid_index: -1 OBSOLETE_local: false peers { permanent_uuid: "a5c9bca5344946d089280412ee72f6aa" member_type: VOTER last_known_addr { host: "127.29.44.65" port: 34171 } } peers { permanent_uuid: "28a4ddbad53c49509421b7f22a50e942" member_type: VOTER last_known_addr { host: "127.29.44.67" port: 42175 } } peers { permanent_uuid: "1fbbc8fcc2d240dcb0360af2f695828f" member_type: VOTER last_known_addr { host: "127.29.44.66" port: 42553 } }
I20260709 13:10:11.966040 30212 raft_consensus.cc:493] T 1102185db42647af94d6ee80f5af8013 P a5c9bca5344946d089280412ee72f6aa [term 0 FOLLOWER]: Starting pre-election (no leader contacted us within the election timeout)
I20260709 13:10:11.966565 30212 raft_consensus.cc:515] T 1102185db42647af94d6ee80f5af8013 P a5c9bca5344946d089280412ee72f6aa [term 0 FOLLOWER]: Starting pre-election with config: opid_index: -1 OBSOLETE_local: false peers { permanent_uuid: "a5c9bca5344946d089280412ee72f6aa" member_type: VOTER last_known_addr { host: "127.29.44.65" port: 34171 } } peers { permanent_uuid: "1fbbc8fcc2d240dcb0360af2f695828f" member_type: VOTER last_known_addr { host: "127.29.44.66" port: 42553 } } peers { permanent_uuid: "28a4ddbad53c49509421b7f22a50e942" member_type: VOTER last_known_addr { host: "127.29.44.67" port: 42175 } }
I20260709 13:10:11.967206 30202 ts_tablet_manager.cc:1434] T 415a3429aaef4440b687bcc06c481ac3 P a5c9bca5344946d089280412ee72f6aa: Time spent starting tablet: real 0.009s	user 0.006s	sys 0.001s
I20260709 13:10:11.969404 30212 leader_election.cc:290] T 1102185db42647af94d6ee80f5af8013 P a5c9bca5344946d089280412ee72f6aa [CANDIDATE]: Term 1 pre-election: Requested pre-vote from peers 1fbbc8fcc2d240dcb0360af2f695828f (127.29.44.66:42553), 28a4ddbad53c49509421b7f22a50e942 (127.29.44.67:42175)
I20260709 13:10:11.972633 30201 tablet_bootstrap.cc:492] T 5271b0d602cf426c932d4c44e2d684a5 P 1fbbc8fcc2d240dcb0360af2f695828f: Bootstrap starting.
I20260709 13:10:11.981079 30201 tablet_bootstrap.cc:654] T 5271b0d602cf426c932d4c44e2d684a5 P 1fbbc8fcc2d240dcb0360af2f695828f: Neither blocks nor log segments found. Creating new log.
I20260709 13:10:11.985627 30200 tablet_bootstrap.cc:492] T 0789fabfcf374ed48b244130ab532b2d P 28a4ddbad53c49509421b7f22a50e942: No bootstrap required, opened a new log
I20260709 13:10:11.986110 30200 ts_tablet_manager.cc:1403] T 0789fabfcf374ed48b244130ab532b2d P 28a4ddbad53c49509421b7f22a50e942: Time spent bootstrapping tablet: real 0.032s	user 0.013s	sys 0.003s
I20260709 13:10:11.968227 30202 tablet_bootstrap.cc:492] T cb65277937e54498b230e511b0bfed6e P a5c9bca5344946d089280412ee72f6aa: Bootstrap starting.
I20260709 13:10:11.989387 30200 raft_consensus.cc:359] T 0789fabfcf374ed48b244130ab532b2d P 28a4ddbad53c49509421b7f22a50e942 [term 0 FOLLOWER]: Replica starting. Triggering 0 pending ops. Active config: opid_index: -1 OBSOLETE_local: false peers { permanent_uuid: "a5c9bca5344946d089280412ee72f6aa" member_type: VOTER last_known_addr { host: "127.29.44.65" port: 34171 } } peers { permanent_uuid: "1fbbc8fcc2d240dcb0360af2f695828f" member_type: VOTER last_known_addr { host: "127.29.44.66" port: 42553 } } peers { permanent_uuid: "28a4ddbad53c49509421b7f22a50e942" member_type: VOTER last_known_addr { host: "127.29.44.67" port: 42175 } }
I20260709 13:10:11.990168 30200 raft_consensus.cc:385] T 0789fabfcf374ed48b244130ab532b2d P 28a4ddbad53c49509421b7f22a50e942 [term 0 FOLLOWER]: Consensus starting up: Expiring failure detector timer to make a prompt election more likely
I20260709 13:10:11.990499 30200 raft_consensus.cc:740] T 0789fabfcf374ed48b244130ab532b2d P 28a4ddbad53c49509421b7f22a50e942 [term 0 FOLLOWER]: Becoming Follower/Learner. State: Replica: 28a4ddbad53c49509421b7f22a50e942, State: Initialized, Role: FOLLOWER
I20260709 13:10:11.991254 30200 consensus_queue.cc:260] T 0789fabfcf374ed48b244130ab532b2d P 28a4ddbad53c49509421b7f22a50e942 [NON_LEADER]: Queue going to NON_LEADER mode. State: All replicated index: 0, Majority replicated index: 0, Committed index: 0, Last appended: 0.0, Last appended by leader: 0, Current term: 0, Majority size: -1, State: 0, Mode: NON_LEADER, active raft config: opid_index: -1 OBSOLETE_local: false peers { permanent_uuid: "a5c9bca5344946d089280412ee72f6aa" member_type: VOTER last_known_addr { host: "127.29.44.65" port: 34171 } } peers { permanent_uuid: "1fbbc8fcc2d240dcb0360af2f695828f" member_type: VOTER last_known_addr { host: "127.29.44.66" port: 42553 } } peers { permanent_uuid: "28a4ddbad53c49509421b7f22a50e942" member_type: VOTER last_known_addr { host: "127.29.44.67" port: 42175 } }
I20260709 13:10:11.997555 30202 tablet_bootstrap.cc:654] T cb65277937e54498b230e511b0bfed6e P a5c9bca5344946d089280412ee72f6aa: Neither blocks nor log segments found. Creating new log.
I20260709 13:10:11.999068 30083 tablet_service.cc:1917] Received RequestConsensusVote() RPC: tablet_id: "1102185db42647af94d6ee80f5af8013" candidate_uuid: "a5c9bca5344946d089280412ee72f6aa" candidate_term: 1 candidate_status { last_received { term: 0 index: 0 } } ignore_live_leader: false dest_uuid: "1fbbc8fcc2d240dcb0360af2f695828f" is_pre_election: true
I20260709 13:10:11.999727 30200 ts_tablet_manager.cc:1434] T 0789fabfcf374ed48b244130ab532b2d P 28a4ddbad53c49509421b7f22a50e942: Time spent starting tablet: real 0.013s	user 0.006s	sys 0.000s
I20260709 13:10:12.000686 30200 tablet_bootstrap.cc:492] T 63504da826b34d80805fcd913bf834d2 P 28a4ddbad53c49509421b7f22a50e942: Bootstrap starting.
I20260709 13:10:12.001225 30212 raft_consensus.cc:493] T 063e60f7074f430f9d927f2c06f5f968 P a5c9bca5344946d089280412ee72f6aa [term 0 FOLLOWER]: Starting pre-election (no leader contacted us within the election timeout)
I20260709 13:10:12.001674 30212 raft_consensus.cc:515] T 063e60f7074f430f9d927f2c06f5f968 P a5c9bca5344946d089280412ee72f6aa [term 0 FOLLOWER]: Starting pre-election with config: opid_index: -1 OBSOLETE_local: false peers { permanent_uuid: "a5c9bca5344946d089280412ee72f6aa" member_type: VOTER last_known_addr { host: "127.29.44.65" port: 34171 } } peers { permanent_uuid: "1fbbc8fcc2d240dcb0360af2f695828f" member_type: VOTER last_known_addr { host: "127.29.44.66" port: 42553 } } peers { permanent_uuid: "28a4ddbad53c49509421b7f22a50e942" member_type: VOTER last_known_addr { host: "127.29.44.67" port: 42175 } }
I20260709 13:10:12.004186 30212 leader_election.cc:290] T 063e60f7074f430f9d927f2c06f5f968 P a5c9bca5344946d089280412ee72f6aa [CANDIDATE]: Term 1 pre-election: Requested pre-vote from peers 1fbbc8fcc2d240dcb0360af2f695828f (127.29.44.66:42553), 28a4ddbad53c49509421b7f22a50e942 (127.29.44.67:42175)
W20260709 13:10:12.005751 29974 leader_election.cc:343] T 1102185db42647af94d6ee80f5af8013 P a5c9bca5344946d089280412ee72f6aa [CANDIDATE]: Term 1 pre-election: Tablet error from VoteRequest() call to peer 1fbbc8fcc2d240dcb0360af2f695828f (127.29.44.66:42553): Illegal state: must be running to vote when last-logged opid is not known
I20260709 13:10:12.006176 30083 tablet_service.cc:1917] Received RequestConsensusVote() RPC: tablet_id: "063e60f7074f430f9d927f2c06f5f968" candidate_uuid: "a5c9bca5344946d089280412ee72f6aa" candidate_term: 1 candidate_status { last_received { term: 0 index: 0 } } ignore_live_leader: false dest_uuid: "1fbbc8fcc2d240dcb0360af2f695828f" is_pre_election: true
W20260709 13:10:12.008109 29974 leader_election.cc:343] T 063e60f7074f430f9d927f2c06f5f968 P a5c9bca5344946d089280412ee72f6aa [CANDIDATE]: Term 1 pre-election: Tablet error from VoteRequest() call to peer 1fbbc8fcc2d240dcb0360af2f695828f (127.29.44.66:42553): Illegal state: must be running to vote when last-logged opid is not known
I20260709 13:10:12.012413 30200 tablet_bootstrap.cc:654] T 63504da826b34d80805fcd913bf834d2 P 28a4ddbad53c49509421b7f22a50e942: Neither blocks nor log segments found. Creating new log.
I20260709 13:10:12.020790 30202 tablet_bootstrap.cc:492] T cb65277937e54498b230e511b0bfed6e P a5c9bca5344946d089280412ee72f6aa: No bootstrap required, opened a new log
I20260709 13:10:12.021569 30202 ts_tablet_manager.cc:1403] T cb65277937e54498b230e511b0bfed6e P a5c9bca5344946d089280412ee72f6aa: Time spent bootstrapping tablet: real 0.054s	user 0.014s	sys 0.008s
I20260709 13:10:12.022320 30157 tablet_service.cc:1917] Received RequestConsensusVote() RPC: tablet_id: "1102185db42647af94d6ee80f5af8013" candidate_uuid: "a5c9bca5344946d089280412ee72f6aa" candidate_term: 1 candidate_status { last_received { term: 0 index: 0 } } ignore_live_leader: false dest_uuid: "28a4ddbad53c49509421b7f22a50e942" is_pre_election: true
I20260709 13:10:12.023219 30157 raft_consensus.cc:2468] T 1102185db42647af94d6ee80f5af8013 P 28a4ddbad53c49509421b7f22a50e942 [term 0 FOLLOWER]: Leader pre-election vote request: Granting yes vote for candidate a5c9bca5344946d089280412ee72f6aa in term 0.
I20260709 13:10:12.024293 30200 tablet_bootstrap.cc:492] T 63504da826b34d80805fcd913bf834d2 P 28a4ddbad53c49509421b7f22a50e942: No bootstrap required, opened a new log
I20260709 13:10:12.024521 30156 tablet_service.cc:1917] Received RequestConsensusVote() RPC: tablet_id: "063e60f7074f430f9d927f2c06f5f968" candidate_uuid: "a5c9bca5344946d089280412ee72f6aa" candidate_term: 1 candidate_status { last_received { term: 0 index: 0 } } ignore_live_leader: false dest_uuid: "28a4ddbad53c49509421b7f22a50e942" is_pre_election: true
I20260709 13:10:12.024791 30200 ts_tablet_manager.cc:1403] T 63504da826b34d80805fcd913bf834d2 P 28a4ddbad53c49509421b7f22a50e942: Time spent bootstrapping tablet: real 0.024s	user 0.006s	sys 0.009s
I20260709 13:10:12.025678 30202 raft_consensus.cc:359] T cb65277937e54498b230e511b0bfed6e P a5c9bca5344946d089280412ee72f6aa [term 0 FOLLOWER]: Replica starting. Triggering 0 pending ops. Active config: opid_index: -1 OBSOLETE_local: false peers { permanent_uuid: "a5c9bca5344946d089280412ee72f6aa" member_type: VOTER last_known_addr { host: "127.29.44.65" port: 34171 } } peers { permanent_uuid: "1fbbc8fcc2d240dcb0360af2f695828f" member_type: VOTER last_known_addr { host: "127.29.44.66" port: 42553 } } peers { permanent_uuid: "28a4ddbad53c49509421b7f22a50e942" member_type: VOTER last_known_addr { host: "127.29.44.67" port: 42175 } }
I20260709 13:10:12.026551 29973 leader_election.cc:304] T 1102185db42647af94d6ee80f5af8013 P a5c9bca5344946d089280412ee72f6aa [CANDIDATE]: Term 1 pre-election: Election decided. Result: candidate won. Election summary: received 3 responses out of 3 voters: 2 yes votes; 1 no votes. yes voters: 28a4ddbad53c49509421b7f22a50e942, a5c9bca5344946d089280412ee72f6aa; no voters: 1fbbc8fcc2d240dcb0360af2f695828f
I20260709 13:10:12.026752 30202 raft_consensus.cc:385] T cb65277937e54498b230e511b0bfed6e P a5c9bca5344946d089280412ee72f6aa [term 0 FOLLOWER]: Consensus starting up: Expiring failure detector timer to make a prompt election more likely
I20260709 13:10:12.027320 30202 raft_consensus.cc:740] T cb65277937e54498b230e511b0bfed6e P a5c9bca5344946d089280412ee72f6aa [term 0 FOLLOWER]: Becoming Follower/Learner. State: Replica: a5c9bca5344946d089280412ee72f6aa, State: Initialized, Role: FOLLOWER
I20260709 13:10:12.027448 30212 raft_consensus.cc:2804] T 1102185db42647af94d6ee80f5af8013 P a5c9bca5344946d089280412ee72f6aa [term 0 FOLLOWER]: Leader pre-election won for term 1
I20260709 13:10:12.027894 30212 raft_consensus.cc:493] T 1102185db42647af94d6ee80f5af8013 P a5c9bca5344946d089280412ee72f6aa [term 0 FOLLOWER]: Starting leader election (no leader contacted us within the election timeout)
W20260709 13:10:12.027895 29973 leader_election.cc:343] T 063e60f7074f430f9d927f2c06f5f968 P a5c9bca5344946d089280412ee72f6aa [CANDIDATE]: Term 1 pre-election: Tablet error from VoteRequest() call to peer 28a4ddbad53c49509421b7f22a50e942 (127.29.44.67:42175): Illegal state: must be running to vote when last-logged opid is not known
I20260709 13:10:12.028311 30212 raft_consensus.cc:3060] T 1102185db42647af94d6ee80f5af8013 P a5c9bca5344946d089280412ee72f6aa [term 0 FOLLOWER]: Advancing to term 1
I20260709 13:10:12.028436 29973 leader_election.cc:304] T 063e60f7074f430f9d927f2c06f5f968 P a5c9bca5344946d089280412ee72f6aa [CANDIDATE]: Term 1 pre-election: Election decided. Result: candidate lost. Election summary: received 3 responses out of 3 voters: 1 yes votes; 2 no votes. yes voters: a5c9bca5344946d089280412ee72f6aa; no voters: 1fbbc8fcc2d240dcb0360af2f695828f, 28a4ddbad53c49509421b7f22a50e942
I20260709 13:10:12.029498 30208 raft_consensus.cc:2749] T 063e60f7074f430f9d927f2c06f5f968 P a5c9bca5344946d089280412ee72f6aa [term 0 FOLLOWER]: Leader pre-election lost for term 1. Reason: could not achieve majority
I20260709 13:10:12.028465 30202 consensus_queue.cc:260] T cb65277937e54498b230e511b0bfed6e P a5c9bca5344946d089280412ee72f6aa [NON_LEADER]: Queue going to NON_LEADER mode. State: All replicated index: 0, Majority replicated index: 0, Committed index: 0, Last appended: 0.0, Last appended by leader: 0, Current term: 0, Majority size: -1, State: 0, Mode: NON_LEADER, active raft config: opid_index: -1 OBSOLETE_local: false peers { permanent_uuid: "a5c9bca5344946d089280412ee72f6aa" member_type: VOTER last_known_addr { host: "127.29.44.65" port: 34171 } } peers { permanent_uuid: "1fbbc8fcc2d240dcb0360af2f695828f" member_type: VOTER last_known_addr { host: "127.29.44.66" port: 42553 } } peers { permanent_uuid: "28a4ddbad53c49509421b7f22a50e942" member_type: VOTER last_known_addr { host: "127.29.44.67" port: 42175 } }
I20260709 13:10:12.032493 30201 tablet_bootstrap.cc:492] T 5271b0d602cf426c932d4c44e2d684a5 P 1fbbc8fcc2d240dcb0360af2f695828f: No bootstrap required, opened a new log
I20260709 13:10:12.032994 30201 ts_tablet_manager.cc:1403] T 5271b0d602cf426c932d4c44e2d684a5 P 1fbbc8fcc2d240dcb0360af2f695828f: Time spent bootstrapping tablet: real 0.061s	user 0.012s	sys 0.044s
I20260709 13:10:12.035346 30206 raft_consensus.cc:493] T 5271b0d602cf426c932d4c44e2d684a5 P 28a4ddbad53c49509421b7f22a50e942 [term 0 FOLLOWER]: Starting pre-election (no leader contacted us within the election timeout)
I20260709 13:10:12.035843 30206 raft_consensus.cc:515] T 5271b0d602cf426c932d4c44e2d684a5 P 28a4ddbad53c49509421b7f22a50e942 [term 0 FOLLOWER]: Starting pre-election with config: opid_index: -1 OBSOLETE_local: false peers { permanent_uuid: "a5c9bca5344946d089280412ee72f6aa" member_type: VOTER last_known_addr { host: "127.29.44.65" port: 34171 } } peers { permanent_uuid: "1fbbc8fcc2d240dcb0360af2f695828f" member_type: VOTER last_known_addr { host: "127.29.44.66" port: 42553 } } peers { permanent_uuid: "28a4ddbad53c49509421b7f22a50e942" member_type: VOTER last_known_addr { host: "127.29.44.67" port: 42175 } }
I20260709 13:10:12.036159 30201 raft_consensus.cc:359] T 5271b0d602cf426c932d4c44e2d684a5 P 1fbbc8fcc2d240dcb0360af2f695828f [term 0 FOLLOWER]: Replica starting. Triggering 0 pending ops. Active config: opid_index: -1 OBSOLETE_local: false peers { permanent_uuid: "a5c9bca5344946d089280412ee72f6aa" member_type: VOTER last_known_addr { host: "127.29.44.65" port: 34171 } } peers { permanent_uuid: "1fbbc8fcc2d240dcb0360af2f695828f" member_type: VOTER last_known_addr { host: "127.29.44.66" port: 42553 } } peers { permanent_uuid: "28a4ddbad53c49509421b7f22a50e942" member_type: VOTER last_known_addr { host: "127.29.44.67" port: 42175 } }
I20260709 13:10:12.037025 30201 raft_consensus.cc:385] T 5271b0d602cf426c932d4c44e2d684a5 P 1fbbc8fcc2d240dcb0360af2f695828f [term 0 FOLLOWER]: Consensus starting up: Expiring failure detector timer to make a prompt election more likely
I20260709 13:10:12.037389 30201 raft_consensus.cc:740] T 5271b0d602cf426c932d4c44e2d684a5 P 1fbbc8fcc2d240dcb0360af2f695828f [term 0 FOLLOWER]: Becoming Follower/Learner. State: Replica: 1fbbc8fcc2d240dcb0360af2f695828f, State: Initialized, Role: FOLLOWER
I20260709 13:10:12.038744 30206 leader_election.cc:290] T 5271b0d602cf426c932d4c44e2d684a5 P 28a4ddbad53c49509421b7f22a50e942 [CANDIDATE]: Term 1 pre-election: Requested pre-vote from peers a5c9bca5344946d089280412ee72f6aa (127.29.44.65:34171), 1fbbc8fcc2d240dcb0360af2f695828f (127.29.44.66:42553)
I20260709 13:10:12.039067 30202 ts_tablet_manager.cc:1434] T cb65277937e54498b230e511b0bfed6e P a5c9bca5344946d089280412ee72f6aa: Time spent starting tablet: real 0.017s	user 0.004s	sys 0.003s
I20260709 13:10:12.039630 30212 raft_consensus.cc:515] T 1102185db42647af94d6ee80f5af8013 P a5c9bca5344946d089280412ee72f6aa [term 1 FOLLOWER]: Starting leader election with config: opid_index: -1 OBSOLETE_local: false peers { permanent_uuid: "a5c9bca5344946d089280412ee72f6aa" member_type: VOTER last_known_addr { host: "127.29.44.65" port: 34171 } } peers { permanent_uuid: "1fbbc8fcc2d240dcb0360af2f695828f" member_type: VOTER last_known_addr { host: "127.29.44.66" port: 42553 } } peers { permanent_uuid: "28a4ddbad53c49509421b7f22a50e942" member_type: VOTER last_known_addr { host: "127.29.44.67" port: 42175 } }
I20260709 13:10:12.038316 30201 consensus_queue.cc:260] T 5271b0d602cf426c932d4c44e2d684a5 P 1fbbc8fcc2d240dcb0360af2f695828f [NON_LEADER]: Queue going to NON_LEADER mode. State: All replicated index: 0, Majority replicated index: 0, Committed index: 0, Last appended: 0.0, Last appended by leader: 0, Current term: 0, Majority size: -1, State: 0, Mode: NON_LEADER, active raft config: opid_index: -1 OBSOLETE_local: false peers { permanent_uuid: "a5c9bca5344946d089280412ee72f6aa" member_type: VOTER last_known_addr { host: "127.29.44.65" port: 34171 } } peers { permanent_uuid: "1fbbc8fcc2d240dcb0360af2f695828f" member_type: VOTER last_known_addr { host: "127.29.44.66" port: 42553 } } peers { permanent_uuid: "28a4ddbad53c49509421b7f22a50e942" member_type: VOTER last_known_addr { host: "127.29.44.67" port: 42175 } }
I20260709 13:10:12.042009 30212 leader_election.cc:290] T 1102185db42647af94d6ee80f5af8013 P a5c9bca5344946d089280412ee72f6aa [CANDIDATE]: Term 1 election: Requested vote from peers 1fbbc8fcc2d240dcb0360af2f695828f (127.29.44.66:42553), 28a4ddbad53c49509421b7f22a50e942 (127.29.44.67:42175)
I20260709 13:10:12.043193 30200 raft_consensus.cc:359] T 63504da826b34d80805fcd913bf834d2 P 28a4ddbad53c49509421b7f22a50e942 [term 0 FOLLOWER]: Replica starting. Triggering 0 pending ops. Active config: opid_index: -1 OBSOLETE_local: false peers { permanent_uuid: "a5c9bca5344946d089280412ee72f6aa" member_type: VOTER last_known_addr { host: "127.29.44.65" port: 34171 } } peers { permanent_uuid: "1fbbc8fcc2d240dcb0360af2f695828f" member_type: VOTER last_known_addr { host: "127.29.44.66" port: 42553 } } peers { permanent_uuid: "28a4ddbad53c49509421b7f22a50e942" member_type: VOTER last_known_addr { host: "127.29.44.67" port: 42175 } }
I20260709 13:10:12.044107 30083 tablet_service.cc:1917] Received RequestConsensusVote() RPC: tablet_id: "1102185db42647af94d6ee80f5af8013" candidate_uuid: "a5c9bca5344946d089280412ee72f6aa" candidate_term: 1 candidate_status { last_received { term: 0 index: 0 } } ignore_live_leader: false dest_uuid: "1fbbc8fcc2d240dcb0360af2f695828f"
W20260709 13:10:12.045521 29974 leader_election.cc:343] T 1102185db42647af94d6ee80f5af8013 P a5c9bca5344946d089280412ee72f6aa [CANDIDATE]: Term 1 election: Tablet error from VoteRequest() call to peer 1fbbc8fcc2d240dcb0360af2f695828f (127.29.44.66:42553): Illegal state: must be running to vote when last-logged opid is not known
I20260709 13:10:12.048343 30201 ts_tablet_manager.cc:1434] T 5271b0d602cf426c932d4c44e2d684a5 P 1fbbc8fcc2d240dcb0360af2f695828f: Time spent starting tablet: real 0.015s	user 0.006s	sys 0.000s
I20260709 13:10:12.049568 30202 tablet_bootstrap.cc:492] T 0789fabfcf374ed48b244130ab532b2d P a5c9bca5344946d089280412ee72f6aa: Bootstrap starting.
I20260709 13:10:12.044169 30200 raft_consensus.cc:385] T 63504da826b34d80805fcd913bf834d2 P 28a4ddbad53c49509421b7f22a50e942 [term 0 FOLLOWER]: Consensus starting up: Expiring failure detector timer to make a prompt election more likely
I20260709 13:10:12.052564 30201 tablet_bootstrap.cc:492] T 415a3429aaef4440b687bcc06c481ac3 P 1fbbc8fcc2d240dcb0360af2f695828f: Bootstrap starting.
I20260709 13:10:12.052881 30200 raft_consensus.cc:740] T 63504da826b34d80805fcd913bf834d2 P 28a4ddbad53c49509421b7f22a50e942 [term 0 FOLLOWER]: Becoming Follower/Learner. State: Replica: 28a4ddbad53c49509421b7f22a50e942, State: Initialized, Role: FOLLOWER
I20260709 13:10:12.053911 30200 consensus_queue.cc:260] T 63504da826b34d80805fcd913bf834d2 P 28a4ddbad53c49509421b7f22a50e942 [NON_LEADER]: Queue going to NON_LEADER mode. State: All replicated index: 0, Majority replicated index: 0, Committed index: 0, Last appended: 0.0, Last appended by leader: 0, Current term: 0, Majority size: -1, State: 0, Mode: NON_LEADER, active raft config: opid_index: -1 OBSOLETE_local: false peers { permanent_uuid: "a5c9bca5344946d089280412ee72f6aa" member_type: VOTER last_known_addr { host: "127.29.44.65" port: 34171 } } peers { permanent_uuid: "1fbbc8fcc2d240dcb0360af2f695828f" member_type: VOTER last_known_addr { host: "127.29.44.66" port: 42553 } } peers { permanent_uuid: "28a4ddbad53c49509421b7f22a50e942" member_type: VOTER last_known_addr { host: "127.29.44.67" port: 42175 } }
I20260709 13:10:12.056699 30200 ts_tablet_manager.cc:1434] T 63504da826b34d80805fcd913bf834d2 P 28a4ddbad53c49509421b7f22a50e942: Time spent starting tablet: real 0.032s	user 0.007s	sys 0.000s
I20260709 13:10:12.057847 30200 tablet_bootstrap.cc:492] T cb65277937e54498b230e511b0bfed6e P 28a4ddbad53c49509421b7f22a50e942: Bootstrap starting.
I20260709 13:10:12.059985 30202 tablet_bootstrap.cc:654] T 0789fabfcf374ed48b244130ab532b2d P a5c9bca5344946d089280412ee72f6aa: Neither blocks nor log segments found. Creating new log.
I20260709 13:10:12.059985 30201 tablet_bootstrap.cc:654] T 415a3429aaef4440b687bcc06c481ac3 P 1fbbc8fcc2d240dcb0360af2f695828f: Neither blocks nor log segments found. Creating new log.
I20260709 13:10:12.074939 30201 tablet_bootstrap.cc:492] T 415a3429aaef4440b687bcc06c481ac3 P 1fbbc8fcc2d240dcb0360af2f695828f: No bootstrap required, opened a new log
I20260709 13:10:12.075525 30201 ts_tablet_manager.cc:1403] T 415a3429aaef4440b687bcc06c481ac3 P 1fbbc8fcc2d240dcb0360af2f695828f: Time spent bootstrapping tablet: real 0.023s	user 0.009s	sys 0.010s
I20260709 13:10:12.077353 30200 tablet_bootstrap.cc:654] T cb65277937e54498b230e511b0bfed6e P 28a4ddbad53c49509421b7f22a50e942: Neither blocks nor log segments found. Creating new log.
I20260709 13:10:12.079571 30156 tablet_service.cc:1917] Received RequestConsensusVote() RPC: tablet_id: "1102185db42647af94d6ee80f5af8013" candidate_uuid: "a5c9bca5344946d089280412ee72f6aa" candidate_term: 1 candidate_status { last_received { term: 0 index: 0 } } ignore_live_leader: false dest_uuid: "28a4ddbad53c49509421b7f22a50e942"
I20260709 13:10:12.079248 30201 raft_consensus.cc:359] T 415a3429aaef4440b687bcc06c481ac3 P 1fbbc8fcc2d240dcb0360af2f695828f [term 0 FOLLOWER]: Replica starting. Triggering 0 pending ops. Active config: opid_index: -1 OBSOLETE_local: false peers { permanent_uuid: "a5c9bca5344946d089280412ee72f6aa" member_type: VOTER last_known_addr { host: "127.29.44.65" port: 34171 } } peers { permanent_uuid: "28a4ddbad53c49509421b7f22a50e942" member_type: VOTER last_known_addr { host: "127.29.44.67" port: 42175 } } peers { permanent_uuid: "1fbbc8fcc2d240dcb0360af2f695828f" member_type: VOTER last_known_addr { host: "127.29.44.66" port: 42553 } }
I20260709 13:10:12.080202 30156 raft_consensus.cc:3060] T 1102185db42647af94d6ee80f5af8013 P 28a4ddbad53c49509421b7f22a50e942 [term 0 FOLLOWER]: Advancing to term 1
I20260709 13:10:12.080482 30201 raft_consensus.cc:385] T 415a3429aaef4440b687bcc06c481ac3 P 1fbbc8fcc2d240dcb0360af2f695828f [term 0 FOLLOWER]: Consensus starting up: Expiring failure detector timer to make a prompt election more likely
I20260709 13:10:12.080999 30201 raft_consensus.cc:740] T 415a3429aaef4440b687bcc06c481ac3 P 1fbbc8fcc2d240dcb0360af2f695828f [term 0 FOLLOWER]: Becoming Follower/Learner. State: Replica: 1fbbc8fcc2d240dcb0360af2f695828f, State: Initialized, Role: FOLLOWER
I20260709 13:10:12.081869 30201 consensus_queue.cc:260] T 415a3429aaef4440b687bcc06c481ac3 P 1fbbc8fcc2d240dcb0360af2f695828f [NON_LEADER]: Queue going to NON_LEADER mode. State: All replicated index: 0, Majority replicated index: 0, Committed index: 0, Last appended: 0.0, Last appended by leader: 0, Current term: 0, Majority size: -1, State: 0, Mode: NON_LEADER, active raft config: opid_index: -1 OBSOLETE_local: false peers { permanent_uuid: "a5c9bca5344946d089280412ee72f6aa" member_type: VOTER last_known_addr { host: "127.29.44.65" port: 34171 } } peers { permanent_uuid: "28a4ddbad53c49509421b7f22a50e942" member_type: VOTER last_known_addr { host: "127.29.44.67" port: 42175 } } peers { permanent_uuid: "1fbbc8fcc2d240dcb0360af2f695828f" member_type: VOTER last_known_addr { host: "127.29.44.66" port: 42553 } }
I20260709 13:10:12.084390 30201 ts_tablet_manager.cc:1434] T 415a3429aaef4440b687bcc06c481ac3 P 1fbbc8fcc2d240dcb0360af2f695828f: Time spent starting tablet: real 0.008s	user 0.006s	sys 0.000s
I20260709 13:10:12.085392 30201 tablet_bootstrap.cc:492] T 1102185db42647af94d6ee80f5af8013 P 1fbbc8fcc2d240dcb0360af2f695828f: Bootstrap starting.
I20260709 13:10:12.087340 30156 raft_consensus.cc:2468] T 1102185db42647af94d6ee80f5af8013 P 28a4ddbad53c49509421b7f22a50e942 [term 1 FOLLOWER]: Leader election vote request: Granting yes vote for candidate a5c9bca5344946d089280412ee72f6aa in term 1.
I20260709 13:10:12.092535 30202 tablet_bootstrap.cc:492] T 0789fabfcf374ed48b244130ab532b2d P a5c9bca5344946d089280412ee72f6aa: No bootstrap required, opened a new log
I20260709 13:10:12.094599 30202 ts_tablet_manager.cc:1403] T 0789fabfcf374ed48b244130ab532b2d P a5c9bca5344946d089280412ee72f6aa: Time spent bootstrapping tablet: real 0.045s	user 0.011s	sys 0.008s
I20260709 13:10:12.093242 30201 tablet_bootstrap.cc:654] T 1102185db42647af94d6ee80f5af8013 P 1fbbc8fcc2d240dcb0360af2f695828f: Neither blocks nor log segments found. Creating new log.
I20260709 13:10:12.095089 29973 leader_election.cc:304] T 1102185db42647af94d6ee80f5af8013 P a5c9bca5344946d089280412ee72f6aa [CANDIDATE]: Term 1 election: Election decided. Result: candidate won. Election summary: received 3 responses out of 3 voters: 2 yes votes; 1 no votes. yes voters: 28a4ddbad53c49509421b7f22a50e942, a5c9bca5344946d089280412ee72f6aa; no voters: 1fbbc8fcc2d240dcb0360af2f695828f
I20260709 13:10:12.096221 30212 raft_consensus.cc:2804] T 1102185db42647af94d6ee80f5af8013 P a5c9bca5344946d089280412ee72f6aa [term 1 FOLLOWER]: Leader election won for term 1
I20260709 13:10:12.096748 30212 raft_consensus.cc:697] T 1102185db42647af94d6ee80f5af8013 P a5c9bca5344946d089280412ee72f6aa [term 1 LEADER]: Becoming Leader. State: Replica: a5c9bca5344946d089280412ee72f6aa, State: Running, Role: LEADER
I20260709 13:10:12.096510 30008 tablet_service.cc:1917] Received RequestConsensusVote() RPC: tablet_id: "5271b0d602cf426c932d4c44e2d684a5" candidate_uuid: "28a4ddbad53c49509421b7f22a50e942" candidate_term: 1 candidate_status { last_received { term: 0 index: 0 } } ignore_live_leader: false dest_uuid: "a5c9bca5344946d089280412ee72f6aa" is_pre_election: true
I20260709 13:10:12.097777 30212 consensus_queue.cc:237] T 1102185db42647af94d6ee80f5af8013 P a5c9bca5344946d089280412ee72f6aa [LEADER]: Queue going to LEADER mode. State: All replicated index: 0, Majority replicated index: 0, Committed index: 0, Last appended: 0.0, Last appended by leader: 0, Current term: 1, Majority size: 2, State: 0, Mode: LEADER, active raft config: opid_index: -1 OBSOLETE_local: false peers { permanent_uuid: "a5c9bca5344946d089280412ee72f6aa" member_type: VOTER last_known_addr { host: "127.29.44.65" port: 34171 } } peers { permanent_uuid: "1fbbc8fcc2d240dcb0360af2f695828f" member_type: VOTER last_known_addr { host: "127.29.44.66" port: 42553 } } peers { permanent_uuid: "28a4ddbad53c49509421b7f22a50e942" member_type: VOTER last_known_addr { host: "127.29.44.67" port: 42175 } }
I20260709 13:10:12.097944 30202 raft_consensus.cc:359] T 0789fabfcf374ed48b244130ab532b2d P a5c9bca5344946d089280412ee72f6aa [term 0 FOLLOWER]: Replica starting. Triggering 0 pending ops. Active config: opid_index: -1 OBSOLETE_local: false peers { permanent_uuid: "a5c9bca5344946d089280412ee72f6aa" member_type: VOTER last_known_addr { host: "127.29.44.65" port: 34171 } } peers { permanent_uuid: "1fbbc8fcc2d240dcb0360af2f695828f" member_type: VOTER last_known_addr { host: "127.29.44.66" port: 42553 } } peers { permanent_uuid: "28a4ddbad53c49509421b7f22a50e942" member_type: VOTER last_known_addr { host: "127.29.44.67" port: 42175 } }
