I20260709 13:10:29.390130   833 raft_consensus.cc:515] T 384d26ea600946a9a92c4b548fc00f78 P 833a99c8531d4b0eae988b8564e177d1 [term 1 FOLLOWER]: Starting leader election with config: opid_index: -1 OBSOLETE_local: false peers { permanent_uuid: "833a99c8531d4b0eae988b8564e177d1" member_type: VOTER last_known_addr { host: "127.31.35.193" port: 44911 } } peers { permanent_uuid: "d7ff2f30813b4050b58ad5e50fe9f69d" member_type: VOTER last_known_addr { host: "127.31.35.194" port: 46879 } } peers { permanent_uuid: "063f9d044454436597702150ab0c06d8" member_type: VOTER last_known_addr { host: "127.31.35.195" port: 38445 } }
I20260709 13:10:29.391312   528 raft_consensus.cc:2393] T 384d26ea600946a9a92c4b548fc00f78 P 833a99c8531d4b0eae988b8564e177d1 [term 1 FOLLOWER]: Leader election vote request: Denying vote to candidate d7ff2f30813b4050b58ad5e50fe9f69d in current term 1: Already voted for candidate 833a99c8531d4b0eae988b8564e177d1 in this term.
I20260709 13:10:29.393198   720 tablet_bootstrap.cc:654] T 1b7fa55bcc544c3ebc96b1085c10f090 P 833a99c8531d4b0eae988b8564e177d1: Neither blocks nor log segments found. Creating new log.
I20260709 13:10:29.393865   571 leader_election.cc:304] T 08b50bc7045e42129658c84e49a9339e P d7ff2f30813b4050b58ad5e50fe9f69d [CANDIDATE]: Term 1 pre-election: Election decided. Result: candidate lost. Election summary: received 3 responses out of 3 voters: 1 yes votes; 2 no votes. yes voters: d7ff2f30813b4050b58ad5e50fe9f69d; no voters: 063f9d044454436597702150ab0c06d8, 833a99c8531d4b0eae988b8564e177d1
W20260709 13:10:29.395459   571 leader_election.cc:343] T 384d26ea600946a9a92c4b548fc00f78 P d7ff2f30813b4050b58ad5e50fe9f69d [CANDIDATE]: Term 1 election: Tablet error from VoteRequest() call to peer 063f9d044454436597702150ab0c06d8 (127.31.35.195:38445): Illegal state: must be running to vote when last-logged opid is not known
I20260709 13:10:29.398065   571 leader_election.cc:304] T 384d26ea600946a9a92c4b548fc00f78 P d7ff2f30813b4050b58ad5e50fe9f69d [CANDIDATE]: Term 1 election: Election decided. Result: candidate lost. Election summary: received 3 responses out of 3 voters: 1 yes votes; 2 no votes. yes voters: d7ff2f30813b4050b58ad5e50fe9f69d; no voters: 063f9d044454436597702150ab0c06d8, 833a99c8531d4b0eae988b8564e177d1
I20260709 13:10:29.396454   782 raft_consensus.cc:2749] T 08b50bc7045e42129658c84e49a9339e P d7ff2f30813b4050b58ad5e50fe9f69d [term 1 FOLLOWER]: Leader pre-election lost for term 1. Reason: could not achieve majority
I20260709 13:10:29.399874   860 raft_consensus.cc:2749] T 384d26ea600946a9a92c4b548fc00f78 P d7ff2f30813b4050b58ad5e50fe9f69d [term 1 FOLLOWER]: Leader election lost for term 1. Reason: could not achieve majority
I20260709 13:10:29.357133   877 raft_consensus.cc:2804] T 08b50bc7045e42129658c84e49a9339e P 833a99c8531d4b0eae988b8564e177d1 [term 1 FOLLOWER]: Leader election won for term 1
I20260709 13:10:29.400724   605 tablet_service.cc:1917] Received RequestConsensusVote() RPC: tablet_id: "384d26ea600946a9a92c4b548fc00f78" candidate_uuid: "833a99c8531d4b0eae988b8564e177d1" candidate_term: 1 candidate_status { last_received { term: 0 index: 0 } } ignore_live_leader: false dest_uuid: "d7ff2f30813b4050b58ad5e50fe9f69d"
I20260709 13:10:29.400903   785 consensus_queue.cc:1048] T a193478941324d8abae11bda53ab0847 P d7ff2f30813b4050b58ad5e50fe9f69d [LEADER]: Connected to new peer: Peer: permanent_uuid: "063f9d044454436597702150ab0c06d8" member_type: VOTER last_known_addr { host: "127.31.35.195" port: 38445 }, Status: LMP_MISMATCH, Last received: 0.0, Next index: 1, Last known committed idx: 0, Time since last communication: 0.000s
I20260709 13:10:29.401731   605 raft_consensus.cc:2393] T 384d26ea600946a9a92c4b548fc00f78 P d7ff2f30813b4050b58ad5e50fe9f69d [term 1 FOLLOWER]: Leader election vote request: Denying vote to candidate 833a99c8531d4b0eae988b8564e177d1 in current term 1: Already voted for candidate d7ff2f30813b4050b58ad5e50fe9f69d in this term.
I20260709 13:10:29.402247   424 catalog_manager.cc:5697] T 71fe15653e5846778ce7e9295bc44db5 P 063f9d044454436597702150ab0c06d8 reported cstate change: term changed from 0 to 1, leader changed from <none> to 063f9d044454436597702150ab0c06d8 (127.31.35.195). New cstate: current_term: 1 leader_uuid: "063f9d044454436597702150ab0c06d8" committed_config { opid_index: -1 OBSOLETE_local: false peers { permanent_uuid: "833a99c8531d4b0eae988b8564e177d1" member_type: VOTER last_known_addr { host: "127.31.35.193" port: 44911 } health_report { overall_health: UNKNOWN } } peers { permanent_uuid: "d7ff2f30813b4050b58ad5e50fe9f69d" member_type: VOTER last_known_addr { host: "127.31.35.194" port: 46879 } health_report { overall_health: UNKNOWN } } peers { permanent_uuid: "063f9d044454436597702150ab0c06d8" member_type: VOTER last_known_addr { host: "127.31.35.195" port: 38445 } health_report { overall_health: HEALTHY } } }
I20260709 13:10:29.414320   720 tablet_bootstrap.cc:492] T 1b7fa55bcc544c3ebc96b1085c10f090 P 833a99c8531d4b0eae988b8564e177d1: No bootstrap required, opened a new log
I20260709 13:10:29.414398   877 raft_consensus.cc:697] T 08b50bc7045e42129658c84e49a9339e P 833a99c8531d4b0eae988b8564e177d1 [term 1 LEADER]: Becoming Leader. State: Replica: 833a99c8531d4b0eae988b8564e177d1, State: Running, Role: LEADER
I20260709 13:10:29.415109   720 ts_tablet_manager.cc:1403] T 1b7fa55bcc544c3ebc96b1085c10f090 P 833a99c8531d4b0eae988b8564e177d1: Time spent bootstrapping tablet: real 0.046s	user 0.014s	sys 0.000s
I20260709 13:10:29.415712   679 tablet_service.cc:1917] Received RequestConsensusVote() RPC: tablet_id: "384d26ea600946a9a92c4b548fc00f78" candidate_uuid: "833a99c8531d4b0eae988b8564e177d1" candidate_term: 1 candidate_status { last_received { term: 0 index: 0 } } ignore_live_leader: false dest_uuid: "063f9d044454436597702150ab0c06d8"
I20260709 13:10:29.415714   877 consensus_queue.cc:237] T 08b50bc7045e42129658c84e49a9339e P 833a99c8531d4b0eae988b8564e177d1 [LEADER]: Queue going to LEADER mode. State: All replicated index: 0, Majority replicated index: 0, Committed index: 0, Last appended: 0.0, Last appended by leader: 0, Current term: 1, Majority size: 2, State: 0, Mode: LEADER, active raft config: opid_index: -1 OBSOLETE_local: false peers { permanent_uuid: "833a99c8531d4b0eae988b8564e177d1" member_type: VOTER last_known_addr { host: "127.31.35.193" port: 44911 } } peers { permanent_uuid: "d7ff2f30813b4050b58ad5e50fe9f69d" member_type: VOTER last_known_addr { host: "127.31.35.194" port: 46879 } } peers { permanent_uuid: "063f9d044454436597702150ab0c06d8" member_type: VOTER last_known_addr { host: "127.31.35.195" port: 38445 } }
W20260709 13:10:29.417646   496 leader_election.cc:343] T 384d26ea600946a9a92c4b548fc00f78 P 833a99c8531d4b0eae988b8564e177d1 [CANDIDATE]: Term 1 election: Tablet error from VoteRequest() call to peer 063f9d044454436597702150ab0c06d8 (127.31.35.195:38445): Illegal state: must be running to vote when last-logged opid is not known
I20260709 13:10:29.418087   496 leader_election.cc:304] T 384d26ea600946a9a92c4b548fc00f78 P 833a99c8531d4b0eae988b8564e177d1 [CANDIDATE]: Term 1 election: Election decided. Result: candidate lost. Election summary: received 3 responses out of 3 voters: 1 yes votes; 2 no votes. yes voters: 833a99c8531d4b0eae988b8564e177d1; no voters: 063f9d044454436597702150ab0c06d8, d7ff2f30813b4050b58ad5e50fe9f69d
I20260709 13:10:29.400906   721 tablet_bootstrap.cc:654] T daa9bccebb534b9e8cc65005a57665ee P d7ff2f30813b4050b58ad5e50fe9f69d: Neither blocks nor log segments found. Creating new log.
I20260709 13:10:29.427109   833 leader_election.cc:290] T 384d26ea600946a9a92c4b548fc00f78 P 833a99c8531d4b0eae988b8564e177d1 [CANDIDATE]: Term 1 election: Requested vote from peers d7ff2f30813b4050b58ad5e50fe9f69d (127.31.35.194:46879), 063f9d044454436597702150ab0c06d8 (127.31.35.195:38445)
I20260709 13:10:29.427716   833 raft_consensus.cc:2749] T 384d26ea600946a9a92c4b548fc00f78 P 833a99c8531d4b0eae988b8564e177d1 [term 1 FOLLOWER]: Leader election lost for term 1. Reason: could not achieve majority
I20260709 13:10:29.418475   720 raft_consensus.cc:359] T 1b7fa55bcc544c3ebc96b1085c10f090 P 833a99c8531d4b0eae988b8564e177d1 [term 0 FOLLOWER]: Replica starting. Triggering 0 pending ops. Active config: opid_index: -1 OBSOLETE_local: false peers { permanent_uuid: "833a99c8531d4b0eae988b8564e177d1" member_type: VOTER last_known_addr { host: "127.31.35.193" port: 44911 } } peers { permanent_uuid: "d7ff2f30813b4050b58ad5e50fe9f69d" member_type: VOTER last_known_addr { host: "127.31.35.194" port: 46879 } } peers { permanent_uuid: "063f9d044454436597702150ab0c06d8" member_type: VOTER last_known_addr { host: "127.31.35.195" port: 38445 } }
I20260709 13:10:29.436129   720 raft_consensus.cc:385] T 1b7fa55bcc544c3ebc96b1085c10f090 P 833a99c8531d4b0eae988b8564e177d1 [term 0 FOLLOWER]: Consensus starting up: Expiring failure detector timer to make a prompt election more likely
I20260709 13:10:29.437247   720 raft_consensus.cc:740] T 1b7fa55bcc544c3ebc96b1085c10f090 P 833a99c8531d4b0eae988b8564e177d1 [term 0 FOLLOWER]: Becoming Follower/Learner. State: Replica: 833a99c8531d4b0eae988b8564e177d1, State: Initialized, Role: FOLLOWER
I20260709 13:10:29.438599   720 consensus_queue.cc:260] T 1b7fa55bcc544c3ebc96b1085c10f090 P 833a99c8531d4b0eae988b8564e177d1 [NON_LEADER]: Queue going to NON_LEADER mode. State: All replicated index: 0, Majority replicated index: 0, Committed index: 0, Last appended: 0.0, Last appended by leader: 0, Current term: 0, Majority size: -1, State: 0, Mode: NON_LEADER, active raft config: opid_index: -1 OBSOLETE_local: false peers { permanent_uuid: "833a99c8531d4b0eae988b8564e177d1" member_type: VOTER last_known_addr { host: "127.31.35.193" port: 44911 } } peers { permanent_uuid: "d7ff2f30813b4050b58ad5e50fe9f69d" member_type: VOTER last_known_addr { host: "127.31.35.194" port: 46879 } } peers { permanent_uuid: "063f9d044454436597702150ab0c06d8" member_type: VOTER last_known_addr { host: "127.31.35.195" port: 38445 } }
I20260709 13:10:29.443504   720 ts_tablet_manager.cc:1434] T 1b7fa55bcc544c3ebc96b1085c10f090 P 833a99c8531d4b0eae988b8564e177d1: Time spent starting tablet: real 0.028s	user 0.007s	sys 0.000s
I20260709 13:10:29.447652   720 tablet_bootstrap.cc:492] T daa9bccebb534b9e8cc65005a57665ee P 833a99c8531d4b0eae988b8564e177d1: Bootstrap starting.
I20260709 13:10:29.456284   877 consensus_queue.cc:1048] T 73f6ff8b22094802bbc2b6d7d8fad53d P 833a99c8531d4b0eae988b8564e177d1 [LEADER]: Connected to new peer: Peer: permanent_uuid: "063f9d044454436597702150ab0c06d8" member_type: VOTER last_known_addr { host: "127.31.35.195" port: 38445 }, Status: LMP_MISMATCH, Last received: 0.0, Next index: 1, Last known committed idx: 0, Time since last communication: 0.000s
I20260709 13:10:29.459221   719 tablet_bootstrap.cc:492] T 08b50bc7045e42129658c84e49a9339e P 063f9d044454436597702150ab0c06d8: No bootstrap required, opened a new log
I20260709 13:10:29.459653   719 ts_tablet_manager.cc:1403] T 08b50bc7045e42129658c84e49a9339e P 063f9d044454436597702150ab0c06d8: Time spent bootstrapping tablet: real 0.133s	user 0.031s	sys 0.031s
I20260709 13:10:29.459947   720 tablet_bootstrap.cc:654] T daa9bccebb534b9e8cc65005a57665ee P 833a99c8531d4b0eae988b8564e177d1: Neither blocks nor log segments found. Creating new log.
I20260709 13:10:29.462255   719 raft_consensus.cc:359] T 08b50bc7045e42129658c84e49a9339e P 063f9d044454436597702150ab0c06d8 [term 0 FOLLOWER]: Replica starting. Triggering 0 pending ops. Active config: opid_index: -1 OBSOLETE_local: false peers { permanent_uuid: "833a99c8531d4b0eae988b8564e177d1" member_type: VOTER last_known_addr { host: "127.31.35.193" port: 44911 } } peers { permanent_uuid: "d7ff2f30813b4050b58ad5e50fe9f69d" member_type: VOTER last_known_addr { host: "127.31.35.194" port: 46879 } } peers { permanent_uuid: "063f9d044454436597702150ab0c06d8" member_type: VOTER last_known_addr { host: "127.31.35.195" port: 38445 } }
I20260709 13:10:29.463742   719 raft_consensus.cc:385] T 08b50bc7045e42129658c84e49a9339e P 063f9d044454436597702150ab0c06d8 [term 0 FOLLOWER]: Consensus starting up: Expiring failure detector timer to make a prompt election more likely
I20260709 13:10:29.464037   719 raft_consensus.cc:740] T 08b50bc7045e42129658c84e49a9339e P 063f9d044454436597702150ab0c06d8 [term 0 FOLLOWER]: Becoming Follower/Learner. State: Replica: 063f9d044454436597702150ab0c06d8, State: Initialized, Role: FOLLOWER
I20260709 13:10:29.464749   719 consensus_queue.cc:260] T 08b50bc7045e42129658c84e49a9339e P 063f9d044454436597702150ab0c06d8 [NON_LEADER]: Queue going to NON_LEADER mode. State: All replicated index: 0, Majority replicated index: 0, Committed index: 0, Last appended: 0.0, Last appended by leader: 0, Current term: 0, Majority size: -1, State: 0, Mode: NON_LEADER, active raft config: opid_index: -1 OBSOLETE_local: false peers { permanent_uuid: "833a99c8531d4b0eae988b8564e177d1" member_type: VOTER last_known_addr { host: "127.31.35.193" port: 44911 } } peers { permanent_uuid: "d7ff2f30813b4050b58ad5e50fe9f69d" member_type: VOTER last_known_addr { host: "127.31.35.194" port: 46879 } } peers { permanent_uuid: "063f9d044454436597702150ab0c06d8" member_type: VOTER last_known_addr { host: "127.31.35.195" port: 38445 } }
I20260709 13:10:29.466007   721 tablet_bootstrap.cc:492] T daa9bccebb534b9e8cc65005a57665ee P d7ff2f30813b4050b58ad5e50fe9f69d: No bootstrap required, opened a new log
I20260709 13:10:29.466459   721 ts_tablet_manager.cc:1403] T daa9bccebb534b9e8cc65005a57665ee P d7ff2f30813b4050b58ad5e50fe9f69d: Time spent bootstrapping tablet: real 0.090s	user 0.010s	sys 0.012s
I20260709 13:10:29.466741   719 ts_tablet_manager.cc:1434] T 08b50bc7045e42129658c84e49a9339e P 063f9d044454436597702150ab0c06d8: Time spent starting tablet: real 0.007s	user 0.004s	sys 0.000s
I20260709 13:10:29.467679   719 tablet_bootstrap.cc:492] T 65f7b59ee71d42ffa0d7718f1f327904 P 063f9d044454436597702150ab0c06d8: Bootstrap starting.
I20260709 13:10:29.471285   426 catalog_manager.cc:5697] T 08b50bc7045e42129658c84e49a9339e P 833a99c8531d4b0eae988b8564e177d1 reported cstate change: term changed from 0 to 1, leader changed from <none> to 833a99c8531d4b0eae988b8564e177d1 (127.31.35.193). New cstate: current_term: 1 leader_uuid: "833a99c8531d4b0eae988b8564e177d1" committed_config { opid_index: -1 OBSOLETE_local: false peers { permanent_uuid: "833a99c8531d4b0eae988b8564e177d1" member_type: VOTER last_known_addr { host: "127.31.35.193" port: 44911 } health_report { overall_health: HEALTHY } } peers { permanent_uuid: "d7ff2f30813b4050b58ad5e50fe9f69d" member_type: VOTER last_known_addr { host: "127.31.35.194" port: 46879 } health_report { overall_health: UNKNOWN } } peers { permanent_uuid: "063f9d044454436597702150ab0c06d8" member_type: VOTER last_known_addr { host: "127.31.35.195" port: 38445 } health_report { overall_health: UNKNOWN } } }
I20260709 13:10:29.471812   860 consensus_queue.cc:1048] T a193478941324d8abae11bda53ab0847 P d7ff2f30813b4050b58ad5e50fe9f69d [LEADER]: Connected to new peer: Peer: permanent_uuid: "833a99c8531d4b0eae988b8564e177d1" member_type: VOTER last_known_addr { host: "127.31.35.193" port: 44911 }, Status: LMP_MISMATCH, Last received: 0.0, Next index: 1, Last known committed idx: 0, Time since last communication: 0.000s
I20260709 13:10:29.473045   721 raft_consensus.cc:359] T daa9bccebb534b9e8cc65005a57665ee P d7ff2f30813b4050b58ad5e50fe9f69d [term 0 FOLLOWER]: Replica starting. Triggering 0 pending ops. Active config: opid_index: -1 OBSOLETE_local: false peers { permanent_uuid: "833a99c8531d4b0eae988b8564e177d1" member_type: VOTER last_known_addr { host: "127.31.35.193" port: 44911 } } peers { permanent_uuid: "d7ff2f30813b4050b58ad5e50fe9f69d" member_type: VOTER last_known_addr { host: "127.31.35.194" port: 46879 } } peers { permanent_uuid: "063f9d044454436597702150ab0c06d8" member_type: VOTER last_known_addr { host: "127.31.35.195" port: 38445 } }
I20260709 13:10:29.473774   721 raft_consensus.cc:385] T daa9bccebb534b9e8cc65005a57665ee P d7ff2f30813b4050b58ad5e50fe9f69d [term 0 FOLLOWER]: Consensus starting up: Expiring failure detector timer to make a prompt election more likely
I20260709 13:10:29.474030   721 raft_consensus.cc:740] T daa9bccebb534b9e8cc65005a57665ee P d7ff2f30813b4050b58ad5e50fe9f69d [term 0 FOLLOWER]: Becoming Follower/Learner. State: Replica: d7ff2f30813b4050b58ad5e50fe9f69d, State: Initialized, Role: FOLLOWER
I20260709 13:10:29.474740   720 tablet_bootstrap.cc:492] T daa9bccebb534b9e8cc65005a57665ee P 833a99c8531d4b0eae988b8564e177d1: No bootstrap required, opened a new log
I20260709 13:10:29.475052   719 tablet_bootstrap.cc:654] T 65f7b59ee71d42ffa0d7718f1f327904 P 063f9d044454436597702150ab0c06d8: Neither blocks nor log segments found. Creating new log.
I20260709 13:10:29.475185   720 ts_tablet_manager.cc:1403] T daa9bccebb534b9e8cc65005a57665ee P 833a99c8531d4b0eae988b8564e177d1: Time spent bootstrapping tablet: real 0.028s	user 0.010s	sys 0.000s
I20260709 13:10:29.476792   721 consensus_queue.cc:260] T daa9bccebb534b9e8cc65005a57665ee P d7ff2f30813b4050b58ad5e50fe9f69d [NON_LEADER]: Queue going to NON_LEADER mode. State: All replicated index: 0, Majority replicated index: 0, Committed index: 0, Last appended: 0.0, Last appended by leader: 0, Current term: 0, Majority size: -1, State: 0, Mode: NON_LEADER, active raft config: opid_index: -1 OBSOLETE_local: false peers { permanent_uuid: "833a99c8531d4b0eae988b8564e177d1" member_type: VOTER last_known_addr { host: "127.31.35.193" port: 44911 } } peers { permanent_uuid: "d7ff2f30813b4050b58ad5e50fe9f69d" member_type: VOTER last_known_addr { host: "127.31.35.194" port: 46879 } } peers { permanent_uuid: "063f9d044454436597702150ab0c06d8" member_type: VOTER last_known_addr { host: "127.31.35.195" port: 38445 } }
I20260709 13:10:29.480932   860 raft_consensus.cc:493] T 8f0860fc6cf54eeb9fe64cf3f8fc11da P d7ff2f30813b4050b58ad5e50fe9f69d [term 0 FOLLOWER]: Starting pre-election (no leader contacted us within the election timeout)
I20260709 13:10:29.481535   860 raft_consensus.cc:515] T 8f0860fc6cf54eeb9fe64cf3f8fc11da P d7ff2f30813b4050b58ad5e50fe9f69d [term 0 FOLLOWER]: Starting pre-election with config: opid_index: -1 OBSOLETE_local: false peers { permanent_uuid: "833a99c8531d4b0eae988b8564e177d1" member_type: VOTER last_known_addr { host: "127.31.35.193" port: 44911 } } peers { permanent_uuid: "d7ff2f30813b4050b58ad5e50fe9f69d" member_type: VOTER last_known_addr { host: "127.31.35.194" port: 46879 } } peers { permanent_uuid: "063f9d044454436597702150ab0c06d8" member_type: VOTER last_known_addr { host: "127.31.35.195" port: 38445 } }
I20260709 13:10:29.495143   860 leader_election.cc:290] T 8f0860fc6cf54eeb9fe64cf3f8fc11da P d7ff2f30813b4050b58ad5e50fe9f69d [CANDIDATE]: Term 1 pre-election: Requested pre-vote from peers 833a99c8531d4b0eae988b8564e177d1 (127.31.35.193:44911), 063f9d044454436597702150ab0c06d8 (127.31.35.195:38445)
I20260709 13:10:29.497596   721 ts_tablet_manager.cc:1434] T daa9bccebb534b9e8cc65005a57665ee P d7ff2f30813b4050b58ad5e50fe9f69d: Time spent starting tablet: real 0.031s	user 0.004s	sys 0.004s
I20260709 13:10:29.498371   721 tablet_bootstrap.cc:492] T 1b7fa55bcc544c3ebc96b1085c10f090 P d7ff2f30813b4050b58ad5e50fe9f69d: Bootstrap starting.
I20260709 13:10:29.499431   720 raft_consensus.cc:359] T daa9bccebb534b9e8cc65005a57665ee P 833a99c8531d4b0eae988b8564e177d1 [term 0 FOLLOWER]: Replica starting. Triggering 0 pending ops. Active config: opid_index: -1 OBSOLETE_local: false peers { permanent_uuid: "833a99c8531d4b0eae988b8564e177d1" member_type: VOTER last_known_addr { host: "127.31.35.193" port: 44911 } } peers { permanent_uuid: "d7ff2f30813b4050b58ad5e50fe9f69d" member_type: VOTER last_known_addr { host: "127.31.35.194" port: 46879 } } peers { permanent_uuid: "063f9d044454436597702150ab0c06d8" member_type: VOTER last_known_addr { host: "127.31.35.195" port: 38445 } }
I20260709 13:10:29.500160   720 raft_consensus.cc:385] T daa9bccebb534b9e8cc65005a57665ee P 833a99c8531d4b0eae988b8564e177d1 [term 0 FOLLOWER]: Consensus starting up: Expiring failure detector timer to make a prompt election more likely
I20260709 13:10:29.500473   720 raft_consensus.cc:740] T daa9bccebb534b9e8cc65005a57665ee P 833a99c8531d4b0eae988b8564e177d1 [term 0 FOLLOWER]: Becoming Follower/Learner. State: Replica: 833a99c8531d4b0eae988b8564e177d1, State: Initialized, Role: FOLLOWER
I20260709 13:10:29.505050   721 tablet_bootstrap.cc:654] T 1b7fa55bcc544c3ebc96b1085c10f090 P d7ff2f30813b4050b58ad5e50fe9f69d: Neither blocks nor log segments found. Creating new log.
I20260709 13:10:29.503440   749 raft_consensus.cc:493] T daa9bccebb534b9e8cc65005a57665ee P d7ff2f30813b4050b58ad5e50fe9f69d [term 0 FOLLOWER]: Starting pre-election (no leader contacted us within the election timeout)
I20260709 13:10:29.516969   749 raft_consensus.cc:515] T daa9bccebb534b9e8cc65005a57665ee P d7ff2f30813b4050b58ad5e50fe9f69d [term 0 FOLLOWER]: Starting pre-election with config: opid_index: -1 OBSOLETE_local: false peers { permanent_uuid: "833a99c8531d4b0eae988b8564e177d1" member_type: VOTER last_known_addr { host: "127.31.35.193" port: 44911 } } peers { permanent_uuid: "d7ff2f30813b4050b58ad5e50fe9f69d" member_type: VOTER last_known_addr { host: "127.31.35.194" port: 46879 } } peers { permanent_uuid: "063f9d044454436597702150ab0c06d8" member_type: VOTER last_known_addr { host: "127.31.35.195" port: 38445 } }
I20260709 13:10:29.520002   749 leader_election.cc:290] T daa9bccebb534b9e8cc65005a57665ee P d7ff2f30813b4050b58ad5e50fe9f69d [CANDIDATE]: Term 1 pre-election: Requested pre-vote from peers 833a99c8531d4b0eae988b8564e177d1 (127.31.35.193:44911), 063f9d044454436597702150ab0c06d8 (127.31.35.195:38445)
I20260709 13:10:29.503283   720 consensus_queue.cc:260] T daa9bccebb534b9e8cc65005a57665ee P 833a99c8531d4b0eae988b8564e177d1 [NON_LEADER]: Queue going to NON_LEADER mode. State: All replicated index: 0, Majority replicated index: 0, Committed index: 0, Last appended: 0.0, Last appended by leader: 0, Current term: 0, Majority size: -1, State: 0, Mode: NON_LEADER, active raft config: opid_index: -1 OBSOLETE_local: false peers { permanent_uuid: "833a99c8531d4b0eae988b8564e177d1" member_type: VOTER last_known_addr { host: "127.31.35.193" port: 44911 } } peers { permanent_uuid: "d7ff2f30813b4050b58ad5e50fe9f69d" member_type: VOTER last_known_addr { host: "127.31.35.194" port: 46879 } } peers { permanent_uuid: "063f9d044454436597702150ab0c06d8" member_type: VOTER last_known_addr { host: "127.31.35.195" port: 38445 } }
I20260709 13:10:29.521154   529 tablet_service.cc:1917] Received RequestConsensusVote() RPC: tablet_id: "8f0860fc6cf54eeb9fe64cf3f8fc11da" candidate_uuid: "d7ff2f30813b4050b58ad5e50fe9f69d" candidate_term: 1 candidate_status { last_received { term: 0 index: 0 } } ignore_live_leader: false dest_uuid: "833a99c8531d4b0eae988b8564e177d1" is_pre_election: true
I20260709 13:10:29.522020   529 raft_consensus.cc:2468] T 8f0860fc6cf54eeb9fe64cf3f8fc11da P 833a99c8531d4b0eae988b8564e177d1 [term 0 FOLLOWER]: Leader pre-election vote request: Granting yes vote for candidate d7ff2f30813b4050b58ad5e50fe9f69d in term 0.
I20260709 13:10:29.522373   721 tablet_bootstrap.cc:492] T 1b7fa55bcc544c3ebc96b1085c10f090 P d7ff2f30813b4050b58ad5e50fe9f69d: No bootstrap required, opened a new log
I20260709 13:10:29.522804   720 ts_tablet_manager.cc:1434] T daa9bccebb534b9e8cc65005a57665ee P 833a99c8531d4b0eae988b8564e177d1: Time spent starting tablet: real 0.047s	user 0.007s	sys 0.000s
I20260709 13:10:29.523288   721 ts_tablet_manager.cc:1403] T 1b7fa55bcc544c3ebc96b1085c10f090 P d7ff2f30813b4050b58ad5e50fe9f69d: Time spent bootstrapping tablet: real 0.025s	user 0.010s	sys 0.013s
I20260709 13:10:29.523928   720 tablet_bootstrap.cc:492] T 5b8701aee1cf45178f3360e1fc4d489e P 833a99c8531d4b0eae988b8564e177d1: Bootstrap starting.
I20260709 13:10:29.525918   721 raft_consensus.cc:359] T 1b7fa55bcc544c3ebc96b1085c10f090 P d7ff2f30813b4050b58ad5e50fe9f69d [term 0 FOLLOWER]: Replica starting. Triggering 0 pending ops. Active config: opid_index: -1 OBSOLETE_local: false peers { permanent_uuid: "833a99c8531d4b0eae988b8564e177d1" member_type: VOTER last_known_addr { host: "127.31.35.193" port: 44911 } } peers { permanent_uuid: "d7ff2f30813b4050b58ad5e50fe9f69d" member_type: VOTER last_known_addr { host: "127.31.35.194" port: 46879 } } peers { permanent_uuid: "063f9d044454436597702150ab0c06d8" member_type: VOTER last_known_addr { host: "127.31.35.195" port: 38445 } }
I20260709 13:10:29.526564   721 raft_consensus.cc:385] T 1b7fa55bcc544c3ebc96b1085c10f090 P d7ff2f30813b4050b58ad5e50fe9f69d [term 0 FOLLOWER]: Consensus starting up: Expiring failure detector timer to make a prompt election more likely
I20260709 13:10:29.526892   721 raft_consensus.cc:740] T 1b7fa55bcc544c3ebc96b1085c10f090 P d7ff2f30813b4050b58ad5e50fe9f69d [term 0 FOLLOWER]: Becoming Follower/Learner. State: Replica: d7ff2f30813b4050b58ad5e50fe9f69d, State: Initialized, Role: FOLLOWER
I20260709 13:10:29.527666   721 consensus_queue.cc:260] T 1b7fa55bcc544c3ebc96b1085c10f090 P d7ff2f30813b4050b58ad5e50fe9f69d [NON_LEADER]: Queue going to NON_LEADER mode. State: All replicated index: 0, Majority replicated index: 0, Committed index: 0, Last appended: 0.0, Last appended by leader: 0, Current term: 0, Majority size: -1, State: 0, Mode: NON_LEADER, active raft config: opid_index: -1 OBSOLETE_local: false peers { permanent_uuid: "833a99c8531d4b0eae988b8564e177d1" member_type: VOTER last_known_addr { host: "127.31.35.193" port: 44911 } } peers { permanent_uuid: "d7ff2f30813b4050b58ad5e50fe9f69d" member_type: VOTER last_known_addr { host: "127.31.35.194" port: 46879 } } peers { permanent_uuid: "063f9d044454436597702150ab0c06d8" member_type: VOTER last_known_addr { host: "127.31.35.195" port: 38445 } }
I20260709 13:10:29.535190   679 tablet_service.cc:1917] Received RequestConsensusVote() RPC: tablet_id: "8f0860fc6cf54eeb9fe64cf3f8fc11da" candidate_uuid: "d7ff2f30813b4050b58ad5e50fe9f69d" candidate_term: 1 candidate_status { last_received { term: 0 index: 0 } } ignore_live_leader: false dest_uuid: "063f9d044454436597702150ab0c06d8" is_pre_election: true
I20260709 13:10:29.535928   720 tablet_bootstrap.cc:654] T 5b8701aee1cf45178f3360e1fc4d489e P 833a99c8531d4b0eae988b8564e177d1: Neither blocks nor log segments found. Creating new log.
I20260709 13:10:29.537539   721 ts_tablet_manager.cc:1434] T 1b7fa55bcc544c3ebc96b1085c10f090 P d7ff2f30813b4050b58ad5e50fe9f69d: Time spent starting tablet: real 0.014s	user 0.000s	sys 0.006s
I20260709 13:10:29.540423   719 tablet_bootstrap.cc:492] T 65f7b59ee71d42ffa0d7718f1f327904 P 063f9d044454436597702150ab0c06d8: No bootstrap required, opened a new log
I20260709 13:10:29.540910   719 ts_tablet_manager.cc:1403] T 65f7b59ee71d42ffa0d7718f1f327904 P 063f9d044454436597702150ab0c06d8: Time spent bootstrapping tablet: real 0.073s	user 0.014s	sys 0.039s
I20260709 13:10:29.541589   721 tablet_bootstrap.cc:492] T 704d36c98190477e90d6e5c7d29bdec4 P d7ff2f30813b4050b58ad5e50fe9f69d: Bootstrap starting.
I20260709 13:10:29.543147   749 consensus_queue.cc:1048] T d544512072cd4d76b574293df34b44d2 P d7ff2f30813b4050b58ad5e50fe9f69d [LEADER]: Connected to new peer: Peer: permanent_uuid: "063f9d044454436597702150ab0c06d8" member_type: VOTER last_known_addr { host: "127.31.35.195" port: 38445 }, Status: LMP_MISMATCH, Last received: 0.0, Next index: 1, Last known committed idx: 0, Time since last communication: 0.000s
W20260709 13:10:29.544819   571 leader_election.cc:343] T 8f0860fc6cf54eeb9fe64cf3f8fc11da P d7ff2f30813b4050b58ad5e50fe9f69d [CANDIDATE]: Term 1 pre-election: Tablet error from VoteRequest() call to peer 063f9d044454436597702150ab0c06d8 (127.31.35.195:38445): Illegal state: must be running to vote when last-logged opid is not known
I20260709 13:10:29.543246   529 tablet_service.cc:1917] Received RequestConsensusVote() RPC: tablet_id: "daa9bccebb534b9e8cc65005a57665ee" candidate_uuid: "d7ff2f30813b4050b58ad5e50fe9f69d" candidate_term: 1 candidate_status { last_received { term: 0 index: 0 } } ignore_live_leader: false dest_uuid: "833a99c8531d4b0eae988b8564e177d1" is_pre_election: true
I20260709 13:10:29.546427   678 tablet_service.cc:1917] Received RequestConsensusVote() RPC: tablet_id: "daa9bccebb534b9e8cc65005a57665ee" candidate_uuid: "d7ff2f30813b4050b58ad5e50fe9f69d" candidate_term: 1 candidate_status { last_received { term: 0 index: 0 } } ignore_live_leader: false dest_uuid: "063f9d044454436597702150ab0c06d8" is_pre_election: true
I20260709 13:10:29.546658   529 raft_consensus.cc:2468] T daa9bccebb534b9e8cc65005a57665ee P 833a99c8531d4b0eae988b8564e177d1 [term 0 FOLLOWER]: Leader pre-election vote request: Granting yes vote for candidate d7ff2f30813b4050b58ad5e50fe9f69d in term 0.
I20260709 13:10:29.547822   719 raft_consensus.cc:359] T 65f7b59ee71d42ffa0d7718f1f327904 P 063f9d044454436597702150ab0c06d8 [term 0 FOLLOWER]: Replica starting. Triggering 0 pending ops. Active config: opid_index: -1 OBSOLETE_local: false peers { permanent_uuid: "833a99c8531d4b0eae988b8564e177d1" member_type: VOTER last_known_addr { host: "127.31.35.193" port: 44911 } } peers { permanent_uuid: "d7ff2f30813b4050b58ad5e50fe9f69d" member_type: VOTER last_known_addr { host: "127.31.35.194" port: 46879 } } peers { permanent_uuid: "063f9d044454436597702150ab0c06d8" member_type: VOTER last_known_addr { host: "127.31.35.195" port: 38445 } }
I20260709 13:10:29.548511   719 raft_consensus.cc:385] T 65f7b59ee71d42ffa0d7718f1f327904 P 063f9d044454436597702150ab0c06d8 [term 0 FOLLOWER]: Consensus starting up: Expiring failure detector timer to make a prompt election more likely
I20260709 13:10:29.548818   719 raft_consensus.cc:740] T 65f7b59ee71d42ffa0d7718f1f327904 P 063f9d044454436597702150ab0c06d8 [term 0 FOLLOWER]: Becoming Follower/Learner. State: Replica: 063f9d044454436597702150ab0c06d8, State: Initialized, Role: FOLLOWER
I20260709 13:10:29.549482   719 consensus_queue.cc:260] T 65f7b59ee71d42ffa0d7718f1f327904 P 063f9d044454436597702150ab0c06d8 [NON_LEADER]: Queue going to NON_LEADER mode. State: All replicated index: 0, Majority replicated index: 0, Committed index: 0, Last appended: 0.0, Last appended by leader: 0, Current term: 0, Majority size: -1, State: 0, Mode: NON_LEADER, active raft config: opid_index: -1 OBSOLETE_local: false peers { permanent_uuid: "833a99c8531d4b0eae988b8564e177d1" member_type: VOTER last_known_addr { host: "127.31.35.193" port: 44911 } } peers { permanent_uuid: "d7ff2f30813b4050b58ad5e50fe9f69d" member_type: VOTER last_known_addr { host: "127.31.35.194" port: 46879 } } peers { permanent_uuid: "063f9d044454436597702150ab0c06d8" member_type: VOTER last_known_addr { host: "127.31.35.195" port: 38445 } }
W20260709 13:10:29.550019   496 consensus_peers.cc:597] T 65f7b59ee71d42ffa0d7718f1f327904 P 833a99c8531d4b0eae988b8564e177d1 -> Peer 063f9d044454436597702150ab0c06d8 (127.31.35.195:38445): Couldn't send request to peer 063f9d044454436597702150ab0c06d8. Error code: TABLET_NOT_RUNNING (12). Status: Illegal state: Tablet not RUNNING: BOOTSTRAPPING. This is attempt 1: this message will repeat every 5th retry.
I20260709 13:10:29.552188   719 ts_tablet_manager.cc:1434] T 65f7b59ee71d42ffa0d7718f1f327904 P 063f9d044454436597702150ab0c06d8: Time spent starting tablet: real 0.011s	user 0.004s	sys 0.003s
I20260709 13:10:29.552919   877 raft_consensus.cc:493] T 704d36c98190477e90d6e5c7d29bdec4 P 833a99c8531d4b0eae988b8564e177d1 [term 0 FOLLOWER]: Starting pre-election (no leader contacted us within the election timeout)
I20260709 13:10:29.553288   719 tablet_bootstrap.cc:492] T fc1b992bc8894834bc3376ae35cf6b50 P 063f9d044454436597702150ab0c06d8: Bootstrap starting.
I20260709 13:10:29.553372   877 raft_consensus.cc:515] T 704d36c98190477e90d6e5c7d29bdec4 P 833a99c8531d4b0eae988b8564e177d1 [term 0 FOLLOWER]: Starting pre-election with config: opid_index: -1 OBSOLETE_local: false peers { permanent_uuid: "833a99c8531d4b0eae988b8564e177d1" member_type: VOTER last_known_addr { host: "127.31.35.193" port: 44911 } } peers { permanent_uuid: "d7ff2f30813b4050b58ad5e50fe9f69d" member_type: VOTER last_known_addr { host: "127.31.35.194" port: 46879 } } peers { permanent_uuid: "063f9d044454436597702150ab0c06d8" member_type: VOTER last_known_addr { host: "127.31.35.195" port: 38445 } }
I20260709 13:10:29.556447   571 leader_election.cc:304] T 8f0860fc6cf54eeb9fe64cf3f8fc11da P d7ff2f30813b4050b58ad5e50fe9f69d [CANDIDATE]: Term 1 pre-election: Election decided. Result: candidate won. Election summary: received 3 responses out of 3 voters: 2 yes votes; 1 no votes. yes voters: 833a99c8531d4b0eae988b8564e177d1, d7ff2f30813b4050b58ad5e50fe9f69d; no voters: 063f9d044454436597702150ab0c06d8
I20260709 13:10:29.561730   860 raft_consensus.cc:2804] T 8f0860fc6cf54eeb9fe64cf3f8fc11da P d7ff2f30813b4050b58ad5e50fe9f69d [term 0 FOLLOWER]: Leader pre-election won for term 1
I20260709 13:10:29.562098   678 tablet_service.cc:1917] Received RequestConsensusVote() RPC: tablet_id: "704d36c98190477e90d6e5c7d29bdec4" candidate_uuid: "833a99c8531d4b0eae988b8564e177d1" candidate_term: 1 candidate_status { last_received { term: 0 index: 0 } } ignore_live_leader: false dest_uuid: "063f9d044454436597702150ab0c06d8" is_pre_election: true
I20260709 13:10:29.562125   860 raft_consensus.cc:493] T 8f0860fc6cf54eeb9fe64cf3f8fc11da P d7ff2f30813b4050b58ad5e50fe9f69d [term 0 FOLLOWER]: Starting leader election (no leader contacted us within the election timeout)
I20260709 13:10:29.562824   860 raft_consensus.cc:3060] T 8f0860fc6cf54eeb9fe64cf3f8fc11da P d7ff2f30813b4050b58ad5e50fe9f69d [term 0 FOLLOWER]: Advancing to term 1
W20260709 13:10:29.563668   496 leader_election.cc:343] T 704d36c98190477e90d6e5c7d29bdec4 P 833a99c8531d4b0eae988b8564e177d1 [CANDIDATE]: Term 1 pre-election: Tablet error from VoteRequest() call to peer 063f9d044454436597702150ab0c06d8 (127.31.35.195:38445): Illegal state: must be running to vote when last-logged opid is not known
I20260709 13:10:29.565312   719 tablet_bootstrap.cc:654] T fc1b992bc8894834bc3376ae35cf6b50 P 063f9d044454436597702150ab0c06d8: Neither blocks nor log segments found. Creating new log.
I20260709 13:10:29.565876   721 tablet_bootstrap.cc:654] T 704d36c98190477e90d6e5c7d29bdec4 P d7ff2f30813b4050b58ad5e50fe9f69d: Neither blocks nor log segments found. Creating new log.
I20260709 13:10:29.569939   860 raft_consensus.cc:515] T 8f0860fc6cf54eeb9fe64cf3f8fc11da P d7ff2f30813b4050b58ad5e50fe9f69d [term 1 FOLLOWER]: Starting leader election with config: opid_index: -1 OBSOLETE_local: false peers { permanent_uuid: "833a99c8531d4b0eae988b8564e177d1" member_type: VOTER last_known_addr { host: "127.31.35.193" port: 44911 } } peers { permanent_uuid: "d7ff2f30813b4050b58ad5e50fe9f69d" member_type: VOTER last_known_addr { host: "127.31.35.194" port: 46879 } } peers { permanent_uuid: "063f9d044454436597702150ab0c06d8" member_type: VOTER last_known_addr { host: "127.31.35.195" port: 38445 } }
I20260709 13:10:29.570482   877 leader_election.cc:290] T 704d36c98190477e90d6e5c7d29bdec4 P 833a99c8531d4b0eae988b8564e177d1 [CANDIDATE]: Term 1 pre-election: Requested pre-vote from peers d7ff2f30813b4050b58ad5e50fe9f69d (127.31.35.194:46879), 063f9d044454436597702150ab0c06d8 (127.31.35.195:38445)
I20260709 13:10:29.572044   860 leader_election.cc:290] T 8f0860fc6cf54eeb9fe64cf3f8fc11da P d7ff2f30813b4050b58ad5e50fe9f69d [CANDIDATE]: Term 1 election: Requested vote from peers 833a99c8531d4b0eae988b8564e177d1 (127.31.35.193:44911), 063f9d044454436597702150ab0c06d8 (127.31.35.195:38445)
I20260709 13:10:29.573041   571 leader_election.cc:304] T daa9bccebb534b9e8cc65005a57665ee P d7ff2f30813b4050b58ad5e50fe9f69d [CANDIDATE]: Term 1 pre-election: Election decided. Result: candidate won. Election summary: received 2 responses out of 3 voters: 2 yes votes; 0 no votes. yes voters: 833a99c8531d4b0eae988b8564e177d1, d7ff2f30813b4050b58ad5e50fe9f69d; no voters: 
I20260709 13:10:29.575659   749 raft_consensus.cc:2804] T daa9bccebb534b9e8cc65005a57665ee P d7ff2f30813b4050b58ad5e50fe9f69d [term 0 FOLLOWER]: Leader pre-election won for term 1
I20260709 13:10:29.576143   749 raft_consensus.cc:493] T daa9bccebb534b9e8cc65005a57665ee P d7ff2f30813b4050b58ad5e50fe9f69d [term 0 FOLLOWER]: Starting leader election (no leader contacted us within the election timeout)
I20260709 13:10:29.576567   749 raft_consensus.cc:3060] T daa9bccebb534b9e8cc65005a57665ee P d7ff2f30813b4050b58ad5e50fe9f69d [term 0 FOLLOWER]: Advancing to term 1
I20260709 13:10:29.577891   882 raft_consensus.cc:493] T 08b50bc7045e42129658c84e49a9339e P 063f9d044454436597702150ab0c06d8 [term 0 FOLLOWER]: Starting pre-election (no leader contacted us within the election timeout)
I20260709 13:10:29.578356   882 raft_consensus.cc:515] T 08b50bc7045e42129658c84e49a9339e P 063f9d044454436597702150ab0c06d8 [term 0 FOLLOWER]: Starting pre-election with config: opid_index: -1 OBSOLETE_local: false peers { permanent_uuid: "833a99c8531d4b0eae988b8564e177d1" member_type: VOTER last_known_addr { host: "127.31.35.193" port: 44911 } } peers { permanent_uuid: "d7ff2f30813b4050b58ad5e50fe9f69d" member_type: VOTER last_known_addr { host: "127.31.35.194" port: 46879 } } peers { permanent_uuid: "063f9d044454436597702150ab0c06d8" member_type: VOTER last_known_addr { host: "127.31.35.195" port: 38445 } }
I20260709 13:10:29.580384   882 leader_election.cc:290] T 08b50bc7045e42129658c84e49a9339e P 063f9d044454436597702150ab0c06d8 [CANDIDATE]: Term 1 pre-election: Requested pre-vote from peers 833a99c8531d4b0eae988b8564e177d1 (127.31.35.193:44911), d7ff2f30813b4050b58ad5e50fe9f69d (127.31.35.194:46879)
I20260709 13:10:29.582463   605 tablet_service.cc:1917] Received RequestConsensusVote() RPC: tablet_id: "08b50bc7045e42129658c84e49a9339e" candidate_uuid: "063f9d044454436597702150ab0c06d8" candidate_term: 1 candidate_status { last_received { term: 0 index: 0 } } ignore_live_leader: false dest_uuid: "d7ff2f30813b4050b58ad5e50fe9f69d" is_pre_election: true
I20260709 13:10:29.582898   528 tablet_service.cc:1917] Received RequestConsensusVote() RPC: tablet_id: "08b50bc7045e42129658c84e49a9339e" candidate_uuid: "063f9d044454436597702150ab0c06d8" candidate_term: 1 candidate_status { last_received { term: 0 index: 0 } } ignore_live_leader: false dest_uuid: "833a99c8531d4b0eae988b8564e177d1" is_pre_election: true
I20260709 13:10:29.583313   605 raft_consensus.cc:2393] T 08b50bc7045e42129658c84e49a9339e P d7ff2f30813b4050b58ad5e50fe9f69d [term 1 FOLLOWER]: Leader pre-election vote request: Denying vote to candidate 063f9d044454436597702150ab0c06d8 in current term 1: Already voted for candidate 833a99c8531d4b0eae988b8564e177d1 in this term.
I20260709 13:10:29.584893   645 leader_election.cc:304] T 08b50bc7045e42129658c84e49a9339e P 063f9d044454436597702150ab0c06d8 [CANDIDATE]: Term 1 pre-election: Election decided. Result: candidate lost. Election summary: received 3 responses out of 3 voters: 1 yes votes; 2 no votes. yes voters: 063f9d044454436597702150ab0c06d8; no voters: 833a99c8531d4b0eae988b8564e177d1, d7ff2f30813b4050b58ad5e50fe9f69d
I20260709 13:10:29.586340   882 raft_consensus.cc:3060] T 08b50bc7045e42129658c84e49a9339e P 063f9d044454436597702150ab0c06d8 [term 0 FOLLOWER]: Advancing to term 1
I20260709 13:10:29.587002   605 tablet_service.cc:1917] Received RequestConsensusVote() RPC: tablet_id: "704d36c98190477e90d6e5c7d29bdec4" candidate_uuid: "833a99c8531d4b0eae988b8564e177d1" candidate_term: 1 candidate_status { last_received { term: 0 index: 0 } } ignore_live_leader: false dest_uuid: "d7ff2f30813b4050b58ad5e50fe9f69d" is_pre_election: true
I20260709 13:10:29.588819   877 consensus_queue.cc:1048] T 65f7b59ee71d42ffa0d7718f1f327904 P 833a99c8531d4b0eae988b8564e177d1 [LEADER]: Connected to new peer: Peer: permanent_uuid: "d7ff2f30813b4050b58ad5e50fe9f69d" member_type: VOTER last_known_addr { host: "127.31.35.194" port: 46879 }, Status: LMP_MISMATCH, Last received: 0.0, Next index: 1, Last known committed idx: 0, Time since last communication: 0.000s
W20260709 13:10:29.592999   571 leader_election.cc:343] T daa9bccebb534b9e8cc65005a57665ee P d7ff2f30813b4050b58ad5e50fe9f69d [CANDIDATE]: Term 1 pre-election: Tablet error from VoteRequest() call to peer 063f9d044454436597702150ab0c06d8 (127.31.35.195:38445): Illegal state: must be running to vote when last-logged opid is not known
I20260709 13:10:29.593542   529 tablet_service.cc:1917] Received RequestConsensusVote() RPC: tablet_id: "8f0860fc6cf54eeb9fe64cf3f8fc11da" candidate_uuid: "d7ff2f30813b4050b58ad5e50fe9f69d" candidate_term: 1 candidate_status { last_received { term: 0 index: 0 } } ignore_live_leader: false dest_uuid: "833a99c8531d4b0eae988b8564e177d1"
I20260709 13:10:29.594142   529 raft_consensus.cc:3060] T 8f0860fc6cf54eeb9fe64cf3f8fc11da P 833a99c8531d4b0eae988b8564e177d1 [term 0 FOLLOWER]: Advancing to term 1
I20260709 13:10:29.594173   749 raft_consensus.cc:515] T daa9bccebb534b9e8cc65005a57665ee P d7ff2f30813b4050b58ad5e50fe9f69d [term 1 FOLLOWER]: Starting leader election with config: opid_index: -1 OBSOLETE_local: false peers { permanent_uuid: "833a99c8531d4b0eae988b8564e177d1" member_type: VOTER last_known_addr { host: "127.31.35.193" port: 44911 } } peers { permanent_uuid: "d7ff2f30813b4050b58ad5e50fe9f69d" member_type: VOTER last_known_addr { host: "127.31.35.194" port: 46879 } } peers { permanent_uuid: "063f9d044454436597702150ab0c06d8" member_type: VOTER last_known_addr { host: "127.31.35.195" port: 38445 } }
I20260709 13:10:29.596237   749 leader_election.cc:290] T daa9bccebb534b9e8cc65005a57665ee P d7ff2f30813b4050b58ad5e50fe9f69d [CANDIDATE]: Term 1 election: Requested vote from peers 833a99c8531d4b0eae988b8564e177d1 (127.31.35.193:44911), 063f9d044454436597702150ab0c06d8 (127.31.35.195:38445)
I20260709 13:10:29.595979   882 raft_consensus.cc:2749] T 08b50bc7045e42129658c84e49a9339e P 063f9d044454436597702150ab0c06d8 [term 1 FOLLOWER]: Leader pre-election lost for term 1. Reason: could not achieve majority
W20260709 13:10:29.597241   495 leader_election.cc:343] T 704d36c98190477e90d6e5c7d29bdec4 P 833a99c8531d4b0eae988b8564e177d1 [CANDIDATE]: Term 1 pre-election: Tablet error from VoteRequest() call to peer d7ff2f30813b4050b58ad5e50fe9f69d (127.31.35.194:46879): Illegal state: must be running to vote when last-logged opid is not known
I20260709 13:10:29.597687   495 leader_election.cc:304] T 704d36c98190477e90d6e5c7d29bdec4 P 833a99c8531d4b0eae988b8564e177d1 [CANDIDATE]: Term 1 pre-election: Election decided. Result: candidate lost. Election summary: received 3 responses out of 3 voters: 1 yes votes; 2 no votes. yes voters: 833a99c8531d4b0eae988b8564e177d1; no voters: 063f9d044454436597702150ab0c06d8, d7ff2f30813b4050b58ad5e50fe9f69d
I20260709 13:10:29.598963   678 tablet_service.cc:1917] Received RequestConsensusVote() RPC: tablet_id: "8f0860fc6cf54eeb9fe64cf3f8fc11da" candidate_uuid: "d7ff2f30813b4050b58ad5e50fe9f69d" candidate_term: 1 candidate_status { last_received { term: 0 index: 0 } } ignore_live_leader: false dest_uuid: "063f9d044454436597702150ab0c06d8"
I20260709 13:10:29.601581   877 raft_consensus.cc:2749] T 704d36c98190477e90d6e5c7d29bdec4 P 833a99c8531d4b0eae988b8564e177d1 [term 0 FOLLOWER]: Leader pre-election lost for term 1. Reason: could not achieve majority
I20260709 13:10:29.603806   894 raft_consensus.cc:493] T 05fb3f8914c846b3827e4f59b5d72baa P 833a99c8531d4b0eae988b8564e177d1 [term 0 FOLLOWER]: Starting pre-election (no leader contacted us within the election timeout)
I20260709 13:10:29.604262   894 raft_consensus.cc:515] T 05fb3f8914c846b3827e4f59b5d72baa P 833a99c8531d4b0eae988b8564e177d1 [term 0 FOLLOWER]: Starting pre-election with config: opid_index: -1 OBSOLETE_local: false peers { permanent_uuid: "833a99c8531d4b0eae988b8564e177d1" member_type: VOTER last_known_addr { host: "127.31.35.193" port: 44911 } } peers { permanent_uuid: "d7ff2f30813b4050b58ad5e50fe9f69d" member_type: VOTER last_known_addr { host: "127.31.35.194" port: 46879 } } peers { permanent_uuid: "063f9d044454436597702150ab0c06d8" member_type: VOTER last_known_addr { host: "127.31.35.195" port: 38445 } }
I20260709 13:10:29.606261   894 leader_election.cc:290] T 05fb3f8914c846b3827e4f59b5d72baa P 833a99c8531d4b0eae988b8564e177d1 [CANDIDATE]: Term 1 pre-election: Requested pre-vote from peers d7ff2f30813b4050b58ad5e50fe9f69d (127.31.35.194:46879), 063f9d044454436597702150ab0c06d8 (127.31.35.195:38445)
I20260709 13:10:29.609321   677 tablet_service.cc:1917] Received RequestConsensusVote() RPC: tablet_id: "05fb3f8914c846b3827e4f59b5d72baa" candidate_uuid: "833a99c8531d4b0eae988b8564e177d1" candidate_term: 1 candidate_status { last_received { term: 0 index: 0 } } ignore_live_leader: false dest_uuid: "063f9d044454436597702150ab0c06d8" is_pre_election: true
W20260709 13:10:29.610860   496 leader_election.cc:343] T 05fb3f8914c846b3827e4f59b5d72baa P 833a99c8531d4b0eae988b8564e177d1 [CANDIDATE]: Term 1 pre-election: Tablet error from VoteRequest() call to peer 063f9d044454436597702150ab0c06d8 (127.31.35.195:38445): Illegal state: must be running to vote when last-logged opid is not known
I20260709 13:10:29.617444   529 raft_consensus.cc:2468] T 8f0860fc6cf54eeb9fe64cf3f8fc11da P 833a99c8531d4b0eae988b8564e177d1 [term 1 FOLLOWER]: Leader election vote request: Granting yes vote for candidate d7ff2f30813b4050b58ad5e50fe9f69d in term 1.
I20260709 13:10:29.622611   529 tablet_service.cc:1917] Received RequestConsensusVote() RPC: tablet_id: "daa9bccebb534b9e8cc65005a57665ee" candidate_uuid: "d7ff2f30813b4050b58ad5e50fe9f69d" candidate_term: 1 candidate_status { last_received { term: 0 index: 0 } } ignore_live_leader: false dest_uuid: "833a99c8531d4b0eae988b8564e177d1"
I20260709 13:10:29.623287   529 raft_consensus.cc:3060] T daa9bccebb534b9e8cc65005a57665ee P 833a99c8531d4b0eae988b8564e177d1 [term 0 FOLLOWER]: Advancing to term 1
I20260709 13:10:29.628259   679 tablet_service.cc:1917] Received RequestConsensusVote() RPC: tablet_id: "daa9bccebb534b9e8cc65005a57665ee" candidate_uuid: "d7ff2f30813b4050b58ad5e50fe9f69d" candidate_term: 1 candidate_status { last_received { term: 0 index: 0 } } ignore_live_leader: false dest_uuid: "063f9d044454436597702150ab0c06d8"
I20260709 13:10:29.632509   571 leader_election.cc:304] T 8f0860fc6cf54eeb9fe64cf3f8fc11da P d7ff2f30813b4050b58ad5e50fe9f69d [CANDIDATE]: Term 1 election: Election decided. Result: candidate won. Election summary: received 2 responses out of 3 voters: 2 yes votes; 0 no votes. yes voters: 833a99c8531d4b0eae988b8564e177d1, d7ff2f30813b4050b58ad5e50fe9f69d; no voters: 
I20260709 13:10:29.636045   721 tablet_bootstrap.cc:492] T 704d36c98190477e90d6e5c7d29bdec4 P d7ff2f30813b4050b58ad5e50fe9f69d: No bootstrap required, opened a new log
I20260709 13:10:29.636538   721 ts_tablet_manager.cc:1403] T 704d36c98190477e90d6e5c7d29bdec4 P d7ff2f30813b4050b58ad5e50fe9f69d: Time spent bootstrapping tablet: real 0.098s	user 0.019s	sys 0.012s
I20260709 13:10:29.637957   749 consensus_queue.cc:1048] T d544512072cd4d76b574293df34b44d2 P d7ff2f30813b4050b58ad5e50fe9f69d [LEADER]: Connected to new peer: Peer: permanent_uuid: "833a99c8531d4b0eae988b8564e177d1" member_type: VOTER last_known_addr { host: "127.31.35.193" port: 44911 }, Status: LMP_MISMATCH, Last received: 0.0, Next index: 1, Last known committed idx: 0, Time since last communication: 0.002s
I20260709 13:10:29.642241   721 raft_consensus.cc:359] T 704d36c98190477e90d6e5c7d29bdec4 P d7ff2f30813b4050b58ad5e50fe9f69d [term 0 FOLLOWER]: Replica starting. Triggering 0 pending ops. Active config: opid_index: -1 OBSOLETE_local: false peers { permanent_uuid: "833a99c8531d4b0eae988b8564e177d1" member_type: VOTER last_known_addr { host: "127.31.35.193" port: 44911 } } peers { permanent_uuid: "d7ff2f30813b4050b58ad5e50fe9f69d" member_type: VOTER last_known_addr { host: "127.31.35.194" port: 46879 } } peers { permanent_uuid: "063f9d044454436597702150ab0c06d8" member_type: VOTER last_known_addr { host: "127.31.35.195" port: 38445 } }
I20260709 13:10:29.638320   860 raft_consensus.cc:2804] T 8f0860fc6cf54eeb9fe64cf3f8fc11da P d7ff2f30813b4050b58ad5e50fe9f69d [term 1 FOLLOWER]: Leader election won for term 1
I20260709 13:10:29.643352   860 raft_consensus.cc:697] T 8f0860fc6cf54eeb9fe64cf3f8fc11da P d7ff2f30813b4050b58ad5e50fe9f69d [term 1 LEADER]: Becoming Leader. State: Replica: d7ff2f30813b4050b58ad5e50fe9f69d, State: Running, Role: LEADER
I20260709 13:10:29.644133   860 consensus_queue.cc:237] T 8f0860fc6cf54eeb9fe64cf3f8fc11da P d7ff2f30813b4050b58ad5e50fe9f69d [LEADER]: Queue going to LEADER mode. State: All replicated index: 0, Majority replicated index: 0, Committed index: 0, Last appended: 0.0, Last appended by leader: 0, Current term: 1, Majority size: 2, State: 0, Mode: LEADER, active raft config: opid_index: -1 OBSOLETE_local: false peers { permanent_uuid: "833a99c8531d4b0eae988b8564e177d1" member_type: VOTER last_known_addr { host: "127.31.35.193" port: 44911 } } peers { permanent_uuid: "d7ff2f30813b4050b58ad5e50fe9f69d" member_type: VOTER last_known_addr { host: "127.31.35.194" port: 46879 } } peers { permanent_uuid: "063f9d044454436597702150ab0c06d8" member_type: VOTER last_known_addr { host: "127.31.35.195" port: 38445 } }
W20260709 13:10:29.648417   571 leader_election.cc:343] T 8f0860fc6cf54eeb9fe64cf3f8fc11da P d7ff2f30813b4050b58ad5e50fe9f69d [CANDIDATE]: Term 1 election: Tablet error from VoteRequest() call to peer 063f9d044454436597702150ab0c06d8 (127.31.35.195:38445): Illegal state: must be running to vote when last-logged opid is not known
I20260709 13:10:29.649438   720 tablet_bootstrap.cc:492] T 5b8701aee1cf45178f3360e1fc4d489e P 833a99c8531d4b0eae988b8564e177d1: No bootstrap required, opened a new log
