[==========] Running 8 tests from 2 test suites.
[----------] Global test environment set-up.
[----------] 6 tests from LeaderRebalancerTest
[ RUN      ] LeaderRebalancerTest.FunctionalTestForDivided
WARNING: Logging before InitGoogleLogging() is written to STDERR
I20260709 13:10:00.590772 27432 internal_mini_cluster.cc:156] Creating distributed mini masters. Addrs: 127.26.202.62:46781
I20260709 13:10:00.592842 27432 env_posix.cc:2285] Not raising this process' open files per process limit of 1048576; it is already as high as it can go
I20260709 13:10:00.594058 27432 file_cache.cc:504] Constructed file cache file cache with capacity 419430
W20260709 13:10:00.614384 27441 instance_detector.cc:116] could not retrieve OpenStack instance metadata: Network error: curl error: HTTP response code said error: The requested URL returned error: 404
W20260709 13:10:00.614370 27439 instance_detector.cc:116] could not retrieve Azure instance metadata: Network error: curl error: HTTP response code said error: The requested URL returned error: 404
I20260709 13:10:00.615474 27432 server_base.cc:1061] running on GCE node
W20260709 13:10:00.614392 27438 instance_detector.cc:116] could not retrieve AWS instance metadata: Network error: curl error: HTTP response code said error: The requested URL returned error: 404
I20260709 13:10:01.858798 27432 hybrid_clock.cc:584] initializing the hybrid clock with 'system_unsync' time source
W20260709 13:10:01.859081 27432 system_unsync_time.cc:38] NTP support is disabled. Clock error bounds will not be accurate. This configuration is not suitable for distributed clusters.
I20260709 13:10:01.859371 27432 hybrid_clock.cc:648] HybridClock initialized: now 1783602601859324 us; error 0 us; skew 500 ppm
I20260709 13:10:01.860314 27432 server_base.cc:861] Flag tcmalloc_max_total_thread_cache_bytes is not working since tcmalloc is not enabled.
I20260709 13:10:01.868554 27432 webserver.cc:533] Webserver started at http://127.26.202.62:46711/ using document root <none> and password file <none>
I20260709 13:10:01.869649 27432 fs_manager.cc:362] Metadata directory not provided
I20260709 13:10:01.869922 27432 fs_manager.cc:368] Using write-ahead log directory (fs_wal_dir) as metadata directory
I20260709 13:10:01.870481 27432 server_base.cc:909] This appears to be a new deployment of Kudu; creating new FS layout
I20260709 13:10:01.877226 27432 fs_manager.cc:1068] Generated new instance metadata in path /tmp/dist-test-task_ceXnh/test-tmp/auto_leader_rebalancer-test.0.LeaderRebalancerTest.FunctionalTestForDivided.1783602600408833-27432-0/minicluster-data/master-0-root/instance:
uuid: "d6da5484e88948e3b51f0856d5b92503"
format_stamp: "Formatted at 2026-07-09 13:10:01 on dist-test-slave-008w"
I20260709 13:10:01.887384 27432 fs_manager.cc:696] Time spent creating directory manager: real 0.009s	user 0.008s	sys 0.000s
I20260709 13:10:01.893649 27447 log_block_manager.cc:4127] Time spent loading block containers with low live blocks: real 0.000s	user 0.000s	sys 0.000s
I20260709 13:10:01.895053 27432 fs_manager.cc:730] Time spent opening block manager: real 0.004s	user 0.004s	sys 0.000s
I20260709 13:10:01.895514 27432 fs_manager.cc:647] Opened local filesystem: /tmp/dist-test-task_ceXnh/test-tmp/auto_leader_rebalancer-test.0.LeaderRebalancerTest.FunctionalTestForDivided.1783602600408833-27432-0/minicluster-data/master-0-root
uuid: "d6da5484e88948e3b51f0856d5b92503"
format_stamp: "Formatted at 2026-07-09 13:10:01 on dist-test-slave-008w"
I20260709 13:10:01.895871 27432 fs_report.cc:389] FS layout report
--------------------
wal directory: /tmp/dist-test-task_ceXnh/test-tmp/auto_leader_rebalancer-test.0.LeaderRebalancerTest.FunctionalTestForDivided.1783602600408833-27432-0/minicluster-data/master-0-root
metadata directory: /tmp/dist-test-task_ceXnh/test-tmp/auto_leader_rebalancer-test.0.LeaderRebalancerTest.FunctionalTestForDivided.1783602600408833-27432-0/minicluster-data/master-0-root
1 data directories: /tmp/dist-test-task_ceXnh/test-tmp/auto_leader_rebalancer-test.0.LeaderRebalancerTest.FunctionalTestForDivided.1783602600408833-27432-0/minicluster-data/master-0-root/data
Total live blocks: 0
Total live bytes: 0
Total live bytes (after alignment): 0
Total number of LBM containers: 0 (0 full)
Did not check for missing blocks
Did not check for orphaned blocks
Total full LBM containers with extra space: 0 (0 repaired)
Total full LBM container extra space in bytes: 0 (0 repaired)
Total incomplete LBM containers: 0 (0 repaired)
Total LBM partial records: 0 (0 repaired)
Total corrupted LBM metadata records in RocksDB: 0 (0 repaired)
I20260709 13:10:01.954028 27432 rpc_server.cc:225] running with OpenSSL 1.1.1  11 Sep 2018
I20260709 13:10:01.955720 27432 env_posix.cc:2285] Not raising this process' running threads per effective uid limit of 18446744073709551615; it is already as high as it can go
I20260709 13:10:01.956408 27432 kserver.cc:163] Server-wide thread pool size limit: 3276
I20260709 13:10:02.048040 27432 rpc_server.cc:307] RPC server started. Bound to: 127.26.202.62:46781
I20260709 13:10:02.048878 27498 acceptor_pool.cc:272] collecting diagnostics on the listening RPC socket 127.26.202.62:46781 every 8 connection(s)
I20260709 13:10:02.058193 27499 data_dirs.cc:400] Could only allocate 1 dirs of requested 3 for tablet 00000000000000000000000000000000. 1 dirs total, 0 dirs full, 0 dirs failed
I20260709 13:10:02.083547 27499 tablet_bootstrap.cc:492] T 00000000000000000000000000000000 P d6da5484e88948e3b51f0856d5b92503: Bootstrap starting.
I20260709 13:10:02.090474 27499 tablet_bootstrap.cc:654] T 00000000000000000000000000000000 P d6da5484e88948e3b51f0856d5b92503: Neither blocks nor log segments found. Creating new log.
I20260709 13:10:02.092515 27499 log.cc:826] T 00000000000000000000000000000000 P d6da5484e88948e3b51f0856d5b92503: Log is configured to *not* fsync() on all Append() calls
I20260709 13:10:02.097805 27499 tablet_bootstrap.cc:492] T 00000000000000000000000000000000 P d6da5484e88948e3b51f0856d5b92503: No bootstrap required, opened a new log
I20260709 13:10:02.119798 27499 raft_consensus.cc:359] T 00000000000000000000000000000000 P d6da5484e88948e3b51f0856d5b92503 [term 0 FOLLOWER]: Replica starting. Triggering 0 pending ops. Active config: opid_index: -1 OBSOLETE_local: true peers { permanent_uuid: "d6da5484e88948e3b51f0856d5b92503" member_type: VOTER }
I20260709 13:10:02.120388 27499 raft_consensus.cc:385] T 00000000000000000000000000000000 P d6da5484e88948e3b51f0856d5b92503 [term 0 FOLLOWER]: Consensus starting up: Expiring failure detector timer to make a prompt election more likely
I20260709 13:10:02.120590 27499 raft_consensus.cc:740] T 00000000000000000000000000000000 P d6da5484e88948e3b51f0856d5b92503 [term 0 FOLLOWER]: Becoming Follower/Learner. State: Replica: d6da5484e88948e3b51f0856d5b92503, State: Initialized, Role: FOLLOWER
I20260709 13:10:02.121486 27499 consensus_queue.cc:260] T 00000000000000000000000000000000 P d6da5484e88948e3b51f0856d5b92503 [NON_LEADER]: Queue going to NON_LEADER mode. State: All replicated index: 0, Majority replicated index: 0, Committed index: 0, Last appended: 0.0, Last appended by leader: 0, Current term: 0, Majority size: -1, State: 0, Mode: NON_LEADER, active raft config: opid_index: -1 OBSOLETE_local: true peers { permanent_uuid: "d6da5484e88948e3b51f0856d5b92503" member_type: VOTER }
I20260709 13:10:02.121995 27499 raft_consensus.cc:399] T 00000000000000000000000000000000 P d6da5484e88948e3b51f0856d5b92503 [term 0 FOLLOWER]: Only one voter in the Raft config. Triggering election immediately
I20260709 13:10:02.122263 27499 raft_consensus.cc:493] T 00000000000000000000000000000000 P d6da5484e88948e3b51f0856d5b92503 [term 0 FOLLOWER]: Starting leader election (initial election of a single-replica configuration)
I20260709 13:10:02.122846 27499 raft_consensus.cc:3060] T 00000000000000000000000000000000 P d6da5484e88948e3b51f0856d5b92503 [term 0 FOLLOWER]: Advancing to term 1
I20260709 13:10:02.128283 27499 raft_consensus.cc:515] T 00000000000000000000000000000000 P d6da5484e88948e3b51f0856d5b92503 [term 1 FOLLOWER]: Starting leader election with config: opid_index: -1 OBSOLETE_local: true peers { permanent_uuid: "d6da5484e88948e3b51f0856d5b92503" member_type: VOTER }
I20260709 13:10:02.129522 27499 leader_election.cc:304] T 00000000000000000000000000000000 P d6da5484e88948e3b51f0856d5b92503 [CANDIDATE]: Term 1 election: Election decided. Result: candidate won. Election summary: received 1 responses out of 1 voters: 1 yes votes; 0 no votes. yes voters: d6da5484e88948e3b51f0856d5b92503; no voters: 
I20260709 13:10:02.131884 27499 leader_election.cc:290] T 00000000000000000000000000000000 P d6da5484e88948e3b51f0856d5b92503 [CANDIDATE]: Term 1 election: Requested vote from peers 
I20260709 13:10:02.132135 27502 raft_consensus.cc:2804] T 00000000000000000000000000000000 P d6da5484e88948e3b51f0856d5b92503 [term 1 FOLLOWER]: Leader election won for term 1
I20260709 13:10:02.134852 27502 raft_consensus.cc:697] T 00000000000000000000000000000000 P d6da5484e88948e3b51f0856d5b92503 [term 1 LEADER]: Becoming Leader. State: Replica: d6da5484e88948e3b51f0856d5b92503, State: Running, Role: LEADER
I20260709 13:10:02.135960 27502 consensus_queue.cc:237] T 00000000000000000000000000000000 P d6da5484e88948e3b51f0856d5b92503 [LEADER]: Queue going to LEADER mode. State: All replicated index: 0, Majority replicated index: 0, Committed index: 0, Last appended: 0.0, Last appended by leader: 0, Current term: 1, Majority size: 1, State: 0, Mode: LEADER, active raft config: opid_index: -1 OBSOLETE_local: true peers { permanent_uuid: "d6da5484e88948e3b51f0856d5b92503" member_type: VOTER }
I20260709 13:10:02.137104 27499 sys_catalog.cc:565] T 00000000000000000000000000000000 P d6da5484e88948e3b51f0856d5b92503 [sys.catalog]: configured and running, proceeding with master startup.
I20260709 13:10:02.153892 27504 sys_catalog.cc:455] T 00000000000000000000000000000000 P d6da5484e88948e3b51f0856d5b92503 [sys.catalog]: SysCatalogTable state changed. Reason: RaftConsensus started. Latest consensus state: current_term: 1 leader_uuid: "d6da5484e88948e3b51f0856d5b92503" committed_config { opid_index: -1 OBSOLETE_local: true peers { permanent_uuid: "d6da5484e88948e3b51f0856d5b92503" member_type: VOTER } }
I20260709 13:10:02.154412 27503 sys_catalog.cc:455] T 00000000000000000000000000000000 P d6da5484e88948e3b51f0856d5b92503 [sys.catalog]: SysCatalogTable state changed. Reason: New leader d6da5484e88948e3b51f0856d5b92503. Latest consensus state: current_term: 1 leader_uuid: "d6da5484e88948e3b51f0856d5b92503" committed_config { opid_index: -1 OBSOLETE_local: true peers { permanent_uuid: "d6da5484e88948e3b51f0856d5b92503" member_type: VOTER } }
I20260709 13:10:02.155110 27503 sys_catalog.cc:458] T 00000000000000000000000000000000 P d6da5484e88948e3b51f0856d5b92503 [sys.catalog]: This master's current role is: LEADER
I20260709 13:10:02.155079 27504 sys_catalog.cc:458] T 00000000000000000000000000000000 P d6da5484e88948e3b51f0856d5b92503 [sys.catalog]: This master's current role is: LEADER
I20260709 13:10:02.159740 27511 catalog_manager.cc:1511] Loading table and tablet metadata into memory...
I20260709 13:10:02.171957 27511 catalog_manager.cc:1520] Initializing Kudu cluster ID...
I20260709 13:10:02.174460 27432 internal_mini_cluster.cc:184] Waiting to initialize catalog manager on master 0
I20260709 13:10:02.191144 27511 catalog_manager.cc:1383] Generated new cluster ID: a3933251ecba41cc8c22e792af6cc56b
I20260709 13:10:02.191496 27511 catalog_manager.cc:1531] Initializing Kudu internal certificate authority...
I20260709 13:10:02.212164 27511 catalog_manager.cc:1406] Generated new certificate authority record
I20260709 13:10:02.213941 27511 catalog_manager.cc:1540] Loading token signing keys...
I20260709 13:10:02.237793 27511 catalog_manager.cc:6070] T 00000000000000000000000000000000 P d6da5484e88948e3b51f0856d5b92503: Generated new TSK 0
I20260709 13:10:02.238880 27511 catalog_manager.cc:1550] Initializing in-progress tserver states...
I20260709 13:10:02.306113 27432 file_cache.cc:504] Constructed file cache file cache with capacity 419430
W20260709 13:10:02.315426 27521 instance_detector.cc:116] could not retrieve AWS instance metadata: Network error: curl error: HTTP response code said error: The requested URL returned error: 404
W20260709 13:10:02.318872 27522 instance_detector.cc:116] could not retrieve Azure instance metadata: Network error: curl error: HTTP response code said error: The requested URL returned error: 404
I20260709 13:10:02.322185 27432 server_base.cc:1061] running on GCE node
W20260709 13:10:02.322268 27524 instance_detector.cc:116] could not retrieve OpenStack instance metadata: Network error: curl error: HTTP response code said error: The requested URL returned error: 404
I20260709 13:10:02.323307 27432 hybrid_clock.cc:584] initializing the hybrid clock with 'system_unsync' time source
W20260709 13:10:02.323516 27432 system_unsync_time.cc:38] NTP support is disabled. Clock error bounds will not be accurate. This configuration is not suitable for distributed clusters.
I20260709 13:10:02.323763 27432 hybrid_clock.cc:648] HybridClock initialized: now 1783602602323726 us; error 0 us; skew 500 ppm
I20260709 13:10:02.324399 27432 server_base.cc:861] Flag tcmalloc_max_total_thread_cache_bytes is not working since tcmalloc is not enabled.
I20260709 13:10:02.329272 27432 webserver.cc:533] Webserver started at http://127.26.202.1:39481/ using document root <none> and password file <none>
I20260709 13:10:02.329903 27432 fs_manager.cc:362] Metadata directory not provided
I20260709 13:10:02.330120 27432 fs_manager.cc:368] Using write-ahead log directory (fs_wal_dir) as metadata directory
I20260709 13:10:02.330441 27432 server_base.cc:909] This appears to be a new deployment of Kudu; creating new FS layout
I20260709 13:10:02.331666 27432 fs_manager.cc:1068] Generated new instance metadata in path /tmp/dist-test-task_ceXnh/test-tmp/auto_leader_rebalancer-test.0.LeaderRebalancerTest.FunctionalTestForDivided.1783602600408833-27432-0/minicluster-data/ts-0-root/instance:
uuid: "e27053d980d04923a3a74669956e168c"
format_stamp: "Formatted at 2026-07-09 13:10:02 on dist-test-slave-008w"
I20260709 13:10:02.338682 27432 fs_manager.cc:696] Time spent creating directory manager: real 0.006s	user 0.009s	sys 0.000s
I20260709 13:10:02.343995 27529 log_block_manager.cc:4127] Time spent loading block containers with low live blocks: real 0.000s	user 0.000s	sys 0.000s
I20260709 13:10:02.344980 27432 fs_manager.cc:730] Time spent opening block manager: real 0.004s	user 0.002s	sys 0.000s
I20260709 13:10:02.345355 27432 fs_manager.cc:647] Opened local filesystem: /tmp/dist-test-task_ceXnh/test-tmp/auto_leader_rebalancer-test.0.LeaderRebalancerTest.FunctionalTestForDivided.1783602600408833-27432-0/minicluster-data/ts-0-root
uuid: "e27053d980d04923a3a74669956e168c"
format_stamp: "Formatted at 2026-07-09 13:10:02 on dist-test-slave-008w"
I20260709 13:10:02.345656 27432 fs_report.cc:389] FS layout report
--------------------
wal directory: /tmp/dist-test-task_ceXnh/test-tmp/auto_leader_rebalancer-test.0.LeaderRebalancerTest.FunctionalTestForDivided.1783602600408833-27432-0/minicluster-data/ts-0-root
metadata directory: /tmp/dist-test-task_ceXnh/test-tmp/auto_leader_rebalancer-test.0.LeaderRebalancerTest.FunctionalTestForDivided.1783602600408833-27432-0/minicluster-data/ts-0-root
1 data directories: /tmp/dist-test-task_ceXnh/test-tmp/auto_leader_rebalancer-test.0.LeaderRebalancerTest.FunctionalTestForDivided.1783602600408833-27432-0/minicluster-data/ts-0-root/data
Total live blocks: 0
Total live bytes: 0
Total live bytes (after alignment): 0
Total number of LBM containers: 0 (0 full)
Did not check for missing blocks
Did not check for orphaned blocks
Total full LBM containers with extra space: 0 (0 repaired)
Total full LBM container extra space in bytes: 0 (0 repaired)
Total incomplete LBM containers: 0 (0 repaired)
Total LBM partial records: 0 (0 repaired)
Total corrupted LBM metadata records in RocksDB: 0 (0 repaired)
I20260709 13:10:02.387892 27432 rpc_server.cc:225] running with OpenSSL 1.1.1  11 Sep 2018
I20260709 13:10:02.389447 27432 kserver.cc:163] Server-wide thread pool size limit: 3276
I20260709 13:10:02.392829 27432 txn_system_client.cc:432] TxnSystemClient initialization is disabled...
I20260709 13:10:02.397728 27432 ts_tablet_manager.cc:585] Loaded tablet metadata (0 total tablets, 0 live tablets)
I20260709 13:10:02.397979 27432 ts_tablet_manager.cc:531] Time spent load tablet metadata: real 0.000s	user 0.000s	sys 0.000s
I20260709 13:10:02.398363 27432 ts_tablet_manager.cc:616] Registered 0 tablets
I20260709 13:10:02.398605 27432 ts_tablet_manager.cc:595] Time spent register tablets: real 0.000s	user 0.000s	sys 0.000s
I20260709 13:10:02.525053 27432 rpc_server.cc:307] RPC server started. Bound to: 127.26.202.1:37801
I20260709 13:10:02.525163 27591 acceptor_pool.cc:272] collecting diagnostics on the listening RPC socket 127.26.202.1:37801 every 8 connection(s)
I20260709 13:10:02.533419 27432 file_cache.cc:504] Constructed file cache file cache with capacity 419430
W20260709 13:10:02.547937 27596 instance_detector.cc:116] could not retrieve AWS instance metadata: Network error: curl error: HTTP response code said error: The requested URL returned error: 404
W20260709 13:10:02.549453 27597 instance_detector.cc:116] could not retrieve Azure instance metadata: Network error: curl error: HTTP response code said error: The requested URL returned error: 404
W20260709 13:10:02.558176 27599 instance_detector.cc:116] could not retrieve OpenStack instance metadata: Network error: curl error: HTTP response code said error: The requested URL returned error: 404
I20260709 13:10:02.558276 27432 server_base.cc:1061] running on GCE node
I20260709 13:10:02.560094 27432 hybrid_clock.cc:584] initializing the hybrid clock with 'system_unsync' time source
W20260709 13:10:02.560475 27432 system_unsync_time.cc:38] NTP support is disabled. Clock error bounds will not be accurate. This configuration is not suitable for distributed clusters.
I20260709 13:10:02.560729 27432 hybrid_clock.cc:648] HybridClock initialized: now 1783602602560710 us; error 0 us; skew 500 ppm
I20260709 13:10:02.561548 27432 server_base.cc:861] Flag tcmalloc_max_total_thread_cache_bytes is not working since tcmalloc is not enabled.
I20260709 13:10:02.566813 27592 heartbeater.cc:344] Connected to a master server at 127.26.202.62:46781
I20260709 13:10:02.567291 27432 webserver.cc:533] Webserver started at http://127.26.202.2:45857/ using document root <none> and password file <none>
I20260709 13:10:02.567444 27592 heartbeater.cc:461] Registering TS with master...
I20260709 13:10:02.568328 27432 fs_manager.cc:362] Metadata directory not provided
I20260709 13:10:02.568674 27432 fs_manager.cc:368] Using write-ahead log directory (fs_wal_dir) as metadata directory
I20260709 13:10:02.568971 27592 heartbeater.cc:507] Master 127.26.202.62:46781 requested a full tablet report, sending...
I20260709 13:10:02.569088 27432 server_base.cc:909] This appears to be a new deployment of Kudu; creating new FS layout
I20260709 13:10:02.570752 27432 fs_manager.cc:1068] Generated new instance metadata in path /tmp/dist-test-task_ceXnh/test-tmp/auto_leader_rebalancer-test.0.LeaderRebalancerTest.FunctionalTestForDivided.1783602600408833-27432-0/minicluster-data/ts-1-root/instance:
uuid: "aba4e74450e44edf93d6d64c936937d6"
format_stamp: "Formatted at 2026-07-09 13:10:02 on dist-test-slave-008w"
I20260709 13:10:02.573061 27464 ts_manager.cc:194] Registered new tserver with Master: e27053d980d04923a3a74669956e168c (127.26.202.1:37801)
I20260709 13:10:02.577353 27432 fs_manager.cc:696] Time spent creating directory manager: real 0.006s	user 0.006s	sys 0.001s
I20260709 13:10:02.577348 27464 master_service.cc:502] Signed X509 certificate for tserver {username='slave'} at 127.0.0.1:54710
I20260709 13:10:02.583613 27604 log_block_manager.cc:4127] Time spent loading block containers with low live blocks: real 0.000s	user 0.000s	sys 0.000s
I20260709 13:10:02.584702 27432 fs_manager.cc:730] Time spent opening block manager: real 0.004s	user 0.004s	sys 0.002s
I20260709 13:10:02.585094 27432 fs_manager.cc:647] Opened local filesystem: /tmp/dist-test-task_ceXnh/test-tmp/auto_leader_rebalancer-test.0.LeaderRebalancerTest.FunctionalTestForDivided.1783602600408833-27432-0/minicluster-data/ts-1-root
uuid: "aba4e74450e44edf93d6d64c936937d6"
format_stamp: "Formatted at 2026-07-09 13:10:02 on dist-test-slave-008w"
I20260709 13:10:02.585466 27432 fs_report.cc:389] FS layout report
--------------------
wal directory: /tmp/dist-test-task_ceXnh/test-tmp/auto_leader_rebalancer-test.0.LeaderRebalancerTest.FunctionalTestForDivided.1783602600408833-27432-0/minicluster-data/ts-1-root
metadata directory: /tmp/dist-test-task_ceXnh/test-tmp/auto_leader_rebalancer-test.0.LeaderRebalancerTest.FunctionalTestForDivided.1783602600408833-27432-0/minicluster-data/ts-1-root
1 data directories: /tmp/dist-test-task_ceXnh/test-tmp/auto_leader_rebalancer-test.0.LeaderRebalancerTest.FunctionalTestForDivided.1783602600408833-27432-0/minicluster-data/ts-1-root/data
Total live blocks: 0
Total live bytes: 0
Total live bytes (after alignment): 0
Total number of LBM containers: 0 (0 full)
Did not check for missing blocks
Did not check for orphaned blocks
Total full LBM containers with extra space: 0 (0 repaired)
Total full LBM container extra space in bytes: 0 (0 repaired)
Total incomplete LBM containers: 0 (0 repaired)
Total LBM partial records: 0 (0 repaired)
Total corrupted LBM metadata records in RocksDB: 0 (0 repaired)
I20260709 13:10:02.605346 27432 rpc_server.cc:225] running with OpenSSL 1.1.1  11 Sep 2018
I20260709 13:10:02.607095 27432 kserver.cc:163] Server-wide thread pool size limit: 3276
I20260709 13:10:02.609058 27432 txn_system_client.cc:432] TxnSystemClient initialization is disabled...
I20260709 13:10:02.613065 27432 ts_tablet_manager.cc:585] Loaded tablet metadata (0 total tablets, 0 live tablets)
I20260709 13:10:02.613358 27432 ts_tablet_manager.cc:531] Time spent load tablet metadata: real 0.000s	user 0.000s	sys 0.000s
I20260709 13:10:02.613648 27432 ts_tablet_manager.cc:616] Registered 0 tablets
I20260709 13:10:02.613868 27432 ts_tablet_manager.cc:595] Time spent register tablets: real 0.000s	user 0.000s	sys 0.000s
I20260709 13:10:02.713997 27432 rpc_server.cc:307] RPC server started. Bound to: 127.26.202.2:39121
I20260709 13:10:02.714100 27666 acceptor_pool.cc:272] collecting diagnostics on the listening RPC socket 127.26.202.2:39121 every 8 connection(s)
I20260709 13:10:02.724020 27432 file_cache.cc:504] Constructed file cache file cache with capacity 419430
W20260709 13:10:02.739439 27670 instance_detector.cc:116] could not retrieve AWS instance metadata: Network error: curl error: HTTP response code said error: The requested URL returned error: 404
I20260709 13:10:02.746791 27667 heartbeater.cc:344] Connected to a master server at 127.26.202.62:46781
I20260709 13:10:02.747339 27667 heartbeater.cc:461] Registering TS with master...
I20260709 13:10:02.748797 27667 heartbeater.cc:507] Master 127.26.202.62:46781 requested a full tablet report, sending...
I20260709 13:10:02.752763 27464 ts_manager.cc:194] Registered new tserver with Master: aba4e74450e44edf93d6d64c936937d6 (127.26.202.2:39121)
I20260709 13:10:02.754729 27464 master_service.cc:502] Signed X509 certificate for tserver {username='slave'} at 127.0.0.1:54716
W20260709 13:10:02.756255 27673 instance_detector.cc:116] could not retrieve OpenStack instance metadata: Network error: curl error: HTTP response code said error: The requested URL returned error: 404
W20260709 13:10:02.757483 27671 instance_detector.cc:116] could not retrieve Azure instance metadata: Network error: curl error: HTTP response code said error: The requested URL returned error: 404
I20260709 13:10:02.759667 27432 server_base.cc:1061] running on GCE node
I20260709 13:10:02.760778 27432 hybrid_clock.cc:584] initializing the hybrid clock with 'system_unsync' time source
W20260709 13:10:02.761082 27432 system_unsync_time.cc:38] NTP support is disabled. Clock error bounds will not be accurate. This configuration is not suitable for distributed clusters.
I20260709 13:10:02.761282 27432 hybrid_clock.cc:648] HybridClock initialized: now 1783602602761266 us; error 0 us; skew 500 ppm
I20260709 13:10:02.762022 27432 server_base.cc:861] Flag tcmalloc_max_total_thread_cache_bytes is not working since tcmalloc is not enabled.
I20260709 13:10:02.765074 27432 webserver.cc:533] Webserver started at http://127.26.202.3:45465/ using document root <none> and password file <none>
I20260709 13:10:02.765730 27432 fs_manager.cc:362] Metadata directory not provided
I20260709 13:10:02.765964 27432 fs_manager.cc:368] Using write-ahead log directory (fs_wal_dir) as metadata directory
I20260709 13:10:02.766294 27432 server_base.cc:909] This appears to be a new deployment of Kudu; creating new FS layout
I20260709 13:10:02.767830 27432 fs_manager.cc:1068] Generated new instance metadata in path /tmp/dist-test-task_ceXnh/test-tmp/auto_leader_rebalancer-test.0.LeaderRebalancerTest.FunctionalTestForDivided.1783602600408833-27432-0/minicluster-data/ts-2-root/instance:
uuid: "a4bd422097eb4ec88f7681a740db6ae3"
format_stamp: "Formatted at 2026-07-09 13:10:02 on dist-test-slave-008w"
I20260709 13:10:02.774085 27432 fs_manager.cc:696] Time spent creating directory manager: real 0.006s	user 0.000s	sys 0.006s
I20260709 13:10:02.779058 27678 log_block_manager.cc:4127] Time spent loading block containers with low live blocks: real 0.000s	user 0.000s	sys 0.000s
I20260709 13:10:02.780236 27432 fs_manager.cc:730] Time spent opening block manager: real 0.003s	user 0.003s	sys 0.002s
I20260709 13:10:02.780702 27432 fs_manager.cc:647] Opened local filesystem: /tmp/dist-test-task_ceXnh/test-tmp/auto_leader_rebalancer-test.0.LeaderRebalancerTest.FunctionalTestForDivided.1783602600408833-27432-0/minicluster-data/ts-2-root
uuid: "a4bd422097eb4ec88f7681a740db6ae3"
format_stamp: "Formatted at 2026-07-09 13:10:02 on dist-test-slave-008w"
I20260709 13:10:02.781121 27432 fs_report.cc:389] FS layout report
--------------------
wal directory: /tmp/dist-test-task_ceXnh/test-tmp/auto_leader_rebalancer-test.0.LeaderRebalancerTest.FunctionalTestForDivided.1783602600408833-27432-0/minicluster-data/ts-2-root
metadata directory: /tmp/dist-test-task_ceXnh/test-tmp/auto_leader_rebalancer-test.0.LeaderRebalancerTest.FunctionalTestForDivided.1783602600408833-27432-0/minicluster-data/ts-2-root
1 data directories: /tmp/dist-test-task_ceXnh/test-tmp/auto_leader_rebalancer-test.0.LeaderRebalancerTest.FunctionalTestForDivided.1783602600408833-27432-0/minicluster-data/ts-2-root/data
Total live blocks: 0
Total live bytes: 0
Total live bytes (after alignment): 0
Total number of LBM containers: 0 (0 full)
Did not check for missing blocks
Did not check for orphaned blocks
Total full LBM containers with extra space: 0 (0 repaired)
Total full LBM container extra space in bytes: 0 (0 repaired)
Total incomplete LBM containers: 0 (0 repaired)
Total LBM partial records: 0 (0 repaired)
Total corrupted LBM metadata records in RocksDB: 0 (0 repaired)
I20260709 13:10:02.805605 27432 rpc_server.cc:225] running with OpenSSL 1.1.1  11 Sep 2018
I20260709 13:10:02.807301 27432 kserver.cc:163] Server-wide thread pool size limit: 3276
I20260709 13:10:02.809948 27432 txn_system_client.cc:432] TxnSystemClient initialization is disabled...
I20260709 13:10:02.813882 27432 ts_tablet_manager.cc:585] Loaded tablet metadata (0 total tablets, 0 live tablets)
I20260709 13:10:02.814173 27432 ts_tablet_manager.cc:531] Time spent load tablet metadata: real 0.000s	user 0.000s	sys 0.000s
I20260709 13:10:02.814467 27432 ts_tablet_manager.cc:616] Registered 0 tablets
I20260709 13:10:02.814687 27432 ts_tablet_manager.cc:595] Time spent register tablets: real 0.000s	user 0.000s	sys 0.000s
I20260709 13:10:02.911499 27432 rpc_server.cc:307] RPC server started. Bound to: 127.26.202.3:40231
I20260709 13:10:02.911577 27740 acceptor_pool.cc:272] collecting diagnostics on the listening RPC socket 127.26.202.3:40231 every 8 connection(s)
I20260709 13:10:02.931793 27741 heartbeater.cc:344] Connected to a master server at 127.26.202.62:46781
I20260709 13:10:02.932232 27741 heartbeater.cc:461] Registering TS with master...
I20260709 13:10:02.933244 27741 heartbeater.cc:507] Master 127.26.202.62:46781 requested a full tablet report, sending...
I20260709 13:10:02.935560 27464 ts_manager.cc:194] Registered new tserver with Master: a4bd422097eb4ec88f7681a740db6ae3 (127.26.202.3:40231)
I20260709 13:10:02.936051 27432 internal_mini_cluster.cc:371] 3 TS(s) registered with all masters after 0.013996418s
I20260709 13:10:02.937106 27464 master_service.cc:502] Signed X509 certificate for tserver {username='slave'} at 127.0.0.1:54726
I20260709 13:10:02.998498 27464 catalog_manager.cc:2283] Servicing CreateTable request from {username='slave'} at 127.0.0.1:54736:
name: "test-workload"
schema {
  columns {
    name: "key"
    type: INT32
    is_key: true
    is_nullable: false
    encoding: AUTO_ENCODING
    compression: DEFAULT_COMPRESSION
    cfile_block_size: 0
    immutable: false
  }
  columns {
    name: "int_val"
    type: INT32
    is_key: false
    is_nullable: false
    encoding: AUTO_ENCODING
    compression: DEFAULT_COMPRESSION
    cfile_block_size: 0
    immutable: false
  }
  columns {
    name: "string_val"
    type: STRING
    is_key: false
    is_nullable: true
    encoding: AUTO_ENCODING
    compression: DEFAULT_COMPRESSION
    cfile_block_size: 0
    immutable: false
  }
}
num_replicas: 3
split_rows_range_bounds {
  rows: "\004\001\000\216\3438\016\004\001\000\034\307q\034\004\001\000\252\252\252*\004\001\0008\216\3438\004\001\000\306q\034G\004\001\000TUUU\004\001\000\3428\216c\004\001\000p\034\307q""\004\001\000\216\3438\016\004\001\000\034\307q\034\004\001\000\252\252\252*\004\001\0008\216\3438\004\001\000\306q\034G\004\001\000TUUU\004\001\000\3428\216c\004\001\000p\034\307q"
  indirect_data: """"
}
partition_schema {
  range_schema {
    columns {
      name: "key"
    }
  }
}
W20260709 13:10:03.002592 27464 catalog_manager.cc:7077] The number of live tablet servers is not enough to re-replicate a tablet replica of the newly created table test-workload in case of a server failure: 4 tablet servers would be needed, 3 are available. Consider bringing up more tablet servers.
I20260709 13:10:03.108927 27632 tablet_service.cc:1511] Processing CreateTablet for tablet 6282f8aefbfb4ecabb4528c187b1590c (DEFAULT_TABLE table=test-workload [id=f0b14ac5b48d4d149195e08ce00ccb30]), partition=RANGE (key) PARTITION VALUES < 238609294
I20260709 13:10:03.110327 27629 tablet_service.cc:1511] Processing CreateTablet for tablet e8958409c0d6450bbbdcb3f154def62c (DEFAULT_TABLE table=test-workload [id=f0b14ac5b48d4d149195e08ce00ccb30]), partition=RANGE (key) PARTITION 715827882 <= VALUES < 954437176
I20260709 13:10:03.110832 27632 data_dirs.cc:400] Could only allocate 1 dirs of requested 3 for tablet 6282f8aefbfb4ecabb4528c187b1590c. 1 dirs total, 0 dirs full, 0 dirs failed
I20260709 13:10:03.115298 27631 tablet_service.cc:1511] Processing CreateTablet for tablet 2d16b6bae61c4af09a4f9735c5ae249d (DEFAULT_TABLE table=test-workload [id=f0b14ac5b48d4d149195e08ce00ccb30]), partition=RANGE (key) PARTITION 238609294 <= VALUES < 477218588
I20260709 13:10:03.114498 27630 tablet_service.cc:1511] Processing CreateTablet for tablet cb2fdd0e61af473d9d0cbd3334310f2a (DEFAULT_TABLE table=test-workload [id=f0b14ac5b48d4d149195e08ce00ccb30]), partition=RANGE (key) PARTITION 477218588 <= VALUES < 715827882
I20260709 13:10:03.119652 27631 data_dirs.cc:400] Could only allocate 1 dirs of requested 3 for tablet 2d16b6bae61c4af09a4f9735c5ae249d. 1 dirs total, 0 dirs full, 0 dirs failed
I20260709 13:10:03.122275 27629 data_dirs.cc:400] Could only allocate 1 dirs of requested 3 for tablet e8958409c0d6450bbbdcb3f154def62c. 1 dirs total, 0 dirs full, 0 dirs failed
I20260709 13:10:03.126516 27630 data_dirs.cc:400] Could only allocate 1 dirs of requested 3 for tablet cb2fdd0e61af473d9d0cbd3334310f2a. 1 dirs total, 0 dirs full, 0 dirs failed
I20260709 13:10:03.151620 27628 tablet_service.cc:1511] Processing CreateTablet for tablet 6b8c56bc3dd24c5dbd0c6573db7aa2d2 (DEFAULT_TABLE table=test-workload [id=f0b14ac5b48d4d149195e08ce00ccb30]), partition=RANGE (key) PARTITION 954437176 <= VALUES < 1193046470
I20260709 13:10:03.169915 27628 data_dirs.cc:400] Could only allocate 1 dirs of requested 3 for tablet 6b8c56bc3dd24c5dbd0c6573db7aa2d2. 1 dirs total, 0 dirs full, 0 dirs failed
W20260709 13:10:03.168010 27512 auto_rebalancer.cc:288] Could not retrieve cluster info: Service unavailable: Tablet not running
I20260709 13:10:03.172531 27557 tablet_service.cc:1511] Processing CreateTablet for tablet 6282f8aefbfb4ecabb4528c187b1590c (DEFAULT_TABLE table=test-workload [id=f0b14ac5b48d4d149195e08ce00ccb30]), partition=RANGE (key) PARTITION VALUES < 238609294
I20260709 13:10:03.169348 27555 tablet_service.cc:1511] Processing CreateTablet for tablet cb2fdd0e61af473d9d0cbd3334310f2a (DEFAULT_TABLE table=test-workload [id=f0b14ac5b48d4d149195e08ce00ccb30]), partition=RANGE (key) PARTITION 477218588 <= VALUES < 715827882
I20260709 13:10:03.178279 27553 tablet_service.cc:1511] Processing CreateTablet for tablet 6b8c56bc3dd24c5dbd0c6573db7aa2d2 (DEFAULT_TABLE table=test-workload [id=f0b14ac5b48d4d149195e08ce00ccb30]), partition=RANGE (key) PARTITION 954437176 <= VALUES < 1193046470
I20260709 13:10:03.174485 27556 tablet_service.cc:1511] Processing CreateTablet for tablet 2d16b6bae61c4af09a4f9735c5ae249d (DEFAULT_TABLE table=test-workload [id=f0b14ac5b48d4d149195e08ce00ccb30]), partition=RANGE (key) PARTITION 238609294 <= VALUES < 477218588
I20260709 13:10:03.177155 27554 tablet_service.cc:1511] Processing CreateTablet for tablet e8958409c0d6450bbbdcb3f154def62c (DEFAULT_TABLE table=test-workload [id=f0b14ac5b48d4d149195e08ce00ccb30]), partition=RANGE (key) PARTITION 715827882 <= VALUES < 954437176
I20260709 13:10:03.181583 27557 data_dirs.cc:400] Could only allocate 1 dirs of requested 3 for tablet 6282f8aefbfb4ecabb4528c187b1590c. 1 dirs total, 0 dirs full, 0 dirs failed
I20260709 13:10:03.184667 27555 data_dirs.cc:400] Could only allocate 1 dirs of requested 3 for tablet cb2fdd0e61af473d9d0cbd3334310f2a. 1 dirs total, 0 dirs full, 0 dirs failed
I20260709 13:10:03.188514 27556 data_dirs.cc:400] Could only allocate 1 dirs of requested 3 for tablet 2d16b6bae61c4af09a4f9735c5ae249d. 1 dirs total, 0 dirs full, 0 dirs failed
I20260709 13:10:03.191551 27554 data_dirs.cc:400] Could only allocate 1 dirs of requested 3 for tablet e8958409c0d6450bbbdcb3f154def62c. 1 dirs total, 0 dirs full, 0 dirs failed
I20260709 13:10:03.202353 27553 data_dirs.cc:400] Could only allocate 1 dirs of requested 3 for tablet 6b8c56bc3dd24c5dbd0c6573db7aa2d2. 1 dirs total, 0 dirs full, 0 dirs failed
I20260709 13:10:03.201697 27552 tablet_service.cc:1511] Processing CreateTablet for tablet 1f83cde8815c483c9a3f62c250fd00ad (DEFAULT_TABLE table=test-workload [id=f0b14ac5b48d4d149195e08ce00ccb30]), partition=RANGE (key) PARTITION 1193046470 <= VALUES < 1431655764
I20260709 13:10:03.208495 27552 data_dirs.cc:400] Could only allocate 1 dirs of requested 3 for tablet 1f83cde8815c483c9a3f62c250fd00ad. 1 dirs total, 0 dirs full, 0 dirs failed
I20260709 13:10:03.209504 27627 tablet_service.cc:1511] Processing CreateTablet for tablet 1f83cde8815c483c9a3f62c250fd00ad (DEFAULT_TABLE table=test-workload [id=f0b14ac5b48d4d149195e08ce00ccb30]), partition=RANGE (key) PARTITION 1193046470 <= VALUES < 1431655764
I20260709 13:10:03.214741 27627 data_dirs.cc:400] Could only allocate 1 dirs of requested 3 for tablet 1f83cde8815c483c9a3f62c250fd00ad. 1 dirs total, 0 dirs full, 0 dirs failed
I20260709 13:10:03.235321 27551 tablet_service.cc:1511] Processing CreateTablet for tablet bfd058761c7a45e1bf9a46b4c430eb9d (DEFAULT_TABLE table=test-workload [id=f0b14ac5b48d4d149195e08ce00ccb30]), partition=RANGE (key) PARTITION 1431655764 <= VALUES < 1670265058
I20260709 13:10:03.236860 27551 data_dirs.cc:400] Could only allocate 1 dirs of requested 3 for tablet bfd058761c7a45e1bf9a46b4c430eb9d. 1 dirs total, 0 dirs full, 0 dirs failed
I20260709 13:10:03.263861 27705 tablet_service.cc:1511] Processing CreateTablet for tablet 2d16b6bae61c4af09a4f9735c5ae249d (DEFAULT_TABLE table=test-workload [id=f0b14ac5b48d4d149195e08ce00ccb30]), partition=RANGE (key) PARTITION 238609294 <= VALUES < 477218588
I20260709 13:10:03.259302 27706 tablet_service.cc:1511] Processing CreateTablet for tablet 6282f8aefbfb4ecabb4528c187b1590c (DEFAULT_TABLE table=test-workload [id=f0b14ac5b48d4d149195e08ce00ccb30]), partition=RANGE (key) PARTITION VALUES < 238609294
I20260709 13:10:03.274716 27704 tablet_service.cc:1511] Processing CreateTablet for tablet cb2fdd0e61af473d9d0cbd3334310f2a (DEFAULT_TABLE table=test-workload [id=f0b14ac5b48d4d149195e08ce00ccb30]), partition=RANGE (key) PARTITION 477218588 <= VALUES < 715827882
I20260709 13:10:03.280247 27703 tablet_service.cc:1511] Processing CreateTablet for tablet e8958409c0d6450bbbdcb3f154def62c (DEFAULT_TABLE table=test-workload [id=f0b14ac5b48d4d149195e08ce00ccb30]), partition=RANGE (key) PARTITION 715827882 <= VALUES < 954437176
I20260709 13:10:03.282665 27705 data_dirs.cc:400] Could only allocate 1 dirs of requested 3 for tablet 2d16b6bae61c4af09a4f9735c5ae249d. 1 dirs total, 0 dirs full, 0 dirs failed
I20260709 13:10:03.283494 27702 tablet_service.cc:1511] Processing CreateTablet for tablet 6b8c56bc3dd24c5dbd0c6573db7aa2d2 (DEFAULT_TABLE table=test-workload [id=f0b14ac5b48d4d149195e08ce00ccb30]), partition=RANGE (key) PARTITION 954437176 <= VALUES < 1193046470
I20260709 13:10:03.280617 27701 tablet_service.cc:1511] Processing CreateTablet for tablet 1f83cde8815c483c9a3f62c250fd00ad (DEFAULT_TABLE table=test-workload [id=f0b14ac5b48d4d149195e08ce00ccb30]), partition=RANGE (key) PARTITION 1193046470 <= VALUES < 1431655764
I20260709 13:10:03.294994 27703 data_dirs.cc:400] Could only allocate 1 dirs of requested 3 for tablet e8958409c0d6450bbbdcb3f154def62c. 1 dirs total, 0 dirs full, 0 dirs failed
I20260709 13:10:03.295006 27700 tablet_service.cc:1511] Processing CreateTablet for tablet bfd058761c7a45e1bf9a46b4c430eb9d (DEFAULT_TABLE table=test-workload [id=f0b14ac5b48d4d149195e08ce00ccb30]), partition=RANGE (key) PARTITION 1431655764 <= VALUES < 1670265058
I20260709 13:10:03.298223 27706 data_dirs.cc:400] Could only allocate 1 dirs of requested 3 for tablet 6282f8aefbfb4ecabb4528c187b1590c. 1 dirs total, 0 dirs full, 0 dirs failed
I20260709 13:10:03.299715 27704 data_dirs.cc:400] Could only allocate 1 dirs of requested 3 for tablet cb2fdd0e61af473d9d0cbd3334310f2a. 1 dirs total, 0 dirs full, 0 dirs failed
I20260709 13:10:03.300546 27700 data_dirs.cc:400] Could only allocate 1 dirs of requested 3 for tablet bfd058761c7a45e1bf9a46b4c430eb9d. 1 dirs total, 0 dirs full, 0 dirs failed
I20260709 13:10:03.301393 27701 data_dirs.cc:400] Could only allocate 1 dirs of requested 3 for tablet 1f83cde8815c483c9a3f62c250fd00ad. 1 dirs total, 0 dirs full, 0 dirs failed
I20260709 13:10:03.302258 27702 data_dirs.cc:400] Could only allocate 1 dirs of requested 3 for tablet 6b8c56bc3dd24c5dbd0c6573db7aa2d2. 1 dirs total, 0 dirs full, 0 dirs failed
I20260709 13:10:03.311043 27550 tablet_service.cc:1511] Processing CreateTablet for tablet a1681a4bbbdc4c7281410ec0cd1de69b (DEFAULT_TABLE table=test-workload [id=f0b14ac5b48d4d149195e08ce00ccb30]), partition=RANGE (key) PARTITION 1670265058 <= VALUES < 1908874352
I20260709 13:10:03.317914 27550 data_dirs.cc:400] Could only allocate 1 dirs of requested 3 for tablet a1681a4bbbdc4c7281410ec0cd1de69b. 1 dirs total, 0 dirs full, 0 dirs failed
I20260709 13:10:03.335350 27759 tablet_bootstrap.cc:492] T e8958409c0d6450bbbdcb3f154def62c P aba4e74450e44edf93d6d64c936937d6: Bootstrap starting.
I20260709 13:10:03.345999 27699 tablet_service.cc:1511] Processing CreateTablet for tablet a1681a4bbbdc4c7281410ec0cd1de69b (DEFAULT_TABLE table=test-workload [id=f0b14ac5b48d4d149195e08ce00ccb30]), partition=RANGE (key) PARTITION 1670265058 <= VALUES < 1908874352
I20260709 13:10:03.334933 27630 tablet_service.cc:1511] Processing CreateTablet for tablet a1681a4bbbdc4c7281410ec0cd1de69b (DEFAULT_TABLE table=test-workload [id=f0b14ac5b48d4d149195e08ce00ccb30]), partition=RANGE (key) PARTITION 1670265058 <= VALUES < 1908874352
I20260709 13:10:03.351531 27699 data_dirs.cc:400] Could only allocate 1 dirs of requested 3 for tablet a1681a4bbbdc4c7281410ec0cd1de69b. 1 dirs total, 0 dirs full, 0 dirs failed
I20260709 13:10:03.331755 27629 tablet_service.cc:1511] Processing CreateTablet for tablet bfd058761c7a45e1bf9a46b4c430eb9d (DEFAULT_TABLE table=test-workload [id=f0b14ac5b48d4d149195e08ce00ccb30]), partition=RANGE (key) PARTITION 1431655764 <= VALUES < 1670265058
I20260709 13:10:03.367113 27760 tablet_bootstrap.cc:492] T 2d16b6bae61c4af09a4f9735c5ae249d P e27053d980d04923a3a74669956e168c: Bootstrap starting.
I20260709 13:10:03.378638 27630 data_dirs.cc:400] Could only allocate 1 dirs of requested 3 for tablet a1681a4bbbdc4c7281410ec0cd1de69b. 1 dirs total, 0 dirs full, 0 dirs failed
I20260709 13:10:03.408412 27629 data_dirs.cc:400] Could only allocate 1 dirs of requested 3 for tablet bfd058761c7a45e1bf9a46b4c430eb9d. 1 dirs total, 0 dirs full, 0 dirs failed
I20260709 13:10:03.409150 27551 tablet_service.cc:1511] Processing CreateTablet for tablet 4df1e8722eec47ecb082c3759244ed8e (DEFAULT_TABLE table=test-workload [id=f0b14ac5b48d4d149195e08ce00ccb30]), partition=RANGE (key) PARTITION 1908874352 <= VALUES
I20260709 13:10:03.410450 27551 data_dirs.cc:400] Could only allocate 1 dirs of requested 3 for tablet 4df1e8722eec47ecb082c3759244ed8e. 1 dirs total, 0 dirs full, 0 dirs failed
I20260709 13:10:03.479230 27705 tablet_service.cc:1511] Processing CreateTablet for tablet 4df1e8722eec47ecb082c3759244ed8e (DEFAULT_TABLE table=test-workload [id=f0b14ac5b48d4d149195e08ce00ccb30]), partition=RANGE (key) PARTITION 1908874352 <= VALUES
I20260709 13:10:03.488969 27629 tablet_service.cc:1511] Processing CreateTablet for tablet 4df1e8722eec47ecb082c3759244ed8e (DEFAULT_TABLE table=test-workload [id=f0b14ac5b48d4d149195e08ce00ccb30]), partition=RANGE (key) PARTITION 1908874352 <= VALUES
I20260709 13:10:03.489828 27705 data_dirs.cc:400] Could only allocate 1 dirs of requested 3 for tablet 4df1e8722eec47ecb082c3759244ed8e. 1 dirs total, 0 dirs full, 0 dirs failed
I20260709 13:10:03.490417 27629 data_dirs.cc:400] Could only allocate 1 dirs of requested 3 for tablet 4df1e8722eec47ecb082c3759244ed8e. 1 dirs total, 0 dirs full, 0 dirs failed
I20260709 13:10:03.506839 27759 tablet_bootstrap.cc:654] T e8958409c0d6450bbbdcb3f154def62c P aba4e74450e44edf93d6d64c936937d6: Neither blocks nor log segments found. Creating new log.
I20260709 13:10:03.511467 27761 tablet_bootstrap.cc:492] T e8958409c0d6450bbbdcb3f154def62c P a4bd422097eb4ec88f7681a740db6ae3: Bootstrap starting.
I20260709 13:10:03.512732 27760 tablet_bootstrap.cc:654] T 2d16b6bae61c4af09a4f9735c5ae249d P e27053d980d04923a3a74669956e168c: Neither blocks nor log segments found. Creating new log.
I20260709 13:10:03.537385 27761 tablet_bootstrap.cc:654] T e8958409c0d6450bbbdcb3f154def62c P a4bd422097eb4ec88f7681a740db6ae3: Neither blocks nor log segments found. Creating new log.
I20260709 13:10:03.547521 27760 tablet_bootstrap.cc:492] T 2d16b6bae61c4af09a4f9735c5ae249d P e27053d980d04923a3a74669956e168c: No bootstrap required, opened a new log
I20260709 13:10:03.548496 27760 ts_tablet_manager.cc:1403] T 2d16b6bae61c4af09a4f9735c5ae249d P e27053d980d04923a3a74669956e168c: Time spent bootstrapping tablet: real 0.195s	user 0.017s	sys 0.013s
I20260709 13:10:03.551609 27759 tablet_bootstrap.cc:492] T e8958409c0d6450bbbdcb3f154def62c P aba4e74450e44edf93d6d64c936937d6: No bootstrap required, opened a new log
I20260709 13:10:03.552125 27759 ts_tablet_manager.cc:1403] T e8958409c0d6450bbbdcb3f154def62c P aba4e74450e44edf93d6d64c936937d6: Time spent bootstrapping tablet: real 0.271s	user 0.007s	sys 0.022s
I20260709 13:10:03.552742 27760 raft_consensus.cc:359] T 2d16b6bae61c4af09a4f9735c5ae249d P e27053d980d04923a3a74669956e168c [term 0 FOLLOWER]: Replica starting. Triggering 0 pending ops. Active config: opid_index: -1 OBSOLETE_local: false peers { permanent_uuid: "e27053d980d04923a3a74669956e168c" member_type: VOTER last_known_addr { host: "127.26.202.1" port: 37801 } } peers { permanent_uuid: "aba4e74450e44edf93d6d64c936937d6" member_type: VOTER last_known_addr { host: "127.26.202.2" port: 39121 } } peers { permanent_uuid: "a4bd422097eb4ec88f7681a740db6ae3" member_type: VOTER last_known_addr { host: "127.26.202.3" port: 40231 } }
I20260709 13:10:03.553648 27760 raft_consensus.cc:385] T 2d16b6bae61c4af09a4f9735c5ae249d P e27053d980d04923a3a74669956e168c [term 0 FOLLOWER]: Consensus starting up: Expiring failure detector timer to make a prompt election more likely
I20260709 13:10:03.553959 27760 raft_consensus.cc:740] T 2d16b6bae61c4af09a4f9735c5ae249d P e27053d980d04923a3a74669956e168c [term 0 FOLLOWER]: Becoming Follower/Learner. State: Replica: e27053d980d04923a3a74669956e168c, State: Initialized, Role: FOLLOWER
I20260709 13:10:03.554766 27760 consensus_queue.cc:260] T 2d16b6bae61c4af09a4f9735c5ae249d P e27053d980d04923a3a74669956e168c [NON_LEADER]: Queue going to NON_LEADER mode. State: All replicated index: 0, Majority replicated index: 0, Committed index: 0, Last appended: 0.0, Last appended by leader: 0, Current term: 0, Majority size: -1, State: 0, Mode: NON_LEADER, active raft config: opid_index: -1 OBSOLETE_local: false peers { permanent_uuid: "e27053d980d04923a3a74669956e168c" member_type: VOTER last_known_addr { host: "127.26.202.1" port: 37801 } } peers { permanent_uuid: "aba4e74450e44edf93d6d64c936937d6" member_type: VOTER last_known_addr { host: "127.26.202.2" port: 39121 } } peers { permanent_uuid: "a4bd422097eb4ec88f7681a740db6ae3" member_type: VOTER last_known_addr { host: "127.26.202.3" port: 40231 } }
I20260709 13:10:03.555222 27759 raft_consensus.cc:359] T e8958409c0d6450bbbdcb3f154def62c P aba4e74450e44edf93d6d64c936937d6 [term 0 FOLLOWER]: Replica starting. Triggering 0 pending ops. Active config: opid_index: -1 OBSOLETE_local: false peers { permanent_uuid: "e27053d980d04923a3a74669956e168c" member_type: VOTER last_known_addr { host: "127.26.202.1" port: 37801 } } peers { permanent_uuid: "aba4e74450e44edf93d6d64c936937d6" member_type: VOTER last_known_addr { host: "127.26.202.2" port: 39121 } } peers { permanent_uuid: "a4bd422097eb4ec88f7681a740db6ae3" member_type: VOTER last_known_addr { host: "127.26.202.3" port: 40231 } }
I20260709 13:10:03.555941 27759 raft_consensus.cc:385] T e8958409c0d6450bbbdcb3f154def62c P aba4e74450e44edf93d6d64c936937d6 [term 0 FOLLOWER]: Consensus starting up: Expiring failure detector timer to make a prompt election more likely
I20260709 13:10:03.556356 27759 raft_consensus.cc:740] T e8958409c0d6450bbbdcb3f154def62c P aba4e74450e44edf93d6d64c936937d6 [term 0 FOLLOWER]: Becoming Follower/Learner. State: Replica: aba4e74450e44edf93d6d64c936937d6, State: Initialized, Role: FOLLOWER
I20260709 13:10:03.557319 27759 consensus_queue.cc:260] T e8958409c0d6450bbbdcb3f154def62c P aba4e74450e44edf93d6d64c936937d6 [NON_LEADER]: Queue going to NON_LEADER mode. State: All replicated index: 0, Majority replicated index: 0, Committed index: 0, Last appended: 0.0, Last appended by leader: 0, Current term: 0, Majority size: -1, State: 0, Mode: NON_LEADER, active raft config: opid_index: -1 OBSOLETE_local: false peers { permanent_uuid: "e27053d980d04923a3a74669956e168c" member_type: VOTER last_known_addr { host: "127.26.202.1" port: 37801 } } peers { permanent_uuid: "aba4e74450e44edf93d6d64c936937d6" member_type: VOTER last_known_addr { host: "127.26.202.2" port: 39121 } } peers { permanent_uuid: "a4bd422097eb4ec88f7681a740db6ae3" member_type: VOTER last_known_addr { host: "127.26.202.3" port: 40231 } }
I20260709 13:10:03.559171 27761 tablet_bootstrap.cc:492] T e8958409c0d6450bbbdcb3f154def62c P a4bd422097eb4ec88f7681a740db6ae3: No bootstrap required, opened a new log
I20260709 13:10:03.559723 27761 ts_tablet_manager.cc:1403] T e8958409c0d6450bbbdcb3f154def62c P a4bd422097eb4ec88f7681a740db6ae3: Time spent bootstrapping tablet: real 0.049s	user 0.007s	sys 0.010s
I20260709 13:10:03.562115 27592 heartbeater.cc:499] Master 127.26.202.62:46781 was elected leader, sending a full tablet report...
I20260709 13:10:03.563063 27761 raft_consensus.cc:359] T e8958409c0d6450bbbdcb3f154def62c P a4bd422097eb4ec88f7681a740db6ae3 [term 0 FOLLOWER]: Replica starting. Triggering 0 pending ops. Active config: opid_index: -1 OBSOLETE_local: false peers { permanent_uuid: "e27053d980d04923a3a74669956e168c" member_type: VOTER last_known_addr { host: "127.26.202.1" port: 37801 } } peers { permanent_uuid: "aba4e74450e44edf93d6d64c936937d6" member_type: VOTER last_known_addr { host: "127.26.202.2" port: 39121 } } peers { permanent_uuid: "a4bd422097eb4ec88f7681a740db6ae3" member_type: VOTER last_known_addr { host: "127.26.202.3" port: 40231 } }
I20260709 13:10:03.563884 27761 raft_consensus.cc:385] T e8958409c0d6450bbbdcb3f154def62c P a4bd422097eb4ec88f7681a740db6ae3 [term 0 FOLLOWER]: Consensus starting up: Expiring failure detector timer to make a prompt election more likely
I20260709 13:10:03.564244 27761 raft_consensus.cc:740] T e8958409c0d6450bbbdcb3f154def62c P a4bd422097eb4ec88f7681a740db6ae3 [term 0 FOLLOWER]: Becoming Follower/Learner. State: Replica: a4bd422097eb4ec88f7681a740db6ae3, State: Initialized, Role: FOLLOWER
