I20260709 13:10:34.201710 28791 raft_consensus.cc:515] T b445e2209eb343cf9d87aa63ba0becbc P ed517a03edd141a798f07798667c1c04 [term 1 FOLLOWER]: Starting leader election with config: opid_index: -1 OBSOLETE_local: false peers { permanent_uuid: "178f22d83287460fb8c0db0ba2799895" member_type: VOTER last_known_addr { host: "127.26.202.1" port: 36115 } } peers { permanent_uuid: "0c0ecde0af494dc9b152dee191c6d3e6" member_type: VOTER last_known_addr { host: "127.26.202.2" port: 39245 } } peers { permanent_uuid: "ed517a03edd141a798f07798667c1c04" member_type: VOTER last_known_addr { host: "127.26.202.3" port: 40339 } }
I20260709 13:10:34.192988 29063 raft_consensus.cc:493] T 4380fb261ad646d49d956c3ba5036856 P ed517a03edd141a798f07798667c1c04 [term 0 FOLLOWER]: Starting leader election (no leader contacted us within the election timeout)
I20260709 13:10:34.207938 28774 ts_tablet_manager.cc:1434] T c23648b5c68c4f9584b74b6a8ff47454 P ed517a03edd141a798f07798667c1c04: Time spent starting tablet: real 0.026s	user 0.007s	sys 0.001s
I20260709 13:10:34.207965 28620 leader_election.cc:304] T 95579b54a2ec400081e0a348b2395dfc P 0c0ecde0af494dc9b152dee191c6d3e6 [CANDIDATE]: Term 1 pre-election: Election decided. Result: candidate lost. Election summary: received 3 responses out of 3 voters: 1 yes votes; 2 no votes. yes voters: 0c0ecde0af494dc9b152dee191c6d3e6; no voters: 178f22d83287460fb8c0db0ba2799895, ed517a03edd141a798f07798667c1c04
I20260709 13:10:34.211733 28791 leader_election.cc:290] T b445e2209eb343cf9d87aa63ba0becbc P ed517a03edd141a798f07798667c1c04 [CANDIDATE]: Term 1 election: Requested vote from peers 178f22d83287460fb8c0db0ba2799895 (127.26.202.1:36115), 0c0ecde0af494dc9b152dee191c6d3e6 (127.26.202.2:39245)
I20260709 13:10:34.206375 29081 raft_consensus.cc:493] T b445e2209eb343cf9d87aa63ba0becbc P 0c0ecde0af494dc9b152dee191c6d3e6 [term 0 FOLLOWER]: Starting pre-election (no leader contacted us within the election timeout)
I20260709 13:10:34.216238 29082 raft_consensus.cc:3060] T 95579b54a2ec400081e0a348b2395dfc P 0c0ecde0af494dc9b152dee191c6d3e6 [term 0 FOLLOWER]: Advancing to term 1
I20260709 13:10:34.210327 29063 raft_consensus.cc:3060] T 4380fb261ad646d49d956c3ba5036856 P ed517a03edd141a798f07798667c1c04 [term 0 FOLLOWER]: Advancing to term 1
I20260709 13:10:34.213600 29081 raft_consensus.cc:515] T b445e2209eb343cf9d87aa63ba0becbc P 0c0ecde0af494dc9b152dee191c6d3e6 [term 0 FOLLOWER]: Starting pre-election with config: opid_index: -1 OBSOLETE_local: false peers { permanent_uuid: "178f22d83287460fb8c0db0ba2799895" member_type: VOTER last_known_addr { host: "127.26.202.1" port: 36115 } } peers { permanent_uuid: "0c0ecde0af494dc9b152dee191c6d3e6" member_type: VOTER last_known_addr { host: "127.26.202.2" port: 39245 } } peers { permanent_uuid: "ed517a03edd141a798f07798667c1c04" member_type: VOTER last_known_addr { host: "127.26.202.3" port: 40339 } }
I20260709 13:10:34.278797 28774 tablet_bootstrap.cc:492] T 7cf5b8cf3c9a478da7deba36d7acbe96 P ed517a03edd141a798f07798667c1c04: Bootstrap starting.
I20260709 13:10:34.283563 28772 tablet_bootstrap.cc:492] T 6caf9ec933124d00b3e0e2cfeccd317b P 0c0ecde0af494dc9b152dee191c6d3e6: Bootstrap starting.
W20260709 13:10:34.303390 29076 log.cc:927] Time spent T e1210d5a904b4f328048e3c924967b95 P 0c0ecde0af494dc9b152dee191c6d3e6: Append to log took a long time: real 0.123s	user 0.002s	sys 0.000s
I20260709 13:10:34.326069 29081 leader_election.cc:290] T b445e2209eb343cf9d87aa63ba0becbc P 0c0ecde0af494dc9b152dee191c6d3e6 [CANDIDATE]: Term 1 pre-election: Requested pre-vote from peers 178f22d83287460fb8c0db0ba2799895 (127.26.202.1:36115), ed517a03edd141a798f07798667c1c04 (127.26.202.3:40339)
W20260709 13:10:34.346167 28620 outbound_call.cc:321] RPC callback for RPC call kudu.consensus.ConsensusService.RequestConsensusVote -> {remote=127.26.202.3:40339, user_credentials={real_user=slave}} blocked reactor thread for 137275us
W20260709 13:10:34.347170 28620 leader_election.cc:343] T c23648b5c68c4f9584b74b6a8ff47454 P 0c0ecde0af494dc9b152dee191c6d3e6 [CANDIDATE]: Term 1 pre-election: Tablet error from VoteRequest() call to peer ed517a03edd141a798f07798667c1c04 (127.26.202.3:40339): Illegal state: must be running to vote when last-logged opid is not known
I20260709 13:10:34.347580 28620 leader_election.cc:304] T c23648b5c68c4f9584b74b6a8ff47454 P 0c0ecde0af494dc9b152dee191c6d3e6 [CANDIDATE]: Term 1 pre-election: Election decided. Result: candidate lost. Election summary: received 3 responses out of 3 voters: 1 yes votes; 2 no votes. yes voters: 0c0ecde0af494dc9b152dee191c6d3e6; no voters: 178f22d83287460fb8c0db0ba2799895, ed517a03edd141a798f07798667c1c04
I20260709 13:10:34.348613 29081 raft_consensus.cc:2749] T c23648b5c68c4f9584b74b6a8ff47454 P 0c0ecde0af494dc9b152dee191c6d3e6 [term 0 FOLLOWER]: Leader pre-election lost for term 1. Reason: could not achieve majority
I20260709 13:10:34.356069 29063 raft_consensus.cc:515] T 4380fb261ad646d49d956c3ba5036856 P ed517a03edd141a798f07798667c1c04 [term 1 FOLLOWER]: Starting leader election with config: opid_index: -1 OBSOLETE_local: false peers { permanent_uuid: "178f22d83287460fb8c0db0ba2799895" member_type: VOTER last_known_addr { host: "127.26.202.1" port: 36115 } } peers { permanent_uuid: "0c0ecde0af494dc9b152dee191c6d3e6" member_type: VOTER last_known_addr { host: "127.26.202.2" port: 39245 } } peers { permanent_uuid: "ed517a03edd141a798f07798667c1c04" member_type: VOTER last_known_addr { host: "127.26.202.3" port: 40339 } }
I20260709 13:10:34.348299 28476 catalog_manager.cc:5697] T e1210d5a904b4f328048e3c924967b95 P 0c0ecde0af494dc9b152dee191c6d3e6 reported cstate change: term changed from 0 to 1, leader changed from <none> to 0c0ecde0af494dc9b152dee191c6d3e6 (127.26.202.2). New cstate: current_term: 1 leader_uuid: "0c0ecde0af494dc9b152dee191c6d3e6" committed_config { opid_index: -1 OBSOLETE_local: false peers { permanent_uuid: "178f22d83287460fb8c0db0ba2799895" member_type: VOTER last_known_addr { host: "127.26.202.1" port: 36115 } health_report { overall_health: UNKNOWN } } peers { permanent_uuid: "0c0ecde0af494dc9b152dee191c6d3e6" member_type: VOTER last_known_addr { host: "127.26.202.2" port: 39245 } health_report { overall_health: HEALTHY } } peers { permanent_uuid: "ed517a03edd141a798f07798667c1c04" member_type: VOTER last_known_addr { host: "127.26.202.3" port: 40339 } health_report { overall_health: UNKNOWN } } }
I20260709 13:10:34.375607 28652 tablet_service.cc:1917] Received RequestConsensusVote() RPC: tablet_id: "95579b54a2ec400081e0a348b2395dfc" candidate_uuid: "ed517a03edd141a798f07798667c1c04" candidate_term: 1 candidate_status { last_received { term: 0 index: 0 } } ignore_live_leader: false dest_uuid: "0c0ecde0af494dc9b152dee191c6d3e6"
I20260709 13:10:34.376418 28575 tablet_service.cc:1917] Received RequestConsensusVote() RPC: tablet_id: "b445e2209eb343cf9d87aa63ba0becbc" candidate_uuid: "0c0ecde0af494dc9b152dee191c6d3e6" candidate_term: 1 candidate_status { last_received { term: 0 index: 0 } } ignore_live_leader: false dest_uuid: "178f22d83287460fb8c0db0ba2799895" is_pre_election: true
I20260709 13:10:34.377202 28575 raft_consensus.cc:2468] T b445e2209eb343cf9d87aa63ba0becbc P 178f22d83287460fb8c0db0ba2799895 [term 0 FOLLOWER]: Leader pre-election vote request: Granting yes vote for candidate 0c0ecde0af494dc9b152dee191c6d3e6 in term 0.
I20260709 13:10:34.381126 28651 tablet_service.cc:1917] Received RequestConsensusVote() RPC: tablet_id: "f91cfbc609274be4a869217b22fc197b" candidate_uuid: "178f22d83287460fb8c0db0ba2799895" candidate_term: 1 candidate_status { last_received { term: 0 index: 0 } } ignore_live_leader: false dest_uuid: "0c0ecde0af494dc9b152dee191c6d3e6" is_pre_election: true
I20260709 13:10:34.381767 28651 raft_consensus.cc:2393] T f91cfbc609274be4a869217b22fc197b P 0c0ecde0af494dc9b152dee191c6d3e6 [term 1 FOLLOWER]: Leader pre-election vote request: Denying vote to candidate 178f22d83287460fb8c0db0ba2799895 in current term 1: Already voted for candidate ed517a03edd141a798f07798667c1c04 in this term.
I20260709 13:10:34.368803 29081 consensus_queue.cc:1048] T e3680992ef7b48798cdf5ea60753f423 P 0c0ecde0af494dc9b152dee191c6d3e6 [LEADER]: Connected to new peer: Peer: permanent_uuid: "178f22d83287460fb8c0db0ba2799895" member_type: VOTER last_known_addr { host: "127.26.202.1" port: 36115 }, Status: LMP_MISMATCH, Last received: 0.0, Next index: 1, Last known committed idx: 0, Time since last communication: 0.014s
I20260709 13:10:34.387727 29063 leader_election.cc:290] T 4380fb261ad646d49d956c3ba5036856 P ed517a03edd141a798f07798667c1c04 [CANDIDATE]: Term 1 election: Requested vote from peers 178f22d83287460fb8c0db0ba2799895 (127.26.202.1:36115), 0c0ecde0af494dc9b152dee191c6d3e6 (127.26.202.2:39245)
I20260709 13:10:34.389520 28840 leader_election.cc:290] T f91cfbc609274be4a869217b22fc197b P 178f22d83287460fb8c0db0ba2799895 [CANDIDATE]: Term 1 pre-election: Requested pre-vote from peers 0c0ecde0af494dc9b152dee191c6d3e6 (127.26.202.2:39245), ed517a03edd141a798f07798667c1c04 (127.26.202.3:40339)
I20260709 13:10:34.388643 28654 tablet_service.cc:1917] Received RequestConsensusVote() RPC: tablet_id: "b445e2209eb343cf9d87aa63ba0becbc" candidate_uuid: "ed517a03edd141a798f07798667c1c04" candidate_term: 1 candidate_status { last_received { term: 0 index: 0 } } ignore_live_leader: false dest_uuid: "0c0ecde0af494dc9b152dee191c6d3e6" is_pre_election: true
I20260709 13:10:34.399420 29082 raft_consensus.cc:2749] T 95579b54a2ec400081e0a348b2395dfc P 0c0ecde0af494dc9b152dee191c6d3e6 [term 1 FOLLOWER]: Leader pre-election lost for term 1. Reason: could not achieve majority
I20260709 13:10:34.408372 28653 tablet_service.cc:1917] Received RequestConsensusVote() RPC: tablet_id: "61d9db35d52e47849f6205fef1ea841a" candidate_uuid: "ed517a03edd141a798f07798667c1c04" candidate_term: 1 candidate_status { last_received { term: 0 index: 0 } } ignore_live_leader: false dest_uuid: "0c0ecde0af494dc9b152dee191c6d3e6" is_pre_election: true
I20260709 13:10:34.408922 28969 raft_consensus.cc:493] T b905a9410ce147d093be203901159c35 P ed517a03edd141a798f07798667c1c04 [term 0 FOLLOWER]: Starting pre-election (no leader contacted us within the election timeout)
I20260709 13:10:34.405269 28572 raft_consensus.cc:3060] T f91cfbc609274be4a869217b22fc197b P 178f22d83287460fb8c0db0ba2799895 [term 0 FOLLOWER]: Advancing to term 1
I20260709 13:10:34.403378 28654 raft_consensus.cc:2468] T b445e2209eb343cf9d87aa63ba0becbc P 0c0ecde0af494dc9b152dee191c6d3e6 [term 0 FOLLOWER]: Leader pre-election vote request: Granting yes vote for candidate ed517a03edd141a798f07798667c1c04 in term 0.
I20260709 13:10:34.426610 28655 tablet_service.cc:1917] Received RequestConsensusVote() RPC: tablet_id: "b445e2209eb343cf9d87aa63ba0becbc" candidate_uuid: "ed517a03edd141a798f07798667c1c04" candidate_term: 1 candidate_status { last_received { term: 0 index: 0 } } ignore_live_leader: false dest_uuid: "0c0ecde0af494dc9b152dee191c6d3e6"
I20260709 13:10:34.427273 28655 raft_consensus.cc:3060] T b445e2209eb343cf9d87aa63ba0becbc P 0c0ecde0af494dc9b152dee191c6d3e6 [term 0 FOLLOWER]: Advancing to term 1
I20260709 13:10:34.421279 28578 tablet_service.cc:1917] Received RequestConsensusVote() RPC: tablet_id: "b445e2209eb343cf9d87aa63ba0becbc" candidate_uuid: "ed517a03edd141a798f07798667c1c04" candidate_term: 1 candidate_status { last_received { term: 0 index: 0 } } ignore_live_leader: false dest_uuid: "178f22d83287460fb8c0db0ba2799895"
I20260709 13:10:34.410163 28969 raft_consensus.cc:515] T b905a9410ce147d093be203901159c35 P ed517a03edd141a798f07798667c1c04 [term 0 FOLLOWER]: Starting pre-election with config: opid_index: -1 OBSOLETE_local: false peers { permanent_uuid: "178f22d83287460fb8c0db0ba2799895" member_type: VOTER last_known_addr { host: "127.26.202.1" port: 36115 } } peers { permanent_uuid: "0c0ecde0af494dc9b152dee191c6d3e6" member_type: VOTER last_known_addr { host: "127.26.202.2" port: 39245 } } peers { permanent_uuid: "ed517a03edd141a798f07798667c1c04" member_type: VOTER last_known_addr { host: "127.26.202.3" port: 40339 } }
I20260709 13:10:34.428066 28578 raft_consensus.cc:3060] T b445e2209eb343cf9d87aa63ba0becbc P 178f22d83287460fb8c0db0ba2799895 [term 0 FOLLOWER]: Advancing to term 1
I20260709 13:10:34.440675 28969 leader_election.cc:290] T b905a9410ce147d093be203901159c35 P ed517a03edd141a798f07798667c1c04 [CANDIDATE]: Term 1 pre-election: Requested pre-vote from peers 178f22d83287460fb8c0db0ba2799895 (127.26.202.1:36115), 0c0ecde0af494dc9b152dee191c6d3e6 (127.26.202.2:39245)
I20260709 13:10:34.445451 28652 raft_consensus.cc:2468] T 95579b54a2ec400081e0a348b2395dfc P 0c0ecde0af494dc9b152dee191c6d3e6 [term 1 FOLLOWER]: Leader election vote request: Granting yes vote for candidate ed517a03edd141a798f07798667c1c04 in term 1.
I20260709 13:10:34.445597 28621 leader_election.cc:304] T b445e2209eb343cf9d87aa63ba0becbc P 0c0ecde0af494dc9b152dee191c6d3e6 [CANDIDATE]: Term 1 pre-election: Election decided. Result: candidate won. Election summary: received 2 responses out of 3 voters: 2 yes votes; 0 no votes. yes voters: 0c0ecde0af494dc9b152dee191c6d3e6, 178f22d83287460fb8c0db0ba2799895; no voters: 
I20260709 13:10:34.456566 28772 tablet_bootstrap.cc:654] T 6caf9ec933124d00b3e0e2cfeccd317b P 0c0ecde0af494dc9b152dee191c6d3e6: Neither blocks nor log segments found. Creating new log.
I20260709 13:10:34.461437 28651 tablet_service.cc:1917] Received RequestConsensusVote() RPC: tablet_id: "b905a9410ce147d093be203901159c35" candidate_uuid: "ed517a03edd141a798f07798667c1c04" candidate_term: 1 candidate_status { last_received { term: 0 index: 0 } } ignore_live_leader: false dest_uuid: "0c0ecde0af494dc9b152dee191c6d3e6" is_pre_election: true
I20260709 13:10:34.465418 28581 tablet_service.cc:1917] Received RequestConsensusVote() RPC: tablet_id: "b905a9410ce147d093be203901159c35" candidate_uuid: "ed517a03edd141a798f07798667c1c04" candidate_term: 1 candidate_status { last_received { term: 0 index: 0 } } ignore_live_leader: false dest_uuid: "178f22d83287460fb8c0db0ba2799895" is_pre_election: true
I20260709 13:10:34.474071 28724 tablet_service.cc:1917] Received RequestConsensusVote() RPC: tablet_id: "b445e2209eb343cf9d87aa63ba0becbc" candidate_uuid: "0c0ecde0af494dc9b152dee191c6d3e6" candidate_term: 1 candidate_status { last_received { term: 0 index: 0 } } ignore_live_leader: false dest_uuid: "ed517a03edd141a798f07798667c1c04" is_pre_election: true
I20260709 13:10:34.473790 28722 tablet_service.cc:1917] Received RequestConsensusVote() RPC: tablet_id: "f91cfbc609274be4a869217b22fc197b" candidate_uuid: "178f22d83287460fb8c0db0ba2799895" candidate_term: 1 candidate_status { last_received { term: 0 index: 0 } } ignore_live_leader: false dest_uuid: "ed517a03edd141a798f07798667c1c04" is_pre_election: true
I20260709 13:10:34.479689 28652 tablet_service.cc:1917] Received RequestConsensusVote() RPC: tablet_id: "4380fb261ad646d49d956c3ba5036856" candidate_uuid: "ed517a03edd141a798f07798667c1c04" candidate_term: 1 candidate_status { last_received { term: 0 index: 0 } } ignore_live_leader: false dest_uuid: "0c0ecde0af494dc9b152dee191c6d3e6"
I20260709 13:10:34.485641 28652 raft_consensus.cc:3060] T 4380fb261ad646d49d956c3ba5036856 P 0c0ecde0af494dc9b152dee191c6d3e6 [term 0 FOLLOWER]: Advancing to term 1
I20260709 13:10:34.491091 28724 raft_consensus.cc:2393] T b445e2209eb343cf9d87aa63ba0becbc P ed517a03edd141a798f07798667c1c04 [term 1 FOLLOWER]: Leader pre-election vote request: Denying vote to candidate 0c0ecde0af494dc9b152dee191c6d3e6 in current term 1: Already voted for candidate ed517a03edd141a798f07798667c1c04 in this term.
I20260709 13:10:34.480232 28655 raft_consensus.cc:2468] T b445e2209eb343cf9d87aa63ba0becbc P 0c0ecde0af494dc9b152dee191c6d3e6 [term 1 FOLLOWER]: Leader election vote request: Granting yes vote for candidate ed517a03edd141a798f07798667c1c04 in term 1.
I20260709 13:10:34.495774 29081 raft_consensus.cc:2764] T b445e2209eb343cf9d87aa63ba0becbc P 0c0ecde0af494dc9b152dee191c6d3e6 [term 1 FOLLOWER]: Leader pre-election decision vote started in defunct term 0: won
I20260709 13:10:34.511013 28770 tablet_bootstrap.cc:492] T 299a315de86c44c0a3613934339689e4 P 178f22d83287460fb8c0db0ba2799895: No bootstrap required, opened a new log
I20260709 13:10:34.511656 28770 ts_tablet_manager.cc:1403] T 299a315de86c44c0a3613934339689e4 P 178f22d83287460fb8c0db0ba2799895: Time spent bootstrapping tablet: real 0.370s	user 0.018s	sys 0.032s
I20260709 13:10:34.512670 29085 raft_consensus.cc:493] T c23648b5c68c4f9584b74b6a8ff47454 P ed517a03edd141a798f07798667c1c04 [term 0 FOLLOWER]: Starting pre-election (no leader contacted us within the election timeout)
I20260709 13:10:34.513190 29085 raft_consensus.cc:515] T c23648b5c68c4f9584b74b6a8ff47454 P ed517a03edd141a798f07798667c1c04 [term 0 FOLLOWER]: Starting pre-election with config: opid_index: -1 OBSOLETE_local: false peers { permanent_uuid: "178f22d83287460fb8c0db0ba2799895" member_type: VOTER last_known_addr { host: "127.26.202.1" port: 36115 } } peers { permanent_uuid: "0c0ecde0af494dc9b152dee191c6d3e6" member_type: VOTER last_known_addr { host: "127.26.202.2" port: 39245 } } peers { permanent_uuid: "ed517a03edd141a798f07798667c1c04" member_type: VOTER last_known_addr { host: "127.26.202.3" port: 40339 } }
I20260709 13:10:34.515342 29085 leader_election.cc:290] T c23648b5c68c4f9584b74b6a8ff47454 P ed517a03edd141a798f07798667c1c04 [CANDIDATE]: Term 1 pre-election: Requested pre-vote from peers 178f22d83287460fb8c0db0ba2799895 (127.26.202.1:36115), 0c0ecde0af494dc9b152dee191c6d3e6 (127.26.202.2:39245)
W20260709 13:10:34.516391 28695 leader_election.cc:343] T 61d9db35d52e47849f6205fef1ea841a P ed517a03edd141a798f07798667c1c04 [CANDIDATE]: Term 1 pre-election: Tablet error from VoteRequest() call to peer 0c0ecde0af494dc9b152dee191c6d3e6 (127.26.202.2:39245): Illegal state: must be running to vote when last-logged opid is not known
I20260709 13:10:34.517372 28695 leader_election.cc:304] T 61d9db35d52e47849f6205fef1ea841a P ed517a03edd141a798f07798667c1c04 [CANDIDATE]: Term 1 pre-election: Election decided. Result: candidate lost. Election summary: received 3 responses out of 3 voters: 1 yes votes; 2 no votes. yes voters: ed517a03edd141a798f07798667c1c04; no voters: 0c0ecde0af494dc9b152dee191c6d3e6, 178f22d83287460fb8c0db0ba2799895
I20260709 13:10:34.519470 28578 raft_consensus.cc:2468] T b445e2209eb343cf9d87aa63ba0becbc P 178f22d83287460fb8c0db0ba2799895 [term 1 FOLLOWER]: Leader election vote request: Granting yes vote for candidate ed517a03edd141a798f07798667c1c04 in term 1.
I20260709 13:10:34.519615 29085 raft_consensus.cc:2749] T 61d9db35d52e47849f6205fef1ea841a P ed517a03edd141a798f07798667c1c04 [term 0 FOLLOWER]: Leader pre-election lost for term 1. Reason: could not achieve majority
I20260709 13:10:34.508960 28545 leader_election.cc:304] T f91cfbc609274be4a869217b22fc197b P 178f22d83287460fb8c0db0ba2799895 [CANDIDATE]: Term 1 pre-election: Election decided. Result: candidate lost. Election summary: received 3 responses out of 3 voters: 1 yes votes; 2 no votes. yes voters: 178f22d83287460fb8c0db0ba2799895; no voters: 0c0ecde0af494dc9b152dee191c6d3e6, ed517a03edd141a798f07798667c1c04
I20260709 13:10:34.521467 28770 raft_consensus.cc:359] T 299a315de86c44c0a3613934339689e4 P 178f22d83287460fb8c0db0ba2799895 [term 0 FOLLOWER]: Replica starting. Triggering 0 pending ops. Active config: opid_index: -1 OBSOLETE_local: false peers { permanent_uuid: "178f22d83287460fb8c0db0ba2799895" member_type: VOTER last_known_addr { host: "127.26.202.1" port: 36115 } } peers { permanent_uuid: "0c0ecde0af494dc9b152dee191c6d3e6" member_type: VOTER last_known_addr { host: "127.26.202.2" port: 39245 } } peers { permanent_uuid: "ed517a03edd141a798f07798667c1c04" member_type: VOTER last_known_addr { host: "127.26.202.3" port: 40339 } }
I20260709 13:10:34.522997 28774 tablet_bootstrap.cc:654] T 7cf5b8cf3c9a478da7deba36d7acbe96 P ed517a03edd141a798f07798667c1c04: Neither blocks nor log segments found. Creating new log.
I20260709 13:10:34.523247 28770 raft_consensus.cc:385] T 299a315de86c44c0a3613934339689e4 P 178f22d83287460fb8c0db0ba2799895 [term 0 FOLLOWER]: Consensus starting up: Expiring failure detector timer to make a prompt election more likely
I20260709 13:10:34.525540 28770 raft_consensus.cc:740] T 299a315de86c44c0a3613934339689e4 P 178f22d83287460fb8c0db0ba2799895 [term 0 FOLLOWER]: Becoming Follower/Learner. State: Replica: 178f22d83287460fb8c0db0ba2799895, State: Initialized, Role: FOLLOWER
I20260709 13:10:34.526490 28770 consensus_queue.cc:260] T 299a315de86c44c0a3613934339689e4 P 178f22d83287460fb8c0db0ba2799895 [NON_LEADER]: Queue going to NON_LEADER mode. State: All replicated index: 0, Majority replicated index: 0, Committed index: 0, Last appended: 0.0, Last appended by leader: 0, Current term: 0, Majority size: -1, State: 0, Mode: NON_LEADER, active raft config: opid_index: -1 OBSOLETE_local: false peers { permanent_uuid: "178f22d83287460fb8c0db0ba2799895" member_type: VOTER last_known_addr { host: "127.26.202.1" port: 36115 } } peers { permanent_uuid: "0c0ecde0af494dc9b152dee191c6d3e6" member_type: VOTER last_known_addr { host: "127.26.202.2" port: 39245 } } peers { permanent_uuid: "ed517a03edd141a798f07798667c1c04" member_type: VOTER last_known_addr { host: "127.26.202.3" port: 40339 } }
I20260709 13:10:34.526835 28575 tablet_service.cc:1917] Received RequestConsensusVote() RPC: tablet_id: "4380fb261ad646d49d956c3ba5036856" candidate_uuid: "ed517a03edd141a798f07798667c1c04" candidate_term: 1 candidate_status { last_received { term: 0 index: 0 } } ignore_live_leader: false dest_uuid: "178f22d83287460fb8c0db0ba2799895"
I20260709 13:10:34.523792 28695 leader_election.cc:304] T 95579b54a2ec400081e0a348b2395dfc P ed517a03edd141a798f07798667c1c04 [CANDIDATE]: Term 1 election: Election decided. Result: candidate won. Election summary: received 3 responses out of 3 voters: 2 yes votes; 1 no votes. yes voters: 0c0ecde0af494dc9b152dee191c6d3e6, ed517a03edd141a798f07798667c1c04; no voters: 178f22d83287460fb8c0db0ba2799895
I20260709 13:10:34.527076 29084 raft_consensus.cc:2749] T f91cfbc609274be4a869217b22fc197b P 178f22d83287460fb8c0db0ba2799895 [term 1 FOLLOWER]: Leader pre-election lost for term 1. Reason: could not achieve majority
I20260709 13:10:34.528820 28978 consensus_queue.cc:1048] T f91cfbc609274be4a869217b22fc197b P ed517a03edd141a798f07798667c1c04 [LEADER]: Connected to new peer: Peer: permanent_uuid: "0c0ecde0af494dc9b152dee191c6d3e6" member_type: VOTER last_known_addr { host: "127.26.202.2" port: 39245 }, Status: LMP_MISMATCH, Last received: 0.0, Next index: 1, Last known committed idx: 0, Time since last communication: 0.000s
I20260709 13:10:34.529623 28969 raft_consensus.cc:2804] T 95579b54a2ec400081e0a348b2395dfc P ed517a03edd141a798f07798667c1c04 [term 1 FOLLOWER]: Leader election won for term 1
I20260709 13:10:34.530802 28652 raft_consensus.cc:2468] T 4380fb261ad646d49d956c3ba5036856 P 0c0ecde0af494dc9b152dee191c6d3e6 [term 1 FOLLOWER]: Leader election vote request: Granting yes vote for candidate ed517a03edd141a798f07798667c1c04 in term 1.
I20260709 13:10:34.531672 28969 raft_consensus.cc:697] T 95579b54a2ec400081e0a348b2395dfc P ed517a03edd141a798f07798667c1c04 [term 1 LEADER]: Becoming Leader. State: Replica: ed517a03edd141a798f07798667c1c04, State: Running, Role: LEADER
I20260709 13:10:34.533416 28969 consensus_queue.cc:237] T 95579b54a2ec400081e0a348b2395dfc P ed517a03edd141a798f07798667c1c04 [LEADER]: Queue going to LEADER mode. State: All replicated index: 0, Majority replicated index: 0, Committed index: 0, Last appended: 0.0, Last appended by leader: 0, Current term: 1, Majority size: 2, State: 0, Mode: LEADER, active raft config: opid_index: -1 OBSOLETE_local: false peers { permanent_uuid: "178f22d83287460fb8c0db0ba2799895" member_type: VOTER last_known_addr { host: "127.26.202.1" port: 36115 } } peers { permanent_uuid: "0c0ecde0af494dc9b152dee191c6d3e6" member_type: VOTER last_known_addr { host: "127.26.202.2" port: 39245 } } peers { permanent_uuid: "ed517a03edd141a798f07798667c1c04" member_type: VOTER last_known_addr { host: "127.26.202.3" port: 40339 } }
I20260709 13:10:34.535341 28770 ts_tablet_manager.cc:1434] T 299a315de86c44c0a3613934339689e4 P 178f22d83287460fb8c0db0ba2799895: Time spent starting tablet: real 0.023s	user 0.008s	sys 0.002s
W20260709 13:10:34.532377 28695 leader_election.cc:343] T b905a9410ce147d093be203901159c35 P ed517a03edd141a798f07798667c1c04 [CANDIDATE]: Term 1 pre-election: Tablet error from VoteRequest() call to peer 0c0ecde0af494dc9b152dee191c6d3e6 (127.26.202.2:39245): Illegal state: must be running to vote when last-logged opid is not known
I20260709 13:10:34.537431 28695 leader_election.cc:304] T b445e2209eb343cf9d87aa63ba0becbc P ed517a03edd141a798f07798667c1c04 [CANDIDATE]: Term 1 election: Election decided. Result: candidate won. Election summary: received 2 responses out of 3 voters: 2 yes votes; 0 no votes. yes voters: 0c0ecde0af494dc9b152dee191c6d3e6, ed517a03edd141a798f07798667c1c04; no voters: 
I20260709 13:10:34.538326 29085 raft_consensus.cc:2804] T b445e2209eb343cf9d87aa63ba0becbc P ed517a03edd141a798f07798667c1c04 [term 1 FOLLOWER]: Leader election won for term 1
I20260709 13:10:34.538859 29085 raft_consensus.cc:697] T b445e2209eb343cf9d87aa63ba0becbc P ed517a03edd141a798f07798667c1c04 [term 1 LEADER]: Becoming Leader. State: Replica: ed517a03edd141a798f07798667c1c04, State: Running, Role: LEADER
I20260709 13:10:34.539716 29085 consensus_queue.cc:237] T b445e2209eb343cf9d87aa63ba0becbc P ed517a03edd141a798f07798667c1c04 [LEADER]: Queue going to LEADER mode. State: All replicated index: 0, Majority replicated index: 0, Committed index: 0, Last appended: 0.0, Last appended by leader: 0, Current term: 1, Majority size: 2, State: 0, Mode: LEADER, active raft config: opid_index: -1 OBSOLETE_local: false peers { permanent_uuid: "178f22d83287460fb8c0db0ba2799895" member_type: VOTER last_known_addr { host: "127.26.202.1" port: 36115 } } peers { permanent_uuid: "0c0ecde0af494dc9b152dee191c6d3e6" member_type: VOTER last_known_addr { host: "127.26.202.2" port: 39245 } } peers { permanent_uuid: "ed517a03edd141a798f07798667c1c04" member_type: VOTER last_known_addr { host: "127.26.202.3" port: 40339 } }
I20260709 13:10:34.541608 28770 tablet_bootstrap.cc:492] T 7cf5b8cf3c9a478da7deba36d7acbe96 P 178f22d83287460fb8c0db0ba2799895: Bootstrap starting.
I20260709 13:10:34.547387 29078 consensus_queue.cc:1048] T e3680992ef7b48798cdf5ea60753f423 P 0c0ecde0af494dc9b152dee191c6d3e6 [LEADER]: Connected to new peer: Peer: permanent_uuid: "ed517a03edd141a798f07798667c1c04" member_type: VOTER last_known_addr { host: "127.26.202.3" port: 40339 }, Status: LMP_MISMATCH, Last received: 0.0, Next index: 1, Last known committed idx: 0, Time since last communication: 0.003s
I20260709 13:10:34.556427 28655 tablet_service.cc:1917] Received RequestConsensusVote() RPC: tablet_id: "c23648b5c68c4f9584b74b6a8ff47454" candidate_uuid: "ed517a03edd141a798f07798667c1c04" candidate_term: 1 candidate_status { last_received { term: 0 index: 0 } } ignore_live_leader: false dest_uuid: "0c0ecde0af494dc9b152dee191c6d3e6" is_pre_election: true
I20260709 13:10:34.557490 28774 tablet_bootstrap.cc:492] T 7cf5b8cf3c9a478da7deba36d7acbe96 P ed517a03edd141a798f07798667c1c04: No bootstrap required, opened a new log
I20260709 13:10:34.558003 28774 ts_tablet_manager.cc:1403] T 7cf5b8cf3c9a478da7deba36d7acbe96 P ed517a03edd141a798f07798667c1c04: Time spent bootstrapping tablet: real 0.343s	user 0.011s	sys 0.004s
W20260709 13:10:34.566783 28695 leader_election.cc:343] T b905a9410ce147d093be203901159c35 P ed517a03edd141a798f07798667c1c04 [CANDIDATE]: Term 1 pre-election: Tablet error from VoteRequest() call to peer 178f22d83287460fb8c0db0ba2799895 (127.26.202.1:36115): Illegal state: must be running to vote when last-logged opid is not known
I20260709 13:10:34.567417 28695 leader_election.cc:304] T b905a9410ce147d093be203901159c35 P ed517a03edd141a798f07798667c1c04 [CANDIDATE]: Term 1 pre-election: Election decided. Result: candidate lost. Election summary: received 3 responses out of 3 voters: 1 yes votes; 2 no votes. yes voters: ed517a03edd141a798f07798667c1c04; no voters: 0c0ecde0af494dc9b152dee191c6d3e6, 178f22d83287460fb8c0db0ba2799895
W20260709 13:10:34.572909 28695 leader_election.cc:343] T 4380fb261ad646d49d956c3ba5036856 P ed517a03edd141a798f07798667c1c04 [CANDIDATE]: Term 1 election: Tablet error from VoteRequest() call to peer 178f22d83287460fb8c0db0ba2799895 (127.26.202.1:36115): Illegal state: must be running to vote when last-logged opid is not known
I20260709 13:10:34.578231 29080 consensus_queue.cc:1048] T 3d30c923964844ccad86f6776b30b074 P ed517a03edd141a798f07798667c1c04 [LEADER]: Connected to new peer: Peer: permanent_uuid: "178f22d83287460fb8c0db0ba2799895" member_type: VOTER last_known_addr { host: "127.26.202.1" port: 36115 }, Status: LMP_MISMATCH, Last received: 0.0, Next index: 1, Last known committed idx: 0, Time since last communication: 0.002s
I20260709 13:10:34.574513 29063 consensus_queue.cc:1048] T f91cfbc609274be4a869217b22fc197b P ed517a03edd141a798f07798667c1c04 [LEADER]: Connected to new peer: Peer: permanent_uuid: "178f22d83287460fb8c0db0ba2799895" member_type: VOTER last_known_addr { host: "127.26.202.1" port: 36115 }, Status: LMP_MISMATCH, Last received: 0.0, Next index: 1, Last known committed idx: 0, Time since last communication: 0.006s
I20260709 13:10:34.571576 28978 raft_consensus.cc:2749] T b905a9410ce147d093be203901159c35 P ed517a03edd141a798f07798667c1c04 [term 0 FOLLOWER]: Leader pre-election lost for term 1. Reason: could not achieve majority
I20260709 13:10:34.569780 28655 raft_consensus.cc:2468] T c23648b5c68c4f9584b74b6a8ff47454 P 0c0ecde0af494dc9b152dee191c6d3e6 [term 0 FOLLOWER]: Leader pre-election vote request: Granting yes vote for candidate ed517a03edd141a798f07798667c1c04 in term 0.
I20260709 13:10:34.577445 28695 leader_election.cc:304] T 4380fb261ad646d49d956c3ba5036856 P ed517a03edd141a798f07798667c1c04 [CANDIDATE]: Term 1 election: Election decided. Result: candidate won. Election summary: received 3 responses out of 3 voters: 2 yes votes; 1 no votes. yes voters: 0c0ecde0af494dc9b152dee191c6d3e6, ed517a03edd141a798f07798667c1c04; no voters: 178f22d83287460fb8c0db0ba2799895
I20260709 13:10:34.586709 28695 leader_election.cc:304] T c23648b5c68c4f9584b74b6a8ff47454 P ed517a03edd141a798f07798667c1c04 [CANDIDATE]: Term 1 pre-election: Election decided. Result: candidate won. Election summary: received 2 responses out of 3 voters: 2 yes votes; 0 no votes. yes voters: 0c0ecde0af494dc9b152dee191c6d3e6, ed517a03edd141a798f07798667c1c04; no voters: 
I20260709 13:10:34.585359 28572 tablet_service.cc:1917] Received RequestConsensusVote() RPC: tablet_id: "c23648b5c68c4f9584b74b6a8ff47454" candidate_uuid: "ed517a03edd141a798f07798667c1c04" candidate_term: 1 candidate_status { last_received { term: 0 index: 0 } } ignore_live_leader: false dest_uuid: "178f22d83287460fb8c0db0ba2799895" is_pre_election: true
I20260709 13:10:34.587330 29080 raft_consensus.cc:2804] T 4380fb261ad646d49d956c3ba5036856 P ed517a03edd141a798f07798667c1c04 [term 1 FOLLOWER]: Leader election won for term 1
I20260709 13:10:34.587816 29080 raft_consensus.cc:697] T 4380fb261ad646d49d956c3ba5036856 P ed517a03edd141a798f07798667c1c04 [term 1 LEADER]: Becoming Leader. State: Replica: ed517a03edd141a798f07798667c1c04, State: Running, Role: LEADER
I20260709 13:10:34.588697 28978 raft_consensus.cc:2804] T c23648b5c68c4f9584b74b6a8ff47454 P ed517a03edd141a798f07798667c1c04 [term 0 FOLLOWER]: Leader pre-election won for term 1
I20260709 13:10:34.589202 28978 raft_consensus.cc:493] T c23648b5c68c4f9584b74b6a8ff47454 P ed517a03edd141a798f07798667c1c04 [term 0 FOLLOWER]: Starting leader election (no leader contacted us within the election timeout)
I20260709 13:10:34.588673 29080 consensus_queue.cc:237] T 4380fb261ad646d49d956c3ba5036856 P ed517a03edd141a798f07798667c1c04 [LEADER]: Queue going to LEADER mode. State: All replicated index: 0, Majority replicated index: 0, Committed index: 0, Last appended: 0.0, Last appended by leader: 0, Current term: 1, Majority size: 2, State: 0, Mode: LEADER, active raft config: opid_index: -1 OBSOLETE_local: false peers { permanent_uuid: "178f22d83287460fb8c0db0ba2799895" member_type: VOTER last_known_addr { host: "127.26.202.1" port: 36115 } } peers { permanent_uuid: "0c0ecde0af494dc9b152dee191c6d3e6" member_type: VOTER last_known_addr { host: "127.26.202.2" port: 39245 } } peers { permanent_uuid: "ed517a03edd141a798f07798667c1c04" member_type: VOTER last_known_addr { host: "127.26.202.3" port: 40339 } }
I20260709 13:10:34.590466 28978 raft_consensus.cc:3060] T c23648b5c68c4f9584b74b6a8ff47454 P ed517a03edd141a798f07798667c1c04 [term 0 FOLLOWER]: Advancing to term 1
I20260709 13:10:34.592734 28477 catalog_manager.cc:5697] T 95579b54a2ec400081e0a348b2395dfc P ed517a03edd141a798f07798667c1c04 reported cstate change: term changed from 0 to 1, leader changed from <none> to ed517a03edd141a798f07798667c1c04 (127.26.202.3). New cstate: current_term: 1 leader_uuid: "ed517a03edd141a798f07798667c1c04" committed_config { opid_index: -1 OBSOLETE_local: false peers { permanent_uuid: "178f22d83287460fb8c0db0ba2799895" member_type: VOTER last_known_addr { host: "127.26.202.1" port: 36115 } health_report { overall_health: UNKNOWN } } peers { permanent_uuid: "0c0ecde0af494dc9b152dee191c6d3e6" member_type: VOTER last_known_addr { host: "127.26.202.2" port: 39245 } health_report { overall_health: UNKNOWN } } peers { permanent_uuid: "ed517a03edd141a798f07798667c1c04" member_type: VOTER last_known_addr { host: "127.26.202.3" port: 40339 } health_report { overall_health: HEALTHY } } }
W20260709 13:10:34.594480 28695 leader_election.cc:343] T c23648b5c68c4f9584b74b6a8ff47454 P ed517a03edd141a798f07798667c1c04 [CANDIDATE]: Term 1 pre-election: Tablet error from VoteRequest() call to peer 178f22d83287460fb8c0db0ba2799895 (127.26.202.1:36115): Illegal state: must be running to vote when last-logged opid is not known
I20260709 13:10:34.638965 28772 tablet_bootstrap.cc:492] T 6caf9ec933124d00b3e0e2cfeccd317b P 0c0ecde0af494dc9b152dee191c6d3e6: No bootstrap required, opened a new log
I20260709 13:10:34.639793 28772 ts_tablet_manager.cc:1403] T 6caf9ec933124d00b3e0e2cfeccd317b P 0c0ecde0af494dc9b152dee191c6d3e6: Time spent bootstrapping tablet: real 0.365s	user 0.016s	sys 0.004s
I20260709 13:10:34.656874 28978 raft_consensus.cc:515] T c23648b5c68c4f9584b74b6a8ff47454 P ed517a03edd141a798f07798667c1c04 [term 1 FOLLOWER]: Starting leader election with config: opid_index: -1 OBSOLETE_local: false peers { permanent_uuid: "178f22d83287460fb8c0db0ba2799895" member_type: VOTER last_known_addr { host: "127.26.202.1" port: 36115 } } peers { permanent_uuid: "0c0ecde0af494dc9b152dee191c6d3e6" member_type: VOTER last_known_addr { host: "127.26.202.2" port: 39245 } } peers { permanent_uuid: "ed517a03edd141a798f07798667c1c04" member_type: VOTER last_known_addr { host: "127.26.202.3" port: 40339 } }
I20260709 13:10:34.659337 28978 leader_election.cc:290] T c23648b5c68c4f9584b74b6a8ff47454 P ed517a03edd141a798f07798667c1c04 [CANDIDATE]: Term 1 election: Requested vote from peers 178f22d83287460fb8c0db0ba2799895 (127.26.202.1:36115), 0c0ecde0af494dc9b152dee191c6d3e6 (127.26.202.2:39245)
I20260709 13:10:34.665256 28774 raft_consensus.cc:359] T 7cf5b8cf3c9a478da7deba36d7acbe96 P ed517a03edd141a798f07798667c1c04 [term 0 FOLLOWER]: Replica starting. Triggering 0 pending ops. Active config: opid_index: -1 OBSOLETE_local: false peers { permanent_uuid: "178f22d83287460fb8c0db0ba2799895" member_type: VOTER last_known_addr { host: "127.26.202.1" port: 36115 } } peers { permanent_uuid: "0c0ecde0af494dc9b152dee191c6d3e6" member_type: VOTER last_known_addr { host: "127.26.202.2" port: 39245 } } peers { permanent_uuid: "ed517a03edd141a798f07798667c1c04" member_type: VOTER last_known_addr { host: "127.26.202.3" port: 40339 } }
I20260709 13:10:34.666308 28774 raft_consensus.cc:385] T 7cf5b8cf3c9a478da7deba36d7acbe96 P ed517a03edd141a798f07798667c1c04 [term 0 FOLLOWER]: Consensus starting up: Expiring failure detector timer to make a prompt election more likely
I20260709 13:10:34.666680 28774 raft_consensus.cc:740] T 7cf5b8cf3c9a478da7deba36d7acbe96 P ed517a03edd141a798f07798667c1c04 [term 0 FOLLOWER]: Becoming Follower/Learner. State: Replica: ed517a03edd141a798f07798667c1c04, State: Initialized, Role: FOLLOWER
I20260709 13:10:34.667570 28774 consensus_queue.cc:260] T 7cf5b8cf3c9a478da7deba36d7acbe96 P ed517a03edd141a798f07798667c1c04 [NON_LEADER]: Queue going to NON_LEADER mode. State: All replicated index: 0, Majority replicated index: 0, Committed index: 0, Last appended: 0.0, Last appended by leader: 0, Current term: 0, Majority size: -1, State: 0, Mode: NON_LEADER, active raft config: opid_index: -1 OBSOLETE_local: false peers { permanent_uuid: "178f22d83287460fb8c0db0ba2799895" member_type: VOTER last_known_addr { host: "127.26.202.1" port: 36115 } } peers { permanent_uuid: "0c0ecde0af494dc9b152dee191c6d3e6" member_type: VOTER last_known_addr { host: "127.26.202.2" port: 39245 } } peers { permanent_uuid: "ed517a03edd141a798f07798667c1c04" member_type: VOTER last_known_addr { host: "127.26.202.3" port: 40339 } }
I20260709 13:10:34.623520 29078 consensus_queue.cc:1048] T e1210d5a904b4f328048e3c924967b95 P 0c0ecde0af494dc9b152dee191c6d3e6 [LEADER]: Connected to new peer: Peer: permanent_uuid: "ed517a03edd141a798f07798667c1c04" member_type: VOTER last_known_addr { host: "127.26.202.3" port: 40339 }, Status: LMP_MISMATCH, Last received: 0.0, Next index: 1, Last known committed idx: 0, Time since last communication: 0.041s
I20260709 13:10:34.680883 28774 ts_tablet_manager.cc:1434] T 7cf5b8cf3c9a478da7deba36d7acbe96 P ed517a03edd141a798f07798667c1c04: Time spent starting tablet: real 0.123s	user 0.008s	sys 0.002s
I20260709 13:10:34.682037 28774 tablet_bootstrap.cc:492] T 299a315de86c44c0a3613934339689e4 P ed517a03edd141a798f07798667c1c04: Bootstrap starting.
I20260709 13:10:34.684496 28652 tablet_service.cc:1917] Received RequestConsensusVote() RPC: tablet_id: "c23648b5c68c4f9584b74b6a8ff47454" candidate_uuid: "ed517a03edd141a798f07798667c1c04" candidate_term: 1 candidate_status { last_received { term: 0 index: 0 } } ignore_live_leader: false dest_uuid: "0c0ecde0af494dc9b152dee191c6d3e6"
I20260709 13:10:34.685217 28652 raft_consensus.cc:3060] T c23648b5c68c4f9584b74b6a8ff47454 P 0c0ecde0af494dc9b152dee191c6d3e6 [term 0 FOLLOWER]: Advancing to term 1
I20260709 13:10:34.688324 28577 tablet_service.cc:1917] Received RequestConsensusVote() RPC: tablet_id: "c23648b5c68c4f9584b74b6a8ff47454" candidate_uuid: "ed517a03edd141a798f07798667c1c04" candidate_term: 1 candidate_status { last_received { term: 0 index: 0 } } ignore_live_leader: false dest_uuid: "178f22d83287460fb8c0db0ba2799895"
I20260709 13:10:34.699666 28772 raft_consensus.cc:359] T 6caf9ec933124d00b3e0e2cfeccd317b P 0c0ecde0af494dc9b152dee191c6d3e6 [term 0 FOLLOWER]: Replica starting. Triggering 0 pending ops. Active config: opid_index: -1 OBSOLETE_local: false peers { permanent_uuid: "178f22d83287460fb8c0db0ba2799895" member_type: VOTER last_known_addr { host: "127.26.202.1" port: 36115 } } peers { permanent_uuid: "0c0ecde0af494dc9b152dee191c6d3e6" member_type: VOTER last_known_addr { host: "127.26.202.2" port: 39245 } } peers { permanent_uuid: "ed517a03edd141a798f07798667c1c04" member_type: VOTER last_known_addr { host: "127.26.202.3" port: 40339 } }
I20260709 13:10:34.700492 28772 raft_consensus.cc:385] T 6caf9ec933124d00b3e0e2cfeccd317b P 0c0ecde0af494dc9b152dee191c6d3e6 [term 0 FOLLOWER]: Consensus starting up: Expiring failure detector timer to make a prompt election more likely
I20260709 13:10:34.700793 28772 raft_consensus.cc:740] T 6caf9ec933124d00b3e0e2cfeccd317b P 0c0ecde0af494dc9b152dee191c6d3e6 [term 0 FOLLOWER]: Becoming Follower/Learner. State: Replica: 0c0ecde0af494dc9b152dee191c6d3e6, State: Initialized, Role: FOLLOWER
I20260709 13:10:34.701676 28772 consensus_queue.cc:260] T 6caf9ec933124d00b3e0e2cfeccd317b P 0c0ecde0af494dc9b152dee191c6d3e6 [NON_LEADER]: Queue going to NON_LEADER mode. State: All replicated index: 0, Majority replicated index: 0, Committed index: 0, Last appended: 0.0, Last appended by leader: 0, Current term: 0, Majority size: -1, State: 0, Mode: NON_LEADER, active raft config: opid_index: -1 OBSOLETE_local: false peers { permanent_uuid: "178f22d83287460fb8c0db0ba2799895" member_type: VOTER last_known_addr { host: "127.26.202.1" port: 36115 } } peers { permanent_uuid: "0c0ecde0af494dc9b152dee191c6d3e6" member_type: VOTER last_known_addr { host: "127.26.202.2" port: 39245 } } peers { permanent_uuid: "ed517a03edd141a798f07798667c1c04" member_type: VOTER last_known_addr { host: "127.26.202.3" port: 40339 } }
W20260709 13:10:34.707830 28695 leader_election.cc:343] T c23648b5c68c4f9584b74b6a8ff47454 P ed517a03edd141a798f07798667c1c04 [CANDIDATE]: Term 1 election: Tablet error from VoteRequest() call to peer 178f22d83287460fb8c0db0ba2799895 (127.26.202.1:36115): Illegal state: must be running to vote when last-logged opid is not known
I20260709 13:10:34.708858 28770 tablet_bootstrap.cc:654] T 7cf5b8cf3c9a478da7deba36d7acbe96 P 178f22d83287460fb8c0db0ba2799895: Neither blocks nor log segments found. Creating new log.
I20260709 13:10:34.705109 29079 consensus_queue.cc:1048] T e1210d5a904b4f328048e3c924967b95 P 0c0ecde0af494dc9b152dee191c6d3e6 [LEADER]: Connected to new peer: Peer: permanent_uuid: "178f22d83287460fb8c0db0ba2799895" member_type: VOTER last_known_addr { host: "127.26.202.1" port: 36115 }, Status: LMP_MISMATCH, Last received: 0.0, Next index: 1, Last known committed idx: 0, Time since last communication: 0.002s
I20260709 13:10:34.722888 28772 ts_tablet_manager.cc:1434] T 6caf9ec933124d00b3e0e2cfeccd317b P 0c0ecde0af494dc9b152dee191c6d3e6: Time spent starting tablet: real 0.083s	user 0.008s	sys 0.000s
I20260709 13:10:34.725935 28652 raft_consensus.cc:2468] T c23648b5c68c4f9584b74b6a8ff47454 P 0c0ecde0af494dc9b152dee191c6d3e6 [term 1 FOLLOWER]: Leader election vote request: Granting yes vote for candidate ed517a03edd141a798f07798667c1c04 in term 1.
I20260709 13:10:34.728506 28774 tablet_bootstrap.cc:654] T 299a315de86c44c0a3613934339689e4 P ed517a03edd141a798f07798667c1c04: Neither blocks nor log segments found. Creating new log.
I20260709 13:10:34.735016 28986 raft_consensus.cc:493] T 299a315de86c44c0a3613934339689e4 P 178f22d83287460fb8c0db0ba2799895 [term 0 FOLLOWER]: Starting pre-election (no leader contacted us within the election timeout)
I20260709 13:10:34.735536 28986 raft_consensus.cc:515] T 299a315de86c44c0a3613934339689e4 P 178f22d83287460fb8c0db0ba2799895 [term 0 FOLLOWER]: Starting pre-election with config: opid_index: -1 OBSOLETE_local: false peers { permanent_uuid: "178f22d83287460fb8c0db0ba2799895" member_type: VOTER last_known_addr { host: "127.26.202.1" port: 36115 } } peers { permanent_uuid: "0c0ecde0af494dc9b152dee191c6d3e6" member_type: VOTER last_known_addr { host: "127.26.202.2" port: 39245 } } peers { permanent_uuid: "ed517a03edd141a798f07798667c1c04" member_type: VOTER last_known_addr { host: "127.26.202.3" port: 40339 } }
I20260709 13:10:34.738322 28695 leader_election.cc:304] T c23648b5c68c4f9584b74b6a8ff47454 P ed517a03edd141a798f07798667c1c04 [CANDIDATE]: Term 1 election: Election decided. Result: candidate won. Election summary: received 3 responses out of 3 voters: 2 yes votes; 1 no votes. yes voters: 0c0ecde0af494dc9b152dee191c6d3e6, ed517a03edd141a798f07798667c1c04; no voters: 178f22d83287460fb8c0db0ba2799895
I20260709 13:10:34.737650 28986 leader_election.cc:290] T 299a315de86c44c0a3613934339689e4 P 178f22d83287460fb8c0db0ba2799895 [CANDIDATE]: Term 1 pre-election: Requested pre-vote from peers 0c0ecde0af494dc9b152dee191c6d3e6 (127.26.202.2:39245), ed517a03edd141a798f07798667c1c04 (127.26.202.3:40339)
I20260709 13:10:34.740672 28978 consensus_queue.cc:1048] T 3d30c923964844ccad86f6776b30b074 P ed517a03edd141a798f07798667c1c04 [LEADER]: Connected to new peer: Peer: permanent_uuid: "0c0ecde0af494dc9b152dee191c6d3e6" member_type: VOTER last_known_addr { host: "127.26.202.2" port: 39245 }, Status: LMP_MISMATCH, Last received: 0.0, Next index: 1, Last known committed idx: 0, Time since last communication: 0.001s
I20260709 13:10:34.740315 29080 raft_consensus.cc:2804] T c23648b5c68c4f9584b74b6a8ff47454 P ed517a03edd141a798f07798667c1c04 [term 1 FOLLOWER]: Leader election won for term 1
I20260709 13:10:34.749833 28721 tablet_service.cc:1917] Received RequestConsensusVote() RPC: tablet_id: "299a315de86c44c0a3613934339689e4" candidate_uuid: "178f22d83287460fb8c0db0ba2799895" candidate_term: 1 candidate_status { last_received { term: 0 index: 0 } } ignore_live_leader: false dest_uuid: "ed517a03edd141a798f07798667c1c04" is_pre_election: true
W20260709 13:10:34.753949 28545 leader_election.cc:343] T 299a315de86c44c0a3613934339689e4 P 178f22d83287460fb8c0db0ba2799895 [CANDIDATE]: Term 1 pre-election: Tablet error from VoteRequest() call to peer ed517a03edd141a798f07798667c1c04 (127.26.202.3:40339): Illegal state: must be running to vote when last-logged opid is not known
I20260709 13:10:34.749068 28651 tablet_service.cc:1917] Received RequestConsensusVote() RPC: tablet_id: "299a315de86c44c0a3613934339689e4" candidate_uuid: "178f22d83287460fb8c0db0ba2799895" candidate_term: 1 candidate_status { last_received { term: 0 index: 0 } } ignore_live_leader: false dest_uuid: "0c0ecde0af494dc9b152dee191c6d3e6" is_pre_election: true
W20260709 13:10:34.758807 28546 leader_election.cc:343] T 299a315de86c44c0a3613934339689e4 P 178f22d83287460fb8c0db0ba2799895 [CANDIDATE]: Term 1 pre-election: Tablet error from VoteRequest() call to peer 0c0ecde0af494dc9b152dee191c6d3e6 (127.26.202.2:39245): Illegal state: must be running to vote when last-logged opid is not known
I20260709 13:10:34.759284 28546 leader_election.cc:304] T 299a315de86c44c0a3613934339689e4 P 178f22d83287460fb8c0db0ba2799895 [CANDIDATE]: Term 1 pre-election: Election decided. Result: candidate lost. Election summary: received 3 responses out of 3 voters: 1 yes votes; 2 no votes. yes voters: 178f22d83287460fb8c0db0ba2799895; no voters: 0c0ecde0af494dc9b152dee191c6d3e6, ed517a03edd141a798f07798667c1c04
I20260709 13:10:34.760792 28986 raft_consensus.cc:2749] T 299a315de86c44c0a3613934339689e4 P 178f22d83287460fb8c0db0ba2799895 [term 0 FOLLOWER]: Leader pre-election lost for term 1. Reason: could not achieve majority
I20260709 13:10:34.761682 28772 tablet_bootstrap.cc:492] T 299a315de86c44c0a3613934339689e4 P 0c0ecde0af494dc9b152dee191c6d3e6: Bootstrap starting.
I20260709 13:10:34.768795 28770 tablet_bootstrap.cc:492] T 7cf5b8cf3c9a478da7deba36d7acbe96 P 178f22d83287460fb8c0db0ba2799895: No bootstrap required, opened a new log
I20260709 13:10:34.769491 28770 ts_tablet_manager.cc:1403] T 7cf5b8cf3c9a478da7deba36d7acbe96 P 178f22d83287460fb8c0db0ba2799895: Time spent bootstrapping tablet: real 0.233s	user 0.011s	sys 0.013s
I20260709 13:10:34.781418 28770 raft_consensus.cc:359] T 7cf5b8cf3c9a478da7deba36d7acbe96 P 178f22d83287460fb8c0db0ba2799895 [term 0 FOLLOWER]: Replica starting. Triggering 0 pending ops. Active config: opid_index: -1 OBSOLETE_local: false peers { permanent_uuid: "178f22d83287460fb8c0db0ba2799895" member_type: VOTER last_known_addr { host: "127.26.202.1" port: 36115 } } peers { permanent_uuid: "0c0ecde0af494dc9b152dee191c6d3e6" member_type: VOTER last_known_addr { host: "127.26.202.2" port: 39245 } } peers { permanent_uuid: "ed517a03edd141a798f07798667c1c04" member_type: VOTER last_known_addr { host: "127.26.202.3" port: 40339 } }
I20260709 13:10:34.782133 28770 raft_consensus.cc:385] T 7cf5b8cf3c9a478da7deba36d7acbe96 P 178f22d83287460fb8c0db0ba2799895 [term 0 FOLLOWER]: Consensus starting up: Expiring failure detector timer to make a prompt election more likely
I20260709 13:10:34.782401 28770 raft_consensus.cc:740] T 7cf5b8cf3c9a478da7deba36d7acbe96 P 178f22d83287460fb8c0db0ba2799895 [term 0 FOLLOWER]: Becoming Follower/Learner. State: Replica: 178f22d83287460fb8c0db0ba2799895, State: Initialized, Role: FOLLOWER
I20260709 13:10:34.784044 28774 tablet_bootstrap.cc:492] T 299a315de86c44c0a3613934339689e4 P ed517a03edd141a798f07798667c1c04: No bootstrap required, opened a new log
I20260709 13:10:34.784505 28774 ts_tablet_manager.cc:1403] T 299a315de86c44c0a3613934339689e4 P ed517a03edd141a798f07798667c1c04: Time spent bootstrapping tablet: real 0.103s	user 0.006s	sys 0.011s
I20260709 13:10:34.785616 28477 catalog_manager.cc:5697] T b445e2209eb343cf9d87aa63ba0becbc P ed517a03edd141a798f07798667c1c04 reported cstate change: term changed from 0 to 1, leader changed from <none> to ed517a03edd141a798f07798667c1c04 (127.26.202.3). New cstate: current_term: 1 leader_uuid: "ed517a03edd141a798f07798667c1c04" committed_config { opid_index: -1 OBSOLETE_local: false peers { permanent_uuid: "178f22d83287460fb8c0db0ba2799895" member_type: VOTER last_known_addr { host: "127.26.202.1" port: 36115 } health_report { overall_health: UNKNOWN } } peers { permanent_uuid: "0c0ecde0af494dc9b152dee191c6d3e6" member_type: VOTER last_known_addr { host: "127.26.202.2" port: 39245 } health_report { overall_health: UNKNOWN } } peers { permanent_uuid: "ed517a03edd141a798f07798667c1c04" member_type: VOTER last_known_addr { host: "127.26.202.3" port: 40339 } health_report { overall_health: HEALTHY } } }
