I20260709 13:10:33.557999 28774 tablet_bootstrap.cc:654] T 3d30c923964844ccad86f6776b30b074 P ed517a03edd141a798f07798667c1c04: Neither blocks nor log segments found. Creating new log.
I20260709 13:10:33.560760 28727 tablet_service.cc:1917] Received RequestConsensusVote() RPC: tablet_id: "e3680992ef7b48798cdf5ea60753f423" candidate_uuid: "0c0ecde0af494dc9b152dee191c6d3e6" candidate_term: 1 candidate_status { last_received { term: 0 index: 0 } } ignore_live_leader: false dest_uuid: "ed517a03edd141a798f07798667c1c04" is_pre_election: true
I20260709 13:10:33.561932 28727 raft_consensus.cc:2468] T e3680992ef7b48798cdf5ea60753f423 P ed517a03edd141a798f07798667c1c04 [term 0 FOLLOWER]: Leader pre-election vote request: Granting yes vote for candidate 0c0ecde0af494dc9b152dee191c6d3e6 in term 0.
I20260709 13:10:33.563525 28620 leader_election.cc:304] T e3680992ef7b48798cdf5ea60753f423 P 0c0ecde0af494dc9b152dee191c6d3e6 [CANDIDATE]: Term 1 pre-election: Election decided. Result: candidate won. Election summary: received 2 responses out of 3 voters: 2 yes votes; 0 no votes. yes voters: 0c0ecde0af494dc9b152dee191c6d3e6, ed517a03edd141a798f07798667c1c04; no voters: 
I20260709 13:10:33.564327 28977 raft_consensus.cc:2804] T e3680992ef7b48798cdf5ea60753f423 P 0c0ecde0af494dc9b152dee191c6d3e6 [term 0 FOLLOWER]: Leader pre-election won for term 1
I20260709 13:10:33.564870 28977 raft_consensus.cc:493] T e3680992ef7b48798cdf5ea60753f423 P 0c0ecde0af494dc9b152dee191c6d3e6 [term 0 FOLLOWER]: Starting leader election (no leader contacted us within the election timeout)
I20260709 13:10:33.552518 28796 leader_election.cc:290] T e3680992ef7b48798cdf5ea60753f423 P 0c0ecde0af494dc9b152dee191c6d3e6 [CANDIDATE]: Term 1 pre-election: Requested pre-vote from peers 178f22d83287460fb8c0db0ba2799895 (127.26.202.1:36115), ed517a03edd141a798f07798667c1c04 (127.26.202.3:40339)
I20260709 13:10:33.565311 28977 raft_consensus.cc:3060] T e3680992ef7b48798cdf5ea60753f423 P 0c0ecde0af494dc9b152dee191c6d3e6 [term 0 FOLLOWER]: Advancing to term 1
I20260709 13:10:33.569142 28770 tablet_bootstrap.cc:654] T 3d30c923964844ccad86f6776b30b074 P 178f22d83287460fb8c0db0ba2799895: Neither blocks nor log segments found. Creating new log.
I20260709 13:10:33.572746 28772 raft_consensus.cc:359] T 3d30c923964844ccad86f6776b30b074 P 0c0ecde0af494dc9b152dee191c6d3e6 [term 0 FOLLOWER]: Replica starting. Triggering 0 pending ops. Active config: opid_index: -1 OBSOLETE_local: false peers { permanent_uuid: "178f22d83287460fb8c0db0ba2799895" member_type: VOTER last_known_addr { host: "127.26.202.1" port: 36115 } } peers { permanent_uuid: "0c0ecde0af494dc9b152dee191c6d3e6" member_type: VOTER last_known_addr { host: "127.26.202.2" port: 39245 } } peers { permanent_uuid: "ed517a03edd141a798f07798667c1c04" member_type: VOTER last_known_addr { host: "127.26.202.3" port: 40339 } }
I20260709 13:10:33.573835 28772 raft_consensus.cc:385] T 3d30c923964844ccad86f6776b30b074 P 0c0ecde0af494dc9b152dee191c6d3e6 [term 0 FOLLOWER]: Consensus starting up: Expiring failure detector timer to make a prompt election more likely
I20260709 13:10:33.574190 28772 raft_consensus.cc:740] T 3d30c923964844ccad86f6776b30b074 P 0c0ecde0af494dc9b152dee191c6d3e6 [term 0 FOLLOWER]: Becoming Follower/Learner. State: Replica: 0c0ecde0af494dc9b152dee191c6d3e6, State: Initialized, Role: FOLLOWER
I20260709 13:10:33.575048 28772 consensus_queue.cc:260] T 3d30c923964844ccad86f6776b30b074 P 0c0ecde0af494dc9b152dee191c6d3e6 [NON_LEADER]: Queue going to NON_LEADER mode. State: All replicated index: 0, Majority replicated index: 0, Committed index: 0, Last appended: 0.0, Last appended by leader: 0, Current term: 0, Majority size: -1, State: 0, Mode: NON_LEADER, active raft config: opid_index: -1 OBSOLETE_local: false peers { permanent_uuid: "178f22d83287460fb8c0db0ba2799895" member_type: VOTER last_known_addr { host: "127.26.202.1" port: 36115 } } peers { permanent_uuid: "0c0ecde0af494dc9b152dee191c6d3e6" member_type: VOTER last_known_addr { host: "127.26.202.2" port: 39245 } } peers { permanent_uuid: "ed517a03edd141a798f07798667c1c04" member_type: VOTER last_known_addr { host: "127.26.202.3" port: 40339 } }
I20260709 13:10:33.577993 28772 ts_tablet_manager.cc:1434] T 3d30c923964844ccad86f6776b30b074 P 0c0ecde0af494dc9b152dee191c6d3e6: Time spent starting tablet: real 0.029s	user 0.007s	sys 0.000s
I20260709 13:10:33.579524 28772 tablet_bootstrap.cc:492] T e1210d5a904b4f328048e3c924967b95 P 0c0ecde0af494dc9b152dee191c6d3e6: Bootstrap starting.
I20260709 13:10:33.584314 28977 raft_consensus.cc:515] T e3680992ef7b48798cdf5ea60753f423 P 0c0ecde0af494dc9b152dee191c6d3e6 [term 1 FOLLOWER]: Starting leader election with config: opid_index: -1 OBSOLETE_local: false peers { permanent_uuid: "178f22d83287460fb8c0db0ba2799895" member_type: VOTER last_known_addr { host: "127.26.202.1" port: 36115 } } peers { permanent_uuid: "0c0ecde0af494dc9b152dee191c6d3e6" member_type: VOTER last_known_addr { host: "127.26.202.2" port: 39245 } } peers { permanent_uuid: "ed517a03edd141a798f07798667c1c04" member_type: VOTER last_known_addr { host: "127.26.202.3" port: 40339 } }
I20260709 13:10:33.586670 28770 tablet_bootstrap.cc:492] T 3d30c923964844ccad86f6776b30b074 P 178f22d83287460fb8c0db0ba2799895: No bootstrap required, opened a new log
I20260709 13:10:33.587168 28770 ts_tablet_manager.cc:1403] T 3d30c923964844ccad86f6776b30b074 P 178f22d83287460fb8c0db0ba2799895: Time spent bootstrapping tablet: real 0.031s	user 0.012s	sys 0.000s
I20260709 13:10:33.587375 28977 leader_election.cc:290] T e3680992ef7b48798cdf5ea60753f423 P 0c0ecde0af494dc9b152dee191c6d3e6 [CANDIDATE]: Term 1 election: Requested vote from peers 178f22d83287460fb8c0db0ba2799895 (127.26.202.1:36115), ed517a03edd141a798f07798667c1c04 (127.26.202.3:40339)
I20260709 13:10:33.589346 28727 tablet_service.cc:1917] Received RequestConsensusVote() RPC: tablet_id: "e3680992ef7b48798cdf5ea60753f423" candidate_uuid: "0c0ecde0af494dc9b152dee191c6d3e6" candidate_term: 1 candidate_status { last_received { term: 0 index: 0 } } ignore_live_leader: false dest_uuid: "ed517a03edd141a798f07798667c1c04"
I20260709 13:10:33.590046 28727 raft_consensus.cc:3060] T e3680992ef7b48798cdf5ea60753f423 P ed517a03edd141a798f07798667c1c04 [term 0 FOLLOWER]: Advancing to term 1
I20260709 13:10:33.588672 28574 tablet_service.cc:1917] Received RequestConsensusVote() RPC: tablet_id: "e3680992ef7b48798cdf5ea60753f423" candidate_uuid: "0c0ecde0af494dc9b152dee191c6d3e6" candidate_term: 1 candidate_status { last_received { term: 0 index: 0 } } ignore_live_leader: false dest_uuid: "178f22d83287460fb8c0db0ba2799895"
I20260709 13:10:33.593641 28574 raft_consensus.cc:3060] T e3680992ef7b48798cdf5ea60753f423 P 178f22d83287460fb8c0db0ba2799895 [term 0 FOLLOWER]: Advancing to term 1
I20260709 13:10:33.597432 28772 tablet_bootstrap.cc:654] T e1210d5a904b4f328048e3c924967b95 P 0c0ecde0af494dc9b152dee191c6d3e6: Neither blocks nor log segments found. Creating new log.
I20260709 13:10:33.600466 28727 raft_consensus.cc:2468] T e3680992ef7b48798cdf5ea60753f423 P ed517a03edd141a798f07798667c1c04 [term 1 FOLLOWER]: Leader election vote request: Granting yes vote for candidate 0c0ecde0af494dc9b152dee191c6d3e6 in term 1.
I20260709 13:10:33.600893 28770 raft_consensus.cc:359] T 3d30c923964844ccad86f6776b30b074 P 178f22d83287460fb8c0db0ba2799895 [term 0 FOLLOWER]: Replica starting. Triggering 0 pending ops. Active config: opid_index: -1 OBSOLETE_local: false peers { permanent_uuid: "178f22d83287460fb8c0db0ba2799895" member_type: VOTER last_known_addr { host: "127.26.202.1" port: 36115 } } peers { permanent_uuid: "0c0ecde0af494dc9b152dee191c6d3e6" member_type: VOTER last_known_addr { host: "127.26.202.2" port: 39245 } } peers { permanent_uuid: "ed517a03edd141a798f07798667c1c04" member_type: VOTER last_known_addr { host: "127.26.202.3" port: 40339 } }
I20260709 13:10:33.601598 28770 raft_consensus.cc:385] T 3d30c923964844ccad86f6776b30b074 P 178f22d83287460fb8c0db0ba2799895 [term 0 FOLLOWER]: Consensus starting up: Expiring failure detector timer to make a prompt election more likely
I20260709 13:10:33.601797 28620 leader_election.cc:304] T e3680992ef7b48798cdf5ea60753f423 P 0c0ecde0af494dc9b152dee191c6d3e6 [CANDIDATE]: Term 1 election: Election decided. Result: candidate won. Election summary: received 2 responses out of 3 voters: 2 yes votes; 0 no votes. yes voters: 0c0ecde0af494dc9b152dee191c6d3e6, ed517a03edd141a798f07798667c1c04; no voters: 
I20260709 13:10:33.601985 28770 raft_consensus.cc:740] T 3d30c923964844ccad86f6776b30b074 P 178f22d83287460fb8c0db0ba2799895 [term 0 FOLLOWER]: Becoming Follower/Learner. State: Replica: 178f22d83287460fb8c0db0ba2799895, State: Initialized, Role: FOLLOWER
I20260709 13:10:33.603579 28796 raft_consensus.cc:2804] T e3680992ef7b48798cdf5ea60753f423 P 0c0ecde0af494dc9b152dee191c6d3e6 [term 1 FOLLOWER]: Leader election won for term 1
I20260709 13:10:33.603608 28770 consensus_queue.cc:260] T 3d30c923964844ccad86f6776b30b074 P 178f22d83287460fb8c0db0ba2799895 [NON_LEADER]: Queue going to NON_LEADER mode. State: All replicated index: 0, Majority replicated index: 0, Committed index: 0, Last appended: 0.0, Last appended by leader: 0, Current term: 0, Majority size: -1, State: 0, Mode: NON_LEADER, active raft config: opid_index: -1 OBSOLETE_local: false peers { permanent_uuid: "178f22d83287460fb8c0db0ba2799895" member_type: VOTER last_known_addr { host: "127.26.202.1" port: 36115 } } peers { permanent_uuid: "0c0ecde0af494dc9b152dee191c6d3e6" member_type: VOTER last_known_addr { host: "127.26.202.2" port: 39245 } } peers { permanent_uuid: "ed517a03edd141a798f07798667c1c04" member_type: VOTER last_known_addr { host: "127.26.202.3" port: 40339 } }
I20260709 13:10:33.604277 28796 raft_consensus.cc:697] T e3680992ef7b48798cdf5ea60753f423 P 0c0ecde0af494dc9b152dee191c6d3e6 [term 1 LEADER]: Becoming Leader. State: Replica: 0c0ecde0af494dc9b152dee191c6d3e6, State: Running, Role: LEADER
I20260709 13:10:33.605664 28574 raft_consensus.cc:2468] T e3680992ef7b48798cdf5ea60753f423 P 178f22d83287460fb8c0db0ba2799895 [term 1 FOLLOWER]: Leader election vote request: Granting yes vote for candidate 0c0ecde0af494dc9b152dee191c6d3e6 in term 1.
I20260709 13:10:33.605492 28796 consensus_queue.cc:237] T e3680992ef7b48798cdf5ea60753f423 P 0c0ecde0af494dc9b152dee191c6d3e6 [LEADER]: Queue going to LEADER mode. State: All replicated index: 0, Majority replicated index: 0, Committed index: 0, Last appended: 0.0, Last appended by leader: 0, Current term: 1, Majority size: 2, State: 0, Mode: LEADER, active raft config: opid_index: -1 OBSOLETE_local: false peers { permanent_uuid: "178f22d83287460fb8c0db0ba2799895" member_type: VOTER last_known_addr { host: "127.26.202.1" port: 36115 } } peers { permanent_uuid: "0c0ecde0af494dc9b152dee191c6d3e6" member_type: VOTER last_known_addr { host: "127.26.202.2" port: 39245 } } peers { permanent_uuid: "ed517a03edd141a798f07798667c1c04" member_type: VOTER last_known_addr { host: "127.26.202.3" port: 40339 } }
I20260709 13:10:33.616497 28770 ts_tablet_manager.cc:1434] T 3d30c923964844ccad86f6776b30b074 P 178f22d83287460fb8c0db0ba2799895: Time spent starting tablet: real 0.029s	user 0.008s	sys 0.000s
I20260709 13:10:33.632812 28579 raft_consensus.cc:3060] T 7c9f7022e7f24efaa9b25cb129729504 P 178f22d83287460fb8c0db0ba2799895 [term 0 FOLLOWER]: Advancing to term 1
I20260709 13:10:33.644030 28770 tablet_bootstrap.cc:492] T f91cfbc609274be4a869217b22fc197b P 178f22d83287460fb8c0db0ba2799895: Bootstrap starting.
I20260709 13:10:33.644848 28845 raft_consensus.cc:493] T f91cfbc609274be4a869217b22fc197b P ed517a03edd141a798f07798667c1c04 [term 0 FOLLOWER]: Starting pre-election (no leader contacted us within the election timeout)
I20260709 13:10:33.645463 28845 raft_consensus.cc:515] T f91cfbc609274be4a869217b22fc197b P ed517a03edd141a798f07798667c1c04 [term 0 FOLLOWER]: Starting pre-election with config: opid_index: -1 OBSOLETE_local: false peers { permanent_uuid: "178f22d83287460fb8c0db0ba2799895" member_type: VOTER last_known_addr { host: "127.26.202.1" port: 36115 } } peers { permanent_uuid: "0c0ecde0af494dc9b152dee191c6d3e6" member_type: VOTER last_known_addr { host: "127.26.202.2" port: 39245 } } peers { permanent_uuid: "ed517a03edd141a798f07798667c1c04" member_type: VOTER last_known_addr { host: "127.26.202.3" port: 40339 } }
I20260709 13:10:33.647912 28845 leader_election.cc:290] T f91cfbc609274be4a869217b22fc197b P ed517a03edd141a798f07798667c1c04 [CANDIDATE]: Term 1 pre-election: Requested pre-vote from peers 178f22d83287460fb8c0db0ba2799895 (127.26.202.1:36115), 0c0ecde0af494dc9b152dee191c6d3e6 (127.26.202.2:39245)
I20260709 13:10:33.650548 28772 tablet_bootstrap.cc:492] T e1210d5a904b4f328048e3c924967b95 P 0c0ecde0af494dc9b152dee191c6d3e6: No bootstrap required, opened a new log
I20260709 13:10:33.649995 28476 catalog_manager.cc:5697] T e3680992ef7b48798cdf5ea60753f423 P 0c0ecde0af494dc9b152dee191c6d3e6 reported cstate change: term changed from 0 to 1, leader changed from <none> to 0c0ecde0af494dc9b152dee191c6d3e6 (127.26.202.2). New cstate: current_term: 1 leader_uuid: "0c0ecde0af494dc9b152dee191c6d3e6" committed_config { opid_index: -1 OBSOLETE_local: false peers { permanent_uuid: "178f22d83287460fb8c0db0ba2799895" member_type: VOTER last_known_addr { host: "127.26.202.1" port: 36115 } health_report { overall_health: UNKNOWN } } peers { permanent_uuid: "0c0ecde0af494dc9b152dee191c6d3e6" member_type: VOTER last_known_addr { host: "127.26.202.2" port: 39245 } health_report { overall_health: HEALTHY } } peers { permanent_uuid: "ed517a03edd141a798f07798667c1c04" member_type: VOTER last_known_addr { host: "127.26.202.3" port: 40339 } health_report { overall_health: UNKNOWN } } }
I20260709 13:10:33.652913 28772 ts_tablet_manager.cc:1403] T e1210d5a904b4f328048e3c924967b95 P 0c0ecde0af494dc9b152dee191c6d3e6: Time spent bootstrapping tablet: real 0.074s	user 0.007s	sys 0.005s
I20260709 13:10:33.653577 28774 tablet_bootstrap.cc:492] T 3d30c923964844ccad86f6776b30b074 P ed517a03edd141a798f07798667c1c04: No bootstrap required, opened a new log
I20260709 13:10:33.654080 28774 ts_tablet_manager.cc:1403] T 3d30c923964844ccad86f6776b30b074 P ed517a03edd141a798f07798667c1c04: Time spent bootstrapping tablet: real 0.114s	user 0.013s	sys 0.048s
I20260709 13:10:33.655944 28772 raft_consensus.cc:359] T e1210d5a904b4f328048e3c924967b95 P 0c0ecde0af494dc9b152dee191c6d3e6 [term 0 FOLLOWER]: Replica starting. Triggering 0 pending ops. Active config: opid_index: -1 OBSOLETE_local: false peers { permanent_uuid: "178f22d83287460fb8c0db0ba2799895" member_type: VOTER last_known_addr { host: "127.26.202.1" port: 36115 } } peers { permanent_uuid: "0c0ecde0af494dc9b152dee191c6d3e6" member_type: VOTER last_known_addr { host: "127.26.202.2" port: 39245 } } peers { permanent_uuid: "ed517a03edd141a798f07798667c1c04" member_type: VOTER last_known_addr { host: "127.26.202.3" port: 40339 } }
I20260709 13:10:33.649118 28653 tablet_service.cc:1917] Received RequestConsensusVote() RPC: tablet_id: "f91cfbc609274be4a869217b22fc197b" candidate_uuid: "ed517a03edd141a798f07798667c1c04" candidate_term: 1 candidate_status { last_received { term: 0 index: 0 } } ignore_live_leader: false dest_uuid: "0c0ecde0af494dc9b152dee191c6d3e6" is_pre_election: true
I20260709 13:10:33.656852 28774 raft_consensus.cc:359] T 3d30c923964844ccad86f6776b30b074 P ed517a03edd141a798f07798667c1c04 [term 0 FOLLOWER]: Replica starting. Triggering 0 pending ops. Active config: opid_index: -1 OBSOLETE_local: false peers { permanent_uuid: "178f22d83287460fb8c0db0ba2799895" member_type: VOTER last_known_addr { host: "127.26.202.1" port: 36115 } } peers { permanent_uuid: "0c0ecde0af494dc9b152dee191c6d3e6" member_type: VOTER last_known_addr { host: "127.26.202.2" port: 39245 } } peers { permanent_uuid: "ed517a03edd141a798f07798667c1c04" member_type: VOTER last_known_addr { host: "127.26.202.3" port: 40339 } }
I20260709 13:10:33.657377 28653 raft_consensus.cc:2468] T f91cfbc609274be4a869217b22fc197b P 0c0ecde0af494dc9b152dee191c6d3e6 [term 0 FOLLOWER]: Leader pre-election vote request: Granting yes vote for candidate ed517a03edd141a798f07798667c1c04 in term 0.
I20260709 13:10:33.657652 28774 raft_consensus.cc:385] T 3d30c923964844ccad86f6776b30b074 P ed517a03edd141a798f07798667c1c04 [term 0 FOLLOWER]: Consensus starting up: Expiring failure detector timer to make a prompt election more likely
I20260709 13:10:33.657995 28774 raft_consensus.cc:740] T 3d30c923964844ccad86f6776b30b074 P ed517a03edd141a798f07798667c1c04 [term 0 FOLLOWER]: Becoming Follower/Learner. State: Replica: ed517a03edd141a798f07798667c1c04, State: Initialized, Role: FOLLOWER
I20260709 13:10:33.656759 28772 raft_consensus.cc:385] T e1210d5a904b4f328048e3c924967b95 P 0c0ecde0af494dc9b152dee191c6d3e6 [term 0 FOLLOWER]: Consensus starting up: Expiring failure detector timer to make a prompt election more likely
I20260709 13:10:33.658711 28695 leader_election.cc:304] T f91cfbc609274be4a869217b22fc197b P ed517a03edd141a798f07798667c1c04 [CANDIDATE]: Term 1 pre-election: Election decided. Result: candidate won. Election summary: received 2 responses out of 3 voters: 2 yes votes; 0 no votes. yes voters: 0c0ecde0af494dc9b152dee191c6d3e6, ed517a03edd141a798f07798667c1c04; no voters: 
I20260709 13:10:33.659063 28772 raft_consensus.cc:740] T e1210d5a904b4f328048e3c924967b95 P 0c0ecde0af494dc9b152dee191c6d3e6 [term 0 FOLLOWER]: Becoming Follower/Learner. State: Replica: 0c0ecde0af494dc9b152dee191c6d3e6, State: Initialized, Role: FOLLOWER
I20260709 13:10:33.651473 28791 consensus_queue.cc:1048] T 7c9f7022e7f24efaa9b25cb129729504 P ed517a03edd141a798f07798667c1c04 [LEADER]: Connected to new peer: Peer: permanent_uuid: "178f22d83287460fb8c0db0ba2799895" member_type: VOTER last_known_addr { host: "127.26.202.1" port: 36115 }, Status: LMP_MISMATCH, Last received: 0.0, Next index: 1, Last known committed idx: 0, Time since last communication: 0.008s
I20260709 13:10:33.659902 28772 consensus_queue.cc:260] T e1210d5a904b4f328048e3c924967b95 P 0c0ecde0af494dc9b152dee191c6d3e6 [NON_LEADER]: Queue going to NON_LEADER mode. State: All replicated index: 0, Majority replicated index: 0, Committed index: 0, Last appended: 0.0, Last appended by leader: 0, Current term: 0, Majority size: -1, State: 0, Mode: NON_LEADER, active raft config: opid_index: -1 OBSOLETE_local: false peers { permanent_uuid: "178f22d83287460fb8c0db0ba2799895" member_type: VOTER last_known_addr { host: "127.26.202.1" port: 36115 } } peers { permanent_uuid: "0c0ecde0af494dc9b152dee191c6d3e6" member_type: VOTER last_known_addr { host: "127.26.202.2" port: 39245 } } peers { permanent_uuid: "ed517a03edd141a798f07798667c1c04" member_type: VOTER last_known_addr { host: "127.26.202.3" port: 40339 } }
I20260709 13:10:33.661177 28978 raft_consensus.cc:2804] T f91cfbc609274be4a869217b22fc197b P ed517a03edd141a798f07798667c1c04 [term 0 FOLLOWER]: Leader pre-election won for term 1
I20260709 13:10:33.661582 28978 raft_consensus.cc:493] T f91cfbc609274be4a869217b22fc197b P ed517a03edd141a798f07798667c1c04 [term 0 FOLLOWER]: Starting leader election (no leader contacted us within the election timeout)
I20260709 13:10:33.661917 28978 raft_consensus.cc:3060] T f91cfbc609274be4a869217b22fc197b P ed517a03edd141a798f07798667c1c04 [term 0 FOLLOWER]: Advancing to term 1
I20260709 13:10:33.662374 28772 ts_tablet_manager.cc:1434] T e1210d5a904b4f328048e3c924967b95 P 0c0ecde0af494dc9b152dee191c6d3e6: Time spent starting tablet: real 0.009s	user 0.006s	sys 0.001s
I20260709 13:10:33.658732 28774 consensus_queue.cc:260] T 3d30c923964844ccad86f6776b30b074 P ed517a03edd141a798f07798667c1c04 [NON_LEADER]: Queue going to NON_LEADER mode. State: All replicated index: 0, Majority replicated index: 0, Committed index: 0, Last appended: 0.0, Last appended by leader: 0, Current term: 0, Majority size: -1, State: 0, Mode: NON_LEADER, active raft config: opid_index: -1 OBSOLETE_local: false peers { permanent_uuid: "178f22d83287460fb8c0db0ba2799895" member_type: VOTER last_known_addr { host: "127.26.202.1" port: 36115 } } peers { permanent_uuid: "0c0ecde0af494dc9b152dee191c6d3e6" member_type: VOTER last_known_addr { host: "127.26.202.2" port: 39245 } } peers { permanent_uuid: "ed517a03edd141a798f07798667c1c04" member_type: VOTER last_known_addr { host: "127.26.202.3" port: 40339 } }
I20260709 13:10:33.662937 28579 tablet_service.cc:1917] Received RequestConsensusVote() RPC: tablet_id: "f91cfbc609274be4a869217b22fc197b" candidate_uuid: "ed517a03edd141a798f07798667c1c04" candidate_term: 1 candidate_status { last_received { term: 0 index: 0 } } ignore_live_leader: false dest_uuid: "178f22d83287460fb8c0db0ba2799895" is_pre_election: true
I20260709 13:10:33.664199 28772 tablet_bootstrap.cc:492] T c23648b5c68c4f9584b74b6a8ff47454 P 0c0ecde0af494dc9b152dee191c6d3e6: Bootstrap starting.
I20260709 13:10:33.665293 28774 ts_tablet_manager.cc:1434] T 3d30c923964844ccad86f6776b30b074 P ed517a03edd141a798f07798667c1c04: Time spent starting tablet: real 0.011s	user 0.007s	sys 0.000s
I20260709 13:10:33.667451 28774 tablet_bootstrap.cc:492] T b445e2209eb343cf9d87aa63ba0becbc P ed517a03edd141a798f07798667c1c04: Bootstrap starting.
W20260709 13:10:33.669260 28695 leader_election.cc:343] T f91cfbc609274be4a869217b22fc197b P ed517a03edd141a798f07798667c1c04 [CANDIDATE]: Term 1 pre-election: Tablet error from VoteRequest() call to peer 178f22d83287460fb8c0db0ba2799895 (127.26.202.1:36115): Illegal state: must be running to vote when last-logged opid is not known
I20260709 13:10:33.674036 28727 raft_consensus.cc:3060] T b644d4c5865d4fd89ed3c9e770e2eaac P ed517a03edd141a798f07798667c1c04 [term 0 FOLLOWER]: Advancing to term 1
I20260709 13:10:33.679147 28772 tablet_bootstrap.cc:654] T c23648b5c68c4f9584b74b6a8ff47454 P 0c0ecde0af494dc9b152dee191c6d3e6: Neither blocks nor log segments found. Creating new log.
I20260709 13:10:33.694283 28770 tablet_bootstrap.cc:654] T f91cfbc609274be4a869217b22fc197b P 178f22d83287460fb8c0db0ba2799895: Neither blocks nor log segments found. Creating new log.
W20260709 13:10:33.694828 28607 tablet.cc:2406] T 3d30c923964844ccad86f6776b30b074 P 178f22d83287460fb8c0db0ba2799895: Can't schedule compaction. Clean time has not been advanced past its initial value.
I20260709 13:10:33.707827 28978 raft_consensus.cc:515] T f91cfbc609274be4a869217b22fc197b P ed517a03edd141a798f07798667c1c04 [term 1 FOLLOWER]: Starting leader election with config: opid_index: -1 OBSOLETE_local: false peers { permanent_uuid: "178f22d83287460fb8c0db0ba2799895" member_type: VOTER last_known_addr { host: "127.26.202.1" port: 36115 } } peers { permanent_uuid: "0c0ecde0af494dc9b152dee191c6d3e6" member_type: VOTER last_known_addr { host: "127.26.202.2" port: 39245 } } peers { permanent_uuid: "ed517a03edd141a798f07798667c1c04" member_type: VOTER last_known_addr { host: "127.26.202.3" port: 40339 } }
I20260709 13:10:33.711555 28978 leader_election.cc:290] T f91cfbc609274be4a869217b22fc197b P ed517a03edd141a798f07798667c1c04 [CANDIDATE]: Term 1 election: Requested vote from peers 178f22d83287460fb8c0db0ba2799895 (127.26.202.1:36115), 0c0ecde0af494dc9b152dee191c6d3e6 (127.26.202.2:39245)
I20260709 13:10:33.713058 28774 tablet_bootstrap.cc:654] T b445e2209eb343cf9d87aa63ba0becbc P ed517a03edd141a798f07798667c1c04: Neither blocks nor log segments found. Creating new log.
I20260709 13:10:33.730635 28580 tablet_service.cc:1917] Received RequestConsensusVote() RPC: tablet_id: "f91cfbc609274be4a869217b22fc197b" candidate_uuid: "ed517a03edd141a798f07798667c1c04" candidate_term: 1 candidate_status { last_received { term: 0 index: 0 } } ignore_live_leader: false dest_uuid: "178f22d83287460fb8c0db0ba2799895"
I20260709 13:10:33.731171 28653 tablet_service.cc:1917] Received RequestConsensusVote() RPC: tablet_id: "f91cfbc609274be4a869217b22fc197b" candidate_uuid: "ed517a03edd141a798f07798667c1c04" candidate_term: 1 candidate_status { last_received { term: 0 index: 0 } } ignore_live_leader: false dest_uuid: "0c0ecde0af494dc9b152dee191c6d3e6"
I20260709 13:10:33.740821 28653 raft_consensus.cc:3060] T f91cfbc609274be4a869217b22fc197b P 0c0ecde0af494dc9b152dee191c6d3e6 [term 0 FOLLOWER]: Advancing to term 1
I20260709 13:10:33.727421 28969 raft_consensus.cc:493] T 3d30c923964844ccad86f6776b30b074 P ed517a03edd141a798f07798667c1c04 [term 0 FOLLOWER]: Starting pre-election (no leader contacted us within the election timeout)
I20260709 13:10:33.741641 28969 raft_consensus.cc:515] T 3d30c923964844ccad86f6776b30b074 P ed517a03edd141a798f07798667c1c04 [term 0 FOLLOWER]: Starting pre-election with config: opid_index: -1 OBSOLETE_local: false peers { permanent_uuid: "178f22d83287460fb8c0db0ba2799895" member_type: VOTER last_known_addr { host: "127.26.202.1" port: 36115 } } peers { permanent_uuid: "0c0ecde0af494dc9b152dee191c6d3e6" member_type: VOTER last_known_addr { host: "127.26.202.2" port: 39245 } } peers { permanent_uuid: "ed517a03edd141a798f07798667c1c04" member_type: VOTER last_known_addr { host: "127.26.202.3" port: 40339 } }
I20260709 13:10:33.746641 28969 leader_election.cc:290] T 3d30c923964844ccad86f6776b30b074 P ed517a03edd141a798f07798667c1c04 [CANDIDATE]: Term 1 pre-election: Requested pre-vote from peers 178f22d83287460fb8c0db0ba2799895 (127.26.202.1:36115), 0c0ecde0af494dc9b152dee191c6d3e6 (127.26.202.2:39245)
I20260709 13:10:33.756103 28580 tablet_service.cc:1917] Received RequestConsensusVote() RPC: tablet_id: "3d30c923964844ccad86f6776b30b074" candidate_uuid: "ed517a03edd141a798f07798667c1c04" candidate_term: 1 candidate_status { last_received { term: 0 index: 0 } } ignore_live_leader: false dest_uuid: "178f22d83287460fb8c0db0ba2799895" is_pre_election: true
I20260709 13:10:33.757788 28580 raft_consensus.cc:2468] T 3d30c923964844ccad86f6776b30b074 P 178f22d83287460fb8c0db0ba2799895 [term 0 FOLLOWER]: Leader pre-election vote request: Granting yes vote for candidate ed517a03edd141a798f07798667c1c04 in term 0.
I20260709 13:10:33.758885 28654 tablet_service.cc:1917] Received RequestConsensusVote() RPC: tablet_id: "3d30c923964844ccad86f6776b30b074" candidate_uuid: "ed517a03edd141a798f07798667c1c04" candidate_term: 1 candidate_status { last_received { term: 0 index: 0 } } ignore_live_leader: false dest_uuid: "0c0ecde0af494dc9b152dee191c6d3e6" is_pre_election: true
I20260709 13:10:33.761868 28654 raft_consensus.cc:2468] T 3d30c923964844ccad86f6776b30b074 P 0c0ecde0af494dc9b152dee191c6d3e6 [term 0 FOLLOWER]: Leader pre-election vote request: Granting yes vote for candidate ed517a03edd141a798f07798667c1c04 in term 0.
I20260709 13:10:33.759472 28774 tablet_bootstrap.cc:492] T b445e2209eb343cf9d87aa63ba0becbc P ed517a03edd141a798f07798667c1c04: No bootstrap required, opened a new log
I20260709 13:10:33.764328 28774 ts_tablet_manager.cc:1403] T b445e2209eb343cf9d87aa63ba0becbc P ed517a03edd141a798f07798667c1c04: Time spent bootstrapping tablet: real 0.097s	user 0.012s	sys 0.003s
W20260709 13:10:33.764668 28527 auto_rebalancer.cc:288] Could not retrieve cluster info: Service unavailable: Tablet not running
W20260709 13:10:33.757143 28695 leader_election.cc:343] T f91cfbc609274be4a869217b22fc197b P ed517a03edd141a798f07798667c1c04 [CANDIDATE]: Term 1 election: Tablet error from VoteRequest() call to peer 178f22d83287460fb8c0db0ba2799895 (127.26.202.1:36115): Illegal state: must be running to vote when last-logged opid is not known
I20260709 13:10:33.766057 28695 leader_election.cc:304] T 3d30c923964844ccad86f6776b30b074 P ed517a03edd141a798f07798667c1c04 [CANDIDATE]: Term 1 pre-election: Election decided. Result: candidate won. Election summary: received 2 responses out of 3 voters: 2 yes votes; 0 no votes. yes voters: 178f22d83287460fb8c0db0ba2799895, ed517a03edd141a798f07798667c1c04; no voters: 
I20260709 13:10:33.749331 28653 raft_consensus.cc:2468] T f91cfbc609274be4a869217b22fc197b P 0c0ecde0af494dc9b152dee191c6d3e6 [term 1 FOLLOWER]: Leader election vote request: Granting yes vote for candidate ed517a03edd141a798f07798667c1c04 in term 1.
I20260709 13:10:33.769074 28774 raft_consensus.cc:359] T b445e2209eb343cf9d87aa63ba0becbc P ed517a03edd141a798f07798667c1c04 [term 0 FOLLOWER]: Replica starting. Triggering 0 pending ops. Active config: opid_index: -1 OBSOLETE_local: false peers { permanent_uuid: "178f22d83287460fb8c0db0ba2799895" member_type: VOTER last_known_addr { host: "127.26.202.1" port: 36115 } } peers { permanent_uuid: "0c0ecde0af494dc9b152dee191c6d3e6" member_type: VOTER last_known_addr { host: "127.26.202.2" port: 39245 } } peers { permanent_uuid: "ed517a03edd141a798f07798667c1c04" member_type: VOTER last_known_addr { host: "127.26.202.3" port: 40339 } }
I20260709 13:10:33.769830 28774 raft_consensus.cc:385] T b445e2209eb343cf9d87aa63ba0becbc P ed517a03edd141a798f07798667c1c04 [term 0 FOLLOWER]: Consensus starting up: Expiring failure detector timer to make a prompt election more likely
I20260709 13:10:33.770038 28969 raft_consensus.cc:2804] T 3d30c923964844ccad86f6776b30b074 P ed517a03edd141a798f07798667c1c04 [term 0 FOLLOWER]: Leader pre-election won for term 1
I20260709 13:10:33.770545 28969 raft_consensus.cc:493] T 3d30c923964844ccad86f6776b30b074 P ed517a03edd141a798f07798667c1c04 [term 0 FOLLOWER]: Starting leader election (no leader contacted us within the election timeout)
I20260709 13:10:33.770932 28969 raft_consensus.cc:3060] T 3d30c923964844ccad86f6776b30b074 P ed517a03edd141a798f07798667c1c04 [term 0 FOLLOWER]: Advancing to term 1
I20260709 13:10:33.770107 28774 raft_consensus.cc:740] T b445e2209eb343cf9d87aa63ba0becbc P ed517a03edd141a798f07798667c1c04 [term 0 FOLLOWER]: Becoming Follower/Learner. State: Replica: ed517a03edd141a798f07798667c1c04, State: Initialized, Role: FOLLOWER
I20260709 13:10:33.771909 28774 consensus_queue.cc:260] T b445e2209eb343cf9d87aa63ba0becbc P ed517a03edd141a798f07798667c1c04 [NON_LEADER]: Queue going to NON_LEADER mode. State: All replicated index: 0, Majority replicated index: 0, Committed index: 0, Last appended: 0.0, Last appended by leader: 0, Current term: 0, Majority size: -1, State: 0, Mode: NON_LEADER, active raft config: opid_index: -1 OBSOLETE_local: false peers { permanent_uuid: "178f22d83287460fb8c0db0ba2799895" member_type: VOTER last_known_addr { host: "127.26.202.1" port: 36115 } } peers { permanent_uuid: "0c0ecde0af494dc9b152dee191c6d3e6" member_type: VOTER last_known_addr { host: "127.26.202.2" port: 39245 } } peers { permanent_uuid: "ed517a03edd141a798f07798667c1c04" member_type: VOTER last_known_addr { host: "127.26.202.3" port: 40339 } }
I20260709 13:10:33.775482 28695 leader_election.cc:304] T f91cfbc609274be4a869217b22fc197b P ed517a03edd141a798f07798667c1c04 [CANDIDATE]: Term 1 election: Election decided. Result: candidate won. Election summary: received 3 responses out of 3 voters: 2 yes votes; 1 no votes. yes voters: 0c0ecde0af494dc9b152dee191c6d3e6, ed517a03edd141a798f07798667c1c04; no voters: 178f22d83287460fb8c0db0ba2799895
I20260709 13:10:33.776572 28845 consensus_queue.cc:1048] T 7c9f7022e7f24efaa9b25cb129729504 P ed517a03edd141a798f07798667c1c04 [LEADER]: Connected to new peer: Peer: permanent_uuid: "0c0ecde0af494dc9b152dee191c6d3e6" member_type: VOTER last_known_addr { host: "127.26.202.2" port: 39245 }, Status: LMP_MISMATCH, Last received: 0.0, Next index: 1, Last known committed idx: 0, Time since last communication: 0.000s
I20260709 13:10:33.777253 28772 tablet_bootstrap.cc:492] T c23648b5c68c4f9584b74b6a8ff47454 P 0c0ecde0af494dc9b152dee191c6d3e6: No bootstrap required, opened a new log
I20260709 13:10:33.779449 28772 ts_tablet_manager.cc:1403] T c23648b5c68c4f9584b74b6a8ff47454 P 0c0ecde0af494dc9b152dee191c6d3e6: Time spent bootstrapping tablet: real 0.115s	user 0.020s	sys 0.017s
I20260709 13:10:33.779876 28845 raft_consensus.cc:2804] T f91cfbc609274be4a869217b22fc197b P ed517a03edd141a798f07798667c1c04 [term 1 FOLLOWER]: Leader election won for term 1
I20260709 13:10:33.780346 28770 tablet_bootstrap.cc:492] T f91cfbc609274be4a869217b22fc197b P 178f22d83287460fb8c0db0ba2799895: No bootstrap required, opened a new log
I20260709 13:10:33.786024 28770 ts_tablet_manager.cc:1403] T f91cfbc609274be4a869217b22fc197b P 178f22d83287460fb8c0db0ba2799895: Time spent bootstrapping tablet: real 0.142s	user 0.012s	sys 0.010s
I20260709 13:10:33.785838 28969 raft_consensus.cc:515] T 3d30c923964844ccad86f6776b30b074 P ed517a03edd141a798f07798667c1c04 [term 1 FOLLOWER]: Starting leader election with config: opid_index: -1 OBSOLETE_local: false peers { permanent_uuid: "178f22d83287460fb8c0db0ba2799895" member_type: VOTER last_known_addr { host: "127.26.202.1" port: 36115 } } peers { permanent_uuid: "0c0ecde0af494dc9b152dee191c6d3e6" member_type: VOTER last_known_addr { host: "127.26.202.2" port: 39245 } } peers { permanent_uuid: "ed517a03edd141a798f07798667c1c04" member_type: VOTER last_known_addr { host: "127.26.202.3" port: 40339 } }
I20260709 13:10:33.786861 28774 ts_tablet_manager.cc:1434] T b445e2209eb343cf9d87aa63ba0becbc P ed517a03edd141a798f07798667c1c04: Time spent starting tablet: real 0.022s	user 0.005s	sys 0.001s
I20260709 13:10:33.788151 28774 tablet_bootstrap.cc:492] T 4380fb261ad646d49d956c3ba5036856 P ed517a03edd141a798f07798667c1c04: Bootstrap starting.
I20260709 13:10:33.788759 28969 leader_election.cc:290] T 3d30c923964844ccad86f6776b30b074 P ed517a03edd141a798f07798667c1c04 [CANDIDATE]: Term 1 election: Requested vote from peers 178f22d83287460fb8c0db0ba2799895 (127.26.202.1:36115), 0c0ecde0af494dc9b152dee191c6d3e6 (127.26.202.2:39245)
I20260709 13:10:33.789268 28770 raft_consensus.cc:359] T f91cfbc609274be4a869217b22fc197b P 178f22d83287460fb8c0db0ba2799895 [term 0 FOLLOWER]: Replica starting. Triggering 0 pending ops. Active config: opid_index: -1 OBSOLETE_local: false peers { permanent_uuid: "178f22d83287460fb8c0db0ba2799895" member_type: VOTER last_known_addr { host: "127.26.202.1" port: 36115 } } peers { permanent_uuid: "0c0ecde0af494dc9b152dee191c6d3e6" member_type: VOTER last_known_addr { host: "127.26.202.2" port: 39245 } } peers { permanent_uuid: "ed517a03edd141a798f07798667c1c04" member_type: VOTER last_known_addr { host: "127.26.202.3" port: 40339 } }
I20260709 13:10:33.789961 28770 raft_consensus.cc:385] T f91cfbc609274be4a869217b22fc197b P 178f22d83287460fb8c0db0ba2799895 [term 0 FOLLOWER]: Consensus starting up: Expiring failure detector timer to make a prompt election more likely
I20260709 13:10:33.790246 28770 raft_consensus.cc:740] T f91cfbc609274be4a869217b22fc197b P 178f22d83287460fb8c0db0ba2799895 [term 0 FOLLOWER]: Becoming Follower/Learner. State: Replica: 178f22d83287460fb8c0db0ba2799895, State: Initialized, Role: FOLLOWER
I20260709 13:10:33.793304 28845 raft_consensus.cc:697] T f91cfbc609274be4a869217b22fc197b P ed517a03edd141a798f07798667c1c04 [term 1 LEADER]: Becoming Leader. State: Replica: ed517a03edd141a798f07798667c1c04, State: Running, Role: LEADER
I20260709 13:10:33.791462 28770 consensus_queue.cc:260] T f91cfbc609274be4a869217b22fc197b P 178f22d83287460fb8c0db0ba2799895 [NON_LEADER]: Queue going to NON_LEADER mode. State: All replicated index: 0, Majority replicated index: 0, Committed index: 0, Last appended: 0.0, Last appended by leader: 0, Current term: 0, Majority size: -1, State: 0, Mode: NON_LEADER, active raft config: opid_index: -1 OBSOLETE_local: false peers { permanent_uuid: "178f22d83287460fb8c0db0ba2799895" member_type: VOTER last_known_addr { host: "127.26.202.1" port: 36115 } } peers { permanent_uuid: "0c0ecde0af494dc9b152dee191c6d3e6" member_type: VOTER last_known_addr { host: "127.26.202.2" port: 39245 } } peers { permanent_uuid: "ed517a03edd141a798f07798667c1c04" member_type: VOTER last_known_addr { host: "127.26.202.3" port: 40339 } }
I20260709 13:10:33.794186 28845 consensus_queue.cc:237] T f91cfbc609274be4a869217b22fc197b P ed517a03edd141a798f07798667c1c04 [LEADER]: Queue going to LEADER mode. State: All replicated index: 0, Majority replicated index: 0, Committed index: 0, Last appended: 0.0, Last appended by leader: 0, Current term: 1, Majority size: 2, State: 0, Mode: LEADER, active raft config: opid_index: -1 OBSOLETE_local: false peers { permanent_uuid: "178f22d83287460fb8c0db0ba2799895" member_type: VOTER last_known_addr { host: "127.26.202.1" port: 36115 } } peers { permanent_uuid: "0c0ecde0af494dc9b152dee191c6d3e6" member_type: VOTER last_known_addr { host: "127.26.202.2" port: 39245 } } peers { permanent_uuid: "ed517a03edd141a798f07798667c1c04" member_type: VOTER last_known_addr { host: "127.26.202.3" port: 40339 } }
I20260709 13:10:33.795176 28770 ts_tablet_manager.cc:1434] T f91cfbc609274be4a869217b22fc197b P 178f22d83287460fb8c0db0ba2799895: Time spent starting tablet: real 0.009s	user 0.005s	sys 0.000s
I20260709 13:10:33.799175 28770 tablet_bootstrap.cc:492] T e1210d5a904b4f328048e3c924967b95 P 178f22d83287460fb8c0db0ba2799895: Bootstrap starting.
I20260709 13:10:33.806223 28770 tablet_bootstrap.cc:654] T e1210d5a904b4f328048e3c924967b95 P 178f22d83287460fb8c0db0ba2799895: Neither blocks nor log segments found. Creating new log.
I20260709 13:10:33.811841 28579 tablet_service.cc:1917] Received RequestConsensusVote() RPC: tablet_id: "3d30c923964844ccad86f6776b30b074" candidate_uuid: "ed517a03edd141a798f07798667c1c04" candidate_term: 1 candidate_status { last_received { term: 0 index: 0 } } ignore_live_leader: false dest_uuid: "178f22d83287460fb8c0db0ba2799895"
I20260709 13:10:33.813601 28774 tablet_bootstrap.cc:654] T 4380fb261ad646d49d956c3ba5036856 P ed517a03edd141a798f07798667c1c04: Neither blocks nor log segments found. Creating new log.
I20260709 13:10:33.819849 28579 raft_consensus.cc:3060] T 3d30c923964844ccad86f6776b30b074 P 178f22d83287460fb8c0db0ba2799895 [term 0 FOLLOWER]: Advancing to term 1
I20260709 13:10:33.818275 28772 raft_consensus.cc:359] T c23648b5c68c4f9584b74b6a8ff47454 P 0c0ecde0af494dc9b152dee191c6d3e6 [term 0 FOLLOWER]: Replica starting. Triggering 0 pending ops. Active config: opid_index: -1 OBSOLETE_local: false peers { permanent_uuid: "178f22d83287460fb8c0db0ba2799895" member_type: VOTER last_known_addr { host: "127.26.202.1" port: 36115 } } peers { permanent_uuid: "0c0ecde0af494dc9b152dee191c6d3e6" member_type: VOTER last_known_addr { host: "127.26.202.2" port: 39245 } } peers { permanent_uuid: "ed517a03edd141a798f07798667c1c04" member_type: VOTER last_known_addr { host: "127.26.202.3" port: 40339 } }
I20260709 13:10:33.818590 28478 catalog_manager.cc:5697] T f91cfbc609274be4a869217b22fc197b P ed517a03edd141a798f07798667c1c04 reported cstate change: term changed from 0 to 1, leader changed from <none> to ed517a03edd141a798f07798667c1c04 (127.26.202.3). New cstate: current_term: 1 leader_uuid: "ed517a03edd141a798f07798667c1c04" committed_config { opid_index: -1 OBSOLETE_local: false peers { permanent_uuid: "178f22d83287460fb8c0db0ba2799895" member_type: VOTER last_known_addr { host: "127.26.202.1" port: 36115 } health_report { overall_health: UNKNOWN } } peers { permanent_uuid: "0c0ecde0af494dc9b152dee191c6d3e6" member_type: VOTER last_known_addr { host: "127.26.202.2" port: 39245 } health_report { overall_health: UNKNOWN } } peers { permanent_uuid: "ed517a03edd141a798f07798667c1c04" member_type: VOTER last_known_addr { host: "127.26.202.3" port: 40339 } health_report { overall_health: HEALTHY } } }
I20260709 13:10:33.826766 28772 raft_consensus.cc:385] T c23648b5c68c4f9584b74b6a8ff47454 P 0c0ecde0af494dc9b152dee191c6d3e6 [term 0 FOLLOWER]: Consensus starting up: Expiring failure detector timer to make a prompt election more likely
I20260709 13:10:33.828027 28772 raft_consensus.cc:740] T c23648b5c68c4f9584b74b6a8ff47454 P 0c0ecde0af494dc9b152dee191c6d3e6 [term 0 FOLLOWER]: Becoming Follower/Learner. State: Replica: 0c0ecde0af494dc9b152dee191c6d3e6, State: Initialized, Role: FOLLOWER
I20260709 13:10:33.820941 28791 consensus_queue.cc:1048] T 55ea2a86b4ee4d399b9b439246c9d92a P ed517a03edd141a798f07798667c1c04 [LEADER]: Connected to new peer: Peer: permanent_uuid: "0c0ecde0af494dc9b152dee191c6d3e6" member_type: VOTER last_known_addr { host: "127.26.202.2" port: 39245 }, Status: LMP_MISMATCH, Last received: 0.0, Next index: 1, Last known committed idx: 0, Time since last communication: 0.008s
I20260709 13:10:33.822301 28994 raft_consensus.cc:493] T 95579b54a2ec400081e0a348b2395dfc P ed517a03edd141a798f07798667c1c04 [term 0 FOLLOWER]: Starting pre-election (no leader contacted us within the election timeout)
I20260709 13:10:33.830829 28994 raft_consensus.cc:515] T 95579b54a2ec400081e0a348b2395dfc P ed517a03edd141a798f07798667c1c04 [term 0 FOLLOWER]: Starting pre-election with config: opid_index: -1 OBSOLETE_local: false peers { permanent_uuid: "178f22d83287460fb8c0db0ba2799895" member_type: VOTER last_known_addr { host: "127.26.202.1" port: 36115 } } peers { permanent_uuid: "0c0ecde0af494dc9b152dee191c6d3e6" member_type: VOTER last_known_addr { host: "127.26.202.2" port: 39245 } } peers { permanent_uuid: "ed517a03edd141a798f07798667c1c04" member_type: VOTER last_known_addr { host: "127.26.202.3" port: 40339 } }
I20260709 13:10:33.828820 28772 consensus_queue.cc:260] T c23648b5c68c4f9584b74b6a8ff47454 P 0c0ecde0af494dc9b152dee191c6d3e6 [NON_LEADER]: Queue going to NON_LEADER mode. State: All replicated index: 0, Majority replicated index: 0, Committed index: 0, Last appended: 0.0, Last appended by leader: 0, Current term: 0, Majority size: -1, State: 0, Mode: NON_LEADER, active raft config: opid_index: -1 OBSOLETE_local: false peers { permanent_uuid: "178f22d83287460fb8c0db0ba2799895" member_type: VOTER last_known_addr { host: "127.26.202.1" port: 36115 } } peers { permanent_uuid: "0c0ecde0af494dc9b152dee191c6d3e6" member_type: VOTER last_known_addr { host: "127.26.202.2" port: 39245 } } peers { permanent_uuid: "ed517a03edd141a798f07798667c1c04" member_type: VOTER last_known_addr { host: "127.26.202.3" port: 40339 } }
I20260709 13:10:33.834375 28772 ts_tablet_manager.cc:1434] T c23648b5c68c4f9584b74b6a8ff47454 P 0c0ecde0af494dc9b152dee191c6d3e6: Time spent starting tablet: real 0.048s	user 0.006s	sys 0.001s
I20260709 13:10:33.835531 28772 tablet_bootstrap.cc:492] T b445e2209eb343cf9d87aa63ba0becbc P 0c0ecde0af494dc9b152dee191c6d3e6: Bootstrap starting.
I20260709 13:10:33.837356 28770 tablet_bootstrap.cc:492] T e1210d5a904b4f328048e3c924967b95 P 178f22d83287460fb8c0db0ba2799895: No bootstrap required, opened a new log
I20260709 13:10:33.838091 28770 ts_tablet_manager.cc:1403] T e1210d5a904b4f328048e3c924967b95 P 178f22d83287460fb8c0db0ba2799895: Time spent bootstrapping tablet: real 0.040s	user 0.011s	sys 0.009s
I20260709 13:10:33.842214 28772 tablet_bootstrap.cc:654] T b445e2209eb343cf9d87aa63ba0becbc P 0c0ecde0af494dc9b152dee191c6d3e6: Neither blocks nor log segments found. Creating new log.
I20260709 13:10:33.847832 28994 leader_election.cc:290] T 95579b54a2ec400081e0a348b2395dfc P ed517a03edd141a798f07798667c1c04 [CANDIDATE]: Term 1 pre-election: Requested pre-vote from peers 178f22d83287460fb8c0db0ba2799895 (127.26.202.1:36115), 0c0ecde0af494dc9b152dee191c6d3e6 (127.26.202.2:39245)
I20260709 13:10:33.818879 28654 tablet_service.cc:1917] Received RequestConsensusVote() RPC: tablet_id: "3d30c923964844ccad86f6776b30b074" candidate_uuid: "ed517a03edd141a798f07798667c1c04" candidate_term: 1 candidate_status { last_received { term: 0 index: 0 } } ignore_live_leader: false dest_uuid: "0c0ecde0af494dc9b152dee191c6d3e6"
I20260709 13:10:33.854998 28654 raft_consensus.cc:3060] T 3d30c923964844ccad86f6776b30b074 P 0c0ecde0af494dc9b152dee191c6d3e6 [term 0 FOLLOWER]: Advancing to term 1
I20260709 13:10:33.857429 28982 raft_consensus.cc:493] T 95579b54a2ec400081e0a348b2395dfc P 0c0ecde0af494dc9b152dee191c6d3e6 [term 0 FOLLOWER]: Starting pre-election (no leader contacted us within the election timeout)
I20260709 13:10:33.858009 28982 raft_consensus.cc:515] T 95579b54a2ec400081e0a348b2395dfc P 0c0ecde0af494dc9b152dee191c6d3e6 [term 0 FOLLOWER]: Starting pre-election with config: opid_index: -1 OBSOLETE_local: false peers { permanent_uuid: "178f22d83287460fb8c0db0ba2799895" member_type: VOTER last_known_addr { host: "127.26.202.1" port: 36115 } } peers { permanent_uuid: "0c0ecde0af494dc9b152dee191c6d3e6" member_type: VOTER last_known_addr { host: "127.26.202.2" port: 39245 } } peers { permanent_uuid: "ed517a03edd141a798f07798667c1c04" member_type: VOTER last_known_addr { host: "127.26.202.3" port: 40339 } }
I20260709 13:10:33.860379 28982 leader_election.cc:290] T 95579b54a2ec400081e0a348b2395dfc P 0c0ecde0af494dc9b152dee191c6d3e6 [CANDIDATE]: Term 1 pre-election: Requested pre-vote from peers 178f22d83287460fb8c0db0ba2799895 (127.26.202.1:36115), ed517a03edd141a798f07798667c1c04 (127.26.202.3:40339)
I20260709 13:10:33.862124 28580 tablet_service.cc:1917] Received RequestConsensusVote() RPC: tablet_id: "95579b54a2ec400081e0a348b2395dfc" candidate_uuid: "0c0ecde0af494dc9b152dee191c6d3e6" candidate_term: 1 candidate_status { last_received { term: 0 index: 0 } } ignore_live_leader: false dest_uuid: "178f22d83287460fb8c0db0ba2799895" is_pre_election: true
I20260709 13:10:33.863106 28770 raft_consensus.cc:359] T e1210d5a904b4f328048e3c924967b95 P 178f22d83287460fb8c0db0ba2799895 [term 0 FOLLOWER]: Replica starting. Triggering 0 pending ops. Active config: opid_index: -1 OBSOLETE_local: false peers { permanent_uuid: "178f22d83287460fb8c0db0ba2799895" member_type: VOTER last_known_addr { host: "127.26.202.1" port: 36115 } } peers { permanent_uuid: "0c0ecde0af494dc9b152dee191c6d3e6" member_type: VOTER last_known_addr { host: "127.26.202.2" port: 39245 } } peers { permanent_uuid: "ed517a03edd141a798f07798667c1c04" member_type: VOTER last_known_addr { host: "127.26.202.3" port: 40339 } }
W20260709 13:10:33.864019 28621 leader_election.cc:343] T 95579b54a2ec400081e0a348b2395dfc P 0c0ecde0af494dc9b152dee191c6d3e6 [CANDIDATE]: Term 1 pre-election: Tablet error from VoteRequest() call to peer 178f22d83287460fb8c0db0ba2799895 (127.26.202.1:36115): Illegal state: must be running to vote when last-logged opid is not known
I20260709 13:10:33.864305 28654 raft_consensus.cc:2468] T 3d30c923964844ccad86f6776b30b074 P 0c0ecde0af494dc9b152dee191c6d3e6 [term 1 FOLLOWER]: Leader election vote request: Granting yes vote for candidate ed517a03edd141a798f07798667c1c04 in term 1.
I20260709 13:10:33.864802 28770 raft_consensus.cc:385] T e1210d5a904b4f328048e3c924967b95 P 178f22d83287460fb8c0db0ba2799895 [term 0 FOLLOWER]: Consensus starting up: Expiring failure detector timer to make a prompt election more likely
I20260709 13:10:33.865535 28770 raft_consensus.cc:740] T e1210d5a904b4f328048e3c924967b95 P 178f22d83287460fb8c0db0ba2799895 [term 0 FOLLOWER]: Becoming Follower/Learner. State: Replica: 178f22d83287460fb8c0db0ba2799895, State: Initialized, Role: FOLLOWER
I20260709 13:10:33.866909 28770 consensus_queue.cc:260] T e1210d5a904b4f328048e3c924967b95 P 178f22d83287460fb8c0db0ba2799895 [NON_LEADER]: Queue going to NON_LEADER mode. State: All replicated index: 0, Majority replicated index: 0, Committed index: 0, Last appended: 0.0, Last appended by leader: 0, Current term: 0, Majority size: -1, State: 0, Mode: NON_LEADER, active raft config: opid_index: -1 OBSOLETE_local: false peers { permanent_uuid: "178f22d83287460fb8c0db0ba2799895" member_type: VOTER last_known_addr { host: "127.26.202.1" port: 36115 } } peers { permanent_uuid: "0c0ecde0af494dc9b152dee191c6d3e6" member_type: VOTER last_known_addr { host: "127.26.202.2" port: 39245 } } peers { permanent_uuid: "ed517a03edd141a798f07798667c1c04" member_type: VOTER last_known_addr { host: "127.26.202.3" port: 40339 } }
I20260709 13:10:33.867633 28579 raft_consensus.cc:2468] T 3d30c923964844ccad86f6776b30b074 P 178f22d83287460fb8c0db0ba2799895 [term 1 FOLLOWER]: Leader election vote request: Granting yes vote for candidate ed517a03edd141a798f07798667c1c04 in term 1.
I20260709 13:10:33.870808 28770 ts_tablet_manager.cc:1434] T e1210d5a904b4f328048e3c924967b95 P 178f22d83287460fb8c0db0ba2799895: Time spent starting tablet: real 0.032s	user 0.007s	sys 0.000s
I20260709 13:10:33.871681 28774 tablet_bootstrap.cc:492] T 4380fb261ad646d49d956c3ba5036856 P ed517a03edd141a798f07798667c1c04: No bootstrap required, opened a new log
I20260709 13:10:33.872174 28774 ts_tablet_manager.cc:1403] T 4380fb261ad646d49d956c3ba5036856 P ed517a03edd141a798f07798667c1c04: Time spent bootstrapping tablet: real 0.084s	user 0.014s	sys 0.009s
W20260709 13:10:33.872092 28695 outbound_call.cc:321] RPC callback for RPC call kudu.consensus.ConsensusService.UpdateConsensus -> {remote=127.26.202.1:36115, user_credentials={real_user=slave}} blocked reactor thread for 52433us
I20260709 13:10:33.871692 28772 tablet_bootstrap.cc:492] T b445e2209eb343cf9d87aa63ba0becbc P 0c0ecde0af494dc9b152dee191c6d3e6: No bootstrap required, opened a new log
I20260709 13:10:33.873353 28770 tablet_bootstrap.cc:492] T b445e2209eb343cf9d87aa63ba0becbc P 178f22d83287460fb8c0db0ba2799895: Bootstrap starting.
I20260709 13:10:33.873540 28772 ts_tablet_manager.cc:1403] T b445e2209eb343cf9d87aa63ba0becbc P 0c0ecde0af494dc9b152dee191c6d3e6: Time spent bootstrapping tablet: real 0.038s	user 0.011s	sys 0.007s
I20260709 13:10:33.875212 28774 raft_consensus.cc:359] T 4380fb261ad646d49d956c3ba5036856 P ed517a03edd141a798f07798667c1c04 [term 0 FOLLOWER]: Replica starting. Triggering 0 pending ops. Active config: opid_index: -1 OBSOLETE_local: false peers { permanent_uuid: "178f22d83287460fb8c0db0ba2799895" member_type: VOTER last_known_addr { host: "127.26.202.1" port: 36115 } } peers { permanent_uuid: "0c0ecde0af494dc9b152dee191c6d3e6" member_type: VOTER last_known_addr { host: "127.26.202.2" port: 39245 } } peers { permanent_uuid: "ed517a03edd141a798f07798667c1c04" member_type: VOTER last_known_addr { host: "127.26.202.3" port: 40339 } }
