I20260709 13:10:23.906524 25432 leader_election.cc:290] T d56909a48cf841eb99365741e9e29e93 P 1f539ba21487460085b837e7529a78ce [CANDIDATE]: Term 1 pre-election: Requested pre-vote from peers da445ce82dc4467f95f4fa52297eaa19 (127.23.140.66:33127), 79d99c0e498349bda74127365219e468 (127.23.140.67:34091)
I20260709 13:10:23.906503 25361 data_dirs.cc:400] Could only allocate 1 dirs of requested 3 for tablet e74320a7302d4cd8b705dce5d385079a. 1 dirs total, 0 dirs full, 0 dirs failed
I20260709 13:10:23.907740 25422 tablet_bootstrap.cc:492] T f616a884a8284b1f8fd7c51549e8a211 P da445ce82dc4467f95f4fa52297eaa19: Bootstrap starting.
I20260709 13:10:23.917021 25211 data_dirs.cc:400] Could only allocate 1 dirs of requested 3 for tablet e39a4f04fbfc4fb3a4b2057ad9cb8c88. 1 dirs total, 0 dirs full, 0 dirs failed
I20260709 13:10:23.921162 25289 data_dirs.cc:400] Could only allocate 1 dirs of requested 3 for tablet af9115771e334c95a7dec25c698514dc. 1 dirs total, 0 dirs full, 0 dirs failed
I20260709 13:10:23.931496 25290 tablet_service.cc:1511] Processing CreateTablet for tablet 7ef45c031fc345b2917194ea453a14e3 (DEFAULT_TABLE table=test-workload [id=69ca5a4c7f3b417fb4b42c24baec3811]), partition=RANGE (key) PARTITION 1528717134 <= VALUES < 1565115161
I20260709 13:10:23.939828 25219 rpcz_store.cc:275] Call kudu.tserver.TabletServerAdminService.CreateTablet from 127.0.0.1:58402 (request call id 37) took 1030 ms. Trace:
I20260709 13:10:23.940302 25219 rpcz_store.cc:276] 0709 13:10:22.909902 (+     0us) service_pool.cc:167] Inserting onto call queue
0709 13:10:23.692752 (+782850us) service_pool.cc:224] Handling call
0709 13:10:23.712340 (+ 19588us) ts_tablet_manager.cc:669] Acquired tablet manager lock
0709 13:10:23.712534 (+   194us) ts_tablet_manager.cc:682] Creating new metadata...
0709 13:10:23.803908 (+ 91374us) tablet_metadata.cc:665] Metadata flushed
0709 13:10:23.929896 (+125988us) tablet_replica.cc:206] Creating consensus instance
0709 13:10:23.939455 (+  9559us) spinlock_profiling.cc:243] Waited 6.48 ms on lock 0x7b5800002a98. stack: 00007fd72cb50343 00007fd72cb50240 00007fd72c4df1d4 00007fd73621d304 00007fd73621d299 00007fd72ca0adb1 00007fd72cb4ab71 00007fd72cb4b1a2 00007fd735a8cbb9 00007fd734bbdd88 00007fd734c84973 00007fd734c8070f 00007fd734c80ecd 00007fd734c2f400 00007fd72e0b4af4 00007fd72e0b4a82
0709 13:10:23.939763 (+   308us) inbound_call.cc:177] Queueing success response
Metrics: {"spinlock_wait_cycles":14909312}
I20260709 13:10:23.945966 25366 tablet_service.cc:1511] Processing CreateTablet for tablet 135bcb58ad5b4506a12d94ef2b0d824c (DEFAULT_TABLE table=test-workload [id=69ca5a4c7f3b417fb4b42c24baec3811]), partition=RANGE (key) PARTITION 1856299377 <= VALUES < 1892697404
I20260709 13:10:23.946519 25369 tablet_service.cc:1511] Processing CreateTablet for tablet a1eeb9f9696c44b9b744d926cf3312ff (DEFAULT_TABLE table=test-workload [id=69ca5a4c7f3b417fb4b42c24baec3811]), partition=RANGE (key) PARTITION 1892697404 <= VALUES < 1929095431
I20260709 13:10:23.948069 25219 tablet_service.cc:1511] Processing CreateTablet for tablet 11892dffe99a496ebf3d98773631357c (DEFAULT_TABLE table=test-workload [id=69ca5a4c7f3b417fb4b42c24baec3811]), partition=RANGE (key) PARTITION 1710707269 <= VALUES < 1747105296
I20260709 13:10:23.891690 25214 tablet_service.cc:1511] Processing CreateTablet for tablet 6e2ea64fbf1c4f6db8eda01c8d9ac433 (DEFAULT_TABLE table=test-workload [id=69ca5a4c7f3b417fb4b42c24baec3811]), partition=RANGE (key) PARTITION 1565115161 <= VALUES < 1601513188
I20260709 13:10:23.950811 25305 tablet_service.cc:1917] Received RequestConsensusVote() RPC: tablet_id: "ff04ee47fb3f40b2b2354a8d4f665483" candidate_uuid: "79d99c0e498349bda74127365219e468" candidate_term: 1 candidate_status { last_received { term: 0 index: 0 } } ignore_live_leader: false dest_uuid: "da445ce82dc4467f95f4fa52297eaa19" is_pre_election: true
I20260709 13:10:23.958012 25215 data_dirs.cc:400] Could only allocate 1 dirs of requested 3 for tablet 87fad5b7d561432b9e669ef42e8b145b. 1 dirs total, 0 dirs full, 0 dirs failed
I20260709 13:10:23.958719 25214 data_dirs.cc:400] Could only allocate 1 dirs of requested 3 for tablet 6e2ea64fbf1c4f6db8eda01c8d9ac433. 1 dirs total, 0 dirs full, 0 dirs failed
I20260709 13:10:23.960726 25421 ts_tablet_manager.cc:1434] T d56909a48cf841eb99365741e9e29e93 P 1f539ba21487460085b837e7529a78ce: Time spent starting tablet: real 0.168s	user 0.015s	sys 0.001s
I20260709 13:10:23.961817 25290 data_dirs.cc:400] Could only allocate 1 dirs of requested 3 for tablet 7ef45c031fc345b2917194ea453a14e3. 1 dirs total, 0 dirs full, 0 dirs failed
I20260709 13:10:23.963526 25439 raft_consensus.cc:493] T 5e0cf1df707d42a3834bac46dc045119 P da445ce82dc4467f95f4fa52297eaa19 [term 0 FOLLOWER]: Starting pre-election (no leader contacted us within the election timeout)
I20260709 13:10:23.964010 25439 raft_consensus.cc:515] T 5e0cf1df707d42a3834bac46dc045119 P da445ce82dc4467f95f4fa52297eaa19 [term 0 FOLLOWER]: Starting pre-election with config: opid_index: -1 OBSOLETE_local: false peers { permanent_uuid: "79d99c0e498349bda74127365219e468" member_type: VOTER last_known_addr { host: "127.23.140.67" port: 34091 } } peers { permanent_uuid: "1f539ba21487460085b837e7529a78ce" member_type: VOTER last_known_addr { host: "127.23.140.65" port: 39361 } } peers { permanent_uuid: "da445ce82dc4467f95f4fa52297eaa19" member_type: VOTER last_known_addr { host: "127.23.140.66" port: 33127 } }
I20260709 13:10:23.966461 25218 data_dirs.cc:400] Could only allocate 1 dirs of requested 3 for tablet c279dfc4b0d248a4a884e78a33fd437c. 1 dirs total, 0 dirs full, 0 dirs failed
I20260709 13:10:23.967857 25439 leader_election.cc:290] T 5e0cf1df707d42a3834bac46dc045119 P da445ce82dc4467f95f4fa52297eaa19 [CANDIDATE]: Term 1 pre-election: Requested pre-vote from peers 79d99c0e498349bda74127365219e468 (127.23.140.67:34091), 1f539ba21487460085b837e7529a78ce (127.23.140.65:39361)
I20260709 13:10:23.969381 25421 tablet_bootstrap.cc:492] T f616a884a8284b1f8fd7c51549e8a211 P 1f539ba21487460085b837e7529a78ce: Bootstrap starting.
I20260709 13:10:23.970466 25367 tablet_service.cc:1511] Processing CreateTablet for tablet 7e85321bc6774ed28bf79ebfd5eae6e0 (DEFAULT_TABLE table=test-workload [id=69ca5a4c7f3b417fb4b42c24baec3811]), partition=RANGE (key) PARTITION 1819901350 <= VALUES < 1856299377
I20260709 13:10:23.973572 25368 data_dirs.cc:400] Could only allocate 1 dirs of requested 3 for tablet 87fad5b7d561432b9e669ef42e8b145b. 1 dirs total, 0 dirs full, 0 dirs failed
I20260709 13:10:23.973301 25362 tablet_service.cc:1511] Processing CreateTablet for tablet 67fb9a2520c542d38f72828988ddc804 (DEFAULT_TABLE table=test-workload [id=69ca5a4c7f3b417fb4b42c24baec3811]), partition=RANGE (key) PARTITION 1747105296 <= VALUES < 1783503323
W20260709 13:10:23.976620 25343 leader_election.cc:343] T ff04ee47fb3f40b2b2354a8d4f665483 P 79d99c0e498349bda74127365219e468 [CANDIDATE]: Term 1 pre-election: Tablet error from VoteRequest() call to peer da445ce82dc4467f95f4fa52297eaa19 (127.23.140.66:33127): Illegal state: must be running to vote when last-logged opid is not known
I20260709 13:10:23.916534 25287 tablet_service.cc:1511] Processing CreateTablet for tablet ea5abc7f78c6412885cf5a12e2a9ee6c (DEFAULT_TABLE table=test-workload [id=69ca5a4c7f3b417fb4b42c24baec3811]), partition=RANGE (key) PARTITION 1492319107 <= VALUES < 1528717134
I20260709 13:10:23.977113 25343 leader_election.cc:304] T ff04ee47fb3f40b2b2354a8d4f665483 P 79d99c0e498349bda74127365219e468 [CANDIDATE]: Term 1 pre-election: Election decided. Result: candidate lost. Election summary: received 3 responses out of 3 voters: 1 yes votes; 2 no votes. yes voters: 79d99c0e498349bda74127365219e468; no voters: 1f539ba21487460085b837e7529a78ce, da445ce82dc4467f95f4fa52297eaa19
I20260709 13:10:23.977618 25362 data_dirs.cc:400] Could only allocate 1 dirs of requested 3 for tablet 67fb9a2520c542d38f72828988ddc804. 1 dirs total, 0 dirs full, 0 dirs failed
I20260709 13:10:23.983166 25366 data_dirs.cc:400] Could only allocate 1 dirs of requested 3 for tablet 135bcb58ad5b4506a12d94ef2b0d824c. 1 dirs total, 0 dirs full, 0 dirs failed
I20260709 13:10:23.982941 25286 tablet_service.cc:1511] Processing CreateTablet for tablet 6e2ea64fbf1c4f6db8eda01c8d9ac433 (DEFAULT_TABLE table=test-workload [id=69ca5a4c7f3b417fb4b42c24baec3811]), partition=RANGE (key) PARTITION 1565115161 <= VALUES < 1601513188
I20260709 13:10:23.979619 25423 raft_consensus.cc:2749] T ff04ee47fb3f40b2b2354a8d4f665483 P 79d99c0e498349bda74127365219e468 [term 0 FOLLOWER]: Leader pre-election lost for term 1. Reason: could not achieve majority
I20260709 13:10:23.984750 25287 data_dirs.cc:400] Could only allocate 1 dirs of requested 3 for tablet ea5abc7f78c6412885cf5a12e2a9ee6c. 1 dirs total, 0 dirs full, 0 dirs failed
I20260709 13:10:23.985432 25367 data_dirs.cc:400] Could only allocate 1 dirs of requested 3 for tablet 7e85321bc6774ed28bf79ebfd5eae6e0. 1 dirs total, 0 dirs full, 0 dirs failed
I20260709 13:10:23.985653 25286 data_dirs.cc:400] Could only allocate 1 dirs of requested 3 for tablet 6e2ea64fbf1c4f6db8eda01c8d9ac433. 1 dirs total, 0 dirs full, 0 dirs failed
I20260709 13:10:23.987100 25294 tablet_service.cc:1511] Processing CreateTablet for tablet 87fad5b7d561432b9e669ef42e8b145b (DEFAULT_TABLE table=test-workload [id=69ca5a4c7f3b417fb4b42c24baec3811]), partition=RANGE (key) PARTITION 1674309242 <= VALUES < 1710707269
I20260709 13:10:23.987834 25369 data_dirs.cc:400] Could only allocate 1 dirs of requested 3 for tablet a1eeb9f9696c44b9b744d926cf3312ff. 1 dirs total, 0 dirs full, 0 dirs failed
I20260709 13:10:23.988255 25219 data_dirs.cc:400] Could only allocate 1 dirs of requested 3 for tablet 11892dffe99a496ebf3d98773631357c. 1 dirs total, 0 dirs full, 0 dirs failed
I20260709 13:10:23.988335 25294 data_dirs.cc:400] Could only allocate 1 dirs of requested 3 for tablet 87fad5b7d561432b9e669ef42e8b145b. 1 dirs total, 0 dirs full, 0 dirs failed
I20260709 13:10:23.985273 25291 tablet_service.cc:1511] Processing CreateTablet for tablet e39a4f04fbfc4fb3a4b2057ad9cb8c88 (DEFAULT_TABLE table=test-workload [id=69ca5a4c7f3b417fb4b42c24baec3811]), partition=RANGE (key) PARTITION 1637911215 <= VALUES < 1674309242
I20260709 13:10:24.000324 25230 tablet_service.cc:1917] Received RequestConsensusVote() RPC: tablet_id: "9b49f61c49ae486392588c88e34a32d0" candidate_uuid: "da445ce82dc4467f95f4fa52297eaa19" candidate_term: 1 candidate_status { last_received { term: 0 index: 0 } } ignore_live_leader: false dest_uuid: "1f539ba21487460085b837e7529a78ce" is_pre_election: true
I20260709 13:10:24.010896 25422 tablet_bootstrap.cc:654] T f616a884a8284b1f8fd7c51549e8a211 P da445ce82dc4467f95f4fa52297eaa19: Neither blocks nor log segments found. Creating new log.
I20260709 13:10:24.014216 25291 data_dirs.cc:400] Could only allocate 1 dirs of requested 3 for tablet e39a4f04fbfc4fb3a4b2057ad9cb8c88. 1 dirs total, 0 dirs full, 0 dirs failed
I20260709 13:10:24.021890 25367 tablet_service.cc:1511] Processing CreateTablet for tablet ec256e9cce1249a995955c75b0c977cc (DEFAULT_TABLE table=test-workload [id=69ca5a4c7f3b417fb4b42c24baec3811]), partition=RANGE (key) PARTITION 1929095431 <= VALUES < 1965493458
I20260709 13:10:24.022338 25290 tablet_service.cc:1511] Processing CreateTablet for tablet 11892dffe99a496ebf3d98773631357c (DEFAULT_TABLE table=test-workload [id=69ca5a4c7f3b417fb4b42c24baec3811]), partition=RANGE (key) PARTITION 1710707269 <= VALUES < 1747105296
I20260709 13:10:24.030182 25229 tablet_service.cc:1917] Received RequestConsensusVote() RPC: tablet_id: "5e0cf1df707d42a3834bac46dc045119" candidate_uuid: "da445ce82dc4467f95f4fa52297eaa19" candidate_term: 1 candidate_status { last_received { term: 0 index: 0 } } ignore_live_leader: false dest_uuid: "1f539ba21487460085b837e7529a78ce" is_pre_election: true
I20260709 13:10:24.034224 25229 raft_consensus.cc:2393] T 5e0cf1df707d42a3834bac46dc045119 P 1f539ba21487460085b837e7529a78ce [term 1 FOLLOWER]: Leader pre-election vote request: Denying vote to candidate da445ce82dc4467f95f4fa52297eaa19 in current term 1: Already voted for candidate 79d99c0e498349bda74127365219e468 in this term.
I20260709 13:10:24.035841 25290 data_dirs.cc:400] Could only allocate 1 dirs of requested 3 for tablet 11892dffe99a496ebf3d98773631357c. 1 dirs total, 0 dirs full, 0 dirs failed
I20260709 13:10:24.039652 25215 rpcz_store.cc:275] Call kudu.tserver.TabletServerAdminService.CreateTablet from 127.0.0.1:58402 (request call id 46) took 1086 ms. Trace:
I20260709 13:10:24.040087 25215 rpcz_store.cc:276] 0709 13:10:22.953550 (+     0us) service_pool.cc:167] Inserting onto call queue
0709 13:10:23.848997 (+895447us) service_pool.cc:224] Handling call
0709 13:10:23.900160 (+ 51163us) spinlock_profiling.cc:243] Waited 9.56 ms on lock 0x7b5800002a98. stack: 00007fd72cb50343 00007fd72cb50240 00007fd72c4df1d4 00007fd73621d304 00007fd73621d299 00007fd72ca0adb1 00007fd72cb4ab71 00007fd72cb4aa22 00007fd735a63c09 00007fd734bbdee0 00007fd734ca3831 00007fd734c80ac3 00007fd734c2f400 00007fd72e0b4af4 00007fd72e0b4a82 00007fd72e0b49b1
0709 13:10:23.900307 (+   147us) ts_tablet_manager.cc:669] Acquired tablet manager lock
0709 13:10:23.900394 (+    87us) ts_tablet_manager.cc:682] Creating new metadata...
0709 13:10:24.032312 (+131918us) tablet_metadata.cc:665] Metadata flushed
0709 13:10:24.039095 (+  6783us) tablet_replica.cc:206] Creating consensus instance
0709 13:10:24.039590 (+   495us) inbound_call.cc:177] Queueing success response
Metrics: {"spinlock_wait_cycles":21985024}
I20260709 13:10:24.042906 25292 rpcz_store.cc:275] Call kudu.tserver.TabletServerAdminService.CreateTablet from 127.0.0.1:57250 (request call id 30) took 1053 ms. Trace:
I20260709 13:10:24.043267 25215 tablet_service.cc:1511] Processing CreateTablet for tablet 67fb9a2520c542d38f72828988ddc804 (DEFAULT_TABLE table=test-workload [id=69ca5a4c7f3b417fb4b42c24baec3811]), partition=RANGE (key) PARTITION 1747105296 <= VALUES < 1783503323
I20260709 13:10:24.043315 25292 rpcz_store.cc:276] 0709 13:10:22.989737 (+     0us) service_pool.cc:167] Inserting onto call queue
0709 13:10:23.631180 (+641443us) service_pool.cc:224] Handling call
0709 13:10:23.632988 (+  1808us) ts_tablet_manager.cc:669] Acquired tablet manager lock
0709 13:10:23.633079 (+    91us) ts_tablet_manager.cc:682] Creating new metadata...
0709 13:10:23.944691 (+311612us) tablet_metadata.cc:665] Metadata flushed
0709 13:10:24.042439 (+ 97748us) tablet_replica.cc:206] Creating consensus instance
0709 13:10:24.042850 (+   411us) inbound_call.cc:177] Queueing success response
Metrics: {}
I20260709 13:10:24.044749 25215 data_dirs.cc:400] Could only allocate 1 dirs of requested 3 for tablet 67fb9a2520c542d38f72828988ddc804. 1 dirs total, 0 dirs full, 0 dirs failed
I20260709 13:10:23.995754 25295 tablet_service.cc:1511] Processing CreateTablet for tablet c279dfc4b0d248a4a884e78a33fd437c (DEFAULT_TABLE table=test-workload [id=69ca5a4c7f3b417fb4b42c24baec3811]), partition=RANGE (key) PARTITION 1601513188 <= VALUES < 1637911215
I20260709 13:10:24.046674 25295 data_dirs.cc:400] Could only allocate 1 dirs of requested 3 for tablet c279dfc4b0d248a4a884e78a33fd437c. 1 dirs total, 0 dirs full, 0 dirs failed
I20260709 13:10:24.045306 25292 tablet_service.cc:1511] Processing CreateTablet for tablet 67fb9a2520c542d38f72828988ddc804 (DEFAULT_TABLE table=test-workload [id=69ca5a4c7f3b417fb4b42c24baec3811]), partition=RANGE (key) PARTITION 1747105296 <= VALUES < 1783503323
I20260709 13:10:24.065299 25419 tablet_bootstrap.cc:654] T 56a9fdb76a7d494e81629b861acc1489 P 79d99c0e498349bda74127365219e468: Neither blocks nor log segments found. Creating new log.
I20260709 13:10:24.066444 25367 data_dirs.cc:400] Could only allocate 1 dirs of requested 3 for tablet ec256e9cce1249a995955c75b0c977cc. 1 dirs total, 0 dirs full, 0 dirs failed
I20260709 13:10:24.085491 25290 rpcz_store.cc:275] Call kudu.tserver.TabletServerAdminService.CreateTablet from 127.0.0.1:57250 (request call id 47) took 1030 ms. Trace:
I20260709 13:10:24.085903 25290 rpcz_store.cc:276] 0709 13:10:23.055527 (+     0us) service_pool.cc:167] Inserting onto call queue
0709 13:10:24.021316 (+965789us) service_pool.cc:224] Handling call
0709 13:10:24.035379 (+ 14063us) ts_tablet_manager.cc:669] Acquired tablet manager lock
0709 13:10:24.035497 (+   118us) ts_tablet_manager.cc:682] Creating new metadata...
0709 13:10:24.051171 (+ 15674us) tablet_metadata.cc:665] Metadata flushed
0709 13:10:24.084998 (+ 33827us) tablet_replica.cc:206] Creating consensus instance
0709 13:10:24.085430 (+   432us) inbound_call.cc:177] Queueing success response
Metrics: {}
I20260709 13:10:24.087807 25290 tablet_service.cc:1511] Processing CreateTablet for tablet e74320a7302d4cd8b705dce5d385079a (DEFAULT_TABLE table=test-workload [id=69ca5a4c7f3b417fb4b42c24baec3811]), partition=RANGE (key) PARTITION 1783503323 <= VALUES < 1819901350
I20260709 13:10:24.073105 25217 rpcz_store.cc:275] Call kudu.tserver.TabletServerAdminService.CreateTablet from 127.0.0.1:58402 (request call id 41) took 1135 ms. Trace:
I20260709 13:10:24.089164 25379 tablet_service.cc:1917] Received RequestConsensusVote() RPC: tablet_id: "d56909a48cf841eb99365741e9e29e93" candidate_uuid: "1f539ba21487460085b837e7529a78ce" candidate_term: 1 candidate_status { last_received { term: 0 index: 0 } } ignore_live_leader: false dest_uuid: "79d99c0e498349bda74127365219e468" is_pre_election: true
I20260709 13:10:24.089082 25217 rpcz_store.cc:276] 0709 13:10:22.937630 (+     0us) service_pool.cc:167] Inserting onto call queue
0709 13:10:23.756823 (+819193us) service_pool.cc:224] Handling call
0709 13:10:23.759268 (+  2445us) ts_tablet_manager.cc:669] Acquired tablet manager lock
0709 13:10:23.759381 (+   113us) ts_tablet_manager.cc:682] Creating new metadata...
0709 13:10:24.050832 (+291451us) tablet_metadata.cc:665] Metadata flushed
0709 13:10:24.057720 (+  6888us) tablet_replica.cc:206] Creating consensus instance
0709 13:10:24.071843 (+ 14123us) inbound_call.cc:177] Queueing success response
Metrics: {}
W20260709 13:10:24.091004 25195 leader_election.cc:343] T d56909a48cf841eb99365741e9e29e93 P 1f539ba21487460085b837e7529a78ce [CANDIDATE]: Term 1 pre-election: Tablet error from VoteRequest() call to peer 79d99c0e498349bda74127365219e468 (127.23.140.67:34091): Illegal state: must be running to vote when last-logged opid is not known
I20260709 13:10:24.091778 25217 tablet_service.cc:1511] Processing CreateTablet for tablet e74320a7302d4cd8b705dce5d385079a (DEFAULT_TABLE table=test-workload [id=69ca5a4c7f3b417fb4b42c24baec3811]), partition=RANGE (key) PARTITION 1783503323 <= VALUES < 1819901350
I20260709 13:10:24.096175 25217 data_dirs.cc:400] Could only allocate 1 dirs of requested 3 for tablet e74320a7302d4cd8b705dce5d385079a. 1 dirs total, 0 dirs full, 0 dirs failed
I20260709 13:10:24.101991 25369 tablet_service.cc:1511] Processing CreateTablet for tablet 60f74f1604ed4390892e271c77fd0f07 (DEFAULT_TABLE table=test-workload [id=69ca5a4c7f3b417fb4b42c24baec3811]), partition=RANGE (key) PARTITION 1965493458 <= VALUES < 2001891485
I20260709 13:10:24.103068 25369 data_dirs.cc:400] Could only allocate 1 dirs of requested 3 for tablet 60f74f1604ed4390892e271c77fd0f07. 1 dirs total, 0 dirs full, 0 dirs failed
I20260709 13:10:24.116365 25213 rpcz_store.cc:275] Call kudu.tserver.TabletServerAdminService.CreateTablet from 127.0.0.1:58402 (request call id 38) took 1202 ms. Trace:
I20260709 13:10:24.116792 25213 rpcz_store.cc:276] 0709 13:10:22.914367 (+     0us) service_pool.cc:167] Inserting onto call queue
0709 13:10:23.718211 (+803844us) service_pool.cc:224] Handling call
0709 13:10:23.719903 (+  1692us) ts_tablet_manager.cc:669] Acquired tablet manager lock
0709 13:10:23.719990 (+    87us) ts_tablet_manager.cc:682] Creating new metadata...
0709 13:10:24.055828 (+335838us) tablet_metadata.cc:665] Metadata flushed
0709 13:10:24.115867 (+ 60039us) tablet_replica.cc:206] Creating consensus instance
0709 13:10:24.116292 (+   425us) inbound_call.cc:177] Queueing success response
Metrics: {}
I20260709 13:10:24.119407 25213 tablet_service.cc:1511] Processing CreateTablet for tablet 7e85321bc6774ed28bf79ebfd5eae6e0 (DEFAULT_TABLE table=test-workload [id=69ca5a4c7f3b417fb4b42c24baec3811]), partition=RANGE (key) PARTITION 1819901350 <= VALUES < 1856299377
I20260709 13:10:24.124220 25213 data_dirs.cc:400] Could only allocate 1 dirs of requested 3 for tablet 7e85321bc6774ed28bf79ebfd5eae6e0. 1 dirs total, 0 dirs full, 0 dirs failed
W20260709 13:10:24.125043 25271 leader_election.cc:343] T 9b49f61c49ae486392588c88e34a32d0 P da445ce82dc4467f95f4fa52297eaa19 [CANDIDATE]: Term 1 pre-election: Tablet error from VoteRequest() call to peer 1f539ba21487460085b837e7529a78ce (127.23.140.65:39361): Illegal state: must be running to vote when last-logged opid is not known
W20260709 13:10:24.125546 25271 outbound_call.cc:321] RPC callback for RPC call kudu.consensus.ConsensusService.RequestConsensusVote -> {remote=127.23.140.65:39361, user_credentials={real_user=slave}} blocked reactor thread for 118638us
I20260709 13:10:24.127038 25305 raft_consensus.cc:3060] T 5e0cf1df707d42a3834bac46dc045119 P da445ce82dc4467f95f4fa52297eaa19 [term 0 FOLLOWER]: Advancing to term 1
I20260709 13:10:24.128026 25304 tablet_service.cc:1917] Received RequestConsensusVote() RPC: tablet_id: "d56909a48cf841eb99365741e9e29e93" candidate_uuid: "1f539ba21487460085b837e7529a78ce" candidate_term: 1 candidate_status { last_received { term: 0 index: 0 } } ignore_live_leader: false dest_uuid: "da445ce82dc4467f95f4fa52297eaa19" is_pre_election: true
I20260709 13:10:24.128789 25212 rpcz_store.cc:275] Call kudu.tserver.TabletServerAdminService.CreateTablet from 127.0.0.1:58402 (request call id 39) took 1210 ms. Trace:
I20260709 13:10:24.129154 25212 rpcz_store.cc:276] 0709 13:10:22.918816 (+     0us) service_pool.cc:167] Inserting onto call queue
0709 13:10:23.726065 (+807249us) service_pool.cc:224] Handling call
0709 13:10:23.751718 (+ 25653us) ts_tablet_manager.cc:669] Acquired tablet manager lock
0709 13:10:23.752570 (+   852us) ts_tablet_manager.cc:682] Creating new metadata...
0709 13:10:23.819573 (+ 67003us) tablet_metadata.cc:665] Metadata flushed
0709 13:10:24.075664 (+256091us) tablet_replica.cc:206] Creating consensus instance
0709 13:10:24.128735 (+ 53071us) inbound_call.cc:177] Queueing success response
Metrics: {}
I20260709 13:10:24.131036 25212 tablet_service.cc:1511] Processing CreateTablet for tablet 135bcb58ad5b4506a12d94ef2b0d824c (DEFAULT_TABLE table=test-workload [id=69ca5a4c7f3b417fb4b42c24baec3811]), partition=RANGE (key) PARTITION 1856299377 <= VALUES < 1892697404
W20260709 13:10:24.131794 25175 auto_rebalancer.cc:288] Could not retrieve cluster info: Service unavailable: Tablet not running
I20260709 13:10:24.132167 25212 data_dirs.cc:400] Could only allocate 1 dirs of requested 3 for tablet 135bcb58ad5b4506a12d94ef2b0d824c. 1 dirs total, 0 dirs full, 0 dirs failed
I20260709 13:10:24.135310 25360 rpcz_store.cc:275] Call kudu.tserver.TabletServerAdminService.CreateTablet from 127.0.0.1:36248 (request call id 47) took 1090 ms. Trace:
I20260709 13:10:24.135996 25360 rpcz_store.cc:276] 0709 13:10:23.045338 (+     0us) service_pool.cc:167] Inserting onto call queue
0709 13:10:23.874071 (+828733us) service_pool.cc:224] Handling call
0709 13:10:23.887358 (+ 13287us) ts_tablet_manager.cc:669] Acquired tablet manager lock
0709 13:10:23.887468 (+   110us) ts_tablet_manager.cc:682] Creating new metadata...
0709 13:10:24.124082 (+236614us) tablet_metadata.cc:665] Metadata flushed
0709 13:10:24.134390 (+ 10308us) tablet_replica.cc:206] Creating consensus instance
0709 13:10:24.135222 (+   832us) inbound_call.cc:177] Queueing success response
Metrics: {}
I20260709 13:10:24.137107 25421 tablet_bootstrap.cc:654] T f616a884a8284b1f8fd7c51549e8a211 P 1f539ba21487460085b837e7529a78ce: Neither blocks nor log segments found. Creating new log.
I20260709 13:10:24.142856 25364 rpcz_store.cc:275] Call kudu.tserver.TabletServerAdminService.CreateTablet from 127.0.0.1:36248 (request call id 39) took 1182 ms. Trace:
I20260709 13:10:24.143236 25364 rpcz_store.cc:276] 0709 13:10:22.960343 (+     0us) service_pool.cc:167] Inserting onto call queue
0709 13:10:23.664774 (+704431us) service_pool.cc:224] Handling call
0709 13:10:23.710177 (+ 45403us) ts_tablet_manager.cc:669] Acquired tablet manager lock
0709 13:10:23.710259 (+    82us) ts_tablet_manager.cc:682] Creating new metadata...
0709 13:10:24.109099 (+398840us) tablet_metadata.cc:665] Metadata flushed
0709 13:10:24.142316 (+ 33217us) tablet_replica.cc:206] Creating consensus instance
0709 13:10:24.142798 (+   482us) inbound_call.cc:177] Queueing success response
Metrics: {}
I20260709 13:10:24.144052 25288 rpcz_store.cc:275] Call kudu.tserver.TabletServerAdminService.CreateTablet from 127.0.0.1:57250 (request call id 38) took 1124 ms. Trace:
I20260709 13:10:24.146876 25364 tablet_service.cc:1511] Processing CreateTablet for tablet 0adcdb50fe9647b0abfa936e9cb73727 (DEFAULT_TABLE table=test-workload [id=69ca5a4c7f3b417fb4b42c24baec3811]), partition=RANGE (key) PARTITION 2038289512 <= VALUES < 2074687539
I20260709 13:10:24.148065 25364 data_dirs.cc:400] Could only allocate 1 dirs of requested 3 for tablet 0adcdb50fe9647b0abfa936e9cb73727. 1 dirs total, 0 dirs full, 0 dirs failed
I20260709 13:10:24.150514 25293 rpcz_store.cc:275] Call kudu.tserver.TabletServerAdminService.CreateTablet from 127.0.0.1:57250 (request call id 40) took 1130 ms. Trace:
I20260709 13:10:24.150871 25293 rpcz_store.cc:276] 0709 13:10:23.020429 (+     0us) service_pool.cc:167] Inserting onto call queue
0709 13:10:23.819449 (+799020us) service_pool.cc:224] Handling call
0709 13:10:23.822742 (+  3293us) ts_tablet_manager.cc:669] Acquired tablet manager lock
0709 13:10:23.826049 (+  3307us) ts_tablet_manager.cc:682] Creating new metadata...
0709 13:10:24.098345 (+272296us) tablet_metadata.cc:665] Metadata flushed
0709 13:10:24.150060 (+ 51715us) tablet_replica.cc:206] Creating consensus instance
0709 13:10:24.150461 (+   401us) inbound_call.cc:177] Queueing success response
Metrics: {}
I20260709 13:10:24.154289 25216 rpcz_store.cc:275] Call kudu.tserver.TabletServerAdminService.CreateTablet from 127.0.0.1:58402 (request call id 40) took 1217 ms. Trace:
I20260709 13:10:24.154449 25218 rpcz_store.cc:275] Call kudu.tserver.TabletServerAdminService.CreateTablet from 127.0.0.1:58402 (request call id 44) took 1201 ms. Trace:
I20260709 13:10:24.154681 25216 rpcz_store.cc:276] 0709 13:10:22.937228 (+     0us) service_pool.cc:167] Inserting onto call queue
0709 13:10:23.750428 (+813200us) service_pool.cc:224] Handling call
0709 13:10:23.778978 (+ 28550us) ts_tablet_manager.cc:669] Acquired tablet manager lock
0709 13:10:23.779074 (+    96us) ts_tablet_manager.cc:682] Creating new metadata...
0709 13:10:24.055823 (+276749us) tablet_metadata.cc:665] Metadata flushed
0709 13:10:24.153822 (+ 97999us) tablet_replica.cc:206] Creating consensus instance
0709 13:10:24.154234 (+   412us) inbound_call.cc:177] Queueing success response
Metrics: {}
I20260709 13:10:24.154853 25218 rpcz_store.cc:276] 0709 13:10:22.952910 (+     0us) service_pool.cc:167] Inserting onto call queue
0709 13:10:23.830419 (+877509us) service_pool.cc:224] Handling call
0709 13:10:23.847762 (+ 17343us) ts_tablet_manager.cc:669] Acquired tablet manager lock
0709 13:10:23.847864 (+   102us) ts_tablet_manager.cc:682] Creating new metadata...
0709 13:10:24.037714 (+189850us) tablet_metadata.cc:665] Metadata flushed
0709 13:10:24.153965 (+116251us) tablet_replica.cc:206] Creating consensus instance
0709 13:10:24.154393 (+   428us) inbound_call.cc:177] Queueing success response
Metrics: {}
I20260709 13:10:24.164475 25220 rpcz_store.cc:275] Call kudu.tserver.TabletServerAdminService.CreateTablet from 127.0.0.1:58402 (request call id 42) took 1212 ms. Trace:
I20260709 13:10:24.164856 25220 rpcz_store.cc:276] 0709 13:10:22.952273 (+     0us) service_pool.cc:167] Inserting onto call queue
0709 13:10:23.776489 (+824216us) service_pool.cc:224] Handling call
0709 13:10:23.778282 (+  1793us) ts_tablet_manager.cc:669] Acquired tablet manager lock
0709 13:10:23.778370 (+    88us) ts_tablet_manager.cc:682] Creating new metadata...
0709 13:10:24.086526 (+308156us) tablet_metadata.cc:665] Metadata flushed
0709 13:10:24.163992 (+ 77466us) tablet_replica.cc:206] Creating consensus instance
0709 13:10:24.164417 (+   425us) inbound_call.cc:177] Queueing success response
Metrics: {}
W20260709 13:10:24.166030 25194 leader_election.cc:343] T d56909a48cf841eb99365741e9e29e93 P 1f539ba21487460085b837e7529a78ce [CANDIDATE]: Term 1 pre-election: Tablet error from VoteRequest() call to peer da445ce82dc4467f95f4fa52297eaa19 (127.23.140.66:33127): Illegal state: must be running to vote when last-logged opid is not known
I20260709 13:10:24.166527 25194 leader_election.cc:304] T d56909a48cf841eb99365741e9e29e93 P 1f539ba21487460085b837e7529a78ce [CANDIDATE]: Term 1 pre-election: Election decided. Result: candidate lost. Election summary: received 3 responses out of 3 voters: 1 yes votes; 2 no votes. yes voters: 1f539ba21487460085b837e7529a78ce; no voters: 79d99c0e498349bda74127365219e468, da445ce82dc4467f95f4fa52297eaa19
I20260709 13:10:24.167788 25441 raft_consensus.cc:2749] T d56909a48cf841eb99365741e9e29e93 P 1f539ba21487460085b837e7529a78ce [term 0 FOLLOWER]: Leader pre-election lost for term 1. Reason: could not achieve majority
I20260709 13:10:24.159319 25292 data_dirs.cc:400] Could only allocate 1 dirs of requested 3 for tablet 67fb9a2520c542d38f72828988ddc804. 1 dirs total, 0 dirs full, 0 dirs failed
I20260709 13:10:24.169086 25291 rpcz_store.cc:275] Call kudu.tserver.TabletServerAdminService.CreateTablet from 127.0.0.1:57250 (request call id 45) took 1114 ms. Trace:
I20260709 13:10:24.170053 25290 data_dirs.cc:400] Could only allocate 1 dirs of requested 3 for tablet e74320a7302d4cd8b705dce5d385079a. 1 dirs total, 0 dirs full, 0 dirs failed
I20260709 13:10:24.144440 25288 rpcz_store.cc:276] 0709 13:10:23.019788 (+     0us) service_pool.cc:167] Inserting onto call queue
0709 13:10:23.827014 (+807226us) service_pool.cc:224] Handling call
0709 13:10:23.859249 (+ 32235us) ts_tablet_manager.cc:669] Acquired tablet manager lock
0709 13:10:23.874767 (+ 15518us) ts_tablet_manager.cc:682] Creating new metadata...
0709 13:10:24.060794 (+186027us) tablet_metadata.cc:665] Metadata flushed
0709 13:10:24.143614 (+ 82820us) tablet_replica.cc:206] Creating consensus instance
0709 13:10:24.143996 (+   382us) inbound_call.cc:177] Queueing success response
Metrics: {}
I20260709 13:10:24.179963 25423 raft_consensus.cc:493] T 0cf595e68eca43728a4957ce8c8f5b69 P 79d99c0e498349bda74127365219e468 [term 0 FOLLOWER]: Starting pre-election (no leader contacted us within the election timeout)
I20260709 13:10:24.180413 25423 raft_consensus.cc:515] T 0cf595e68eca43728a4957ce8c8f5b69 P 79d99c0e498349bda74127365219e468 [term 0 FOLLOWER]: Starting pre-election with config: opid_index: -1 OBSOLETE_local: false peers { permanent_uuid: "1f539ba21487460085b837e7529a78ce" member_type: VOTER last_known_addr { host: "127.23.140.65" port: 39361 } } peers { permanent_uuid: "da445ce82dc4467f95f4fa52297eaa19" member_type: VOTER last_known_addr { host: "127.23.140.66" port: 33127 } } peers { permanent_uuid: "79d99c0e498349bda74127365219e468" member_type: VOTER last_known_addr { host: "127.23.140.67" port: 34091 } }
I20260709 13:10:24.160243 25289 rpcz_store.cc:275] Call kudu.tserver.TabletServerAdminService.CreateTablet from 127.0.0.1:57250 (request call id 39) took 1139 ms. Trace:
I20260709 13:10:24.186188 25423 leader_election.cc:290] T 0cf595e68eca43728a4957ce8c8f5b69 P 79d99c0e498349bda74127365219e468 [CANDIDATE]: Term 1 pre-election: Requested pre-vote from peers 1f539ba21487460085b837e7529a78ce (127.23.140.65:39361), da445ce82dc4467f95f4fa52297eaa19 (127.23.140.66:33127)
I20260709 13:10:24.187039 25295 rpcz_store.cc:275] Call kudu.tserver.TabletServerAdminService.CreateTablet from 127.0.0.1:57250 (request call id 44) took 1165 ms. Trace:
I20260709 13:10:24.182408 25369 tablet_service.cc:1511] Processing CreateTablet for tablet cc7fda8ece3144099df1f442c8012dfd (DEFAULT_TABLE table=test-workload [id=69ca5a4c7f3b417fb4b42c24baec3811]), partition=RANGE (key) PARTITION 2111085566 <= VALUES
I20260709 13:10:24.169456 25291 rpcz_store.cc:276] 0709 13:10:23.054736 (+     0us) service_pool.cc:167] Inserting onto call queue
0709 13:10:23.984327 (+929591us) service_pool.cc:224] Handling call
0709 13:10:24.002245 (+ 17918us) ts_tablet_manager.cc:669] Acquired tablet manager lock
0709 13:10:24.006040 (+  3795us) ts_tablet_manager.cc:682] Creating new metadata...
0709 13:10:24.162320 (+156280us) tablet_metadata.cc:665] Metadata flushed
0709 13:10:24.168577 (+  6257us) tablet_replica.cc:206] Creating consensus instance
0709 13:10:24.169028 (+   451us) inbound_call.cc:177] Queueing success response
Metrics: {}
I20260709 13:10:24.192368 25369 data_dirs.cc:400] Could only allocate 1 dirs of requested 3 for tablet cc7fda8ece3144099df1f442c8012dfd. 1 dirs total, 0 dirs full, 0 dirs failed
I20260709 13:10:24.187374 25304 tablet_service.cc:1917] Received RequestConsensusVote() RPC: tablet_id: "0cf595e68eca43728a4957ce8c8f5b69" candidate_uuid: "79d99c0e498349bda74127365219e468" candidate_term: 1 candidate_status { last_received { term: 0 index: 0 } } ignore_live_leader: false dest_uuid: "da445ce82dc4467f95f4fa52297eaa19" is_pre_election: true
I20260709 13:10:24.177211 25368 rpcz_store.cc:275] Call kudu.tserver.TabletServerAdminService.CreateTablet from 127.0.0.1:36248 (request call id 46) took 1203 ms. Trace:
I20260709 13:10:24.177673 25363 rpcz_store.cc:275] Call kudu.tserver.TabletServerAdminService.CreateTablet from 127.0.0.1:36248 (request call id 44) took 1216 ms. Trace:
W20260709 13:10:24.200477 25343 leader_election.cc:343] T 0cf595e68eca43728a4957ce8c8f5b69 P 79d99c0e498349bda74127365219e468 [CANDIDATE]: Term 1 pre-election: Tablet error from VoteRequest() call to peer da445ce82dc4467f95f4fa52297eaa19 (127.23.140.66:33127): Illegal state: must be running to vote when last-logged opid is not known
I20260709 13:10:24.204413 25229 tablet_service.cc:1917] Received RequestConsensusVote() RPC: tablet_id: "0cf595e68eca43728a4957ce8c8f5b69" candidate_uuid: "79d99c0e498349bda74127365219e468" candidate_term: 1 candidate_status { last_received { term: 0 index: 0 } } ignore_live_leader: false dest_uuid: "1f539ba21487460085b837e7529a78ce" is_pre_election: true
I20260709 13:10:24.200709 25423 consensus_queue.cc:1048] T 5e0cf1df707d42a3834bac46dc045119 P 79d99c0e498349bda74127365219e468 [LEADER]: Connected to new peer: Peer: permanent_uuid: "1f539ba21487460085b837e7529a78ce" member_type: VOTER last_known_addr { host: "127.23.140.65" port: 39361 }, Status: LMP_MISMATCH, Last received: 0.0, Next index: 1, Last known committed idx: 0, Time since last communication: 0.006s
W20260709 13:10:24.206959 25345 leader_election.cc:343] T 0cf595e68eca43728a4957ce8c8f5b69 P 79d99c0e498349bda74127365219e468 [CANDIDATE]: Term 1 pre-election: Tablet error from VoteRequest() call to peer 1f539ba21487460085b837e7529a78ce (127.23.140.65:39361): Illegal state: must be running to vote when last-logged opid is not known
I20260709 13:10:24.207216 25211 rpcz_store.cc:275] Call kudu.tserver.TabletServerAdminService.CreateTablet from 127.0.0.1:58402 (request call id 45) took 1254 ms. Trace:
I20260709 13:10:24.207579 25345 leader_election.cc:304] T 0cf595e68eca43728a4957ce8c8f5b69 P 79d99c0e498349bda74127365219e468 [CANDIDATE]: Term 1 pre-election: Election decided. Result: candidate lost. Election summary: received 3 responses out of 3 voters: 1 yes votes; 2 no votes. yes voters: 79d99c0e498349bda74127365219e468; no voters: 1f539ba21487460085b837e7529a78ce, da445ce82dc4467f95f4fa52297eaa19
I20260709 13:10:24.207619 25211 rpcz_store.cc:276] 0709 13:10:22.953197 (+     0us) service_pool.cc:167] Inserting onto call queue
0709 13:10:23.834635 (+881438us) service_pool.cc:224] Handling call
0709 13:10:23.874736 (+ 40101us) ts_tablet_manager.cc:669] Acquired tablet manager lock
0709 13:10:23.877903 (+  3167us) ts_tablet_manager.cc:682] Creating new metadata...
0709 13:10:24.151429 (+273526us) tablet_metadata.cc:665] Metadata flushed
0709 13:10:24.206699 (+ 55270us) tablet_replica.cc:206] Creating consensus instance
0709 13:10:24.207160 (+   461us) inbound_call.cc:177] Queueing success response
Metrics: {}
I20260709 13:10:24.187780 25289 rpcz_store.cc:276] 0709 13:10:23.020138 (+     0us) service_pool.cc:167] Inserting onto call queue
0709 13:10:23.832845 (+812707us) service_pool.cc:224] Handling call
0709 13:10:23.876806 (+ 43961us) ts_tablet_manager.cc:669] Acquired tablet manager lock
0709 13:10:23.879324 (+  2518us) ts_tablet_manager.cc:682] Creating new metadata...
0709 13:10:24.000571 (+121247us) tablet_metadata.cc:665] Metadata flushed
0709 13:10:24.141421 (+140850us) tablet_replica.cc:206] Creating consensus instance
0709 13:10:24.159442 (+ 18021us) inbound_call.cc:177] Queueing success response
Metrics: {}
I20260709 13:10:24.175860 25361 tablet_service.cc:1511] Processing CreateTablet for tablet 0bcff15b40224dcaa2c76d2c4fd3b27b (DEFAULT_TABLE table=test-workload [id=69ca5a4c7f3b417fb4b42c24baec3811]), partition=RANGE (key) PARTITION 2074687539 <= VALUES < 2111085566
I20260709 13:10:24.218791 25361 data_dirs.cc:400] Could only allocate 1 dirs of requested 3 for tablet 0bcff15b40224dcaa2c76d2c4fd3b27b. 1 dirs total, 0 dirs full, 0 dirs failed
I20260709 13:10:24.222282 25378 tablet_service.cc:1917] Received RequestConsensusVote() RPC: tablet_id: "5e0cf1df707d42a3834bac46dc045119" candidate_uuid: "da445ce82dc4467f95f4fa52297eaa19" candidate_term: 1 candidate_status { last_received { term: 0 index: 0 } } ignore_live_leader: false dest_uuid: "79d99c0e498349bda74127365219e468" is_pre_election: true
I20260709 13:10:24.222569 25220 tablet_service.cc:1511] Processing CreateTablet for tablet ec256e9cce1249a995955c75b0c977cc (DEFAULT_TABLE table=test-workload [id=69ca5a4c7f3b417fb4b42c24baec3811]), partition=RANGE (key) PARTITION 1929095431 <= VALUES < 1965493458
I20260709 13:10:24.222832 25423 raft_consensus.cc:2749] T 0cf595e68eca43728a4957ce8c8f5b69 P 79d99c0e498349bda74127365219e468 [term 0 FOLLOWER]: Leader pre-election lost for term 1. Reason: could not achieve majority
I20260709 13:10:24.222322 25379 tablet_service.cc:1917] Received RequestConsensusVote() RPC: tablet_id: "9b49f61c49ae486392588c88e34a32d0" candidate_uuid: "da445ce82dc4467f95f4fa52297eaa19" candidate_term: 1 candidate_status { last_received { term: 0 index: 0 } } ignore_live_leader: false dest_uuid: "79d99c0e498349bda74127365219e468" is_pre_election: true
I20260709 13:10:24.223821 25220 data_dirs.cc:400] Could only allocate 1 dirs of requested 3 for tablet ec256e9cce1249a995955c75b0c977cc. 1 dirs total, 0 dirs full, 0 dirs failed
I20260709 13:10:24.225167 25270 leader_election.cc:304] T 5e0cf1df707d42a3834bac46dc045119 P da445ce82dc4467f95f4fa52297eaa19 [CANDIDATE]: Term 1 pre-election: Election decided. Result: candidate lost. Election summary: received 3 responses out of 3 voters: 1 yes votes; 2 no votes. yes voters: da445ce82dc4467f95f4fa52297eaa19; no voters: 1f539ba21487460085b837e7529a78ce, 79d99c0e498349bda74127365219e468
I20260709 13:10:24.226302 25214 rpcz_store.cc:275] Call kudu.tserver.TabletServerAdminService.CreateTablet from 127.0.0.1:58402 (request call id 43) took 1273 ms. Trace:
W20260709 13:10:24.226414 25270 leader_election.cc:343] T 9b49f61c49ae486392588c88e34a32d0 P da445ce82dc4467f95f4fa52297eaa19 [CANDIDATE]: Term 1 pre-election: Tablet error from VoteRequest() call to peer 79d99c0e498349bda74127365219e468 (127.23.140.67:34091): Illegal state: must be running to vote when last-logged opid is not known
I20260709 13:10:24.227032 25270 leader_election.cc:304] T 9b49f61c49ae486392588c88e34a32d0 P da445ce82dc4467f95f4fa52297eaa19 [CANDIDATE]: Term 1 pre-election: Election decided. Result: candidate lost. Election summary: received 3 responses out of 3 voters: 1 yes votes; 2 no votes. yes voters: da445ce82dc4467f95f4fa52297eaa19; no voters: 1f539ba21487460085b837e7529a78ce, 79d99c0e498349bda74127365219e468
I20260709 13:10:24.227422 25439 raft_consensus.cc:2749] T 5e0cf1df707d42a3834bac46dc045119 P da445ce82dc4467f95f4fa52297eaa19 [term 1 FOLLOWER]: Leader pre-election lost for term 1. Reason: could not achieve majority
I20260709 13:10:24.227923 25431 raft_consensus.cc:2749] T 9b49f61c49ae486392588c88e34a32d0 P da445ce82dc4467f95f4fa52297eaa19 [term 0 FOLLOWER]: Leader pre-election lost for term 1. Reason: could not achieve majority
I20260709 13:10:24.228514 25423 consensus_queue.cc:1048] T 5e0cf1df707d42a3834bac46dc045119 P 79d99c0e498349bda74127365219e468 [LEADER]: Connected to new peer: Peer: permanent_uuid: "da445ce82dc4467f95f4fa52297eaa19" member_type: VOTER last_known_addr { host: "127.23.140.66" port: 33127 }, Status: LMP_MISMATCH, Last received: 0.0, Next index: 1, Last known committed idx: 0, Time since last communication: 0.000s
I20260709 13:10:24.160640 25360 tablet_service.cc:1511] Processing CreateTablet for tablet ad01a612dc964dd3ae0b3f179ac0ad9e (DEFAULT_TABLE table=test-workload [id=69ca5a4c7f3b417fb4b42c24baec3811]), partition=RANGE (key) PARTITION 2001891485 <= VALUES < 2038289512
I20260709 13:10:24.229076 25286 rpcz_store.cc:275] Call kudu.tserver.TabletServerAdminService.CreateTablet from 127.0.0.1:57250 (request call id 43) took 1207 ms. Trace:
I20260709 13:10:24.228788 25289 tablet_service.cc:1511] Processing CreateTablet for tablet a1eeb9f9696c44b9b744d926cf3312ff (DEFAULT_TABLE table=test-workload [id=69ca5a4c7f3b417fb4b42c24baec3811]), partition=RANGE (key) PARTITION 1892697404 <= VALUES < 1929095431
I20260709 13:10:24.229434 25286 rpcz_store.cc:276] 0709 13:10:23.021299 (+     0us) service_pool.cc:167] Inserting onto call queue
0709 13:10:23.981997 (+960698us) service_pool.cc:224] Handling call
0709 13:10:23.983750 (+  1753us) ts_tablet_manager.cc:669] Acquired tablet manager lock
0709 13:10:23.983839 (+    89us) ts_tablet_manager.cc:682] Creating new metadata...
0709 13:10:24.091394 (+107555us) tablet_metadata.cc:665] Metadata flushed
0709 13:10:24.195924 (+104530us) tablet_replica.cc:206] Creating consensus instance
0709 13:10:24.228736 (+ 32812us) spinlock_profiling.cc:243] Waited 3.35 ms on lock 0x7b5800114098. stack: 00007fd72cb50343 00007fd72cb50240 00007fd72c4df1d4 00007fd73621d304 00007fd73621d299 00007fd72ca0adb1 00007fd72cb4ab71 00007fd72cb4b1a2 00007fd735a8cbb9 00007fd734bbdd88 00007fd734c84973 00007fd734c8070f 00007fd734c80ecd 00007fd734c2f400 00007fd72e0b4af4 00007fd72e0b4a82
0709 13:10:24.229016 (+   280us) inbound_call.cc:177] Queueing success response
Metrics: {"spinlock_wait_cycles":7710080}
I20260709 13:10:24.231580 25286 tablet_service.cc:1511] Processing CreateTablet for tablet 60f74f1604ed4390892e271c77fd0f07 (DEFAULT_TABLE table=test-workload [id=69ca5a4c7f3b417fb4b42c24baec3811]), partition=RANGE (key) PARTITION 1965493458 <= VALUES < 2001891485
I20260709 13:10:24.231992 25422 tablet_bootstrap.cc:492] T f616a884a8284b1f8fd7c51549e8a211 P da445ce82dc4467f95f4fa52297eaa19: No bootstrap required, opened a new log
I20260709 13:10:24.229692 25360 data_dirs.cc:400] Could only allocate 1 dirs of requested 3 for tablet ad01a612dc964dd3ae0b3f179ac0ad9e. 1 dirs total, 0 dirs full, 0 dirs failed
I20260709 13:10:24.232738 25294 rpcz_store.cc:275] Call kudu.tserver.TabletServerAdminService.CreateTablet from 127.0.0.1:57250 (request call id 46) took 1157 ms. Trace:
I20260709 13:10:24.199822 25368 rpcz_store.cc:276] 0709 13:10:22.974244 (+     0us) service_pool.cc:167] Inserting onto call queue
0709 13:10:23.806201 (+831957us) service_pool.cc:224] Handling call
0709 13:10:23.822044 (+ 15843us) ts_tablet_manager.cc:669] Acquired tablet manager lock
0709 13:10:23.822137 (+    93us) ts_tablet_manager.cc:682] Creating new metadata...
0709 13:10:24.124726 (+302589us) tablet_metadata.cc:665] Metadata flushed
0709 13:10:24.158326 (+ 33600us) tablet_replica.cc:206] Creating consensus instance
0709 13:10:24.176229 (+ 17903us) inbound_call.cc:177] Queueing success response
Metrics: {}
I20260709 13:10:24.238787 25215 rpcz_store.cc:275] Call kudu.tserver.TabletServerAdminService.CreateTablet from 127.0.0.1:58402 (request call id 48) took 1151 ms. Trace:
I20260709 13:10:24.239620 25216 tablet_service.cc:1511] Processing CreateTablet for tablet 60f74f1604ed4390892e271c77fd0f07 (DEFAULT_TABLE table=test-workload [id=69ca5a4c7f3b417fb4b42c24baec3811]), partition=RANGE (key) PARTITION 1965493458 <= VALUES < 2001891485
I20260709 13:10:24.230248 25289 data_dirs.cc:400] Could only allocate 1 dirs of requested 3 for tablet a1eeb9f9696c44b9b744d926cf3312ff. 1 dirs total, 0 dirs full, 0 dirs failed
I20260709 13:10:24.232591 25422 ts_tablet_manager.cc:1403] T f616a884a8284b1f8fd7c51549e8a211 P da445ce82dc4467f95f4fa52297eaa19: Time spent bootstrapping tablet: real 0.339s	user 0.021s	sys 0.022s
I20260709 13:10:24.233333 25294 rpcz_store.cc:276] 0709 13:10:23.055130 (+     0us) service_pool.cc:167] Inserting onto call queue
0709 13:10:23.986241 (+931111us) service_pool.cc:224] Handling call
0709 13:10:23.987890 (+  1649us) ts_tablet_manager.cc:669] Acquired tablet manager lock
0709 13:10:23.987992 (+   102us) ts_tablet_manager.cc:682] Creating new metadata...
0709 13:10:24.035435 (+ 47443us) tablet_metadata.cc:665] Metadata flushed
0709 13:10:24.179136 (+143701us) tablet_replica.cc:206] Creating consensus instance
0709 13:10:24.212121 (+ 32985us) inbound_call.cc:177] Queueing success response
Metrics: {}
I20260709 13:10:24.239161 25215 rpcz_store.cc:276] 0709 13:10:23.087031 (+     0us) service_pool.cc:167] Inserting onto call queue
0709 13:10:24.042282 (+955251us) service_pool.cc:224] Handling call
0709 13:10:24.044260 (+  1978us) ts_tablet_manager.cc:669] Acquired tablet manager lock
0709 13:10:24.044370 (+   110us) ts_tablet_manager.cc:682] Creating new metadata...
0709 13:10:24.053246 (+  8876us) tablet_metadata.cc:665] Metadata flushed
0709 13:10:24.238183 (+184937us) tablet_replica.cc:206] Creating consensus instance
0709 13:10:24.238733 (+   550us) inbound_call.cc:177] Queueing success response
Metrics: {}
I20260709 13:10:24.187400 25295 rpcz_store.cc:276] 0709 13:10:23.036112 (+     0us) service_pool.cc:167] Inserting onto call queue
0709 13:10:23.983661 (+947549us) service_pool.cc:224] Handling call
0709 13:10:24.046239 (+ 62578us) ts_tablet_manager.cc:669] Acquired tablet manager lock
0709 13:10:24.046325 (+    86us) ts_tablet_manager.cc:682] Creating new metadata...
0709 13:10:24.116286 (+ 69961us) tablet_metadata.cc:665] Metadata flushed
0709 13:10:24.186569 (+ 70283us) tablet_replica.cc:206] Creating consensus instance
0709 13:10:24.186983 (+   414us) inbound_call.cc:177] Queueing success response
Metrics: {}
I20260709 13:10:24.267191 25295 tablet_service.cc:1511] Processing CreateTablet for tablet 0adcdb50fe9647b0abfa936e9cb73727 (DEFAULT_TABLE table=test-workload [id=69ca5a4c7f3b417fb4b42c24baec3811]), partition=RANGE (key) PARTITION 2038289512 <= VALUES < 2074687539
I20260709 13:10:24.267493 25215 tablet_service.cc:1511] Processing CreateTablet for tablet 0adcdb50fe9647b0abfa936e9cb73727 (DEFAULT_TABLE table=test-workload [id=69ca5a4c7f3b417fb4b42c24baec3811]), partition=RANGE (key) PARTITION 2038289512 <= VALUES < 2074687539
I20260709 13:10:24.268457 25295 data_dirs.cc:400] Could only allocate 1 dirs of requested 3 for tablet 0adcdb50fe9647b0abfa936e9cb73727. 1 dirs total, 0 dirs full, 0 dirs failed
I20260709 13:10:24.272909 25366 rpcz_store.cc:275] Call kudu.tserver.TabletServerAdminService.CreateTablet from 127.0.0.1:36248 (request call id 51) took 1044 ms. Trace:
I20260709 13:10:24.234673 25214 rpcz_store.cc:276] 0709 13:10:22.952577 (+     0us) service_pool.cc:167] Inserting onto call queue
0709 13:10:23.829223 (+876646us) service_pool.cc:224] Handling call
0709 13:10:23.958283 (+129060us) ts_tablet_manager.cc:669] Acquired tablet manager lock
0709 13:10:23.958373 (+    90us) ts_tablet_manager.cc:682] Creating new metadata...
0709 13:10:24.161316 (+202943us) tablet_metadata.cc:665] Metadata flushed
0709 13:10:24.225655 (+ 64339us) tablet_replica.cc:206] Creating consensus instance
0709 13:10:24.226229 (+   574us) inbound_call.cc:177] Queueing success response
Metrics: {}
I20260709 13:10:24.275961 25292 rpcz_store.cc:275] Call kudu.tserver.TabletServerAdminService.CreateTablet from 127.0.0.1:57250 (request call id 48) took 1187 ms. Trace:
I20260709 13:10:24.275831 25214 tablet_service.cc:1511] Processing CreateTablet for tablet 0bcff15b40224dcaa2c76d2c4fd3b27b (DEFAULT_TABLE table=test-workload [id=69ca5a4c7f3b417fb4b42c24baec3811]), partition=RANGE (key) PARTITION 2074687539 <= VALUES < 2111085566
I20260709 13:10:24.257266 25291 tablet_service.cc:1511] Processing CreateTablet for tablet ec256e9cce1249a995955c75b0c977cc (DEFAULT_TABLE table=test-workload [id=69ca5a4c7f3b417fb4b42c24baec3811]), partition=RANGE (key) PARTITION 1929095431 <= VALUES < 1965493458
I20260709 13:10:24.276299 25292 rpcz_store.cc:276] 0709 13:10:23.088902 (+     0us) service_pool.cc:167] Inserting onto call queue
0709 13:10:24.044435 (+955533us) service_pool.cc:224] Handling call
0709 13:10:24.070515 (+ 26080us) ts_tablet_manager.cc:669] Acquired tablet manager lock
0709 13:10:24.075274 (+  4759us) ts_tablet_manager.cc:682] Creating new metadata...
0709 13:10:24.231319 (+156045us) tablet_metadata.cc:665] Metadata flushed
0709 13:10:24.275360 (+ 44041us) tablet_replica.cc:206] Creating consensus instance
0709 13:10:24.275901 (+   541us) inbound_call.cc:177] Queueing success response
Metrics: {}
I20260709 13:10:24.274116 25293 tablet_service.cc:1511] Processing CreateTablet for tablet 7e85321bc6774ed28bf79ebfd5eae6e0 (DEFAULT_TABLE table=test-workload [id=69ca5a4c7f3b417fb4b42c24baec3811]), partition=RANGE (key) PARTITION 1819901350 <= VALUES < 1856299377
