I20260709 13:10:26.158166 25421 raft_consensus.cc:359] T a5a4e5911cd2414daf6cc0bc2a692a69 P 1f539ba21487460085b837e7529a78ce [term 0 FOLLOWER]: Replica starting. Triggering 0 pending ops. Active config: opid_index: -1 OBSOLETE_local: false peers { permanent_uuid: "1f539ba21487460085b837e7529a78ce" member_type: VOTER last_known_addr { host: "127.23.140.65" port: 39361 } } peers { permanent_uuid: "da445ce82dc4467f95f4fa52297eaa19" member_type: VOTER last_known_addr { host: "127.23.140.66" port: 33127 } } peers { permanent_uuid: "79d99c0e498349bda74127365219e468" member_type: VOTER last_known_addr { host: "127.23.140.67" port: 34091 } }
I20260709 13:10:26.158834 25421 raft_consensus.cc:385] T a5a4e5911cd2414daf6cc0bc2a692a69 P 1f539ba21487460085b837e7529a78ce [term 0 FOLLOWER]: Consensus starting up: Expiring failure detector timer to make a prompt election more likely
I20260709 13:10:26.159093 25421 raft_consensus.cc:740] T a5a4e5911cd2414daf6cc0bc2a692a69 P 1f539ba21487460085b837e7529a78ce [term 0 FOLLOWER]: Becoming Follower/Learner. State: Replica: 1f539ba21487460085b837e7529a78ce, State: Initialized, Role: FOLLOWER
I20260709 13:10:26.160084 25419 tablet_bootstrap.cc:492] T 87095494ab7d40b7a42f4b05732acbf5 P 79d99c0e498349bda74127365219e468: Bootstrap starting.
I20260709 13:10:26.166520 25421 consensus_queue.cc:260] T a5a4e5911cd2414daf6cc0bc2a692a69 P 1f539ba21487460085b837e7529a78ce [NON_LEADER]: Queue going to NON_LEADER mode. State: All replicated index: 0, Majority replicated index: 0, Committed index: 0, Last appended: 0.0, Last appended by leader: 0, Current term: 0, Majority size: -1, State: 0, Mode: NON_LEADER, active raft config: opid_index: -1 OBSOLETE_local: false peers { permanent_uuid: "1f539ba21487460085b837e7529a78ce" member_type: VOTER last_known_addr { host: "127.23.140.65" port: 39361 } } peers { permanent_uuid: "da445ce82dc4467f95f4fa52297eaa19" member_type: VOTER last_known_addr { host: "127.23.140.66" port: 33127 } } peers { permanent_uuid: "79d99c0e498349bda74127365219e468" member_type: VOTER last_known_addr { host: "127.23.140.67" port: 34091 } }
I20260709 13:10:26.167547 25439 consensus_queue.cc:1048] T 8d0f43a786a846b49924a589e4a36f2f P da445ce82dc4467f95f4fa52297eaa19 [LEADER]: Connected to new peer: Peer: permanent_uuid: "79d99c0e498349bda74127365219e468" member_type: VOTER last_known_addr { host: "127.23.140.67" port: 34091 }, Status: LMP_MISMATCH, Last received: 0.0, Next index: 1, Last known committed idx: 0, Time since last communication: 0.000s
I20260709 13:10:26.169991 25421 ts_tablet_manager.cc:1434] T a5a4e5911cd2414daf6cc0bc2a692a69 P 1f539ba21487460085b837e7529a78ce: Time spent starting tablet: real 0.025s	user 0.006s	sys 0.000s
I20260709 13:10:26.170956 25422 tablet_bootstrap.cc:654] T c8f924da5ba24241866fed885eb63eff P da445ce82dc4467f95f4fa52297eaa19: Neither blocks nor log segments found. Creating new log.
I20260709 13:10:26.171002 25421 tablet_bootstrap.cc:492] T 682caa57052f4e698c0ad75fb393ae75 P 1f539ba21487460085b837e7529a78ce: Bootstrap starting.
I20260709 13:10:26.200850 25421 tablet_bootstrap.cc:654] T 682caa57052f4e698c0ad75fb393ae75 P 1f539ba21487460085b837e7529a78ce: Neither blocks nor log segments found. Creating new log.
W20260709 13:10:26.196682 25175 auto_rebalancer.cc:288] Could not retrieve cluster info: Service unavailable: Tablet not running
I20260709 13:10:26.205775 25554 raft_consensus.cc:493] T b1dbd9bfdb4f4ed582b5d84e9cc7602a P 79d99c0e498349bda74127365219e468 [term 0 FOLLOWER]: Starting pre-election (no leader contacted us within the election timeout)
I20260709 13:10:26.206489 25554 raft_consensus.cc:515] T b1dbd9bfdb4f4ed582b5d84e9cc7602a P 79d99c0e498349bda74127365219e468 [term 0 FOLLOWER]: Starting pre-election with config: opid_index: -1 OBSOLETE_local: false peers { permanent_uuid: "1f539ba21487460085b837e7529a78ce" member_type: VOTER last_known_addr { host: "127.23.140.65" port: 39361 } } peers { permanent_uuid: "da445ce82dc4467f95f4fa52297eaa19" member_type: VOTER last_known_addr { host: "127.23.140.66" port: 33127 } } peers { permanent_uuid: "79d99c0e498349bda74127365219e468" member_type: VOTER last_known_addr { host: "127.23.140.67" port: 34091 } }
I20260709 13:10:26.210052 25422 tablet_bootstrap.cc:492] T c8f924da5ba24241866fed885eb63eff P da445ce82dc4467f95f4fa52297eaa19: No bootstrap required, opened a new log
I20260709 13:10:26.210520 25422 ts_tablet_manager.cc:1403] T c8f924da5ba24241866fed885eb63eff P da445ce82dc4467f95f4fa52297eaa19: Time spent bootstrapping tablet: real 0.058s	user 0.011s	sys 0.011s
I20260709 13:10:26.212435 25419 tablet_bootstrap.cc:654] T 87095494ab7d40b7a42f4b05732acbf5 P 79d99c0e498349bda74127365219e468: Neither blocks nor log segments found. Creating new log.
I20260709 13:10:26.213222 25422 raft_consensus.cc:359] T c8f924da5ba24241866fed885eb63eff P da445ce82dc4467f95f4fa52297eaa19 [term 0 FOLLOWER]: Replica starting. Triggering 0 pending ops. Active config: opid_index: -1 OBSOLETE_local: false peers { permanent_uuid: "1f539ba21487460085b837e7529a78ce" member_type: VOTER last_known_addr { host: "127.23.140.65" port: 39361 } } peers { permanent_uuid: "da445ce82dc4467f95f4fa52297eaa19" member_type: VOTER last_known_addr { host: "127.23.140.66" port: 33127 } } peers { permanent_uuid: "79d99c0e498349bda74127365219e468" member_type: VOTER last_known_addr { host: "127.23.140.67" port: 34091 } }
I20260709 13:10:26.213985 25422 raft_consensus.cc:385] T c8f924da5ba24241866fed885eb63eff P da445ce82dc4467f95f4fa52297eaa19 [term 0 FOLLOWER]: Consensus starting up: Expiring failure detector timer to make a prompt election more likely
I20260709 13:10:26.214249 25422 raft_consensus.cc:740] T c8f924da5ba24241866fed885eb63eff P da445ce82dc4467f95f4fa52297eaa19 [term 0 FOLLOWER]: Becoming Follower/Learner. State: Replica: da445ce82dc4467f95f4fa52297eaa19, State: Initialized, Role: FOLLOWER
I20260709 13:10:26.214923 25422 consensus_queue.cc:260] T c8f924da5ba24241866fed885eb63eff P da445ce82dc4467f95f4fa52297eaa19 [NON_LEADER]: Queue going to NON_LEADER mode. State: All replicated index: 0, Majority replicated index: 0, Committed index: 0, Last appended: 0.0, Last appended by leader: 0, Current term: 0, Majority size: -1, State: 0, Mode: NON_LEADER, active raft config: opid_index: -1 OBSOLETE_local: false peers { permanent_uuid: "1f539ba21487460085b837e7529a78ce" member_type: VOTER last_known_addr { host: "127.23.140.65" port: 39361 } } peers { permanent_uuid: "da445ce82dc4467f95f4fa52297eaa19" member_type: VOTER last_known_addr { host: "127.23.140.66" port: 33127 } } peers { permanent_uuid: "79d99c0e498349bda74127365219e468" member_type: VOTER last_known_addr { host: "127.23.140.67" port: 34091 } }
I20260709 13:10:26.217775 25230 tablet_service.cc:1917] Received RequestConsensusVote() RPC: tablet_id: "b1dbd9bfdb4f4ed582b5d84e9cc7602a" candidate_uuid: "79d99c0e498349bda74127365219e468" candidate_term: 1 candidate_status { last_received { term: 0 index: 0 } } ignore_live_leader: false dest_uuid: "1f539ba21487460085b837e7529a78ce" is_pre_election: true
I20260709 13:10:26.218392 25230 raft_consensus.cc:2468] T b1dbd9bfdb4f4ed582b5d84e9cc7602a P 1f539ba21487460085b837e7529a78ce [term 0 FOLLOWER]: Leader pre-election vote request: Granting yes vote for candidate 79d99c0e498349bda74127365219e468 in term 0.
I20260709 13:10:26.218811 25305 tablet_service.cc:1917] Received RequestConsensusVote() RPC: tablet_id: "b1dbd9bfdb4f4ed582b5d84e9cc7602a" candidate_uuid: "79d99c0e498349bda74127365219e468" candidate_term: 1 candidate_status { last_received { term: 0 index: 0 } } ignore_live_leader: false dest_uuid: "da445ce82dc4467f95f4fa52297eaa19" is_pre_election: true
I20260709 13:10:26.214886 25554 leader_election.cc:290] T b1dbd9bfdb4f4ed582b5d84e9cc7602a P 79d99c0e498349bda74127365219e468 [CANDIDATE]: Term 1 pre-election: Requested pre-vote from peers 1f539ba21487460085b837e7529a78ce (127.23.140.65:39361), da445ce82dc4467f95f4fa52297eaa19 (127.23.140.66:33127)
I20260709 13:10:26.219669 25345 leader_election.cc:304] T b1dbd9bfdb4f4ed582b5d84e9cc7602a P 79d99c0e498349bda74127365219e468 [CANDIDATE]: Term 1 pre-election: Election decided. Result: candidate won. Election summary: received 2 responses out of 3 voters: 2 yes votes; 0 no votes. yes voters: 1f539ba21487460085b837e7529a78ce, 79d99c0e498349bda74127365219e468; no voters: 
W20260709 13:10:26.229003 25343 leader_election.cc:343] T b1dbd9bfdb4f4ed582b5d84e9cc7602a P 79d99c0e498349bda74127365219e468 [CANDIDATE]: Term 1 pre-election: Tablet error from VoteRequest() call to peer da445ce82dc4467f95f4fa52297eaa19 (127.23.140.66:33127): Illegal state: must be running to vote when last-logged opid is not known
I20260709 13:10:26.230154 25554 raft_consensus.cc:2804] T b1dbd9bfdb4f4ed582b5d84e9cc7602a P 79d99c0e498349bda74127365219e468 [term 0 FOLLOWER]: Leader pre-election won for term 1
I20260709 13:10:26.230621 25554 raft_consensus.cc:493] T b1dbd9bfdb4f4ed582b5d84e9cc7602a P 79d99c0e498349bda74127365219e468 [term 0 FOLLOWER]: Starting leader election (no leader contacted us within the election timeout)
I20260709 13:10:26.231083 25554 raft_consensus.cc:3060] T b1dbd9bfdb4f4ed582b5d84e9cc7602a P 79d99c0e498349bda74127365219e468 [term 0 FOLLOWER]: Advancing to term 1
I20260709 13:10:26.233395 25439 consensus_queue.cc:1048] T 0cf595e68eca43728a4957ce8c8f5b69 P da445ce82dc4467f95f4fa52297eaa19 [LEADER]: Connected to new peer: Peer: permanent_uuid: "1f539ba21487460085b837e7529a78ce" member_type: VOTER last_known_addr { host: "127.23.140.65" port: 39361 }, Status: LMP_MISMATCH, Last received: 0.0, Next index: 1, Last known committed idx: 0, Time since last communication: 0.000s
I20260709 13:10:26.236377 25422 ts_tablet_manager.cc:1434] T c8f924da5ba24241866fed885eb63eff P da445ce82dc4467f95f4fa52297eaa19: Time spent starting tablet: real 0.026s	user 0.009s	sys 0.000s
I20260709 13:10:26.240531 25422 tablet_bootstrap.cc:492] T b1dbd9bfdb4f4ed582b5d84e9cc7602a P da445ce82dc4467f95f4fa52297eaa19: Bootstrap starting.
I20260709 13:10:26.239600 25421 tablet_bootstrap.cc:492] T 682caa57052f4e698c0ad75fb393ae75 P 1f539ba21487460085b837e7529a78ce: No bootstrap required, opened a new log
I20260709 13:10:26.246142 25421 ts_tablet_manager.cc:1403] T 682caa57052f4e698c0ad75fb393ae75 P 1f539ba21487460085b837e7529a78ce: Time spent bootstrapping tablet: real 0.075s	user 0.010s	sys 0.013s
I20260709 13:10:26.247296 25128 catalog_manager.cc:5697] T c8f924da5ba24241866fed885eb63eff P 1f539ba21487460085b837e7529a78ce reported cstate change: term changed from 0 to 1, leader changed from <none> to 1f539ba21487460085b837e7529a78ce (127.23.140.65). New cstate: current_term: 1 leader_uuid: "1f539ba21487460085b837e7529a78ce" committed_config { opid_index: -1 OBSOLETE_local: false peers { permanent_uuid: "1f539ba21487460085b837e7529a78ce" member_type: VOTER last_known_addr { host: "127.23.140.65" port: 39361 } health_report { overall_health: HEALTHY } } peers { permanent_uuid: "da445ce82dc4467f95f4fa52297eaa19" member_type: VOTER last_known_addr { host: "127.23.140.66" port: 33127 } health_report { overall_health: UNKNOWN } } peers { permanent_uuid: "79d99c0e498349bda74127365219e468" member_type: VOTER last_known_addr { host: "127.23.140.67" port: 34091 } health_report { overall_health: UNKNOWN } } }
I20260709 13:10:26.248422 25554 raft_consensus.cc:515] T b1dbd9bfdb4f4ed582b5d84e9cc7602a P 79d99c0e498349bda74127365219e468 [term 1 FOLLOWER]: Starting leader election with config: opid_index: -1 OBSOLETE_local: false peers { permanent_uuid: "1f539ba21487460085b837e7529a78ce" member_type: VOTER last_known_addr { host: "127.23.140.65" port: 39361 } } peers { permanent_uuid: "da445ce82dc4467f95f4fa52297eaa19" member_type: VOTER last_known_addr { host: "127.23.140.66" port: 33127 } } peers { permanent_uuid: "79d99c0e498349bda74127365219e468" member_type: VOTER last_known_addr { host: "127.23.140.67" port: 34091 } }
I20260709 13:10:26.249953 25421 raft_consensus.cc:359] T 682caa57052f4e698c0ad75fb393ae75 P 1f539ba21487460085b837e7529a78ce [term 0 FOLLOWER]: Replica starting. Triggering 0 pending ops. Active config: opid_index: -1 OBSOLETE_local: false peers { permanent_uuid: "1f539ba21487460085b837e7529a78ce" member_type: VOTER last_known_addr { host: "127.23.140.65" port: 39361 } } peers { permanent_uuid: "da445ce82dc4467f95f4fa52297eaa19" member_type: VOTER last_known_addr { host: "127.23.140.66" port: 33127 } } peers { permanent_uuid: "79d99c0e498349bda74127365219e468" member_type: VOTER last_known_addr { host: "127.23.140.67" port: 34091 } }
I20260709 13:10:26.251926 25421 raft_consensus.cc:385] T 682caa57052f4e698c0ad75fb393ae75 P 1f539ba21487460085b837e7529a78ce [term 0 FOLLOWER]: Consensus starting up: Expiring failure detector timer to make a prompt election more likely
I20260709 13:10:26.252596 25421 raft_consensus.cc:740] T 682caa57052f4e698c0ad75fb393ae75 P 1f539ba21487460085b837e7529a78ce [term 0 FOLLOWER]: Becoming Follower/Learner. State: Replica: 1f539ba21487460085b837e7529a78ce, State: Initialized, Role: FOLLOWER
I20260709 13:10:26.254091 25421 consensus_queue.cc:260] T 682caa57052f4e698c0ad75fb393ae75 P 1f539ba21487460085b837e7529a78ce [NON_LEADER]: Queue going to NON_LEADER mode. State: All replicated index: 0, Majority replicated index: 0, Committed index: 0, Last appended: 0.0, Last appended by leader: 0, Current term: 0, Majority size: -1, State: 0, Mode: NON_LEADER, active raft config: opid_index: -1 OBSOLETE_local: false peers { permanent_uuid: "1f539ba21487460085b837e7529a78ce" member_type: VOTER last_known_addr { host: "127.23.140.65" port: 39361 } } peers { permanent_uuid: "da445ce82dc4467f95f4fa52297eaa19" member_type: VOTER last_known_addr { host: "127.23.140.66" port: 33127 } } peers { permanent_uuid: "79d99c0e498349bda74127365219e468" member_type: VOTER last_known_addr { host: "127.23.140.67" port: 34091 } }
I20260709 13:10:26.256027 25422 tablet_bootstrap.cc:654] T b1dbd9bfdb4f4ed582b5d84e9cc7602a P da445ce82dc4467f95f4fa52297eaa19: Neither blocks nor log segments found. Creating new log.
I20260709 13:10:26.259927 25421 ts_tablet_manager.cc:1434] T 682caa57052f4e698c0ad75fb393ae75 P 1f539ba21487460085b837e7529a78ce: Time spent starting tablet: real 0.013s	user 0.005s	sys 0.001s
I20260709 13:10:26.260808 25421 tablet_bootstrap.cc:492] T e7b1f3db9d83491b8ef3a82b77afbae2 P 1f539ba21487460085b837e7529a78ce: Bootstrap starting.
I20260709 13:10:26.262902 25550 raft_consensus.cc:493] T 275226661cc840559134f8c9e5b15719 P da445ce82dc4467f95f4fa52297eaa19 [term 0 FOLLOWER]: Starting pre-election (no leader contacted us within the election timeout)
I20260709 13:10:26.263394 25550 raft_consensus.cc:515] T 275226661cc840559134f8c9e5b15719 P da445ce82dc4467f95f4fa52297eaa19 [term 0 FOLLOWER]: Starting pre-election with config: opid_index: -1 OBSOLETE_local: false peers { permanent_uuid: "1f539ba21487460085b837e7529a78ce" member_type: VOTER last_known_addr { host: "127.23.140.65" port: 39361 } } peers { permanent_uuid: "da445ce82dc4467f95f4fa52297eaa19" member_type: VOTER last_known_addr { host: "127.23.140.66" port: 33127 } } peers { permanent_uuid: "79d99c0e498349bda74127365219e468" member_type: VOTER last_known_addr { host: "127.23.140.67" port: 34091 } }
I20260709 13:10:26.266022 25550 leader_election.cc:290] T 275226661cc840559134f8c9e5b15719 P da445ce82dc4467f95f4fa52297eaa19 [CANDIDATE]: Term 1 pre-election: Requested pre-vote from peers 1f539ba21487460085b837e7529a78ce (127.23.140.65:39361), 79d99c0e498349bda74127365219e468 (127.23.140.67:34091)
I20260709 13:10:26.268563 25229 tablet_service.cc:1917] Received RequestConsensusVote() RPC: tablet_id: "275226661cc840559134f8c9e5b15719" candidate_uuid: "da445ce82dc4467f95f4fa52297eaa19" candidate_term: 1 candidate_status { last_received { term: 0 index: 0 } } ignore_live_leader: false dest_uuid: "1f539ba21487460085b837e7529a78ce" is_pre_election: true
W20260709 13:10:26.271288 25271 leader_election.cc:343] T 275226661cc840559134f8c9e5b15719 P da445ce82dc4467f95f4fa52297eaa19 [CANDIDATE]: Term 1 pre-election: Tablet error from VoteRequest() call to peer 1f539ba21487460085b837e7529a78ce (127.23.140.65:39361): Illegal state: must be running to vote when last-logged opid is not known
I20260709 13:10:26.272473 25421 tablet_bootstrap.cc:654] T e7b1f3db9d83491b8ef3a82b77afbae2 P 1f539ba21487460085b837e7529a78ce: Neither blocks nor log segments found. Creating new log.
I20260709 13:10:26.280352 25376 tablet_service.cc:1917] Received RequestConsensusVote() RPC: tablet_id: "275226661cc840559134f8c9e5b15719" candidate_uuid: "da445ce82dc4467f95f4fa52297eaa19" candidate_term: 1 candidate_status { last_received { term: 0 index: 0 } } ignore_live_leader: false dest_uuid: "79d99c0e498349bda74127365219e468" is_pre_election: true
I20260709 13:10:26.283131 25549 consensus_queue.cc:1048] T 0cf595e68eca43728a4957ce8c8f5b69 P da445ce82dc4467f95f4fa52297eaa19 [LEADER]: Connected to new peer: Peer: permanent_uuid: "79d99c0e498349bda74127365219e468" member_type: VOTER last_known_addr { host: "127.23.140.67" port: 34091 }, Status: LMP_MISMATCH, Last received: 0.0, Next index: 1, Last known committed idx: 0, Time since last communication: 0.001s
I20260709 13:10:26.286828 25226 tablet_service.cc:1917] Received RequestConsensusVote() RPC: tablet_id: "b1dbd9bfdb4f4ed582b5d84e9cc7602a" candidate_uuid: "79d99c0e498349bda74127365219e468" candidate_term: 1 candidate_status { last_received { term: 0 index: 0 } } ignore_live_leader: false dest_uuid: "1f539ba21487460085b837e7529a78ce"
I20260709 13:10:26.287429 25226 raft_consensus.cc:3060] T b1dbd9bfdb4f4ed582b5d84e9cc7602a P 1f539ba21487460085b837e7529a78ce [term 0 FOLLOWER]: Advancing to term 1
I20260709 13:10:26.287942 25419 tablet_bootstrap.cc:492] T 87095494ab7d40b7a42f4b05732acbf5 P 79d99c0e498349bda74127365219e468: No bootstrap required, opened a new log
I20260709 13:10:26.288419 25419 ts_tablet_manager.cc:1403] T 87095494ab7d40b7a42f4b05732acbf5 P 79d99c0e498349bda74127365219e468: Time spent bootstrapping tablet: real 0.129s	user 0.016s	sys 0.016s
I20260709 13:10:26.290717 25554 leader_election.cc:290] T b1dbd9bfdb4f4ed582b5d84e9cc7602a P 79d99c0e498349bda74127365219e468 [CANDIDATE]: Term 1 election: Requested vote from peers 1f539ba21487460085b837e7529a78ce (127.23.140.65:39361), da445ce82dc4467f95f4fa52297eaa19 (127.23.140.66:33127)
I20260709 13:10:26.292034 25419 raft_consensus.cc:359] T 87095494ab7d40b7a42f4b05732acbf5 P 79d99c0e498349bda74127365219e468 [term 0 FOLLOWER]: Replica starting. Triggering 0 pending ops. Active config: opid_index: -1 OBSOLETE_local: false peers { permanent_uuid: "1f539ba21487460085b837e7529a78ce" member_type: VOTER last_known_addr { host: "127.23.140.65" port: 39361 } } peers { permanent_uuid: "da445ce82dc4467f95f4fa52297eaa19" member_type: VOTER last_known_addr { host: "127.23.140.66" port: 33127 } } peers { permanent_uuid: "79d99c0e498349bda74127365219e468" member_type: VOTER last_known_addr { host: "127.23.140.67" port: 34091 } }
I20260709 13:10:26.292692 25419 raft_consensus.cc:385] T 87095494ab7d40b7a42f4b05732acbf5 P 79d99c0e498349bda74127365219e468 [term 0 FOLLOWER]: Consensus starting up: Expiring failure detector timer to make a prompt election more likely
I20260709 13:10:26.292981 25419 raft_consensus.cc:740] T 87095494ab7d40b7a42f4b05732acbf5 P 79d99c0e498349bda74127365219e468 [term 0 FOLLOWER]: Becoming Follower/Learner. State: Replica: 79d99c0e498349bda74127365219e468, State: Initialized, Role: FOLLOWER
I20260709 13:10:26.294158 25226 raft_consensus.cc:2468] T b1dbd9bfdb4f4ed582b5d84e9cc7602a P 1f539ba21487460085b837e7529a78ce [term 1 FOLLOWER]: Leader election vote request: Granting yes vote for candidate 79d99c0e498349bda74127365219e468 in term 1.
I20260709 13:10:26.295258 25345 leader_election.cc:304] T b1dbd9bfdb4f4ed582b5d84e9cc7602a P 79d99c0e498349bda74127365219e468 [CANDIDATE]: Term 1 election: Election decided. Result: candidate won. Election summary: received 2 responses out of 3 voters: 2 yes votes; 0 no votes. yes voters: 1f539ba21487460085b837e7529a78ce, 79d99c0e498349bda74127365219e468; no voters: 
I20260709 13:10:26.296059 25554 raft_consensus.cc:2804] T b1dbd9bfdb4f4ed582b5d84e9cc7602a P 79d99c0e498349bda74127365219e468 [term 1 FOLLOWER]: Leader election won for term 1
I20260709 13:10:26.297130 25554 raft_consensus.cc:697] T b1dbd9bfdb4f4ed582b5d84e9cc7602a P 79d99c0e498349bda74127365219e468 [term 1 LEADER]: Becoming Leader. State: Replica: 79d99c0e498349bda74127365219e468, State: Running, Role: LEADER
I20260709 13:10:26.297988 25554 consensus_queue.cc:237] T b1dbd9bfdb4f4ed582b5d84e9cc7602a P 79d99c0e498349bda74127365219e468 [LEADER]: Queue going to LEADER mode. State: All replicated index: 0, Majority replicated index: 0, Committed index: 0, Last appended: 0.0, Last appended by leader: 0, Current term: 1, Majority size: 2, State: 0, Mode: LEADER, active raft config: opid_index: -1 OBSOLETE_local: false peers { permanent_uuid: "1f539ba21487460085b837e7529a78ce" member_type: VOTER last_known_addr { host: "127.23.140.65" port: 39361 } } peers { permanent_uuid: "da445ce82dc4467f95f4fa52297eaa19" member_type: VOTER last_known_addr { host: "127.23.140.66" port: 33127 } } peers { permanent_uuid: "79d99c0e498349bda74127365219e468" member_type: VOTER last_known_addr { host: "127.23.140.67" port: 34091 } }
I20260709 13:10:26.299610 25419 consensus_queue.cc:260] T 87095494ab7d40b7a42f4b05732acbf5 P 79d99c0e498349bda74127365219e468 [NON_LEADER]: Queue going to NON_LEADER mode. State: All replicated index: 0, Majority replicated index: 0, Committed index: 0, Last appended: 0.0, Last appended by leader: 0, Current term: 0, Majority size: -1, State: 0, Mode: NON_LEADER, active raft config: opid_index: -1 OBSOLETE_local: false peers { permanent_uuid: "1f539ba21487460085b837e7529a78ce" member_type: VOTER last_known_addr { host: "127.23.140.65" port: 39361 } } peers { permanent_uuid: "da445ce82dc4467f95f4fa52297eaa19" member_type: VOTER last_known_addr { host: "127.23.140.66" port: 33127 } } peers { permanent_uuid: "79d99c0e498349bda74127365219e468" member_type: VOTER last_known_addr { host: "127.23.140.67" port: 34091 } }
I20260709 13:10:26.303247 25419 ts_tablet_manager.cc:1434] T 87095494ab7d40b7a42f4b05732acbf5 P 79d99c0e498349bda74127365219e468: Time spent starting tablet: real 0.015s	user 0.007s	sys 0.001s
I20260709 13:10:26.304399 25419 tablet_bootstrap.cc:492] T 92f679df8187472794ba8595642f63f9 P 79d99c0e498349bda74127365219e468: Bootstrap starting.
I20260709 13:10:26.304936 25422 tablet_bootstrap.cc:492] T b1dbd9bfdb4f4ed582b5d84e9cc7602a P da445ce82dc4467f95f4fa52297eaa19: No bootstrap required, opened a new log
I20260709 13:10:26.305454 25422 ts_tablet_manager.cc:1403] T b1dbd9bfdb4f4ed582b5d84e9cc7602a P da445ce82dc4467f95f4fa52297eaa19: Time spent bootstrapping tablet: real 0.065s	user 0.019s	sys 0.029s
I20260709 13:10:26.308068 25422 raft_consensus.cc:359] T b1dbd9bfdb4f4ed582b5d84e9cc7602a P da445ce82dc4467f95f4fa52297eaa19 [term 0 FOLLOWER]: Replica starting. Triggering 0 pending ops. Active config: opid_index: -1 OBSOLETE_local: false peers { permanent_uuid: "1f539ba21487460085b837e7529a78ce" member_type: VOTER last_known_addr { host: "127.23.140.65" port: 39361 } } peers { permanent_uuid: "da445ce82dc4467f95f4fa52297eaa19" member_type: VOTER last_known_addr { host: "127.23.140.66" port: 33127 } } peers { permanent_uuid: "79d99c0e498349bda74127365219e468" member_type: VOTER last_known_addr { host: "127.23.140.67" port: 34091 } }
I20260709 13:10:26.308840 25422 raft_consensus.cc:385] T b1dbd9bfdb4f4ed582b5d84e9cc7602a P da445ce82dc4467f95f4fa52297eaa19 [term 0 FOLLOWER]: Consensus starting up: Expiring failure detector timer to make a prompt election more likely
W20260709 13:10:26.309957 25270 leader_election.cc:343] T 275226661cc840559134f8c9e5b15719 P da445ce82dc4467f95f4fa52297eaa19 [CANDIDATE]: Term 1 pre-election: Tablet error from VoteRequest() call to peer 79d99c0e498349bda74127365219e468 (127.23.140.67:34091): Illegal state: must be running to vote when last-logged opid is not known
I20260709 13:10:26.310424 25270 leader_election.cc:304] T 275226661cc840559134f8c9e5b15719 P da445ce82dc4467f95f4fa52297eaa19 [CANDIDATE]: Term 1 pre-election: Election decided. Result: candidate lost. Election summary: received 3 responses out of 3 voters: 1 yes votes; 2 no votes. yes voters: da445ce82dc4467f95f4fa52297eaa19; no voters: 1f539ba21487460085b837e7529a78ce, 79d99c0e498349bda74127365219e468
I20260709 13:10:26.311340 25422 raft_consensus.cc:740] T b1dbd9bfdb4f4ed582b5d84e9cc7602a P da445ce82dc4467f95f4fa52297eaa19 [term 0 FOLLOWER]: Becoming Follower/Learner. State: Replica: da445ce82dc4467f95f4fa52297eaa19, State: Initialized, Role: FOLLOWER
I20260709 13:10:26.311434 25550 raft_consensus.cc:2749] T 275226661cc840559134f8c9e5b15719 P da445ce82dc4467f95f4fa52297eaa19 [term 0 FOLLOWER]: Leader pre-election lost for term 1. Reason: could not achieve majority
I20260709 13:10:26.312592 25419 tablet_bootstrap.cc:654] T 92f679df8187472794ba8595642f63f9 P 79d99c0e498349bda74127365219e468: Neither blocks nor log segments found. Creating new log.
I20260709 13:10:26.312561 25422 consensus_queue.cc:260] T b1dbd9bfdb4f4ed582b5d84e9cc7602a P da445ce82dc4467f95f4fa52297eaa19 [NON_LEADER]: Queue going to NON_LEADER mode. State: All replicated index: 0, Majority replicated index: 0, Committed index: 0, Last appended: 0.0, Last appended by leader: 0, Current term: 0, Majority size: -1, State: 0, Mode: NON_LEADER, active raft config: opid_index: -1 OBSOLETE_local: false peers { permanent_uuid: "1f539ba21487460085b837e7529a78ce" member_type: VOTER last_known_addr { host: "127.23.140.65" port: 39361 } } peers { permanent_uuid: "da445ce82dc4467f95f4fa52297eaa19" member_type: VOTER last_known_addr { host: "127.23.140.66" port: 33127 } } peers { permanent_uuid: "79d99c0e498349bda74127365219e468" member_type: VOTER last_known_addr { host: "127.23.140.67" port: 34091 } }
I20260709 13:10:26.315330 25422 ts_tablet_manager.cc:1434] T b1dbd9bfdb4f4ed582b5d84e9cc7602a P da445ce82dc4467f95f4fa52297eaa19: Time spent starting tablet: real 0.010s	user 0.005s	sys 0.000s
I20260709 13:10:26.316622 25422 tablet_bootstrap.cc:492] T 51ecc4484385405c857b3bee1077c36a P da445ce82dc4467f95f4fa52297eaa19: Bootstrap starting.
I20260709 13:10:26.283147 25421 tablet_bootstrap.cc:492] T e7b1f3db9d83491b8ef3a82b77afbae2 P 1f539ba21487460085b837e7529a78ce: No bootstrap required, opened a new log
I20260709 13:10:26.318717 25421 ts_tablet_manager.cc:1403] T e7b1f3db9d83491b8ef3a82b77afbae2 P 1f539ba21487460085b837e7529a78ce: Time spent bootstrapping tablet: real 0.058s	user 0.012s	sys 0.000s
I20260709 13:10:26.319669 25419 tablet_bootstrap.cc:492] T 92f679df8187472794ba8595642f63f9 P 79d99c0e498349bda74127365219e468: No bootstrap required, opened a new log
I20260709 13:10:26.320097 25419 ts_tablet_manager.cc:1403] T 92f679df8187472794ba8595642f63f9 P 79d99c0e498349bda74127365219e468: Time spent bootstrapping tablet: real 0.016s	user 0.012s	sys 0.000s
I20260709 13:10:26.320112 25305 tablet_service.cc:1917] Received RequestConsensusVote() RPC: tablet_id: "b1dbd9bfdb4f4ed582b5d84e9cc7602a" candidate_uuid: "79d99c0e498349bda74127365219e468" candidate_term: 1 candidate_status { last_received { term: 0 index: 0 } } ignore_live_leader: false dest_uuid: "da445ce82dc4467f95f4fa52297eaa19"
I20260709 13:10:26.320860 25305 raft_consensus.cc:3060] T b1dbd9bfdb4f4ed582b5d84e9cc7602a P da445ce82dc4467f95f4fa52297eaa19 [term 0 FOLLOWER]: Advancing to term 1
I20260709 13:10:26.321287 25421 raft_consensus.cc:359] T e7b1f3db9d83491b8ef3a82b77afbae2 P 1f539ba21487460085b837e7529a78ce [term 0 FOLLOWER]: Replica starting. Triggering 0 pending ops. Active config: opid_index: -1 OBSOLETE_local: false peers { permanent_uuid: "1f539ba21487460085b837e7529a78ce" member_type: VOTER last_known_addr { host: "127.23.140.65" port: 39361 } } peers { permanent_uuid: "da445ce82dc4467f95f4fa52297eaa19" member_type: VOTER last_known_addr { host: "127.23.140.66" port: 33127 } } peers { permanent_uuid: "79d99c0e498349bda74127365219e468" member_type: VOTER last_known_addr { host: "127.23.140.67" port: 34091 } }
I20260709 13:10:26.321947 25421 raft_consensus.cc:385] T e7b1f3db9d83491b8ef3a82b77afbae2 P 1f539ba21487460085b837e7529a78ce [term 0 FOLLOWER]: Consensus starting up: Expiring failure detector timer to make a prompt election more likely
I20260709 13:10:26.322201 25421 raft_consensus.cc:740] T e7b1f3db9d83491b8ef3a82b77afbae2 P 1f539ba21487460085b837e7529a78ce [term 0 FOLLOWER]: Becoming Follower/Learner. State: Replica: 1f539ba21487460085b837e7529a78ce, State: Initialized, Role: FOLLOWER
I20260709 13:10:26.323259 25422 tablet_bootstrap.cc:654] T 51ecc4484385405c857b3bee1077c36a P da445ce82dc4467f95f4fa52297eaa19: Neither blocks nor log segments found. Creating new log.
I20260709 13:10:26.324085 25125 catalog_manager.cc:5697] T b1dbd9bfdb4f4ed582b5d84e9cc7602a P 79d99c0e498349bda74127365219e468 reported cstate change: term changed from 0 to 1, leader changed from <none> to 79d99c0e498349bda74127365219e468 (127.23.140.67). New cstate: current_term: 1 leader_uuid: "79d99c0e498349bda74127365219e468" committed_config { opid_index: -1 OBSOLETE_local: false peers { permanent_uuid: "1f539ba21487460085b837e7529a78ce" member_type: VOTER last_known_addr { host: "127.23.140.65" port: 39361 } health_report { overall_health: UNKNOWN } } peers { permanent_uuid: "da445ce82dc4467f95f4fa52297eaa19" member_type: VOTER last_known_addr { host: "127.23.140.66" port: 33127 } health_report { overall_health: UNKNOWN } } peers { permanent_uuid: "79d99c0e498349bda74127365219e468" member_type: VOTER last_known_addr { host: "127.23.140.67" port: 34091 } health_report { overall_health: HEALTHY } } }
I20260709 13:10:26.325817 25421 consensus_queue.cc:260] T e7b1f3db9d83491b8ef3a82b77afbae2 P 1f539ba21487460085b837e7529a78ce [NON_LEADER]: Queue going to NON_LEADER mode. State: All replicated index: 0, Majority replicated index: 0, Committed index: 0, Last appended: 0.0, Last appended by leader: 0, Current term: 0, Majority size: -1, State: 0, Mode: NON_LEADER, active raft config: opid_index: -1 OBSOLETE_local: false peers { permanent_uuid: "1f539ba21487460085b837e7529a78ce" member_type: VOTER last_known_addr { host: "127.23.140.65" port: 39361 } } peers { permanent_uuid: "da445ce82dc4467f95f4fa52297eaa19" member_type: VOTER last_known_addr { host: "127.23.140.66" port: 33127 } } peers { permanent_uuid: "79d99c0e498349bda74127365219e468" member_type: VOTER last_known_addr { host: "127.23.140.67" port: 34091 } }
I20260709 13:10:26.322763 25419 raft_consensus.cc:359] T 92f679df8187472794ba8595642f63f9 P 79d99c0e498349bda74127365219e468 [term 0 FOLLOWER]: Replica starting. Triggering 0 pending ops. Active config: opid_index: -1 OBSOLETE_local: false peers { permanent_uuid: "1f539ba21487460085b837e7529a78ce" member_type: VOTER last_known_addr { host: "127.23.140.65" port: 39361 } } peers { permanent_uuid: "da445ce82dc4467f95f4fa52297eaa19" member_type: VOTER last_known_addr { host: "127.23.140.66" port: 33127 } } peers { permanent_uuid: "79d99c0e498349bda74127365219e468" member_type: VOTER last_known_addr { host: "127.23.140.67" port: 34091 } }
I20260709 13:10:26.327549 25419 raft_consensus.cc:385] T 92f679df8187472794ba8595642f63f9 P 79d99c0e498349bda74127365219e468 [term 0 FOLLOWER]: Consensus starting up: Expiring failure detector timer to make a prompt election more likely
I20260709 13:10:26.327823 25419 raft_consensus.cc:740] T 92f679df8187472794ba8595642f63f9 P 79d99c0e498349bda74127365219e468 [term 0 FOLLOWER]: Becoming Follower/Learner. State: Replica: 79d99c0e498349bda74127365219e468, State: Initialized, Role: FOLLOWER
I20260709 13:10:26.328526 25419 consensus_queue.cc:260] T 92f679df8187472794ba8595642f63f9 P 79d99c0e498349bda74127365219e468 [NON_LEADER]: Queue going to NON_LEADER mode. State: All replicated index: 0, Majority replicated index: 0, Committed index: 0, Last appended: 0.0, Last appended by leader: 0, Current term: 0, Majority size: -1, State: 0, Mode: NON_LEADER, active raft config: opid_index: -1 OBSOLETE_local: false peers { permanent_uuid: "1f539ba21487460085b837e7529a78ce" member_type: VOTER last_known_addr { host: "127.23.140.65" port: 39361 } } peers { permanent_uuid: "da445ce82dc4467f95f4fa52297eaa19" member_type: VOTER last_known_addr { host: "127.23.140.66" port: 33127 } } peers { permanent_uuid: "79d99c0e498349bda74127365219e468" member_type: VOTER last_known_addr { host: "127.23.140.67" port: 34091 } }
I20260709 13:10:26.330621 25419 ts_tablet_manager.cc:1434] T 92f679df8187472794ba8595642f63f9 P 79d99c0e498349bda74127365219e468: Time spent starting tablet: real 0.010s	user 0.007s	sys 0.000s
I20260709 13:10:26.331429 25419 tablet_bootstrap.cc:492] T 7fd182e135fd4b4db8700ed3173fd000 P 79d99c0e498349bda74127365219e468: Bootstrap starting.
I20260709 13:10:26.332135 25421 ts_tablet_manager.cc:1434] T e7b1f3db9d83491b8ef3a82b77afbae2 P 1f539ba21487460085b837e7529a78ce: Time spent starting tablet: real 0.013s	user 0.006s	sys 0.000s
I20260709 13:10:26.333083 25421 tablet_bootstrap.cc:492] T ca662cfcc5084384a1da94266546eabc P 1f539ba21487460085b837e7529a78ce: Bootstrap starting.
I20260709 13:10:26.337019 25419 tablet_bootstrap.cc:654] T 7fd182e135fd4b4db8700ed3173fd000 P 79d99c0e498349bda74127365219e468: Neither blocks nor log segments found. Creating new log.
I20260709 13:10:26.337517 25305 raft_consensus.cc:2468] T b1dbd9bfdb4f4ed582b5d84e9cc7602a P da445ce82dc4467f95f4fa52297eaa19 [term 1 FOLLOWER]: Leader election vote request: Granting yes vote for candidate 79d99c0e498349bda74127365219e468 in term 1.
I20260709 13:10:26.341413 25421 tablet_bootstrap.cc:654] T ca662cfcc5084384a1da94266546eabc P 1f539ba21487460085b837e7529a78ce: Neither blocks nor log segments found. Creating new log.
I20260709 13:10:26.369655 25554 raft_consensus.cc:493] T cf070d83a5904025bb0d390a39ebae05 P 79d99c0e498349bda74127365219e468 [term 0 FOLLOWER]: Starting pre-election (no leader contacted us within the election timeout)
I20260709 13:10:26.370342 25554 raft_consensus.cc:515] T cf070d83a5904025bb0d390a39ebae05 P 79d99c0e498349bda74127365219e468 [term 0 FOLLOWER]: Starting pre-election with config: opid_index: -1 OBSOLETE_local: false peers { permanent_uuid: "1f539ba21487460085b837e7529a78ce" member_type: VOTER last_known_addr { host: "127.23.140.65" port: 39361 } } peers { permanent_uuid: "da445ce82dc4467f95f4fa52297eaa19" member_type: VOTER last_known_addr { host: "127.23.140.66" port: 33127 } } peers { permanent_uuid: "79d99c0e498349bda74127365219e468" member_type: VOTER last_known_addr { host: "127.23.140.67" port: 34091 } }
I20260709 13:10:26.373404 25554 leader_election.cc:290] T cf070d83a5904025bb0d390a39ebae05 P 79d99c0e498349bda74127365219e468 [CANDIDATE]: Term 1 pre-election: Requested pre-vote from peers 1f539ba21487460085b837e7529a78ce (127.23.140.65:39361), da445ce82dc4467f95f4fa52297eaa19 (127.23.140.66:33127)
I20260709 13:10:26.374863 25226 tablet_service.cc:1917] Received RequestConsensusVote() RPC: tablet_id: "cf070d83a5904025bb0d390a39ebae05" candidate_uuid: "79d99c0e498349bda74127365219e468" candidate_term: 1 candidate_status { last_received { term: 0 index: 0 } } ignore_live_leader: false dest_uuid: "1f539ba21487460085b837e7529a78ce" is_pre_election: true
I20260709 13:10:26.375697 25226 raft_consensus.cc:2468] T cf070d83a5904025bb0d390a39ebae05 P 1f539ba21487460085b837e7529a78ce [term 0 FOLLOWER]: Leader pre-election vote request: Granting yes vote for candidate 79d99c0e498349bda74127365219e468 in term 0.
I20260709 13:10:26.377204 25345 leader_election.cc:304] T cf070d83a5904025bb0d390a39ebae05 P 79d99c0e498349bda74127365219e468 [CANDIDATE]: Term 1 pre-election: Election decided. Result: candidate won. Election summary: received 2 responses out of 3 voters: 2 yes votes; 0 no votes. yes voters: 1f539ba21487460085b837e7529a78ce, 79d99c0e498349bda74127365219e468; no voters: 
I20260709 13:10:26.378266 25554 raft_consensus.cc:2804] T cf070d83a5904025bb0d390a39ebae05 P 79d99c0e498349bda74127365219e468 [term 0 FOLLOWER]: Leader pre-election won for term 1
I20260709 13:10:26.378700 25554 raft_consensus.cc:493] T cf070d83a5904025bb0d390a39ebae05 P 79d99c0e498349bda74127365219e468 [term 0 FOLLOWER]: Starting leader election (no leader contacted us within the election timeout)
I20260709 13:10:26.379113 25554 raft_consensus.cc:3060] T cf070d83a5904025bb0d390a39ebae05 P 79d99c0e498349bda74127365219e468 [term 0 FOLLOWER]: Advancing to term 1
I20260709 13:10:26.387943 25302 tablet_service.cc:1917] Received RequestConsensusVote() RPC: tablet_id: "cf070d83a5904025bb0d390a39ebae05" candidate_uuid: "79d99c0e498349bda74127365219e468" candidate_term: 1 candidate_status { last_received { term: 0 index: 0 } } ignore_live_leader: false dest_uuid: "da445ce82dc4467f95f4fa52297eaa19" is_pre_election: true
W20260709 13:10:26.391091 25343 leader_election.cc:343] T cf070d83a5904025bb0d390a39ebae05 P 79d99c0e498349bda74127365219e468 [CANDIDATE]: Term 1 pre-election: Tablet error from VoteRequest() call to peer da445ce82dc4467f95f4fa52297eaa19 (127.23.140.66:33127): Illegal state: must be running to vote when last-logged opid is not known
I20260709 13:10:26.393961 25421 tablet_bootstrap.cc:492] T ca662cfcc5084384a1da94266546eabc P 1f539ba21487460085b837e7529a78ce: No bootstrap required, opened a new log
I20260709 13:10:26.393989 25419 tablet_bootstrap.cc:492] T 7fd182e135fd4b4db8700ed3173fd000 P 79d99c0e498349bda74127365219e468: No bootstrap required, opened a new log
I20260709 13:10:26.394558 25421 ts_tablet_manager.cc:1403] T ca662cfcc5084384a1da94266546eabc P 1f539ba21487460085b837e7529a78ce: Time spent bootstrapping tablet: real 0.062s	user 0.008s	sys 0.023s
I20260709 13:10:26.395180 25419 ts_tablet_manager.cc:1403] T 7fd182e135fd4b4db8700ed3173fd000 P 79d99c0e498349bda74127365219e468: Time spent bootstrapping tablet: real 0.064s	user 0.028s	sys 0.030s
I20260709 13:10:26.394604 25554 raft_consensus.cc:515] T cf070d83a5904025bb0d390a39ebae05 P 79d99c0e498349bda74127365219e468 [term 1 FOLLOWER]: Starting leader election with config: opid_index: -1 OBSOLETE_local: false peers { permanent_uuid: "1f539ba21487460085b837e7529a78ce" member_type: VOTER last_known_addr { host: "127.23.140.65" port: 39361 } } peers { permanent_uuid: "da445ce82dc4467f95f4fa52297eaa19" member_type: VOTER last_known_addr { host: "127.23.140.66" port: 33127 } } peers { permanent_uuid: "79d99c0e498349bda74127365219e468" member_type: VOTER last_known_addr { host: "127.23.140.67" port: 34091 } }
I20260709 13:10:26.395529 25484 raft_consensus.cc:493] T a5a4e5911cd2414daf6cc0bc2a692a69 P 1f539ba21487460085b837e7529a78ce [term 0 FOLLOWER]: Starting pre-election (no leader contacted us within the election timeout)
I20260709 13:10:26.396014 25484 raft_consensus.cc:515] T a5a4e5911cd2414daf6cc0bc2a692a69 P 1f539ba21487460085b837e7529a78ce [term 0 FOLLOWER]: Starting pre-election with config: opid_index: -1 OBSOLETE_local: false peers { permanent_uuid: "1f539ba21487460085b837e7529a78ce" member_type: VOTER last_known_addr { host: "127.23.140.65" port: 39361 } } peers { permanent_uuid: "da445ce82dc4467f95f4fa52297eaa19" member_type: VOTER last_known_addr { host: "127.23.140.66" port: 33127 } } peers { permanent_uuid: "79d99c0e498349bda74127365219e468" member_type: VOTER last_known_addr { host: "127.23.140.67" port: 34091 } }
I20260709 13:10:26.397789 25226 tablet_service.cc:1917] Received RequestConsensusVote() RPC: tablet_id: "cf070d83a5904025bb0d390a39ebae05" candidate_uuid: "79d99c0e498349bda74127365219e468" candidate_term: 1 candidate_status { last_received { term: 0 index: 0 } } ignore_live_leader: false dest_uuid: "1f539ba21487460085b837e7529a78ce"
I20260709 13:10:26.398041 25484 leader_election.cc:290] T a5a4e5911cd2414daf6cc0bc2a692a69 P 1f539ba21487460085b837e7529a78ce [CANDIDATE]: Term 1 pre-election: Requested pre-vote from peers da445ce82dc4467f95f4fa52297eaa19 (127.23.140.66:33127), 79d99c0e498349bda74127365219e468 (127.23.140.67:34091)
I20260709 13:10:26.397703 25419 raft_consensus.cc:359] T 7fd182e135fd4b4db8700ed3173fd000 P 79d99c0e498349bda74127365219e468 [term 0 FOLLOWER]: Replica starting. Triggering 0 pending ops. Active config: opid_index: -1 OBSOLETE_local: false peers { permanent_uuid: "1f539ba21487460085b837e7529a78ce" member_type: VOTER last_known_addr { host: "127.23.140.65" port: 39361 } } peers { permanent_uuid: "da445ce82dc4467f95f4fa52297eaa19" member_type: VOTER last_known_addr { host: "127.23.140.66" port: 33127 } } peers { permanent_uuid: "79d99c0e498349bda74127365219e468" member_type: VOTER last_known_addr { host: "127.23.140.67" port: 34091 } }
I20260709 13:10:26.398444 25421 raft_consensus.cc:359] T ca662cfcc5084384a1da94266546eabc P 1f539ba21487460085b837e7529a78ce [term 0 FOLLOWER]: Replica starting. Triggering 0 pending ops. Active config: opid_index: -1 OBSOLETE_local: false peers { permanent_uuid: "1f539ba21487460085b837e7529a78ce" member_type: VOTER last_known_addr { host: "127.23.140.65" port: 39361 } } peers { permanent_uuid: "da445ce82dc4467f95f4fa52297eaa19" member_type: VOTER last_known_addr { host: "127.23.140.66" port: 33127 } } peers { permanent_uuid: "79d99c0e498349bda74127365219e468" member_type: VOTER last_known_addr { host: "127.23.140.67" port: 34091 } }
I20260709 13:10:26.398484 25419 raft_consensus.cc:385] T 7fd182e135fd4b4db8700ed3173fd000 P 79d99c0e498349bda74127365219e468 [term 0 FOLLOWER]: Consensus starting up: Expiring failure detector timer to make a prompt election more likely
I20260709 13:10:26.399120 25422 tablet_bootstrap.cc:492] T 51ecc4484385405c857b3bee1077c36a P da445ce82dc4467f95f4fa52297eaa19: No bootstrap required, opened a new log
I20260709 13:10:26.399684 25419 raft_consensus.cc:740] T 7fd182e135fd4b4db8700ed3173fd000 P 79d99c0e498349bda74127365219e468 [term 0 FOLLOWER]: Becoming Follower/Learner. State: Replica: 79d99c0e498349bda74127365219e468, State: Initialized, Role: FOLLOWER
I20260709 13:10:26.399423 25421 raft_consensus.cc:385] T ca662cfcc5084384a1da94266546eabc P 1f539ba21487460085b837e7529a78ce [term 0 FOLLOWER]: Consensus starting up: Expiring failure detector timer to make a prompt election more likely
I20260709 13:10:26.399871 25302 tablet_service.cc:1917] Received RequestConsensusVote() RPC: tablet_id: "a5a4e5911cd2414daf6cc0bc2a692a69" candidate_uuid: "1f539ba21487460085b837e7529a78ce" candidate_term: 1 candidate_status { last_received { term: 0 index: 0 } } ignore_live_leader: false dest_uuid: "da445ce82dc4467f95f4fa52297eaa19" is_pre_election: true
I20260709 13:10:26.399976 25422 ts_tablet_manager.cc:1403] T 51ecc4484385405c857b3bee1077c36a P da445ce82dc4467f95f4fa52297eaa19: Time spent bootstrapping tablet: real 0.084s	user 0.014s	sys 0.027s
I20260709 13:10:26.400089 25379 tablet_service.cc:1917] Received RequestConsensusVote() RPC: tablet_id: "a5a4e5911cd2414daf6cc0bc2a692a69" candidate_uuid: "1f539ba21487460085b837e7529a78ce" candidate_term: 1 candidate_status { last_received { term: 0 index: 0 } } ignore_live_leader: false dest_uuid: "79d99c0e498349bda74127365219e468" is_pre_election: true
I20260709 13:10:26.400542 25419 consensus_queue.cc:260] T 7fd182e135fd4b4db8700ed3173fd000 P 79d99c0e498349bda74127365219e468 [NON_LEADER]: Queue going to NON_LEADER mode. State: All replicated index: 0, Majority replicated index: 0, Committed index: 0, Last appended: 0.0, Last appended by leader: 0, Current term: 0, Majority size: -1, State: 0, Mode: NON_LEADER, active raft config: opid_index: -1 OBSOLETE_local: false peers { permanent_uuid: "1f539ba21487460085b837e7529a78ce" member_type: VOTER last_known_addr { host: "127.23.140.65" port: 39361 } } peers { permanent_uuid: "da445ce82dc4467f95f4fa52297eaa19" member_type: VOTER last_known_addr { host: "127.23.140.66" port: 33127 } } peers { permanent_uuid: "79d99c0e498349bda74127365219e468" member_type: VOTER last_known_addr { host: "127.23.140.67" port: 34091 } }
W20260709 13:10:26.401360 25194 leader_election.cc:343] T a5a4e5911cd2414daf6cc0bc2a692a69 P 1f539ba21487460085b837e7529a78ce [CANDIDATE]: Term 1 pre-election: Tablet error from VoteRequest() call to peer da445ce82dc4467f95f4fa52297eaa19 (127.23.140.66:33127): Illegal state: must be running to vote when last-logged opid is not known
I20260709 13:10:26.401492 25554 leader_election.cc:290] T cf070d83a5904025bb0d390a39ebae05 P 79d99c0e498349bda74127365219e468 [CANDIDATE]: Term 1 election: Requested vote from peers 1f539ba21487460085b837e7529a78ce (127.23.140.65:39361), da445ce82dc4467f95f4fa52297eaa19 (127.23.140.66:33127)
W20260709 13:10:26.402071 25195 leader_election.cc:343] T a5a4e5911cd2414daf6cc0bc2a692a69 P 1f539ba21487460085b837e7529a78ce [CANDIDATE]: Term 1 pre-election: Tablet error from VoteRequest() call to peer 79d99c0e498349bda74127365219e468 (127.23.140.67:34091): Illegal state: must be running to vote when last-logged opid is not known
I20260709 13:10:26.402504 25195 leader_election.cc:304] T a5a4e5911cd2414daf6cc0bc2a692a69 P 1f539ba21487460085b837e7529a78ce [CANDIDATE]: Term 1 pre-election: Election decided. Result: candidate lost. Election summary: received 3 responses out of 3 voters: 1 yes votes; 2 no votes. yes voters: 1f539ba21487460085b837e7529a78ce; no voters: 79d99c0e498349bda74127365219e468, da445ce82dc4467f95f4fa52297eaa19
I20260709 13:10:26.402657 25302 tablet_service.cc:1917] Received RequestConsensusVote() RPC: tablet_id: "cf070d83a5904025bb0d390a39ebae05" candidate_uuid: "79d99c0e498349bda74127365219e468" candidate_term: 1 candidate_status { last_received { term: 0 index: 0 } } ignore_live_leader: false dest_uuid: "da445ce82dc4467f95f4fa52297eaa19"
I20260709 13:10:26.403765 25419 ts_tablet_manager.cc:1434] T 7fd182e135fd4b4db8700ed3173fd000 P 79d99c0e498349bda74127365219e468: Time spent starting tablet: real 0.008s	user 0.006s	sys 0.000s
I20260709 13:10:26.398439 25226 raft_consensus.cc:3060] T cf070d83a5904025bb0d390a39ebae05 P 1f539ba21487460085b837e7529a78ce [term 0 FOLLOWER]: Advancing to term 1
W20260709 13:10:26.403975 25343 leader_election.cc:343] T cf070d83a5904025bb0d390a39ebae05 P 79d99c0e498349bda74127365219e468 [CANDIDATE]: Term 1 election: Tablet error from VoteRequest() call to peer da445ce82dc4467f95f4fa52297eaa19 (127.23.140.66:33127): Illegal state: must be running to vote when last-logged opid is not known
I20260709 13:10:26.404701 25419 tablet_bootstrap.cc:492] T 3e6da6f96d4a4409be6b8e2b09c861c4 P 79d99c0e498349bda74127365219e468: Bootstrap starting.
I20260709 13:10:26.408183 25422 raft_consensus.cc:359] T 51ecc4484385405c857b3bee1077c36a P da445ce82dc4467f95f4fa52297eaa19 [term 0 FOLLOWER]: Replica starting. Triggering 0 pending ops. Active config: opid_index: -1 OBSOLETE_local: false peers { permanent_uuid: "1f539ba21487460085b837e7529a78ce" member_type: VOTER last_known_addr { host: "127.23.140.65" port: 39361 } } peers { permanent_uuid: "da445ce82dc4467f95f4fa52297eaa19" member_type: VOTER last_known_addr { host: "127.23.140.66" port: 33127 } } peers { permanent_uuid: "79d99c0e498349bda74127365219e468" member_type: VOTER last_known_addr { host: "127.23.140.67" port: 34091 } }
I20260709 13:10:26.408861 25422 raft_consensus.cc:385] T 51ecc4484385405c857b3bee1077c36a P da445ce82dc4467f95f4fa52297eaa19 [term 0 FOLLOWER]: Consensus starting up: Expiring failure detector timer to make a prompt election more likely
I20260709 13:10:26.409109 25422 raft_consensus.cc:740] T 51ecc4484385405c857b3bee1077c36a P da445ce82dc4467f95f4fa52297eaa19 [term 0 FOLLOWER]: Becoming Follower/Learner. State: Replica: da445ce82dc4467f95f4fa52297eaa19, State: Initialized, Role: FOLLOWER
I20260709 13:10:26.403707 25484 raft_consensus.cc:2749] T a5a4e5911cd2414daf6cc0bc2a692a69 P 1f539ba21487460085b837e7529a78ce [term 0 FOLLOWER]: Leader pre-election lost for term 1. Reason: could not achieve majority
I20260709 13:10:26.400239 25421 raft_consensus.cc:740] T ca662cfcc5084384a1da94266546eabc P 1f539ba21487460085b837e7529a78ce [term 0 FOLLOWER]: Becoming Follower/Learner. State: Replica: 1f539ba21487460085b837e7529a78ce, State: Initialized, Role: FOLLOWER
I20260709 13:10:26.410498 25419 tablet_bootstrap.cc:654] T 3e6da6f96d4a4409be6b8e2b09c861c4 P 79d99c0e498349bda74127365219e468: Neither blocks nor log segments found. Creating new log.
I20260709 13:10:26.410166 25421 consensus_queue.cc:260] T ca662cfcc5084384a1da94266546eabc P 1f539ba21487460085b837e7529a78ce [NON_LEADER]: Queue going to NON_LEADER mode. State: All replicated index: 0, Majority replicated index: 0, Committed index: 0, Last appended: 0.0, Last appended by leader: 0, Current term: 0, Majority size: -1, State: 0, Mode: NON_LEADER, active raft config: opid_index: -1 OBSOLETE_local: false peers { permanent_uuid: "1f539ba21487460085b837e7529a78ce" member_type: VOTER last_known_addr { host: "127.23.140.65" port: 39361 } } peers { permanent_uuid: "da445ce82dc4467f95f4fa52297eaa19" member_type: VOTER last_known_addr { host: "127.23.140.66" port: 33127 } } peers { permanent_uuid: "79d99c0e498349bda74127365219e468" member_type: VOTER last_known_addr { host: "127.23.140.67" port: 34091 } }
I20260709 13:10:26.412299 25421 ts_tablet_manager.cc:1434] T ca662cfcc5084384a1da94266546eabc P 1f539ba21487460085b837e7529a78ce: Time spent starting tablet: real 0.017s	user 0.004s	sys 0.000s
