I20260709 13:10:01.935081 24469 raft_consensus.cc:697] T a2b8f465407049c093b74b89e0cc8fc3 P ba007af05f0f4fb3aa79a70a4ed62188 [term 1 LEADER]: Becoming Leader. State: Replica: ba007af05f0f4fb3aa79a70a4ed62188, State: Running, Role: LEADER
I20260709 13:10:01.938386 24442 ts_tablet_manager.cc:1434] T a2b8f465407049c093b74b89e0cc8fc3 P 89434398bef1483abb7170861c595c08: Time spent starting tablet: real 0.088s	user 0.011s	sys 0.006s
I20260709 13:10:01.936721 24469 consensus_queue.cc:237] T a2b8f465407049c093b74b89e0cc8fc3 P ba007af05f0f4fb3aa79a70a4ed62188 [LEADER]: Queue going to LEADER mode. State: All replicated index: 0, Majority replicated index: 0, Committed index: 0, Last appended: 0.0, Last appended by leader: 0, Current term: 1, Majority size: 2, State: 0, Mode: LEADER, active raft config: opid_index: -1 OBSOLETE_local: false peers { permanent_uuid: "89434398bef1483abb7170861c595c08" member_type: VOTER last_known_addr { host: "127.23.140.65" port: 42583 } } peers { permanent_uuid: "f39804e3bc0e439286a172ab4c75e032" member_type: VOTER last_known_addr { host: "127.23.140.66" port: 37967 } } peers { permanent_uuid: "ba007af05f0f4fb3aa79a70a4ed62188" member_type: VOTER last_known_addr { host: "127.23.140.67" port: 39155 } }
I20260709 13:10:01.939126 24470 raft_consensus.cc:2804] T fdb7ba4cacaf498d83b351d63a57aa7b P 89434398bef1483abb7170861c595c08 [term 1 FOLLOWER]: Leader election won for term 1
I20260709 13:10:01.941959 24442 tablet_bootstrap.cc:492] T 57caa52201cc4aaba1de74ac8393a6a6 P 89434398bef1483abb7170861c595c08: Bootstrap starting.
I20260709 13:10:01.942934 24470 raft_consensus.cc:697] T fdb7ba4cacaf498d83b351d63a57aa7b P 89434398bef1483abb7170861c595c08 [term 1 LEADER]: Becoming Leader. State: Replica: 89434398bef1483abb7170861c595c08, State: Running, Role: LEADER
I20260709 13:10:01.943909 24470 consensus_queue.cc:237] T fdb7ba4cacaf498d83b351d63a57aa7b P 89434398bef1483abb7170861c595c08 [LEADER]: Queue going to LEADER mode. State: All replicated index: 0, Majority replicated index: 0, Committed index: 0, Last appended: 0.0, Last appended by leader: 0, Current term: 1, Majority size: 2, State: 0, Mode: LEADER, active raft config: opid_index: -1 OBSOLETE_local: false peers { permanent_uuid: "ba007af05f0f4fb3aa79a70a4ed62188" member_type: VOTER last_known_addr { host: "127.23.140.67" port: 39155 } } peers { permanent_uuid: "f39804e3bc0e439286a172ab4c75e032" member_type: VOTER last_known_addr { host: "127.23.140.66" port: 37967 } } peers { permanent_uuid: "89434398bef1483abb7170861c595c08" member_type: VOTER last_known_addr { host: "127.23.140.65" port: 42583 } }
I20260709 13:10:01.965365 24440 tablet_bootstrap.cc:492] T 5eb056e46f2d4ddbb45fdb665a6b3eaa P f39804e3bc0e439286a172ab4c75e032: No bootstrap required, opened a new log
I20260709 13:10:01.966431 24440 ts_tablet_manager.cc:1403] T 5eb056e46f2d4ddbb45fdb665a6b3eaa P f39804e3bc0e439286a172ab4c75e032: Time spent bootstrapping tablet: real 0.092s	user 0.012s	sys 0.010s
I20260709 13:10:01.968294 24441 tablet_bootstrap.cc:492] T d3529531034c4da8ace2a1b8bcc7c934 P ba007af05f0f4fb3aa79a70a4ed62188: No bootstrap required, opened a new log
I20260709 13:10:01.970193 24441 ts_tablet_manager.cc:1403] T d3529531034c4da8ace2a1b8bcc7c934 P ba007af05f0f4fb3aa79a70a4ed62188: Time spent bootstrapping tablet: real 0.083s	user 0.016s	sys 0.003s
I20260709 13:10:01.978018 24442 tablet_bootstrap.cc:654] T 57caa52201cc4aaba1de74ac8393a6a6 P 89434398bef1483abb7170861c595c08: Neither blocks nor log segments found. Creating new log.
I20260709 13:10:01.978258 24440 raft_consensus.cc:359] T 5eb056e46f2d4ddbb45fdb665a6b3eaa P f39804e3bc0e439286a172ab4c75e032 [term 0 FOLLOWER]: Replica starting. Triggering 0 pending ops. Active config: opid_index: -1 OBSOLETE_local: false peers { permanent_uuid: "89434398bef1483abb7170861c595c08" member_type: VOTER last_known_addr { host: "127.23.140.65" port: 42583 } } peers { permanent_uuid: "f39804e3bc0e439286a172ab4c75e032" member_type: VOTER last_known_addr { host: "127.23.140.66" port: 37967 } } peers { permanent_uuid: "ba007af05f0f4fb3aa79a70a4ed62188" member_type: VOTER last_known_addr { host: "127.23.140.67" port: 39155 } }
I20260709 13:10:01.978425 24441 raft_consensus.cc:359] T d3529531034c4da8ace2a1b8bcc7c934 P ba007af05f0f4fb3aa79a70a4ed62188 [term 0 FOLLOWER]: Replica starting. Triggering 0 pending ops. Active config: opid_index: -1 OBSOLETE_local: false peers { permanent_uuid: "89434398bef1483abb7170861c595c08" member_type: VOTER last_known_addr { host: "127.23.140.65" port: 42583 } } peers { permanent_uuid: "f39804e3bc0e439286a172ab4c75e032" member_type: VOTER last_known_addr { host: "127.23.140.66" port: 37967 } } peers { permanent_uuid: "ba007af05f0f4fb3aa79a70a4ed62188" member_type: VOTER last_known_addr { host: "127.23.140.67" port: 39155 } }
I20260709 13:10:01.988793 24441 raft_consensus.cc:385] T d3529531034c4da8ace2a1b8bcc7c934 P ba007af05f0f4fb3aa79a70a4ed62188 [term 0 FOLLOWER]: Consensus starting up: Expiring failure detector timer to make a prompt election more likely
I20260709 13:10:01.989300 24441 raft_consensus.cc:740] T d3529531034c4da8ace2a1b8bcc7c934 P ba007af05f0f4fb3aa79a70a4ed62188 [term 0 FOLLOWER]: Becoming Follower/Learner. State: Replica: ba007af05f0f4fb3aa79a70a4ed62188, State: Initialized, Role: FOLLOWER
I20260709 13:10:01.990329 24441 consensus_queue.cc:260] T d3529531034c4da8ace2a1b8bcc7c934 P ba007af05f0f4fb3aa79a70a4ed62188 [NON_LEADER]: Queue going to NON_LEADER mode. State: All replicated index: 0, Majority replicated index: 0, Committed index: 0, Last appended: 0.0, Last appended by leader: 0, Current term: 0, Majority size: -1, State: 0, Mode: NON_LEADER, active raft config: opid_index: -1 OBSOLETE_local: false peers { permanent_uuid: "89434398bef1483abb7170861c595c08" member_type: VOTER last_known_addr { host: "127.23.140.65" port: 42583 } } peers { permanent_uuid: "f39804e3bc0e439286a172ab4c75e032" member_type: VOTER last_known_addr { host: "127.23.140.66" port: 37967 } } peers { permanent_uuid: "ba007af05f0f4fb3aa79a70a4ed62188" member_type: VOTER last_known_addr { host: "127.23.140.67" port: 39155 } }
W20260709 13:10:01.982127 24363 outbound_call.cc:321] RPC callback for RPC call kudu.consensus.ConsensusService.RequestConsensusVote -> {remote=127.23.140.66:37967, user_credentials={real_user=slave}} blocked reactor thread for 98845.8us
I20260709 13:10:01.994125 24441 ts_tablet_manager.cc:1434] T d3529531034c4da8ace2a1b8bcc7c934 P ba007af05f0f4fb3aa79a70a4ed62188: Time spent starting tablet: real 0.023s	user 0.006s	sys 0.004s
I20260709 13:10:01.994663 24322 tablet_service.cc:1917] Received RequestConsensusVote() RPC: tablet_id: "a2b8f465407049c093b74b89e0cc8fc3" candidate_uuid: "ba007af05f0f4fb3aa79a70a4ed62188" candidate_term: 1 candidate_status { last_received { term: 0 index: 0 } } ignore_live_leader: false dest_uuid: "f39804e3bc0e439286a172ab4c75e032"
I20260709 13:10:01.995260 24322 raft_consensus.cc:3060] T a2b8f465407049c093b74b89e0cc8fc3 P f39804e3bc0e439286a172ab4c75e032 [term 0 FOLLOWER]: Advancing to term 1
I20260709 13:10:01.995543 24441 tablet_bootstrap.cc:492] T a14d80b5fd8747d3b44afc1fc32ecffa P ba007af05f0f4fb3aa79a70a4ed62188: Bootstrap starting.
I20260709 13:10:01.997069 24440 raft_consensus.cc:385] T 5eb056e46f2d4ddbb45fdb665a6b3eaa P f39804e3bc0e439286a172ab4c75e032 [term 0 FOLLOWER]: Consensus starting up: Expiring failure detector timer to make a prompt election more likely
I20260709 13:10:01.997586 24440 raft_consensus.cc:740] T 5eb056e46f2d4ddbb45fdb665a6b3eaa P f39804e3bc0e439286a172ab4c75e032 [term 0 FOLLOWER]: Becoming Follower/Learner. State: Replica: f39804e3bc0e439286a172ab4c75e032, State: Initialized, Role: FOLLOWER
I20260709 13:10:01.983292 24288 leader_election.cc:304] T c4607544e6a241349a1a35df8aaca446 P f39804e3bc0e439286a172ab4c75e032 [CANDIDATE]: Term 1 pre-election: Election decided. Result: candidate lost. Election summary: received 3 responses out of 3 voters: 1 yes votes; 2 no votes. yes voters: f39804e3bc0e439286a172ab4c75e032; no voters: 89434398bef1483abb7170861c595c08, ba007af05f0f4fb3aa79a70a4ed62188
I20260709 13:10:01.998914 24449 raft_consensus.cc:2749] T c4607544e6a241349a1a35df8aaca446 P f39804e3bc0e439286a172ab4c75e032 [term 1 FOLLOWER]: Leader pre-election lost for term 1. Reason: could not achieve majority
I20260709 13:10:01.998623 24440 consensus_queue.cc:260] T 5eb056e46f2d4ddbb45fdb665a6b3eaa P f39804e3bc0e439286a172ab4c75e032 [NON_LEADER]: Queue going to NON_LEADER mode. State: All replicated index: 0, Majority replicated index: 0, Committed index: 0, Last appended: 0.0, Last appended by leader: 0, Current term: 0, Majority size: -1, State: 0, Mode: NON_LEADER, active raft config: opid_index: -1 OBSOLETE_local: false peers { permanent_uuid: "89434398bef1483abb7170861c595c08" member_type: VOTER last_known_addr { host: "127.23.140.65" port: 42583 } } peers { permanent_uuid: "f39804e3bc0e439286a172ab4c75e032" member_type: VOTER last_known_addr { host: "127.23.140.66" port: 37967 } } peers { permanent_uuid: "ba007af05f0f4fb3aa79a70a4ed62188" member_type: VOTER last_known_addr { host: "127.23.140.67" port: 39155 } }
I20260709 13:10:02.001936 24440 ts_tablet_manager.cc:1434] T 5eb056e46f2d4ddbb45fdb665a6b3eaa P f39804e3bc0e439286a172ab4c75e032: Time spent starting tablet: real 0.034s	user 0.009s	sys 0.000s
I20260709 13:10:02.008330 24143 catalog_manager.cc:5697] T fdb7ba4cacaf498d83b351d63a57aa7b P 89434398bef1483abb7170861c595c08 reported cstate change: term changed from 0 to 1, leader changed from <none> to 89434398bef1483abb7170861c595c08 (127.23.140.65). New cstate: current_term: 1 leader_uuid: "89434398bef1483abb7170861c595c08" committed_config { opid_index: -1 OBSOLETE_local: false peers { permanent_uuid: "ba007af05f0f4fb3aa79a70a4ed62188" member_type: VOTER last_known_addr { host: "127.23.140.67" port: 39155 } health_report { overall_health: UNKNOWN } } peers { permanent_uuid: "f39804e3bc0e439286a172ab4c75e032" member_type: VOTER last_known_addr { host: "127.23.140.66" port: 37967 } health_report { overall_health: UNKNOWN } } peers { permanent_uuid: "89434398bef1483abb7170861c595c08" member_type: VOTER last_known_addr { host: "127.23.140.65" port: 42583 } health_report { overall_health: HEALTHY } } }
I20260709 13:10:02.010757 24440 tablet_bootstrap.cc:492] T 2824545a6ec14281b292a9a80984e5d7 P f39804e3bc0e439286a172ab4c75e032: Bootstrap starting.
I20260709 13:10:02.019603 24449 raft_consensus.cc:493] T 072781c592984c6a9a6f3d8790809bd1 P f39804e3bc0e439286a172ab4c75e032 [term 0 FOLLOWER]: Starting pre-election (no leader contacted us within the election timeout)
I20260709 13:10:02.020103 24449 raft_consensus.cc:515] T 072781c592984c6a9a6f3d8790809bd1 P f39804e3bc0e439286a172ab4c75e032 [term 0 FOLLOWER]: Starting pre-election with config: opid_index: -1 OBSOLETE_local: false peers { permanent_uuid: "89434398bef1483abb7170861c595c08" member_type: VOTER last_known_addr { host: "127.23.140.65" port: 42583 } } peers { permanent_uuid: "f39804e3bc0e439286a172ab4c75e032" member_type: VOTER last_known_addr { host: "127.23.140.66" port: 37967 } } peers { permanent_uuid: "ba007af05f0f4fb3aa79a70a4ed62188" member_type: VOTER last_known_addr { host: "127.23.140.67" port: 39155 } }
I20260709 13:10:02.021718 24322 raft_consensus.cc:2468] T a2b8f465407049c093b74b89e0cc8fc3 P f39804e3bc0e439286a172ab4c75e032 [term 1 FOLLOWER]: Leader election vote request: Granting yes vote for candidate ba007af05f0f4fb3aa79a70a4ed62188 in term 1.
I20260709 13:10:02.022286 24449 leader_election.cc:290] T 072781c592984c6a9a6f3d8790809bd1 P f39804e3bc0e439286a172ab4c75e032 [CANDIDATE]: Term 1 pre-election: Requested pre-vote from peers 89434398bef1483abb7170861c595c08 (127.23.140.65:42583), ba007af05f0f4fb3aa79a70a4ed62188 (127.23.140.67:39155)
I20260709 13:10:02.023546 24248 tablet_service.cc:1917] Received RequestConsensusVote() RPC: tablet_id: "072781c592984c6a9a6f3d8790809bd1" candidate_uuid: "f39804e3bc0e439286a172ab4c75e032" candidate_term: 1 candidate_status { last_received { term: 0 index: 0 } } ignore_live_leader: false dest_uuid: "89434398bef1483abb7170861c595c08" is_pre_election: true
W20260709 13:10:02.025123 24286 leader_election.cc:343] T 072781c592984c6a9a6f3d8790809bd1 P f39804e3bc0e439286a172ab4c75e032 [CANDIDATE]: Term 1 pre-election: Tablet error from VoteRequest() call to peer 89434398bef1483abb7170861c595c08 (127.23.140.65:42583): Illegal state: must be running to vote when last-logged opid is not known
I20260709 13:10:02.026789 24396 tablet_service.cc:1917] Received RequestConsensusVote() RPC: tablet_id: "072781c592984c6a9a6f3d8790809bd1" candidate_uuid: "f39804e3bc0e439286a172ab4c75e032" candidate_term: 1 candidate_status { last_received { term: 0 index: 0 } } ignore_live_leader: false dest_uuid: "ba007af05f0f4fb3aa79a70a4ed62188" is_pre_election: true
I20260709 13:10:02.027395 24396 raft_consensus.cc:2468] T 072781c592984c6a9a6f3d8790809bd1 P ba007af05f0f4fb3aa79a70a4ed62188 [term 0 FOLLOWER]: Leader pre-election vote request: Granting yes vote for candidate f39804e3bc0e439286a172ab4c75e032 in term 0.
I20260709 13:10:02.028609 24288 leader_election.cc:304] T 072781c592984c6a9a6f3d8790809bd1 P f39804e3bc0e439286a172ab4c75e032 [CANDIDATE]: Term 1 pre-election: Election decided. Result: candidate won. Election summary: received 3 responses out of 3 voters: 2 yes votes; 1 no votes. yes voters: ba007af05f0f4fb3aa79a70a4ed62188, f39804e3bc0e439286a172ab4c75e032; no voters: 89434398bef1483abb7170861c595c08
I20260709 13:10:02.013020 24441 tablet_bootstrap.cc:654] T a14d80b5fd8747d3b44afc1fc32ecffa P ba007af05f0f4fb3aa79a70a4ed62188: Neither blocks nor log segments found. Creating new log.
I20260709 13:10:02.013895 24442 tablet_bootstrap.cc:492] T 57caa52201cc4aaba1de74ac8393a6a6 P 89434398bef1483abb7170861c595c08: No bootstrap required, opened a new log
I20260709 13:10:02.030325 24442 ts_tablet_manager.cc:1403] T 57caa52201cc4aaba1de74ac8393a6a6 P 89434398bef1483abb7170861c595c08: Time spent bootstrapping tablet: real 0.089s	user 0.016s	sys 0.025s
I20260709 13:10:02.029475 24449 raft_consensus.cc:2804] T 072781c592984c6a9a6f3d8790809bd1 P f39804e3bc0e439286a172ab4c75e032 [term 0 FOLLOWER]: Leader pre-election won for term 1
I20260709 13:10:02.034016 24449 raft_consensus.cc:493] T 072781c592984c6a9a6f3d8790809bd1 P f39804e3bc0e439286a172ab4c75e032 [term 0 FOLLOWER]: Starting leader election (no leader contacted us within the election timeout)
I20260709 13:10:02.034494 24449 raft_consensus.cc:3060] T 072781c592984c6a9a6f3d8790809bd1 P f39804e3bc0e439286a172ab4c75e032 [term 0 FOLLOWER]: Advancing to term 1
I20260709 13:10:02.038228 24442 raft_consensus.cc:359] T 57caa52201cc4aaba1de74ac8393a6a6 P 89434398bef1483abb7170861c595c08 [term 0 FOLLOWER]: Replica starting. Triggering 0 pending ops. Active config: opid_index: -1 OBSOLETE_local: false peers { permanent_uuid: "89434398bef1483abb7170861c595c08" member_type: VOTER last_known_addr { host: "127.23.140.65" port: 42583 } } peers { permanent_uuid: "f39804e3bc0e439286a172ab4c75e032" member_type: VOTER last_known_addr { host: "127.23.140.66" port: 37967 } } peers { permanent_uuid: "ba007af05f0f4fb3aa79a70a4ed62188" member_type: VOTER last_known_addr { host: "127.23.140.67" port: 39155 } }
I20260709 13:10:02.039222 24442 raft_consensus.cc:385] T 57caa52201cc4aaba1de74ac8393a6a6 P 89434398bef1483abb7170861c595c08 [term 0 FOLLOWER]: Consensus starting up: Expiring failure detector timer to make a prompt election more likely
I20260709 13:10:02.039593 24442 raft_consensus.cc:740] T 57caa52201cc4aaba1de74ac8393a6a6 P 89434398bef1483abb7170861c595c08 [term 0 FOLLOWER]: Becoming Follower/Learner. State: Replica: 89434398bef1483abb7170861c595c08, State: Initialized, Role: FOLLOWER
I20260709 13:10:02.040560 24442 consensus_queue.cc:260] T 57caa52201cc4aaba1de74ac8393a6a6 P 89434398bef1483abb7170861c595c08 [NON_LEADER]: Queue going to NON_LEADER mode. State: All replicated index: 0, Majority replicated index: 0, Committed index: 0, Last appended: 0.0, Last appended by leader: 0, Current term: 0, Majority size: -1, State: 0, Mode: NON_LEADER, active raft config: opid_index: -1 OBSOLETE_local: false peers { permanent_uuid: "89434398bef1483abb7170861c595c08" member_type: VOTER last_known_addr { host: "127.23.140.65" port: 42583 } } peers { permanent_uuid: "f39804e3bc0e439286a172ab4c75e032" member_type: VOTER last_known_addr { host: "127.23.140.66" port: 37967 } } peers { permanent_uuid: "ba007af05f0f4fb3aa79a70a4ed62188" member_type: VOTER last_known_addr { host: "127.23.140.67" port: 39155 } }
I20260709 13:10:02.045315 24442 ts_tablet_manager.cc:1434] T 57caa52201cc4aaba1de74ac8393a6a6 P 89434398bef1483abb7170861c595c08: Time spent starting tablet: real 0.015s	user 0.008s	sys 0.000s
I20260709 13:10:02.046577 24442 tablet_bootstrap.cc:492] T 2824545a6ec14281b292a9a80984e5d7 P 89434398bef1483abb7170861c595c08: Bootstrap starting.
I20260709 13:10:02.052557 24449 raft_consensus.cc:515] T 072781c592984c6a9a6f3d8790809bd1 P f39804e3bc0e439286a172ab4c75e032 [term 1 FOLLOWER]: Starting leader election with config: opid_index: -1 OBSOLETE_local: false peers { permanent_uuid: "89434398bef1483abb7170861c595c08" member_type: VOTER last_known_addr { host: "127.23.140.65" port: 42583 } } peers { permanent_uuid: "f39804e3bc0e439286a172ab4c75e032" member_type: VOTER last_known_addr { host: "127.23.140.66" port: 37967 } } peers { permanent_uuid: "ba007af05f0f4fb3aa79a70a4ed62188" member_type: VOTER last_known_addr { host: "127.23.140.67" port: 39155 } }
I20260709 13:10:02.056392 24442 tablet_bootstrap.cc:654] T 2824545a6ec14281b292a9a80984e5d7 P 89434398bef1483abb7170861c595c08: Neither blocks nor log segments found. Creating new log.
I20260709 13:10:02.056712 24248 tablet_service.cc:1917] Received RequestConsensusVote() RPC: tablet_id: "072781c592984c6a9a6f3d8790809bd1" candidate_uuid: "f39804e3bc0e439286a172ab4c75e032" candidate_term: 1 candidate_status { last_received { term: 0 index: 0 } } ignore_live_leader: false dest_uuid: "89434398bef1483abb7170861c595c08"
I20260709 13:10:02.054414 24440 tablet_bootstrap.cc:654] T 2824545a6ec14281b292a9a80984e5d7 P f39804e3bc0e439286a172ab4c75e032: Neither blocks nor log segments found. Creating new log.
W20260709 13:10:02.058048 24286 leader_election.cc:343] T 072781c592984c6a9a6f3d8790809bd1 P f39804e3bc0e439286a172ab4c75e032 [CANDIDATE]: Term 1 election: Tablet error from VoteRequest() call to peer 89434398bef1483abb7170861c595c08 (127.23.140.65:42583): Illegal state: must be running to vote when last-logged opid is not known
I20260709 13:10:02.062139 24396 tablet_service.cc:1917] Received RequestConsensusVote() RPC: tablet_id: "072781c592984c6a9a6f3d8790809bd1" candidate_uuid: "f39804e3bc0e439286a172ab4c75e032" candidate_term: 1 candidate_status { last_received { term: 0 index: 0 } } ignore_live_leader: false dest_uuid: "ba007af05f0f4fb3aa79a70a4ed62188"
I20260709 13:10:02.062677 24396 raft_consensus.cc:3060] T 072781c592984c6a9a6f3d8790809bd1 P ba007af05f0f4fb3aa79a70a4ed62188 [term 0 FOLLOWER]: Advancing to term 1
I20260709 13:10:02.063576 24441 tablet_bootstrap.cc:492] T a14d80b5fd8747d3b44afc1fc32ecffa P ba007af05f0f4fb3aa79a70a4ed62188: No bootstrap required, opened a new log
I20260709 13:10:02.064071 24441 ts_tablet_manager.cc:1403] T a14d80b5fd8747d3b44afc1fc32ecffa P ba007af05f0f4fb3aa79a70a4ed62188: Time spent bootstrapping tablet: real 0.069s	user 0.010s	sys 0.003s
I20260709 13:10:02.067843 24441 raft_consensus.cc:359] T a14d80b5fd8747d3b44afc1fc32ecffa P ba007af05f0f4fb3aa79a70a4ed62188 [term 0 FOLLOWER]: Replica starting. Triggering 0 pending ops. Active config: opid_index: -1 OBSOLETE_local: false peers { permanent_uuid: "89434398bef1483abb7170861c595c08" member_type: VOTER last_known_addr { host: "127.23.140.65" port: 42583 } } peers { permanent_uuid: "f39804e3bc0e439286a172ab4c75e032" member_type: VOTER last_known_addr { host: "127.23.140.66" port: 37967 } } peers { permanent_uuid: "ba007af05f0f4fb3aa79a70a4ed62188" member_type: VOTER last_known_addr { host: "127.23.140.67" port: 39155 } }
I20260709 13:10:02.068728 24441 raft_consensus.cc:385] T a14d80b5fd8747d3b44afc1fc32ecffa P ba007af05f0f4fb3aa79a70a4ed62188 [term 0 FOLLOWER]: Consensus starting up: Expiring failure detector timer to make a prompt election more likely
I20260709 13:10:02.069078 24441 raft_consensus.cc:740] T a14d80b5fd8747d3b44afc1fc32ecffa P ba007af05f0f4fb3aa79a70a4ed62188 [term 0 FOLLOWER]: Becoming Follower/Learner. State: Replica: ba007af05f0f4fb3aa79a70a4ed62188, State: Initialized, Role: FOLLOWER
I20260709 13:10:02.070066 24396 raft_consensus.cc:2468] T 072781c592984c6a9a6f3d8790809bd1 P ba007af05f0f4fb3aa79a70a4ed62188 [term 1 FOLLOWER]: Leader election vote request: Granting yes vote for candidate f39804e3bc0e439286a172ab4c75e032 in term 1.
I20260709 13:10:02.071437 24288 leader_election.cc:304] T 072781c592984c6a9a6f3d8790809bd1 P f39804e3bc0e439286a172ab4c75e032 [CANDIDATE]: Term 1 election: Election decided. Result: candidate won. Election summary: received 3 responses out of 3 voters: 2 yes votes; 1 no votes. yes voters: ba007af05f0f4fb3aa79a70a4ed62188, f39804e3bc0e439286a172ab4c75e032; no voters: 89434398bef1483abb7170861c595c08
I20260709 13:10:02.072600 24442 tablet_bootstrap.cc:492] T 2824545a6ec14281b292a9a80984e5d7 P 89434398bef1483abb7170861c595c08: No bootstrap required, opened a new log
I20260709 13:10:02.073181 24442 ts_tablet_manager.cc:1403] T 2824545a6ec14281b292a9a80984e5d7 P 89434398bef1483abb7170861c595c08: Time spent bootstrapping tablet: real 0.027s	user 0.014s	sys 0.000s
I20260709 13:10:02.074550 24449 leader_election.cc:290] T 072781c592984c6a9a6f3d8790809bd1 P f39804e3bc0e439286a172ab4c75e032 [CANDIDATE]: Term 1 election: Requested vote from peers 89434398bef1483abb7170861c595c08 (127.23.140.65:42583), ba007af05f0f4fb3aa79a70a4ed62188 (127.23.140.67:39155)
I20260709 13:10:02.070358 24441 consensus_queue.cc:260] T a14d80b5fd8747d3b44afc1fc32ecffa P ba007af05f0f4fb3aa79a70a4ed62188 [NON_LEADER]: Queue going to NON_LEADER mode. State: All replicated index: 0, Majority replicated index: 0, Committed index: 0, Last appended: 0.0, Last appended by leader: 0, Current term: 0, Majority size: -1, State: 0, Mode: NON_LEADER, active raft config: opid_index: -1 OBSOLETE_local: false peers { permanent_uuid: "89434398bef1483abb7170861c595c08" member_type: VOTER last_known_addr { host: "127.23.140.65" port: 42583 } } peers { permanent_uuid: "f39804e3bc0e439286a172ab4c75e032" member_type: VOTER last_known_addr { host: "127.23.140.66" port: 37967 } } peers { permanent_uuid: "ba007af05f0f4fb3aa79a70a4ed62188" member_type: VOTER last_known_addr { host: "127.23.140.67" port: 39155 } }
I20260709 13:10:02.076929 24442 raft_consensus.cc:359] T 2824545a6ec14281b292a9a80984e5d7 P 89434398bef1483abb7170861c595c08 [term 0 FOLLOWER]: Replica starting. Triggering 0 pending ops. Active config: opid_index: -1 OBSOLETE_local: false peers { permanent_uuid: "89434398bef1483abb7170861c595c08" member_type: VOTER last_known_addr { host: "127.23.140.65" port: 42583 } } peers { permanent_uuid: "f39804e3bc0e439286a172ab4c75e032" member_type: VOTER last_known_addr { host: "127.23.140.66" port: 37967 } } peers { permanent_uuid: "ba007af05f0f4fb3aa79a70a4ed62188" member_type: VOTER last_known_addr { host: "127.23.140.67" port: 39155 } }
I20260709 13:10:02.077914 24441 ts_tablet_manager.cc:1434] T a14d80b5fd8747d3b44afc1fc32ecffa P ba007af05f0f4fb3aa79a70a4ed62188: Time spent starting tablet: real 0.013s	user 0.010s	sys 0.001s
I20260709 13:10:02.078063 24442 raft_consensus.cc:385] T 2824545a6ec14281b292a9a80984e5d7 P 89434398bef1483abb7170861c595c08 [term 0 FOLLOWER]: Consensus starting up: Expiring failure detector timer to make a prompt election more likely
I20260709 13:10:02.078483 24442 raft_consensus.cc:740] T 2824545a6ec14281b292a9a80984e5d7 P 89434398bef1483abb7170861c595c08 [term 0 FOLLOWER]: Becoming Follower/Learner. State: Replica: 89434398bef1483abb7170861c595c08, State: Initialized, Role: FOLLOWER
I20260709 13:10:02.075750 24481 raft_consensus.cc:2804] T 072781c592984c6a9a6f3d8790809bd1 P f39804e3bc0e439286a172ab4c75e032 [term 1 FOLLOWER]: Leader election won for term 1
I20260709 13:10:02.078948 24441 tablet_bootstrap.cc:492] T 5eb056e46f2d4ddbb45fdb665a6b3eaa P ba007af05f0f4fb3aa79a70a4ed62188: Bootstrap starting.
I20260709 13:10:02.079396 24481 raft_consensus.cc:697] T 072781c592984c6a9a6f3d8790809bd1 P f39804e3bc0e439286a172ab4c75e032 [term 1 LEADER]: Becoming Leader. State: Replica: f39804e3bc0e439286a172ab4c75e032, State: Running, Role: LEADER
I20260709 13:10:02.080296 24440 tablet_bootstrap.cc:492] T 2824545a6ec14281b292a9a80984e5d7 P f39804e3bc0e439286a172ab4c75e032: No bootstrap required, opened a new log
I20260709 13:10:02.082185 24440 ts_tablet_manager.cc:1403] T 2824545a6ec14281b292a9a80984e5d7 P f39804e3bc0e439286a172ab4c75e032: Time spent bootstrapping tablet: real 0.072s	user 0.007s	sys 0.007s
I20260709 13:10:02.079640 24442 consensus_queue.cc:260] T 2824545a6ec14281b292a9a80984e5d7 P 89434398bef1483abb7170861c595c08 [NON_LEADER]: Queue going to NON_LEADER mode. State: All replicated index: 0, Majority replicated index: 0, Committed index: 0, Last appended: 0.0, Last appended by leader: 0, Current term: 0, Majority size: -1, State: 0, Mode: NON_LEADER, active raft config: opid_index: -1 OBSOLETE_local: false peers { permanent_uuid: "89434398bef1483abb7170861c595c08" member_type: VOTER last_known_addr { host: "127.23.140.65" port: 42583 } } peers { permanent_uuid: "f39804e3bc0e439286a172ab4c75e032" member_type: VOTER last_known_addr { host: "127.23.140.66" port: 37967 } } peers { permanent_uuid: "ba007af05f0f4fb3aa79a70a4ed62188" member_type: VOTER last_known_addr { host: "127.23.140.67" port: 39155 } }
I20260709 13:10:02.082535 24481 consensus_queue.cc:237] T 072781c592984c6a9a6f3d8790809bd1 P f39804e3bc0e439286a172ab4c75e032 [LEADER]: Queue going to LEADER mode. State: All replicated index: 0, Majority replicated index: 0, Committed index: 0, Last appended: 0.0, Last appended by leader: 0, Current term: 1, Majority size: 2, State: 0, Mode: LEADER, active raft config: opid_index: -1 OBSOLETE_local: false peers { permanent_uuid: "89434398bef1483abb7170861c595c08" member_type: VOTER last_known_addr { host: "127.23.140.65" port: 42583 } } peers { permanent_uuid: "f39804e3bc0e439286a172ab4c75e032" member_type: VOTER last_known_addr { host: "127.23.140.66" port: 37967 } } peers { permanent_uuid: "ba007af05f0f4fb3aa79a70a4ed62188" member_type: VOTER last_known_addr { host: "127.23.140.67" port: 39155 } }
I20260709 13:10:02.085009 24442 ts_tablet_manager.cc:1434] T 2824545a6ec14281b292a9a80984e5d7 P 89434398bef1483abb7170861c595c08: Time spent starting tablet: real 0.012s	user 0.005s	sys 0.004s
I20260709 13:10:02.093297 24441 tablet_bootstrap.cc:654] T 5eb056e46f2d4ddbb45fdb665a6b3eaa P ba007af05f0f4fb3aa79a70a4ed62188: Neither blocks nor log segments found. Creating new log.
I20260709 13:10:02.093717 24442 tablet_bootstrap.cc:492] T d3529531034c4da8ace2a1b8bcc7c934 P 89434398bef1483abb7170861c595c08: Bootstrap starting.
I20260709 13:10:02.098233 24440 raft_consensus.cc:359] T 2824545a6ec14281b292a9a80984e5d7 P f39804e3bc0e439286a172ab4c75e032 [term 0 FOLLOWER]: Replica starting. Triggering 0 pending ops. Active config: opid_index: -1 OBSOLETE_local: false peers { permanent_uuid: "89434398bef1483abb7170861c595c08" member_type: VOTER last_known_addr { host: "127.23.140.65" port: 42583 } } peers { permanent_uuid: "f39804e3bc0e439286a172ab4c75e032" member_type: VOTER last_known_addr { host: "127.23.140.66" port: 37967 } } peers { permanent_uuid: "ba007af05f0f4fb3aa79a70a4ed62188" member_type: VOTER last_known_addr { host: "127.23.140.67" port: 39155 } }
I20260709 13:10:02.098891 24440 raft_consensus.cc:385] T 2824545a6ec14281b292a9a80984e5d7 P f39804e3bc0e439286a172ab4c75e032 [term 0 FOLLOWER]: Consensus starting up: Expiring failure detector timer to make a prompt election more likely
I20260709 13:10:02.099129 24440 raft_consensus.cc:740] T 2824545a6ec14281b292a9a80984e5d7 P f39804e3bc0e439286a172ab4c75e032 [term 0 FOLLOWER]: Becoming Follower/Learner. State: Replica: f39804e3bc0e439286a172ab4c75e032, State: Initialized, Role: FOLLOWER
I20260709 13:10:02.099741 24440 consensus_queue.cc:260] T 2824545a6ec14281b292a9a80984e5d7 P f39804e3bc0e439286a172ab4c75e032 [NON_LEADER]: Queue going to NON_LEADER mode. State: All replicated index: 0, Majority replicated index: 0, Committed index: 0, Last appended: 0.0, Last appended by leader: 0, Current term: 0, Majority size: -1, State: 0, Mode: NON_LEADER, active raft config: opid_index: -1 OBSOLETE_local: false peers { permanent_uuid: "89434398bef1483abb7170861c595c08" member_type: VOTER last_known_addr { host: "127.23.140.65" port: 42583 } } peers { permanent_uuid: "f39804e3bc0e439286a172ab4c75e032" member_type: VOTER last_known_addr { host: "127.23.140.66" port: 37967 } } peers { permanent_uuid: "ba007af05f0f4fb3aa79a70a4ed62188" member_type: VOTER last_known_addr { host: "127.23.140.67" port: 39155 } }
I20260709 13:10:02.101572 24440 ts_tablet_manager.cc:1434] T 2824545a6ec14281b292a9a80984e5d7 P f39804e3bc0e439286a172ab4c75e032: Time spent starting tablet: real 0.019s	user 0.000s	sys 0.003s
I20260709 13:10:02.109290 24440 tablet_bootstrap.cc:492] T fdb7ba4cacaf498d83b351d63a57aa7b P f39804e3bc0e439286a172ab4c75e032: Bootstrap starting.
I20260709 13:10:02.116400 24442 tablet_bootstrap.cc:654] T d3529531034c4da8ace2a1b8bcc7c934 P 89434398bef1483abb7170861c595c08: Neither blocks nor log segments found. Creating new log.
I20260709 13:10:02.116683 24441 tablet_bootstrap.cc:492] T 5eb056e46f2d4ddbb45fdb665a6b3eaa P ba007af05f0f4fb3aa79a70a4ed62188: No bootstrap required, opened a new log
I20260709 13:10:02.117157 24441 ts_tablet_manager.cc:1403] T 5eb056e46f2d4ddbb45fdb665a6b3eaa P ba007af05f0f4fb3aa79a70a4ed62188: Time spent bootstrapping tablet: real 0.038s	user 0.007s	sys 0.003s
I20260709 13:10:02.120230 24441 raft_consensus.cc:359] T 5eb056e46f2d4ddbb45fdb665a6b3eaa P ba007af05f0f4fb3aa79a70a4ed62188 [term 0 FOLLOWER]: Replica starting. Triggering 0 pending ops. Active config: opid_index: -1 OBSOLETE_local: false peers { permanent_uuid: "89434398bef1483abb7170861c595c08" member_type: VOTER last_known_addr { host: "127.23.140.65" port: 42583 } } peers { permanent_uuid: "f39804e3bc0e439286a172ab4c75e032" member_type: VOTER last_known_addr { host: "127.23.140.66" port: 37967 } } peers { permanent_uuid: "ba007af05f0f4fb3aa79a70a4ed62188" member_type: VOTER last_known_addr { host: "127.23.140.67" port: 39155 } }
I20260709 13:10:02.120958 24441 raft_consensus.cc:385] T 5eb056e46f2d4ddbb45fdb665a6b3eaa P ba007af05f0f4fb3aa79a70a4ed62188 [term 0 FOLLOWER]: Consensus starting up: Expiring failure detector timer to make a prompt election more likely
I20260709 13:10:02.121261 24441 raft_consensus.cc:740] T 5eb056e46f2d4ddbb45fdb665a6b3eaa P ba007af05f0f4fb3aa79a70a4ed62188 [term 0 FOLLOWER]: Becoming Follower/Learner. State: Replica: ba007af05f0f4fb3aa79a70a4ed62188, State: Initialized, Role: FOLLOWER
I20260709 13:10:02.122094 24441 consensus_queue.cc:260] T 5eb056e46f2d4ddbb45fdb665a6b3eaa P ba007af05f0f4fb3aa79a70a4ed62188 [NON_LEADER]: Queue going to NON_LEADER mode. State: All replicated index: 0, Majority replicated index: 0, Committed index: 0, Last appended: 0.0, Last appended by leader: 0, Current term: 0, Majority size: -1, State: 0, Mode: NON_LEADER, active raft config: opid_index: -1 OBSOLETE_local: false peers { permanent_uuid: "89434398bef1483abb7170861c595c08" member_type: VOTER last_known_addr { host: "127.23.140.65" port: 42583 } } peers { permanent_uuid: "f39804e3bc0e439286a172ab4c75e032" member_type: VOTER last_known_addr { host: "127.23.140.66" port: 37967 } } peers { permanent_uuid: "ba007af05f0f4fb3aa79a70a4ed62188" member_type: VOTER last_known_addr { host: "127.23.140.67" port: 39155 } }
I20260709 13:10:02.124670 24441 ts_tablet_manager.cc:1434] T 5eb056e46f2d4ddbb45fdb665a6b3eaa P ba007af05f0f4fb3aa79a70a4ed62188: Time spent starting tablet: real 0.007s	user 0.000s	sys 0.008s
I20260709 13:10:02.125943 24441 tablet_bootstrap.cc:492] T 2824545a6ec14281b292a9a80984e5d7 P ba007af05f0f4fb3aa79a70a4ed62188: Bootstrap starting.
I20260709 13:10:02.124740 24440 tablet_bootstrap.cc:654] T fdb7ba4cacaf498d83b351d63a57aa7b P f39804e3bc0e439286a172ab4c75e032: Neither blocks nor log segments found. Creating new log.
I20260709 13:10:02.138366 24442 tablet_bootstrap.cc:492] T d3529531034c4da8ace2a1b8bcc7c934 P 89434398bef1483abb7170861c595c08: No bootstrap required, opened a new log
I20260709 13:10:02.140512 24442 ts_tablet_manager.cc:1403] T d3529531034c4da8ace2a1b8bcc7c934 P 89434398bef1483abb7170861c595c08: Time spent bootstrapping tablet: real 0.047s	user 0.012s	sys 0.002s
I20260709 13:10:02.142431 24440 tablet_bootstrap.cc:492] T fdb7ba4cacaf498d83b351d63a57aa7b P f39804e3bc0e439286a172ab4c75e032: No bootstrap required, opened a new log
I20260709 13:10:02.142899 24440 ts_tablet_manager.cc:1403] T fdb7ba4cacaf498d83b351d63a57aa7b P f39804e3bc0e439286a172ab4c75e032: Time spent bootstrapping tablet: real 0.034s	user 0.007s	sys 0.005s
I20260709 13:10:02.143726 24442 raft_consensus.cc:359] T d3529531034c4da8ace2a1b8bcc7c934 P 89434398bef1483abb7170861c595c08 [term 0 FOLLOWER]: Replica starting. Triggering 0 pending ops. Active config: opid_index: -1 OBSOLETE_local: false peers { permanent_uuid: "89434398bef1483abb7170861c595c08" member_type: VOTER last_known_addr { host: "127.23.140.65" port: 42583 } } peers { permanent_uuid: "f39804e3bc0e439286a172ab4c75e032" member_type: VOTER last_known_addr { host: "127.23.140.66" port: 37967 } } peers { permanent_uuid: "ba007af05f0f4fb3aa79a70a4ed62188" member_type: VOTER last_known_addr { host: "127.23.140.67" port: 39155 } }
I20260709 13:10:02.144464 24442 raft_consensus.cc:385] T d3529531034c4da8ace2a1b8bcc7c934 P 89434398bef1483abb7170861c595c08 [term 0 FOLLOWER]: Consensus starting up: Expiring failure detector timer to make a prompt election more likely
I20260709 13:10:02.144752 24442 raft_consensus.cc:740] T d3529531034c4da8ace2a1b8bcc7c934 P 89434398bef1483abb7170861c595c08 [term 0 FOLLOWER]: Becoming Follower/Learner. State: Replica: 89434398bef1483abb7170861c595c08, State: Initialized, Role: FOLLOWER
I20260709 13:10:02.145013 24440 raft_consensus.cc:359] T fdb7ba4cacaf498d83b351d63a57aa7b P f39804e3bc0e439286a172ab4c75e032 [term 0 FOLLOWER]: Replica starting. Triggering 0 pending ops. Active config: opid_index: -1 OBSOLETE_local: false peers { permanent_uuid: "ba007af05f0f4fb3aa79a70a4ed62188" member_type: VOTER last_known_addr { host: "127.23.140.67" port: 39155 } } peers { permanent_uuid: "f39804e3bc0e439286a172ab4c75e032" member_type: VOTER last_known_addr { host: "127.23.140.66" port: 37967 } } peers { permanent_uuid: "89434398bef1483abb7170861c595c08" member_type: VOTER last_known_addr { host: "127.23.140.65" port: 42583 } }
I20260709 13:10:02.145474 24442 consensus_queue.cc:260] T d3529531034c4da8ace2a1b8bcc7c934 P 89434398bef1483abb7170861c595c08 [NON_LEADER]: Queue going to NON_LEADER mode. State: All replicated index: 0, Majority replicated index: 0, Committed index: 0, Last appended: 0.0, Last appended by leader: 0, Current term: 0, Majority size: -1, State: 0, Mode: NON_LEADER, active raft config: opid_index: -1 OBSOLETE_local: false peers { permanent_uuid: "89434398bef1483abb7170861c595c08" member_type: VOTER last_known_addr { host: "127.23.140.65" port: 42583 } } peers { permanent_uuid: "f39804e3bc0e439286a172ab4c75e032" member_type: VOTER last_known_addr { host: "127.23.140.66" port: 37967 } } peers { permanent_uuid: "ba007af05f0f4fb3aa79a70a4ed62188" member_type: VOTER last_known_addr { host: "127.23.140.67" port: 39155 } }
I20260709 13:10:02.145756 24440 raft_consensus.cc:385] T fdb7ba4cacaf498d83b351d63a57aa7b P f39804e3bc0e439286a172ab4c75e032 [term 0 FOLLOWER]: Consensus starting up: Expiring failure detector timer to make a prompt election more likely
I20260709 13:10:02.152917 24440 raft_consensus.cc:740] T fdb7ba4cacaf498d83b351d63a57aa7b P f39804e3bc0e439286a172ab4c75e032 [term 0 FOLLOWER]: Becoming Follower/Learner. State: Replica: f39804e3bc0e439286a172ab4c75e032, State: Initialized, Role: FOLLOWER
I20260709 13:10:02.146296 24441 tablet_bootstrap.cc:654] T 2824545a6ec14281b292a9a80984e5d7 P ba007af05f0f4fb3aa79a70a4ed62188: Neither blocks nor log segments found. Creating new log.
I20260709 13:10:02.153564 24440 consensus_queue.cc:260] T fdb7ba4cacaf498d83b351d63a57aa7b P f39804e3bc0e439286a172ab4c75e032 [NON_LEADER]: Queue going to NON_LEADER mode. State: All replicated index: 0, Majority replicated index: 0, Committed index: 0, Last appended: 0.0, Last appended by leader: 0, Current term: 0, Majority size: -1, State: 0, Mode: NON_LEADER, active raft config: opid_index: -1 OBSOLETE_local: false peers { permanent_uuid: "ba007af05f0f4fb3aa79a70a4ed62188" member_type: VOTER last_known_addr { host: "127.23.140.67" port: 39155 } } peers { permanent_uuid: "f39804e3bc0e439286a172ab4c75e032" member_type: VOTER last_known_addr { host: "127.23.140.66" port: 37967 } } peers { permanent_uuid: "89434398bef1483abb7170861c595c08" member_type: VOTER last_known_addr { host: "127.23.140.65" port: 42583 } }
I20260709 13:10:02.155754 24440 ts_tablet_manager.cc:1434] T fdb7ba4cacaf498d83b351d63a57aa7b P f39804e3bc0e439286a172ab4c75e032: Time spent starting tablet: real 0.013s	user 0.005s	sys 0.000s
I20260709 13:10:02.156661 24440 tablet_bootstrap.cc:492] T a14d80b5fd8747d3b44afc1fc32ecffa P f39804e3bc0e439286a172ab4c75e032: Bootstrap starting.
I20260709 13:10:02.149415 24442 ts_tablet_manager.cc:1434] T d3529531034c4da8ace2a1b8bcc7c934 P 89434398bef1483abb7170861c595c08: Time spent starting tablet: real 0.009s	user 0.002s	sys 0.005s
I20260709 13:10:02.158687 24442 tablet_bootstrap.cc:492] T 072781c592984c6a9a6f3d8790809bd1 P 89434398bef1483abb7170861c595c08: Bootstrap starting.
I20260709 13:10:02.152117 24144 catalog_manager.cc:5697] T c4607544e6a241349a1a35df8aaca446 P ba007af05f0f4fb3aa79a70a4ed62188 reported cstate change: term changed from 0 to 1, leader changed from <none> to ba007af05f0f4fb3aa79a70a4ed62188 (127.23.140.67). New cstate: current_term: 1 leader_uuid: "ba007af05f0f4fb3aa79a70a4ed62188" committed_config { opid_index: -1 OBSOLETE_local: false peers { permanent_uuid: "89434398bef1483abb7170861c595c08" member_type: VOTER last_known_addr { host: "127.23.140.65" port: 42583 } health_report { overall_health: UNKNOWN } } peers { permanent_uuid: "f39804e3bc0e439286a172ab4c75e032" member_type: VOTER last_known_addr { host: "127.23.140.66" port: 37967 } health_report { overall_health: UNKNOWN } } peers { permanent_uuid: "ba007af05f0f4fb3aa79a70a4ed62188" member_type: VOTER last_known_addr { host: "127.23.140.67" port: 39155 } health_report { overall_health: HEALTHY } } }
I20260709 13:10:02.160377 24144 catalog_manager.cc:5697] T a2b8f465407049c093b74b89e0cc8fc3 P ba007af05f0f4fb3aa79a70a4ed62188 reported cstate change: term changed from 0 to 1, leader changed from <none> to ba007af05f0f4fb3aa79a70a4ed62188 (127.23.140.67). New cstate: current_term: 1 leader_uuid: "ba007af05f0f4fb3aa79a70a4ed62188" committed_config { opid_index: -1 OBSOLETE_local: false peers { permanent_uuid: "89434398bef1483abb7170861c595c08" member_type: VOTER last_known_addr { host: "127.23.140.65" port: 42583 } health_report { overall_health: UNKNOWN } } peers { permanent_uuid: "f39804e3bc0e439286a172ab4c75e032" member_type: VOTER last_known_addr { host: "127.23.140.66" port: 37967 } health_report { overall_health: UNKNOWN } } peers { permanent_uuid: "ba007af05f0f4fb3aa79a70a4ed62188" member_type: VOTER last_known_addr { host: "127.23.140.67" port: 39155 } health_report { overall_health: HEALTHY } } }
I20260709 13:10:02.166214 24470 raft_consensus.cc:493] T 2824545a6ec14281b292a9a80984e5d7 P 89434398bef1483abb7170861c595c08 [term 0 FOLLOWER]: Starting pre-election (no leader contacted us within the election timeout)
I20260709 13:10:02.166735 24470 raft_consensus.cc:515] T 2824545a6ec14281b292a9a80984e5d7 P 89434398bef1483abb7170861c595c08 [term 0 FOLLOWER]: Starting pre-election with config: opid_index: -1 OBSOLETE_local: false peers { permanent_uuid: "89434398bef1483abb7170861c595c08" member_type: VOTER last_known_addr { host: "127.23.140.65" port: 42583 } } peers { permanent_uuid: "f39804e3bc0e439286a172ab4c75e032" member_type: VOTER last_known_addr { host: "127.23.140.66" port: 37967 } } peers { permanent_uuid: "ba007af05f0f4fb3aa79a70a4ed62188" member_type: VOTER last_known_addr { host: "127.23.140.67" port: 39155 } }
I20260709 13:10:02.168486 24441 tablet_bootstrap.cc:492] T 2824545a6ec14281b292a9a80984e5d7 P ba007af05f0f4fb3aa79a70a4ed62188: No bootstrap required, opened a new log
I20260709 13:10:02.168879 24470 leader_election.cc:290] T 2824545a6ec14281b292a9a80984e5d7 P 89434398bef1483abb7170861c595c08 [CANDIDATE]: Term 1 pre-election: Requested pre-vote from peers f39804e3bc0e439286a172ab4c75e032 (127.23.140.66:37967), ba007af05f0f4fb3aa79a70a4ed62188 (127.23.140.67:39155)
I20260709 13:10:02.170238 24396 tablet_service.cc:1917] Received RequestConsensusVote() RPC: tablet_id: "2824545a6ec14281b292a9a80984e5d7" candidate_uuid: "89434398bef1483abb7170861c595c08" candidate_term: 1 candidate_status { last_received { term: 0 index: 0 } } ignore_live_leader: false dest_uuid: "ba007af05f0f4fb3aa79a70a4ed62188" is_pre_election: true
I20260709 13:10:02.170589 24322 tablet_service.cc:1917] Received RequestConsensusVote() RPC: tablet_id: "2824545a6ec14281b292a9a80984e5d7" candidate_uuid: "89434398bef1483abb7170861c595c08" candidate_term: 1 candidate_status { last_received { term: 0 index: 0 } } ignore_live_leader: false dest_uuid: "f39804e3bc0e439286a172ab4c75e032" is_pre_election: true
I20260709 13:10:02.171175 24442 tablet_bootstrap.cc:654] T 072781c592984c6a9a6f3d8790809bd1 P 89434398bef1483abb7170861c595c08: Neither blocks nor log segments found. Creating new log.
W20260709 13:10:02.171783 24213 leader_election.cc:343] T 2824545a6ec14281b292a9a80984e5d7 P 89434398bef1483abb7170861c595c08 [CANDIDATE]: Term 1 pre-election: Tablet error from VoteRequest() call to peer ba007af05f0f4fb3aa79a70a4ed62188 (127.23.140.67:39155): Illegal state: must be running to vote when last-logged opid is not known
I20260709 13:10:02.172472 24441 ts_tablet_manager.cc:1403] T 2824545a6ec14281b292a9a80984e5d7 P ba007af05f0f4fb3aa79a70a4ed62188: Time spent bootstrapping tablet: real 0.047s	user 0.003s	sys 0.019s
I20260709 13:10:02.171168 24322 raft_consensus.cc:2468] T 2824545a6ec14281b292a9a80984e5d7 P f39804e3bc0e439286a172ab4c75e032 [term 0 FOLLOWER]: Leader pre-election vote request: Granting yes vote for candidate 89434398bef1483abb7170861c595c08 in term 0.
I20260709 13:10:02.174235 24214 leader_election.cc:304] T 2824545a6ec14281b292a9a80984e5d7 P 89434398bef1483abb7170861c595c08 [CANDIDATE]: Term 1 pre-election: Election decided. Result: candidate won. Election summary: received 3 responses out of 3 voters: 2 yes votes; 1 no votes. yes voters: 89434398bef1483abb7170861c595c08, f39804e3bc0e439286a172ab4c75e032; no voters: ba007af05f0f4fb3aa79a70a4ed62188
I20260709 13:10:02.175323 24470 raft_consensus.cc:2804] T 2824545a6ec14281b292a9a80984e5d7 P 89434398bef1483abb7170861c595c08 [term 0 FOLLOWER]: Leader pre-election won for term 1
I20260709 13:10:02.175684 24470 raft_consensus.cc:493] T 2824545a6ec14281b292a9a80984e5d7 P 89434398bef1483abb7170861c595c08 [term 0 FOLLOWER]: Starting leader election (no leader contacted us within the election timeout)
I20260709 13:10:02.175519 24441 raft_consensus.cc:359] T 2824545a6ec14281b292a9a80984e5d7 P ba007af05f0f4fb3aa79a70a4ed62188 [term 0 FOLLOWER]: Replica starting. Triggering 0 pending ops. Active config: opid_index: -1 OBSOLETE_local: false peers { permanent_uuid: "89434398bef1483abb7170861c595c08" member_type: VOTER last_known_addr { host: "127.23.140.65" port: 42583 } } peers { permanent_uuid: "f39804e3bc0e439286a172ab4c75e032" member_type: VOTER last_known_addr { host: "127.23.140.66" port: 37967 } } peers { permanent_uuid: "ba007af05f0f4fb3aa79a70a4ed62188" member_type: VOTER last_known_addr { host: "127.23.140.67" port: 39155 } }
I20260709 13:10:02.176087 24470 raft_consensus.cc:3060] T 2824545a6ec14281b292a9a80984e5d7 P 89434398bef1483abb7170861c595c08 [term 0 FOLLOWER]: Advancing to term 1
I20260709 13:10:02.176487 24441 raft_consensus.cc:385] T 2824545a6ec14281b292a9a80984e5d7 P ba007af05f0f4fb3aa79a70a4ed62188 [term 0 FOLLOWER]: Consensus starting up: Expiring failure detector timer to make a prompt election more likely
I20260709 13:10:02.175845 24145 catalog_manager.cc:5697] T 072781c592984c6a9a6f3d8790809bd1 P f39804e3bc0e439286a172ab4c75e032 reported cstate change: term changed from 0 to 1, leader changed from <none> to f39804e3bc0e439286a172ab4c75e032 (127.23.140.66). New cstate: current_term: 1 leader_uuid: "f39804e3bc0e439286a172ab4c75e032" committed_config { opid_index: -1 OBSOLETE_local: false peers { permanent_uuid: "89434398bef1483abb7170861c595c08" member_type: VOTER last_known_addr { host: "127.23.140.65" port: 42583 } health_report { overall_health: UNKNOWN } } peers { permanent_uuid: "f39804e3bc0e439286a172ab4c75e032" member_type: VOTER last_known_addr { host: "127.23.140.66" port: 37967 } health_report { overall_health: HEALTHY } } peers { permanent_uuid: "ba007af05f0f4fb3aa79a70a4ed62188" member_type: VOTER last_known_addr { host: "127.23.140.67" port: 39155 } health_report { overall_health: UNKNOWN } } }
I20260709 13:10:02.176828 24441 raft_consensus.cc:740] T 2824545a6ec14281b292a9a80984e5d7 P ba007af05f0f4fb3aa79a70a4ed62188 [term 0 FOLLOWER]: Becoming Follower/Learner. State: Replica: ba007af05f0f4fb3aa79a70a4ed62188, State: Initialized, Role: FOLLOWER
I20260709 13:10:02.177600 24441 consensus_queue.cc:260] T 2824545a6ec14281b292a9a80984e5d7 P ba007af05f0f4fb3aa79a70a4ed62188 [NON_LEADER]: Queue going to NON_LEADER mode. State: All replicated index: 0, Majority replicated index: 0, Committed index: 0, Last appended: 0.0, Last appended by leader: 0, Current term: 0, Majority size: -1, State: 0, Mode: NON_LEADER, active raft config: opid_index: -1 OBSOLETE_local: false peers { permanent_uuid: "89434398bef1483abb7170861c595c08" member_type: VOTER last_known_addr { host: "127.23.140.65" port: 42583 } } peers { permanent_uuid: "f39804e3bc0e439286a172ab4c75e032" member_type: VOTER last_known_addr { host: "127.23.140.66" port: 37967 } } peers { permanent_uuid: "ba007af05f0f4fb3aa79a70a4ed62188" member_type: VOTER last_known_addr { host: "127.23.140.67" port: 39155 } }
I20260709 13:10:02.179618 24441 ts_tablet_manager.cc:1434] T 2824545a6ec14281b292a9a80984e5d7 P ba007af05f0f4fb3aa79a70a4ed62188: Time spent starting tablet: real 0.007s	user 0.005s	sys 0.000s
I20260709 13:10:02.180429 24441 tablet_bootstrap.cc:492] T 57caa52201cc4aaba1de74ac8393a6a6 P ba007af05f0f4fb3aa79a70a4ed62188: Bootstrap starting.
I20260709 13:10:02.183277 24470 raft_consensus.cc:515] T 2824545a6ec14281b292a9a80984e5d7 P 89434398bef1483abb7170861c595c08 [term 1 FOLLOWER]: Starting leader election with config: opid_index: -1 OBSOLETE_local: false peers { permanent_uuid: "89434398bef1483abb7170861c595c08" member_type: VOTER last_known_addr { host: "127.23.140.65" port: 42583 } } peers { permanent_uuid: "f39804e3bc0e439286a172ab4c75e032" member_type: VOTER last_known_addr { host: "127.23.140.66" port: 37967 } } peers { permanent_uuid: "ba007af05f0f4fb3aa79a70a4ed62188" member_type: VOTER last_known_addr { host: "127.23.140.67" port: 39155 } }
I20260709 13:10:02.185915 24441 tablet_bootstrap.cc:654] T 57caa52201cc4aaba1de74ac8393a6a6 P ba007af05f0f4fb3aa79a70a4ed62188: Neither blocks nor log segments found. Creating new log.
I20260709 13:10:02.185930 24322 tablet_service.cc:1917] Received RequestConsensusVote() RPC: tablet_id: "2824545a6ec14281b292a9a80984e5d7" candidate_uuid: "89434398bef1483abb7170861c595c08" candidate_term: 1 candidate_status { last_received { term: 0 index: 0 } } ignore_live_leader: false dest_uuid: "f39804e3bc0e439286a172ab4c75e032"
I20260709 13:10:02.186501 24470 leader_election.cc:290] T 2824545a6ec14281b292a9a80984e5d7 P 89434398bef1483abb7170861c595c08 [CANDIDATE]: Term 1 election: Requested vote from peers f39804e3bc0e439286a172ab4c75e032 (127.23.140.66:37967), ba007af05f0f4fb3aa79a70a4ed62188 (127.23.140.67:39155)
I20260709 13:10:02.186695 24322 raft_consensus.cc:3060] T 2824545a6ec14281b292a9a80984e5d7 P f39804e3bc0e439286a172ab4c75e032 [term 0 FOLLOWER]: Advancing to term 1
I20260709 13:10:02.187592 24396 tablet_service.cc:1917] Received RequestConsensusVote() RPC: tablet_id: "2824545a6ec14281b292a9a80984e5d7" candidate_uuid: "89434398bef1483abb7170861c595c08" candidate_term: 1 candidate_status { last_received { term: 0 index: 0 } } ignore_live_leader: false dest_uuid: "ba007af05f0f4fb3aa79a70a4ed62188"
I20260709 13:10:02.188105 24396 raft_consensus.cc:3060] T 2824545a6ec14281b292a9a80984e5d7 P ba007af05f0f4fb3aa79a70a4ed62188 [term 0 FOLLOWER]: Advancing to term 1
I20260709 13:10:02.195219 24322 raft_consensus.cc:2468] T 2824545a6ec14281b292a9a80984e5d7 P f39804e3bc0e439286a172ab4c75e032 [term 1 FOLLOWER]: Leader election vote request: Granting yes vote for candidate 89434398bef1483abb7170861c595c08 in term 1.
I20260709 13:10:02.196065 24396 raft_consensus.cc:2468] T 2824545a6ec14281b292a9a80984e5d7 P ba007af05f0f4fb3aa79a70a4ed62188 [term 1 FOLLOWER]: Leader election vote request: Granting yes vote for candidate 89434398bef1483abb7170861c595c08 in term 1.
I20260709 13:10:02.199118 24442 tablet_bootstrap.cc:492] T 072781c592984c6a9a6f3d8790809bd1 P 89434398bef1483abb7170861c595c08: No bootstrap required, opened a new log
