I20260709 13:10:16.067308 28760 raft_consensus.cc:1275] T 719a484206f1484eb51faee5ff1d987f P 8b58c32ced3f475aa92aec45cb83371e [term 2 FOLLOWER]: Refusing update from remote peer d83babdd307f4019aa22106460a5898a: Log matching property violated. Preceding OpId in replica: term: 1 index: 1. Preceding OpId from leader: term: 2 index: 2. (index mismatch)
I20260709 13:10:16.068696 28951 consensus_queue.cc:1048] T 719a484206f1484eb51faee5ff1d987f P d83babdd307f4019aa22106460a5898a [LEADER]: Connected to new peer: Peer: permanent_uuid: "8b58c32ced3f475aa92aec45cb83371e" member_type: VOTER last_known_addr { host: "127.27.92.194" port: 35419 }, Status: LMP_MISMATCH, Last received: 0.0, Next index: 2, Last known committed idx: 1, Time since last communication: 0.000s
I20260709 13:10:16.072439 28833 raft_consensus.cc:1275] T 719a484206f1484eb51faee5ff1d987f P 939fbb9a72164854916e350fce15918e [term 2 FOLLOWER]: Refusing update from remote peer d83babdd307f4019aa22106460a5898a: Log matching property violated. Preceding OpId in replica: term: 1 index: 1. Preceding OpId from leader: term: 2 index: 2. (index mismatch)
I20260709 13:10:16.074076 28880 consensus_queue.cc:1048] T 719a484206f1484eb51faee5ff1d987f P d83babdd307f4019aa22106460a5898a [LEADER]: Connected to new peer: Peer: permanent_uuid: "939fbb9a72164854916e350fce15918e" member_type: VOTER last_known_addr { host: "127.27.92.195" port: 39327 }, Status: LMP_MISMATCH, Last received: 0.0, Next index: 2, Last known committed idx: 1, Time since last communication: 0.000s
I20260709 13:10:16.092446 28683 raft_consensus.cc:1275] T b320fb4ebd6742daab56a6fe136b13c5 P d83babdd307f4019aa22106460a5898a [term 2 FOLLOWER]: Refusing update from remote peer 8b58c32ced3f475aa92aec45cb83371e: Log matching property violated. Preceding OpId in replica: term: 1 index: 1. Preceding OpId from leader: term: 2 index: 2. (index mismatch)
I20260709 13:10:16.094069 28879 consensus_queue.cc:1048] T b320fb4ebd6742daab56a6fe136b13c5 P 8b58c32ced3f475aa92aec45cb83371e [LEADER]: Connected to new peer: Peer: permanent_uuid: "d83babdd307f4019aa22106460a5898a" member_type: VOTER last_known_addr { host: "127.27.92.193" port: 35439 }, Status: LMP_MISMATCH, Last received: 0.0, Next index: 2, Last known committed idx: 1, Time since last communication: 0.000s
I20260709 13:10:16.104137 28833 raft_consensus.cc:1275] T b320fb4ebd6742daab56a6fe136b13c5 P 939fbb9a72164854916e350fce15918e [term 2 FOLLOWER]: Refusing update from remote peer 8b58c32ced3f475aa92aec45cb83371e: Log matching property violated. Preceding OpId in replica: term: 1 index: 1. Preceding OpId from leader: term: 2 index: 2. (index mismatch)
I20260709 13:10:16.105679 28879 consensus_queue.cc:1048] T b320fb4ebd6742daab56a6fe136b13c5 P 8b58c32ced3f475aa92aec45cb83371e [LEADER]: Connected to new peer: Peer: permanent_uuid: "939fbb9a72164854916e350fce15918e" member_type: VOTER last_known_addr { host: "127.27.92.195" port: 39327 }, Status: LMP_MISMATCH, Last received: 0.0, Next index: 2, Last known committed idx: 1, Time since last communication: 0.000s
I20260709 13:10:16.273102 28833 raft_consensus.cc:1275] T 0bbdc68298b649fc90bcaca3e74a9857 P 939fbb9a72164854916e350fce15918e [term 2 FOLLOWER]: Refusing update from remote peer d83babdd307f4019aa22106460a5898a: Log matching property violated. Preceding OpId in replica: term: 1 index: 1. Preceding OpId from leader: term: 2 index: 2. (index mismatch)
I20260709 13:10:16.274294 28915 consensus_queue.cc:1048] T 0bbdc68298b649fc90bcaca3e74a9857 P d83babdd307f4019aa22106460a5898a [LEADER]: Connected to new peer: Peer: permanent_uuid: "939fbb9a72164854916e350fce15918e" member_type: VOTER last_known_addr { host: "127.27.92.195" port: 39327 }, Status: LMP_MISMATCH, Last received: 0.0, Next index: 2, Last known committed idx: 1, Time since last communication: 0.000s
I20260709 13:10:16.287349 28760 raft_consensus.cc:1275] T 0bbdc68298b649fc90bcaca3e74a9857 P 8b58c32ced3f475aa92aec45cb83371e [term 2 FOLLOWER]: Refusing update from remote peer d83babdd307f4019aa22106460a5898a: Log matching property violated. Preceding OpId in replica: term: 1 index: 1. Preceding OpId from leader: term: 2 index: 2. (index mismatch)
I20260709 13:10:16.289487 28915 consensus_queue.cc:1048] T 0bbdc68298b649fc90bcaca3e74a9857 P d83babdd307f4019aa22106460a5898a [LEADER]: Connected to new peer: Peer: permanent_uuid: "8b58c32ced3f475aa92aec45cb83371e" member_type: VOTER last_known_addr { host: "127.27.92.194" port: 35419 }, Status: LMP_MISMATCH, Last received: 0.0, Next index: 2, Last known committed idx: 1, Time since last communication: 0.000s
I20260709 13:10:18.225785 28019 auto_leader_rebalancer-test.cc:348] The leader distribution is 
I20260709 13:10:18.226545 28019 auto_leader_rebalancer.cc:141] leader rebalance for table test-workload
I20260709 13:10:18.244354 28683 tablet_service.cc:2072] Received LeaderStepDown RPC: tablet_id: "3211c5d573db4c3698a1920d8d802eba"
dest_uuid: "d83babdd307f4019aa22106460a5898a"
mode: GRACEFUL
new_leader_uuid: "939fbb9a72164854916e350fce15918e"
 from {username='slave'} at 127.0.0.1:44928
I20260709 13:10:18.244912 28683 raft_consensus.cc:606] T 3211c5d573db4c3698a1920d8d802eba P d83babdd307f4019aa22106460a5898a [term 2 LEADER]: Received request to transfer leadership to TS 939fbb9a72164854916e350fce15918e
I20260709 13:10:18.247787 28683 tablet_service.cc:2072] Received LeaderStepDown RPC: tablet_id: "719a484206f1484eb51faee5ff1d987f"
dest_uuid: "d83babdd307f4019aa22106460a5898a"
mode: GRACEFUL
new_leader_uuid: "939fbb9a72164854916e350fce15918e"
 from {username='slave'} at 127.0.0.1:44928
I20260709 13:10:18.248299 28683 raft_consensus.cc:606] T 719a484206f1484eb51faee5ff1d987f P d83babdd307f4019aa22106460a5898a [term 2 LEADER]: Received request to transfer leadership to TS 939fbb9a72164854916e350fce15918e
I20260709 13:10:18.249607 28019 auto_leader_rebalancer.cc:452] table: test-workload, leader rebalance finish, leader transfer count: 2
I20260709 13:10:18.250126 28019 auto_leader_rebalancer.cc:527] All tables' leader rebalancing finished this round
I20260709 13:10:18.440447 28972 raft_consensus.cc:993] T 719a484206f1484eb51faee5ff1d987f P d83babdd307f4019aa22106460a5898a: : Instructing follower 939fbb9a72164854916e350fce15918e to start an election
I20260709 13:10:18.440976 28975 raft_consensus.cc:1081] T 719a484206f1484eb51faee5ff1d987f P d83babdd307f4019aa22106460a5898a [term 2 LEADER]: Signalling peer 939fbb9a72164854916e350fce15918e to start an election
I20260709 13:10:18.442600 28834 tablet_service.cc:2044] Received Run Leader Election RPC: tablet_id: "719a484206f1484eb51faee5ff1d987f"
dest_uuid: "939fbb9a72164854916e350fce15918e"
 from {username='slave'} at 127.0.0.1:54536
I20260709 13:10:18.443215 28834 raft_consensus.cc:493] T 719a484206f1484eb51faee5ff1d987f P 939fbb9a72164854916e350fce15918e [term 2 FOLLOWER]: Starting forced leader election (received explicit request)
I20260709 13:10:18.443642 28834 raft_consensus.cc:3060] T 719a484206f1484eb51faee5ff1d987f P 939fbb9a72164854916e350fce15918e [term 2 FOLLOWER]: Advancing to term 3
I20260709 13:10:18.451426 28834 raft_consensus.cc:515] T 719a484206f1484eb51faee5ff1d987f P 939fbb9a72164854916e350fce15918e [term 3 FOLLOWER]: Starting forced leader election with config: opid_index: -1 OBSOLETE_local: false peers { permanent_uuid: "d83babdd307f4019aa22106460a5898a" member_type: VOTER last_known_addr { host: "127.27.92.193" port: 35439 } } peers { permanent_uuid: "8b58c32ced3f475aa92aec45cb83371e" member_type: VOTER last_known_addr { host: "127.27.92.194" port: 35419 } } peers { permanent_uuid: "939fbb9a72164854916e350fce15918e" member_type: VOTER last_known_addr { host: "127.27.92.195" port: 39327 } }
I20260709 13:10:18.453758 28834 leader_election.cc:290] T 719a484206f1484eb51faee5ff1d987f P 939fbb9a72164854916e350fce15918e [CANDIDATE]: Term 3 election: Requested vote from peers d83babdd307f4019aa22106460a5898a (127.27.92.193:35439), 8b58c32ced3f475aa92aec45cb83371e (127.27.92.194:35419)
I20260709 13:10:18.454553 28683 tablet_service.cc:1917] Received RequestConsensusVote() RPC: tablet_id: "719a484206f1484eb51faee5ff1d987f" candidate_uuid: "939fbb9a72164854916e350fce15918e" candidate_term: 3 candidate_status { last_received { term: 2 index: 2 } } ignore_live_leader: true dest_uuid: "d83babdd307f4019aa22106460a5898a"
I20260709 13:10:18.454962 28760 tablet_service.cc:1917] Received RequestConsensusVote() RPC: tablet_id: "719a484206f1484eb51faee5ff1d987f" candidate_uuid: "939fbb9a72164854916e350fce15918e" candidate_term: 3 candidate_status { last_received { term: 2 index: 2 } } ignore_live_leader: true dest_uuid: "8b58c32ced3f475aa92aec45cb83371e"
I20260709 13:10:18.455173 28683 raft_consensus.cc:3055] T 719a484206f1484eb51faee5ff1d987f P d83babdd307f4019aa22106460a5898a [term 2 LEADER]: Stepping down as leader of term 2
I20260709 13:10:18.455600 28683 raft_consensus.cc:740] T 719a484206f1484eb51faee5ff1d987f P d83babdd307f4019aa22106460a5898a [term 2 LEADER]: Becoming Follower/Learner. State: Replica: d83babdd307f4019aa22106460a5898a, State: Running, Role: LEADER
I20260709 13:10:18.455590 28760 raft_consensus.cc:3060] T 719a484206f1484eb51faee5ff1d987f P 8b58c32ced3f475aa92aec45cb83371e [term 2 FOLLOWER]: Advancing to term 3
I20260709 13:10:18.456620 28683 consensus_queue.cc:260] T 719a484206f1484eb51faee5ff1d987f P d83babdd307f4019aa22106460a5898a [NON_LEADER]: Queue going to NON_LEADER mode. State: All replicated index: 0, Majority replicated index: 2, Committed index: 2, Last appended: 2.2, Last appended by leader: 2, Current term: 2, Majority size: -1, State: 0, Mode: NON_LEADER, active raft config: opid_index: -1 OBSOLETE_local: false peers { permanent_uuid: "d83babdd307f4019aa22106460a5898a" member_type: VOTER last_known_addr { host: "127.27.92.193" port: 35439 } } peers { permanent_uuid: "8b58c32ced3f475aa92aec45cb83371e" member_type: VOTER last_known_addr { host: "127.27.92.194" port: 35419 } } peers { permanent_uuid: "939fbb9a72164854916e350fce15918e" member_type: VOTER last_known_addr { host: "127.27.92.195" port: 39327 } }
I20260709 13:10:18.457864 28683 raft_consensus.cc:3060] T 719a484206f1484eb51faee5ff1d987f P d83babdd307f4019aa22106460a5898a [term 2 FOLLOWER]: Advancing to term 3
I20260709 13:10:18.462724 28760 raft_consensus.cc:2468] T 719a484206f1484eb51faee5ff1d987f P 8b58c32ced3f475aa92aec45cb83371e [term 3 FOLLOWER]: Leader election vote request: Granting yes vote for candidate 939fbb9a72164854916e350fce15918e in term 3.
I20260709 13:10:18.464056 28799 leader_election.cc:304] T 719a484206f1484eb51faee5ff1d987f P 939fbb9a72164854916e350fce15918e [CANDIDATE]: Term 3 election: Election decided. Result: candidate won. Election summary: received 2 responses out of 3 voters: 2 yes votes; 0 no votes. yes voters: 8b58c32ced3f475aa92aec45cb83371e, 939fbb9a72164854916e350fce15918e; no voters: 
I20260709 13:10:18.464529 28683 raft_consensus.cc:2468] T 719a484206f1484eb51faee5ff1d987f P d83babdd307f4019aa22106460a5898a [term 3 FOLLOWER]: Leader election vote request: Granting yes vote for candidate 939fbb9a72164854916e350fce15918e in term 3.
I20260709 13:10:18.464949 28923 raft_consensus.cc:2804] T 719a484206f1484eb51faee5ff1d987f P 939fbb9a72164854916e350fce15918e [term 3 FOLLOWER]: Leader election won for term 3
I20260709 13:10:18.466478 28923 raft_consensus.cc:697] T 719a484206f1484eb51faee5ff1d987f P 939fbb9a72164854916e350fce15918e [term 3 LEADER]: Becoming Leader. State: Replica: 939fbb9a72164854916e350fce15918e, State: Running, Role: LEADER
I20260709 13:10:18.467300 28923 consensus_queue.cc:237] T 719a484206f1484eb51faee5ff1d987f P 939fbb9a72164854916e350fce15918e [LEADER]: Queue going to LEADER mode. State: All replicated index: 0, Majority replicated index: 2, Committed index: 2, Last appended: 2.2, Last appended by leader: 2, Current term: 3, Majority size: 2, State: 0, Mode: LEADER, active raft config: opid_index: -1 OBSOLETE_local: false peers { permanent_uuid: "d83babdd307f4019aa22106460a5898a" member_type: VOTER last_known_addr { host: "127.27.92.193" port: 35439 } } peers { permanent_uuid: "8b58c32ced3f475aa92aec45cb83371e" member_type: VOTER last_known_addr { host: "127.27.92.194" port: 35419 } } peers { permanent_uuid: "939fbb9a72164854916e350fce15918e" member_type: VOTER last_known_addr { host: "127.27.92.195" port: 39327 } }
I20260709 13:10:18.475281 28581 catalog_manager.cc:5697] T 719a484206f1484eb51faee5ff1d987f P 939fbb9a72164854916e350fce15918e reported cstate change: term changed from 2 to 3, leader changed from d83babdd307f4019aa22106460a5898a (127.27.92.193) to 939fbb9a72164854916e350fce15918e (127.27.92.195). New cstate: current_term: 3 leader_uuid: "939fbb9a72164854916e350fce15918e" committed_config { opid_index: -1 OBSOLETE_local: false peers { permanent_uuid: "d83babdd307f4019aa22106460a5898a" member_type: VOTER last_known_addr { host: "127.27.92.193" port: 35439 } health_report { overall_health: UNKNOWN } } peers { permanent_uuid: "8b58c32ced3f475aa92aec45cb83371e" member_type: VOTER last_known_addr { host: "127.27.92.194" port: 35419 } health_report { overall_health: UNKNOWN } } peers { permanent_uuid: "939fbb9a72164854916e350fce15918e" member_type: VOTER last_known_addr { host: "127.27.92.195" port: 39327 } health_report { overall_health: HEALTHY } } }
I20260709 13:10:18.643242 28972 raft_consensus.cc:993] T 3211c5d573db4c3698a1920d8d802eba P d83babdd307f4019aa22106460a5898a: : Instructing follower 939fbb9a72164854916e350fce15918e to start an election
I20260709 13:10:18.643677 28975 raft_consensus.cc:1081] T 3211c5d573db4c3698a1920d8d802eba P d83babdd307f4019aa22106460a5898a [term 2 LEADER]: Signalling peer 939fbb9a72164854916e350fce15918e to start an election
I20260709 13:10:18.645349 28833 tablet_service.cc:2044] Received Run Leader Election RPC: tablet_id: "3211c5d573db4c3698a1920d8d802eba"
dest_uuid: "939fbb9a72164854916e350fce15918e"
 from {username='slave'} at 127.0.0.1:54536
I20260709 13:10:18.645948 28833 raft_consensus.cc:493] T 3211c5d573db4c3698a1920d8d802eba P 939fbb9a72164854916e350fce15918e [term 2 FOLLOWER]: Starting forced leader election (received explicit request)
I20260709 13:10:18.646317 28833 raft_consensus.cc:3060] T 3211c5d573db4c3698a1920d8d802eba P 939fbb9a72164854916e350fce15918e [term 2 FOLLOWER]: Advancing to term 3
I20260709 13:10:18.653633 28833 raft_consensus.cc:515] T 3211c5d573db4c3698a1920d8d802eba P 939fbb9a72164854916e350fce15918e [term 3 FOLLOWER]: Starting forced leader election with config: opid_index: -1 OBSOLETE_local: false peers { permanent_uuid: "d83babdd307f4019aa22106460a5898a" member_type: VOTER last_known_addr { host: "127.27.92.193" port: 35439 } } peers { permanent_uuid: "8b58c32ced3f475aa92aec45cb83371e" member_type: VOTER last_known_addr { host: "127.27.92.194" port: 35419 } } peers { permanent_uuid: "939fbb9a72164854916e350fce15918e" member_type: VOTER last_known_addr { host: "127.27.92.195" port: 39327 } }
I20260709 13:10:18.655655 28833 leader_election.cc:290] T 3211c5d573db4c3698a1920d8d802eba P 939fbb9a72164854916e350fce15918e [CANDIDATE]: Term 3 election: Requested vote from peers d83babdd307f4019aa22106460a5898a (127.27.92.193:35439), 8b58c32ced3f475aa92aec45cb83371e (127.27.92.194:35419)
I20260709 13:10:18.656590 28683 tablet_service.cc:1917] Received RequestConsensusVote() RPC: tablet_id: "3211c5d573db4c3698a1920d8d802eba" candidate_uuid: "939fbb9a72164854916e350fce15918e" candidate_term: 3 candidate_status { last_received { term: 2 index: 2 } } ignore_live_leader: true dest_uuid: "d83babdd307f4019aa22106460a5898a"
I20260709 13:10:18.656821 28760 tablet_service.cc:1917] Received RequestConsensusVote() RPC: tablet_id: "3211c5d573db4c3698a1920d8d802eba" candidate_uuid: "939fbb9a72164854916e350fce15918e" candidate_term: 3 candidate_status { last_received { term: 2 index: 2 } } ignore_live_leader: true dest_uuid: "8b58c32ced3f475aa92aec45cb83371e"
I20260709 13:10:18.657251 28683 raft_consensus.cc:3055] T 3211c5d573db4c3698a1920d8d802eba P d83babdd307f4019aa22106460a5898a [term 2 LEADER]: Stepping down as leader of term 2
I20260709 13:10:18.657321 28760 raft_consensus.cc:3060] T 3211c5d573db4c3698a1920d8d802eba P 8b58c32ced3f475aa92aec45cb83371e [term 2 FOLLOWER]: Advancing to term 3
I20260709 13:10:18.657783 28683 raft_consensus.cc:740] T 3211c5d573db4c3698a1920d8d802eba P d83babdd307f4019aa22106460a5898a [term 2 LEADER]: Becoming Follower/Learner. State: Replica: d83babdd307f4019aa22106460a5898a, State: Running, Role: LEADER
I20260709 13:10:18.658576 28683 consensus_queue.cc:260] T 3211c5d573db4c3698a1920d8d802eba P d83babdd307f4019aa22106460a5898a [NON_LEADER]: Queue going to NON_LEADER mode. State: All replicated index: 0, Majority replicated index: 2, Committed index: 2, Last appended: 2.2, Last appended by leader: 2, Current term: 2, Majority size: -1, State: 0, Mode: NON_LEADER, active raft config: opid_index: -1 OBSOLETE_local: false peers { permanent_uuid: "d83babdd307f4019aa22106460a5898a" member_type: VOTER last_known_addr { host: "127.27.92.193" port: 35439 } } peers { permanent_uuid: "8b58c32ced3f475aa92aec45cb83371e" member_type: VOTER last_known_addr { host: "127.27.92.194" port: 35419 } } peers { permanent_uuid: "939fbb9a72164854916e350fce15918e" member_type: VOTER last_known_addr { host: "127.27.92.195" port: 39327 } }
I20260709 13:10:18.661087 28683 raft_consensus.cc:3060] T 3211c5d573db4c3698a1920d8d802eba P d83babdd307f4019aa22106460a5898a [term 2 FOLLOWER]: Advancing to term 3
I20260709 13:10:18.665813 28760 raft_consensus.cc:2468] T 3211c5d573db4c3698a1920d8d802eba P 8b58c32ced3f475aa92aec45cb83371e [term 3 FOLLOWER]: Leader election vote request: Granting yes vote for candidate 939fbb9a72164854916e350fce15918e in term 3.
I20260709 13:10:18.667043 28683 raft_consensus.cc:2468] T 3211c5d573db4c3698a1920d8d802eba P d83babdd307f4019aa22106460a5898a [term 3 FOLLOWER]: Leader election vote request: Granting yes vote for candidate 939fbb9a72164854916e350fce15918e in term 3.
I20260709 13:10:18.667315 28799 leader_election.cc:304] T 3211c5d573db4c3698a1920d8d802eba P 939fbb9a72164854916e350fce15918e [CANDIDATE]: Term 3 election: Election decided. Result: candidate won. Election summary: received 2 responses out of 3 voters: 2 yes votes; 0 no votes. yes voters: 8b58c32ced3f475aa92aec45cb83371e, 939fbb9a72164854916e350fce15918e; no voters: 
I20260709 13:10:18.668264 28923 raft_consensus.cc:2804] T 3211c5d573db4c3698a1920d8d802eba P 939fbb9a72164854916e350fce15918e [term 3 FOLLOWER]: Leader election won for term 3
I20260709 13:10:18.668720 28923 raft_consensus.cc:697] T 3211c5d573db4c3698a1920d8d802eba P 939fbb9a72164854916e350fce15918e [term 3 LEADER]: Becoming Leader. State: Replica: 939fbb9a72164854916e350fce15918e, State: Running, Role: LEADER
I20260709 13:10:18.669553 28923 consensus_queue.cc:237] T 3211c5d573db4c3698a1920d8d802eba P 939fbb9a72164854916e350fce15918e [LEADER]: Queue going to LEADER mode. State: All replicated index: 0, Majority replicated index: 2, Committed index: 2, Last appended: 2.2, Last appended by leader: 2, Current term: 3, Majority size: 2, State: 0, Mode: LEADER, active raft config: opid_index: -1 OBSOLETE_local: false peers { permanent_uuid: "d83babdd307f4019aa22106460a5898a" member_type: VOTER last_known_addr { host: "127.27.92.193" port: 35439 } } peers { permanent_uuid: "8b58c32ced3f475aa92aec45cb83371e" member_type: VOTER last_known_addr { host: "127.27.92.194" port: 35419 } } peers { permanent_uuid: "939fbb9a72164854916e350fce15918e" member_type: VOTER last_known_addr { host: "127.27.92.195" port: 39327 } }
I20260709 13:10:18.717548 28581 catalog_manager.cc:5697] T 3211c5d573db4c3698a1920d8d802eba P 939fbb9a72164854916e350fce15918e reported cstate change: term changed from 2 to 3, leader changed from d83babdd307f4019aa22106460a5898a (127.27.92.193) to 939fbb9a72164854916e350fce15918e (127.27.92.195). New cstate: current_term: 3 leader_uuid: "939fbb9a72164854916e350fce15918e" committed_config { opid_index: -1 OBSOLETE_local: false peers { permanent_uuid: "d83babdd307f4019aa22106460a5898a" member_type: VOTER last_known_addr { host: "127.27.92.193" port: 35439 } health_report { overall_health: UNKNOWN } } peers { permanent_uuid: "8b58c32ced3f475aa92aec45cb83371e" member_type: VOTER last_known_addr { host: "127.27.92.194" port: 35419 } health_report { overall_health: UNKNOWN } } peers { permanent_uuid: "939fbb9a72164854916e350fce15918e" member_type: VOTER last_known_addr { host: "127.27.92.195" port: 39327 } health_report { overall_health: HEALTHY } } }
I20260709 13:10:18.919943 28683 raft_consensus.cc:1275] T 719a484206f1484eb51faee5ff1d987f P d83babdd307f4019aa22106460a5898a [term 3 FOLLOWER]: Refusing update from remote peer 939fbb9a72164854916e350fce15918e: Log matching property violated. Preceding OpId in replica: term: 2 index: 2. Preceding OpId from leader: term: 3 index: 3. (index mismatch)
I20260709 13:10:18.921579 28923 consensus_queue.cc:1048] T 719a484206f1484eb51faee5ff1d987f P 939fbb9a72164854916e350fce15918e [LEADER]: Connected to new peer: Peer: permanent_uuid: "d83babdd307f4019aa22106460a5898a" member_type: VOTER last_known_addr { host: "127.27.92.193" port: 35439 }, Status: LMP_MISMATCH, Last received: 0.0, Next index: 3, Last known committed idx: 2, Time since last communication: 0.001s
I20260709 13:10:18.934000 28759 raft_consensus.cc:1275] T 719a484206f1484eb51faee5ff1d987f P 8b58c32ced3f475aa92aec45cb83371e [term 3 FOLLOWER]: Refusing update from remote peer 939fbb9a72164854916e350fce15918e: Log matching property violated. Preceding OpId in replica: term: 2 index: 2. Preceding OpId from leader: term: 3 index: 3. (index mismatch)
I20260709 13:10:18.935518 28977 consensus_queue.cc:1048] T 719a484206f1484eb51faee5ff1d987f P 939fbb9a72164854916e350fce15918e [LEADER]: Connected to new peer: Peer: permanent_uuid: "8b58c32ced3f475aa92aec45cb83371e" member_type: VOTER last_known_addr { host: "127.27.92.194" port: 35419 }, Status: LMP_MISMATCH, Last received: 0.0, Next index: 3, Last known committed idx: 2, Time since last communication: 0.001s
I20260709 13:10:19.064498 28683 raft_consensus.cc:1275] T 3211c5d573db4c3698a1920d8d802eba P d83babdd307f4019aa22106460a5898a [term 3 FOLLOWER]: Refusing update from remote peer 939fbb9a72164854916e350fce15918e: Log matching property violated. Preceding OpId in replica: term: 2 index: 2. Preceding OpId from leader: term: 3 index: 3. (index mismatch)
I20260709 13:10:19.065950 28977 consensus_queue.cc:1048] T 3211c5d573db4c3698a1920d8d802eba P 939fbb9a72164854916e350fce15918e [LEADER]: Connected to new peer: Peer: permanent_uuid: "d83babdd307f4019aa22106460a5898a" member_type: VOTER last_known_addr { host: "127.27.92.193" port: 35439 }, Status: LMP_MISMATCH, Last received: 0.0, Next index: 3, Last known committed idx: 2, Time since last communication: 0.000s
I20260709 13:10:19.077908 28759 raft_consensus.cc:1275] T 3211c5d573db4c3698a1920d8d802eba P 8b58c32ced3f475aa92aec45cb83371e [term 3 FOLLOWER]: Refusing update from remote peer 939fbb9a72164854916e350fce15918e: Log matching property violated. Preceding OpId in replica: term: 2 index: 2. Preceding OpId from leader: term: 3 index: 3. (index mismatch)
I20260709 13:10:19.079417 28923 consensus_queue.cc:1048] T 3211c5d573db4c3698a1920d8d802eba P 939fbb9a72164854916e350fce15918e [LEADER]: Connected to new peer: Peer: permanent_uuid: "8b58c32ced3f475aa92aec45cb83371e" member_type: VOTER last_known_addr { host: "127.27.92.194" port: 35419 }, Status: LMP_MISMATCH, Last received: 0.0, Next index: 3, Last known committed idx: 2, Time since last communication: 0.001s
I20260709 13:10:19.251340 28019 auto_leader_rebalancer.cc:141] leader rebalance for table test-workload
I20260709 13:10:19.267242 28833 tablet_service.cc:2072] Received LeaderStepDown RPC: tablet_id: "719a484206f1484eb51faee5ff1d987f"
dest_uuid: "939fbb9a72164854916e350fce15918e"
mode: GRACEFUL
new_leader_uuid: "d83babdd307f4019aa22106460a5898a"
 from {username='slave'} at 127.0.0.1:54552
I20260709 13:10:19.267977 28833 raft_consensus.cc:606] T 719a484206f1484eb51faee5ff1d987f P 939fbb9a72164854916e350fce15918e [term 3 LEADER]: Received request to transfer leadership to TS d83babdd307f4019aa22106460a5898a
I20260709 13:10:19.279881 28833 tablet_service.cc:2072] Received LeaderStepDown RPC: tablet_id: "3211c5d573db4c3698a1920d8d802eba"
dest_uuid: "939fbb9a72164854916e350fce15918e"
mode: GRACEFUL
new_leader_uuid: "d83babdd307f4019aa22106460a5898a"
 from {username='slave'} at 127.0.0.1:54552
I20260709 13:10:19.280300 28833 raft_consensus.cc:606] T 3211c5d573db4c3698a1920d8d802eba P 939fbb9a72164854916e350fce15918e [term 3 LEADER]: Received request to transfer leadership to TS d83babdd307f4019aa22106460a5898a
I20260709 13:10:19.285413 28759 tablet_service.cc:2072] Received LeaderStepDown RPC: tablet_id: "1755f8b050474827bf7bffef378b3697"
dest_uuid: "8b58c32ced3f475aa92aec45cb83371e"
mode: GRACEFUL
new_leader_uuid: "d83babdd307f4019aa22106460a5898a"
 from {username='slave'} at 127.0.0.1:60478
I20260709 13:10:19.285969 28759 raft_consensus.cc:606] T 1755f8b050474827bf7bffef378b3697 P 8b58c32ced3f475aa92aec45cb83371e [term 2 LEADER]: Received request to transfer leadership to TS d83babdd307f4019aa22106460a5898a
I20260709 13:10:19.290560 28759 tablet_service.cc:2072] Received LeaderStepDown RPC: tablet_id: "b320fb4ebd6742daab56a6fe136b13c5"
dest_uuid: "8b58c32ced3f475aa92aec45cb83371e"
mode: GRACEFUL
new_leader_uuid: "d83babdd307f4019aa22106460a5898a"
 from {username='slave'} at 127.0.0.1:60478
I20260709 13:10:19.291044 28759 raft_consensus.cc:606] T b320fb4ebd6742daab56a6fe136b13c5 P 8b58c32ced3f475aa92aec45cb83371e [term 2 LEADER]: Received request to transfer leadership to TS d83babdd307f4019aa22106460a5898a
I20260709 13:10:19.295462 28759 tablet_service.cc:2072] Received LeaderStepDown RPC: tablet_id: "3995d62a80c447ce9f6c41ef3a50bde9"
dest_uuid: "8b58c32ced3f475aa92aec45cb83371e"
mode: GRACEFUL
new_leader_uuid: "d83babdd307f4019aa22106460a5898a"
 from {username='slave'} at 127.0.0.1:60478
I20260709 13:10:19.295970 28759 raft_consensus.cc:606] T 3995d62a80c447ce9f6c41ef3a50bde9 P 8b58c32ced3f475aa92aec45cb83371e [term 2 LEADER]: Received request to transfer leadership to TS d83babdd307f4019aa22106460a5898a
I20260709 13:10:19.307744 28991 raft_consensus.cc:993] T 719a484206f1484eb51faee5ff1d987f P 939fbb9a72164854916e350fce15918e: : Instructing follower d83babdd307f4019aa22106460a5898a to start an election
I20260709 13:10:19.308224 28923 raft_consensus.cc:1081] T 719a484206f1484eb51faee5ff1d987f P 939fbb9a72164854916e350fce15918e [term 3 LEADER]: Signalling peer d83babdd307f4019aa22106460a5898a to start an election
I20260709 13:10:19.309654 28683 tablet_service.cc:2044] Received Run Leader Election RPC: tablet_id: "719a484206f1484eb51faee5ff1d987f"
dest_uuid: "d83babdd307f4019aa22106460a5898a"
 from {username='slave'} at 127.0.0.1:44900
I20260709 13:10:19.310133 28683 raft_consensus.cc:493] T 719a484206f1484eb51faee5ff1d987f P d83babdd307f4019aa22106460a5898a [term 3 FOLLOWER]: Starting forced leader election (received explicit request)
I20260709 13:10:19.310420 28683 raft_consensus.cc:3060] T 719a484206f1484eb51faee5ff1d987f P d83babdd307f4019aa22106460a5898a [term 3 FOLLOWER]: Advancing to term 4
I20260709 13:10:19.315821 28683 raft_consensus.cc:515] T 719a484206f1484eb51faee5ff1d987f P d83babdd307f4019aa22106460a5898a [term 4 FOLLOWER]: Starting forced leader election with config: opid_index: -1 OBSOLETE_local: false peers { permanent_uuid: "d83babdd307f4019aa22106460a5898a" member_type: VOTER last_known_addr { host: "127.27.92.193" port: 35439 } } peers { permanent_uuid: "8b58c32ced3f475aa92aec45cb83371e" member_type: VOTER last_known_addr { host: "127.27.92.194" port: 35419 } } peers { permanent_uuid: "939fbb9a72164854916e350fce15918e" member_type: VOTER last_known_addr { host: "127.27.92.195" port: 39327 } }
I20260709 13:10:19.317375 28683 leader_election.cc:290] T 719a484206f1484eb51faee5ff1d987f P d83babdd307f4019aa22106460a5898a [CANDIDATE]: Term 4 election: Requested vote from peers 8b58c32ced3f475aa92aec45cb83371e (127.27.92.194:35419), 939fbb9a72164854916e350fce15918e (127.27.92.195:39327)
I20260709 13:10:19.318483 28833 tablet_service.cc:1917] Received RequestConsensusVote() RPC: tablet_id: "719a484206f1484eb51faee5ff1d987f" candidate_uuid: "d83babdd307f4019aa22106460a5898a" candidate_term: 4 candidate_status { last_received { term: 3 index: 3 } } ignore_live_leader: true dest_uuid: "939fbb9a72164854916e350fce15918e"
I20260709 13:10:19.318280 28759 tablet_service.cc:1917] Received RequestConsensusVote() RPC: tablet_id: "719a484206f1484eb51faee5ff1d987f" candidate_uuid: "d83babdd307f4019aa22106460a5898a" candidate_term: 4 candidate_status { last_received { term: 3 index: 3 } } ignore_live_leader: true dest_uuid: "8b58c32ced3f475aa92aec45cb83371e"
I20260709 13:10:19.318982 28833 raft_consensus.cc:3055] T 719a484206f1484eb51faee5ff1d987f P 939fbb9a72164854916e350fce15918e [term 3 LEADER]: Stepping down as leader of term 3
I20260709 13:10:19.319379 28833 raft_consensus.cc:740] T 719a484206f1484eb51faee5ff1d987f P 939fbb9a72164854916e350fce15918e [term 3 LEADER]: Becoming Follower/Learner. State: Replica: 939fbb9a72164854916e350fce15918e, State: Running, Role: LEADER
I20260709 13:10:19.319380 28759 raft_consensus.cc:3060] T 719a484206f1484eb51faee5ff1d987f P 8b58c32ced3f475aa92aec45cb83371e [term 3 FOLLOWER]: Advancing to term 4
I20260709 13:10:19.320261 28833 consensus_queue.cc:260] T 719a484206f1484eb51faee5ff1d987f P 939fbb9a72164854916e350fce15918e [NON_LEADER]: Queue going to NON_LEADER mode. State: All replicated index: 0, Majority replicated index: 3, Committed index: 3, Last appended: 3.3, Last appended by leader: 3, Current term: 3, Majority size: -1, State: 0, Mode: NON_LEADER, active raft config: opid_index: -1 OBSOLETE_local: false peers { permanent_uuid: "d83babdd307f4019aa22106460a5898a" member_type: VOTER last_known_addr { host: "127.27.92.193" port: 35439 } } peers { permanent_uuid: "8b58c32ced3f475aa92aec45cb83371e" member_type: VOTER last_known_addr { host: "127.27.92.194" port: 35419 } } peers { permanent_uuid: "939fbb9a72164854916e350fce15918e" member_type: VOTER last_known_addr { host: "127.27.92.195" port: 39327 } }
I20260709 13:10:19.321347 28833 raft_consensus.cc:3060] T 719a484206f1484eb51faee5ff1d987f P 939fbb9a72164854916e350fce15918e [term 3 FOLLOWER]: Advancing to term 4
I20260709 13:10:19.325270 28759 raft_consensus.cc:2468] T 719a484206f1484eb51faee5ff1d987f P 8b58c32ced3f475aa92aec45cb83371e [term 4 FOLLOWER]: Leader election vote request: Granting yes vote for candidate d83babdd307f4019aa22106460a5898a in term 4.
I20260709 13:10:19.325803 28833 raft_consensus.cc:2468] T 719a484206f1484eb51faee5ff1d987f P 939fbb9a72164854916e350fce15918e [term 4 FOLLOWER]: Leader election vote request: Granting yes vote for candidate d83babdd307f4019aa22106460a5898a in term 4.
I20260709 13:10:19.326438 28650 leader_election.cc:304] T 719a484206f1484eb51faee5ff1d987f P d83babdd307f4019aa22106460a5898a [CANDIDATE]: Term 4 election: Election decided. Result: candidate won. Election summary: received 2 responses out of 3 voters: 2 yes votes; 0 no votes. yes voters: 8b58c32ced3f475aa92aec45cb83371e, d83babdd307f4019aa22106460a5898a; no voters: 
I20260709 13:10:19.327191 28972 raft_consensus.cc:2804] T 719a484206f1484eb51faee5ff1d987f P d83babdd307f4019aa22106460a5898a [term 4 FOLLOWER]: Leader election won for term 4
I20260709 13:10:19.328080 28972 raft_consensus.cc:697] T 719a484206f1484eb51faee5ff1d987f P d83babdd307f4019aa22106460a5898a [term 4 LEADER]: Becoming Leader. State: Replica: d83babdd307f4019aa22106460a5898a, State: Running, Role: LEADER
I20260709 13:10:19.328814 28972 consensus_queue.cc:237] T 719a484206f1484eb51faee5ff1d987f P d83babdd307f4019aa22106460a5898a [LEADER]: Queue going to LEADER mode. State: All replicated index: 0, Majority replicated index: 3, Committed index: 3, Last appended: 3.3, Last appended by leader: 3, Current term: 4, Majority size: 2, State: 0, Mode: LEADER, active raft config: opid_index: -1 OBSOLETE_local: false peers { permanent_uuid: "d83babdd307f4019aa22106460a5898a" member_type: VOTER last_known_addr { host: "127.27.92.193" port: 35439 } } peers { permanent_uuid: "8b58c32ced3f475aa92aec45cb83371e" member_type: VOTER last_known_addr { host: "127.27.92.194" port: 35419 } } peers { permanent_uuid: "939fbb9a72164854916e350fce15918e" member_type: VOTER last_known_addr { host: "127.27.92.195" port: 39327 } }
I20260709 13:10:19.335263 28583 catalog_manager.cc:5697] T 719a484206f1484eb51faee5ff1d987f P d83babdd307f4019aa22106460a5898a reported cstate change: term changed from 3 to 4, leader changed from 939fbb9a72164854916e350fce15918e (127.27.92.195) to d83babdd307f4019aa22106460a5898a (127.27.92.193). New cstate: current_term: 4 leader_uuid: "d83babdd307f4019aa22106460a5898a" committed_config { opid_index: -1 OBSOLETE_local: false peers { permanent_uuid: "d83babdd307f4019aa22106460a5898a" member_type: VOTER last_known_addr { host: "127.27.92.193" port: 35439 } health_report { overall_health: HEALTHY } } peers { permanent_uuid: "8b58c32ced3f475aa92aec45cb83371e" member_type: VOTER last_known_addr { host: "127.27.92.194" port: 35419 } health_report { overall_health: UNKNOWN } } peers { permanent_uuid: "939fbb9a72164854916e350fce15918e" member_type: VOTER last_known_addr { host: "127.27.92.195" port: 39327 } health_report { overall_health: UNKNOWN } } }
I20260709 13:10:19.425616 28993 raft_consensus.cc:993] T 1755f8b050474827bf7bffef378b3697 P 8b58c32ced3f475aa92aec45cb83371e: : Instructing follower d83babdd307f4019aa22106460a5898a to start an election
I20260709 13:10:19.426203 28912 raft_consensus.cc:1081] T 1755f8b050474827bf7bffef378b3697 P 8b58c32ced3f475aa92aec45cb83371e [term 2 LEADER]: Signalling peer d83babdd307f4019aa22106460a5898a to start an election
I20260709 13:10:19.427577 28683 tablet_service.cc:2044] Received Run Leader Election RPC: tablet_id: "1755f8b050474827bf7bffef378b3697"
dest_uuid: "d83babdd307f4019aa22106460a5898a"
 from {username='slave'} at 127.0.0.1:44906
I20260709 13:10:19.428064 28683 raft_consensus.cc:493] T 1755f8b050474827bf7bffef378b3697 P d83babdd307f4019aa22106460a5898a [term 2 FOLLOWER]: Starting forced leader election (received explicit request)
I20260709 13:10:19.428367 28683 raft_consensus.cc:3060] T 1755f8b050474827bf7bffef378b3697 P d83babdd307f4019aa22106460a5898a [term 2 FOLLOWER]: Advancing to term 3
I20260709 13:10:19.432965 28683 raft_consensus.cc:515] T 1755f8b050474827bf7bffef378b3697 P d83babdd307f4019aa22106460a5898a [term 3 FOLLOWER]: Starting forced leader election with config: opid_index: -1 OBSOLETE_local: false peers { permanent_uuid: "d83babdd307f4019aa22106460a5898a" member_type: VOTER last_known_addr { host: "127.27.92.193" port: 35439 } } peers { permanent_uuid: "8b58c32ced3f475aa92aec45cb83371e" member_type: VOTER last_known_addr { host: "127.27.92.194" port: 35419 } } peers { permanent_uuid: "939fbb9a72164854916e350fce15918e" member_type: VOTER last_known_addr { host: "127.27.92.195" port: 39327 } }
I20260709 13:10:19.434355 28683 leader_election.cc:290] T 1755f8b050474827bf7bffef378b3697 P d83babdd307f4019aa22106460a5898a [CANDIDATE]: Term 3 election: Requested vote from peers 8b58c32ced3f475aa92aec45cb83371e (127.27.92.194:35419), 939fbb9a72164854916e350fce15918e (127.27.92.195:39327)
I20260709 13:10:19.435338 28759 tablet_service.cc:1917] Received RequestConsensusVote() RPC: tablet_id: "1755f8b050474827bf7bffef378b3697" candidate_uuid: "d83babdd307f4019aa22106460a5898a" candidate_term: 3 candidate_status { last_received { term: 2 index: 2 } } ignore_live_leader: true dest_uuid: "8b58c32ced3f475aa92aec45cb83371e"
I20260709 13:10:19.435680 28833 tablet_service.cc:1917] Received RequestConsensusVote() RPC: tablet_id: "1755f8b050474827bf7bffef378b3697" candidate_uuid: "d83babdd307f4019aa22106460a5898a" candidate_term: 3 candidate_status { last_received { term: 2 index: 2 } } ignore_live_leader: true dest_uuid: "939fbb9a72164854916e350fce15918e"
I20260709 13:10:19.435884 28759 raft_consensus.cc:3055] T 1755f8b050474827bf7bffef378b3697 P 8b58c32ced3f475aa92aec45cb83371e [term 2 LEADER]: Stepping down as leader of term 2
I20260709 13:10:19.436138 28833 raft_consensus.cc:3060] T 1755f8b050474827bf7bffef378b3697 P 939fbb9a72164854916e350fce15918e [term 2 FOLLOWER]: Advancing to term 3
I20260709 13:10:19.436235 28759 raft_consensus.cc:740] T 1755f8b050474827bf7bffef378b3697 P 8b58c32ced3f475aa92aec45cb83371e [term 2 LEADER]: Becoming Follower/Learner. State: Replica: 8b58c32ced3f475aa92aec45cb83371e, State: Running, Role: LEADER
I20260709 13:10:19.437018 28759 consensus_queue.cc:260] T 1755f8b050474827bf7bffef378b3697 P 8b58c32ced3f475aa92aec45cb83371e [NON_LEADER]: Queue going to NON_LEADER mode. State: All replicated index: 0, Majority replicated index: 2, Committed index: 2, Last appended: 2.2, Last appended by leader: 2, Current term: 2, Majority size: -1, State: 0, Mode: NON_LEADER, active raft config: opid_index: -1 OBSOLETE_local: false peers { permanent_uuid: "d83babdd307f4019aa22106460a5898a" member_type: VOTER last_known_addr { host: "127.27.92.193" port: 35439 } } peers { permanent_uuid: "8b58c32ced3f475aa92aec45cb83371e" member_type: VOTER last_known_addr { host: "127.27.92.194" port: 35419 } } peers { permanent_uuid: "939fbb9a72164854916e350fce15918e" member_type: VOTER last_known_addr { host: "127.27.92.195" port: 39327 } }
I20260709 13:10:19.438046 28759 raft_consensus.cc:3060] T 1755f8b050474827bf7bffef378b3697 P 8b58c32ced3f475aa92aec45cb83371e [term 2 FOLLOWER]: Advancing to term 3
I20260709 13:10:19.440971 28833 raft_consensus.cc:2468] T 1755f8b050474827bf7bffef378b3697 P 939fbb9a72164854916e350fce15918e [term 3 FOLLOWER]: Leader election vote request: Granting yes vote for candidate d83babdd307f4019aa22106460a5898a in term 3.
I20260709 13:10:19.442015 28650 leader_election.cc:304] T 1755f8b050474827bf7bffef378b3697 P d83babdd307f4019aa22106460a5898a [CANDIDATE]: Term 3 election: Election decided. Result: candidate won. Election summary: received 2 responses out of 3 voters: 2 yes votes; 0 no votes. yes voters: 939fbb9a72164854916e350fce15918e, d83babdd307f4019aa22106460a5898a; no voters: 
I20260709 13:10:19.442798 28972 raft_consensus.cc:2804] T 1755f8b050474827bf7bffef378b3697 P d83babdd307f4019aa22106460a5898a [term 3 FOLLOWER]: Leader election won for term 3
I20260709 13:10:19.443219 28972 raft_consensus.cc:697] T 1755f8b050474827bf7bffef378b3697 P d83babdd307f4019aa22106460a5898a [term 3 LEADER]: Becoming Leader. State: Replica: d83babdd307f4019aa22106460a5898a, State: Running, Role: LEADER
I20260709 13:10:19.444110 28759 raft_consensus.cc:2468] T 1755f8b050474827bf7bffef378b3697 P 8b58c32ced3f475aa92aec45cb83371e [term 3 FOLLOWER]: Leader election vote request: Granting yes vote for candidate d83babdd307f4019aa22106460a5898a in term 3.
I20260709 13:10:19.443954 28972 consensus_queue.cc:237] T 1755f8b050474827bf7bffef378b3697 P d83babdd307f4019aa22106460a5898a [LEADER]: Queue going to LEADER mode. State: All replicated index: 0, Majority replicated index: 2, Committed index: 2, Last appended: 2.2, Last appended by leader: 2, Current term: 3, Majority size: 2, State: 0, Mode: LEADER, active raft config: opid_index: -1 OBSOLETE_local: false peers { permanent_uuid: "d83babdd307f4019aa22106460a5898a" member_type: VOTER last_known_addr { host: "127.27.92.193" port: 35439 } } peers { permanent_uuid: "8b58c32ced3f475aa92aec45cb83371e" member_type: VOTER last_known_addr { host: "127.27.92.194" port: 35419 } } peers { permanent_uuid: "939fbb9a72164854916e350fce15918e" member_type: VOTER last_known_addr { host: "127.27.92.195" port: 39327 } }
I20260709 13:10:19.452011 28583 catalog_manager.cc:5697] T 1755f8b050474827bf7bffef378b3697 P d83babdd307f4019aa22106460a5898a reported cstate change: term changed from 2 to 3, leader changed from 8b58c32ced3f475aa92aec45cb83371e (127.27.92.194) to d83babdd307f4019aa22106460a5898a (127.27.92.193). New cstate: current_term: 3 leader_uuid: "d83babdd307f4019aa22106460a5898a" committed_config { opid_index: -1 OBSOLETE_local: false peers { permanent_uuid: "d83babdd307f4019aa22106460a5898a" member_type: VOTER last_known_addr { host: "127.27.92.193" port: 35439 } health_report { overall_health: HEALTHY } } peers { permanent_uuid: "8b58c32ced3f475aa92aec45cb83371e" member_type: VOTER last_known_addr { host: "127.27.92.194" port: 35419 } health_report { overall_health: UNKNOWN } } peers { permanent_uuid: "939fbb9a72164854916e350fce15918e" member_type: VOTER last_known_addr { host: "127.27.92.195" port: 39327 } health_report { overall_health: UNKNOWN } } }
I20260709 13:10:19.542734 28991 raft_consensus.cc:993] T 3211c5d573db4c3698a1920d8d802eba P 939fbb9a72164854916e350fce15918e: : Instructing follower d83babdd307f4019aa22106460a5898a to start an election
I20260709 13:10:19.543147 28923 raft_consensus.cc:1081] T 3211c5d573db4c3698a1920d8d802eba P 939fbb9a72164854916e350fce15918e [term 3 LEADER]: Signalling peer d83babdd307f4019aa22106460a5898a to start an election
I20260709 13:10:19.544433 28683 tablet_service.cc:2044] Received Run Leader Election RPC: tablet_id: "3211c5d573db4c3698a1920d8d802eba"
dest_uuid: "d83babdd307f4019aa22106460a5898a"
 from {username='slave'} at 127.0.0.1:44900
I20260709 13:10:19.544807 28683 raft_consensus.cc:493] T 3211c5d573db4c3698a1920d8d802eba P d83babdd307f4019aa22106460a5898a [term 3 FOLLOWER]: Starting forced leader election (received explicit request)
I20260709 13:10:19.545017 28683 raft_consensus.cc:3060] T 3211c5d573db4c3698a1920d8d802eba P d83babdd307f4019aa22106460a5898a [term 3 FOLLOWER]: Advancing to term 4
I20260709 13:10:19.548743 28683 raft_consensus.cc:515] T 3211c5d573db4c3698a1920d8d802eba P d83babdd307f4019aa22106460a5898a [term 4 FOLLOWER]: Starting forced leader election with config: opid_index: -1 OBSOLETE_local: false peers { permanent_uuid: "d83babdd307f4019aa22106460a5898a" member_type: VOTER last_known_addr { host: "127.27.92.193" port: 35439 } } peers { permanent_uuid: "8b58c32ced3f475aa92aec45cb83371e" member_type: VOTER last_known_addr { host: "127.27.92.194" port: 35419 } } peers { permanent_uuid: "939fbb9a72164854916e350fce15918e" member_type: VOTER last_known_addr { host: "127.27.92.195" port: 39327 } }
I20260709 13:10:19.550151 28683 leader_election.cc:290] T 3211c5d573db4c3698a1920d8d802eba P d83babdd307f4019aa22106460a5898a [CANDIDATE]: Term 4 election: Requested vote from peers 8b58c32ced3f475aa92aec45cb83371e (127.27.92.194:35419), 939fbb9a72164854916e350fce15918e (127.27.92.195:39327)
I20260709 13:10:19.550829 28759 tablet_service.cc:1917] Received RequestConsensusVote() RPC: tablet_id: "3211c5d573db4c3698a1920d8d802eba" candidate_uuid: "d83babdd307f4019aa22106460a5898a" candidate_term: 4 candidate_status { last_received { term: 3 index: 3 } } ignore_live_leader: true dest_uuid: "8b58c32ced3f475aa92aec45cb83371e"
I20260709 13:10:19.551285 28834 tablet_service.cc:1917] Received RequestConsensusVote() RPC: tablet_id: "3211c5d573db4c3698a1920d8d802eba" candidate_uuid: "d83babdd307f4019aa22106460a5898a" candidate_term: 4 candidate_status { last_received { term: 3 index: 3 } } ignore_live_leader: true dest_uuid: "939fbb9a72164854916e350fce15918e"
I20260709 13:10:19.551374 28759 raft_consensus.cc:3060] T 3211c5d573db4c3698a1920d8d802eba P 8b58c32ced3f475aa92aec45cb83371e [term 3 FOLLOWER]: Advancing to term 4
I20260709 13:10:19.551782 28834 raft_consensus.cc:3055] T 3211c5d573db4c3698a1920d8d802eba P 939fbb9a72164854916e350fce15918e [term 3 LEADER]: Stepping down as leader of term 3
I20260709 13:10:19.552050 28834 raft_consensus.cc:740] T 3211c5d573db4c3698a1920d8d802eba P 939fbb9a72164854916e350fce15918e [term 3 LEADER]: Becoming Follower/Learner. State: Replica: 939fbb9a72164854916e350fce15918e, State: Running, Role: LEADER
I20260709 13:10:19.552690 28834 consensus_queue.cc:260] T 3211c5d573db4c3698a1920d8d802eba P 939fbb9a72164854916e350fce15918e [NON_LEADER]: Queue going to NON_LEADER mode. State: All replicated index: 0, Majority replicated index: 3, Committed index: 3, Last appended: 3.3, Last appended by leader: 3, Current term: 3, Majority size: -1, State: 0, Mode: NON_LEADER, active raft config: opid_index: -1 OBSOLETE_local: false peers { permanent_uuid: "d83babdd307f4019aa22106460a5898a" member_type: VOTER last_known_addr { host: "127.27.92.193" port: 35439 } } peers { permanent_uuid: "8b58c32ced3f475aa92aec45cb83371e" member_type: VOTER last_known_addr { host: "127.27.92.194" port: 35419 } } peers { permanent_uuid: "939fbb9a72164854916e350fce15918e" member_type: VOTER last_known_addr { host: "127.27.92.195" port: 39327 } }
I20260709 13:10:19.553599 28834 raft_consensus.cc:3060] T 3211c5d573db4c3698a1920d8d802eba P 939fbb9a72164854916e350fce15918e [term 3 FOLLOWER]: Advancing to term 4
I20260709 13:10:19.556146 28759 raft_consensus.cc:2468] T 3211c5d573db4c3698a1920d8d802eba P 8b58c32ced3f475aa92aec45cb83371e [term 4 FOLLOWER]: Leader election vote request: Granting yes vote for candidate d83babdd307f4019aa22106460a5898a in term 4.
I20260709 13:10:19.557101 28650 leader_election.cc:304] T 3211c5d573db4c3698a1920d8d802eba P d83babdd307f4019aa22106460a5898a [CANDIDATE]: Term 4 election: Election decided. Result: candidate won. Election summary: received 2 responses out of 3 voters: 2 yes votes; 0 no votes. yes voters: 8b58c32ced3f475aa92aec45cb83371e, d83babdd307f4019aa22106460a5898a; no voters: 
I20260709 13:10:19.557760 28972 raft_consensus.cc:2804] T 3211c5d573db4c3698a1920d8d802eba P d83babdd307f4019aa22106460a5898a [term 4 FOLLOWER]: Leader election won for term 4
I20260709 13:10:19.558136 28972 raft_consensus.cc:697] T 3211c5d573db4c3698a1920d8d802eba P d83babdd307f4019aa22106460a5898a [term 4 LEADER]: Becoming Leader. State: Replica: d83babdd307f4019aa22106460a5898a, State: Running, Role: LEADER
I20260709 13:10:19.558589 28834 raft_consensus.cc:2468] T 3211c5d573db4c3698a1920d8d802eba P 939fbb9a72164854916e350fce15918e [term 4 FOLLOWER]: Leader election vote request: Granting yes vote for candidate d83babdd307f4019aa22106460a5898a in term 4.
I20260709 13:10:19.558861 28972 consensus_queue.cc:237] T 3211c5d573db4c3698a1920d8d802eba P d83babdd307f4019aa22106460a5898a [LEADER]: Queue going to LEADER mode. State: All replicated index: 0, Majority replicated index: 3, Committed index: 3, Last appended: 3.3, Last appended by leader: 3, Current term: 4, Majority size: 2, State: 0, Mode: LEADER, active raft config: opid_index: -1 OBSOLETE_local: false peers { permanent_uuid: "d83babdd307f4019aa22106460a5898a" member_type: VOTER last_known_addr { host: "127.27.92.193" port: 35439 } } peers { permanent_uuid: "8b58c32ced3f475aa92aec45cb83371e" member_type: VOTER last_known_addr { host: "127.27.92.194" port: 35419 } } peers { permanent_uuid: "939fbb9a72164854916e350fce15918e" member_type: VOTER last_known_addr { host: "127.27.92.195" port: 39327 } }
I20260709 13:10:19.564575 28583 catalog_manager.cc:5697] T 3211c5d573db4c3698a1920d8d802eba P d83babdd307f4019aa22106460a5898a reported cstate change: term changed from 3 to 4, leader changed from 939fbb9a72164854916e350fce15918e (127.27.92.195) to d83babdd307f4019aa22106460a5898a (127.27.92.193). New cstate: current_term: 4 leader_uuid: "d83babdd307f4019aa22106460a5898a" committed_config { opid_index: -1 OBSOLETE_local: false peers { permanent_uuid: "d83babdd307f4019aa22106460a5898a" member_type: VOTER last_known_addr { host: "127.27.92.193" port: 35439 } health_report { overall_health: HEALTHY } } peers { permanent_uuid: "8b58c32ced3f475aa92aec45cb83371e" member_type: VOTER last_known_addr { host: "127.27.92.194" port: 35419 } health_report { overall_health: UNKNOWN } } peers { permanent_uuid: "939fbb9a72164854916e350fce15918e" member_type: VOTER last_known_addr { host: "127.27.92.195" port: 39327 } health_report { overall_health: UNKNOWN } } }
I20260709 13:10:19.719046 28759 raft_consensus.cc:1275] T 719a484206f1484eb51faee5ff1d987f P 8b58c32ced3f475aa92aec45cb83371e [term 4 FOLLOWER]: Refusing update from remote peer d83babdd307f4019aa22106460a5898a: Log matching property violated. Preceding OpId in replica: term: 3 index: 3. Preceding OpId from leader: term: 4 index: 4. (index mismatch)
I20260709 13:10:19.720307 28993 raft_consensus.cc:993] T b320fb4ebd6742daab56a6fe136b13c5 P 8b58c32ced3f475aa92aec45cb83371e: : Instructing follower d83babdd307f4019aa22106460a5898a to start an election
I20260709 13:10:19.720397 28972 consensus_queue.cc:1048] T 719a484206f1484eb51faee5ff1d987f P d83babdd307f4019aa22106460a5898a [LEADER]: Connected to new peer: Peer: permanent_uuid: "8b58c32ced3f475aa92aec45cb83371e" member_type: VOTER last_known_addr { host: "127.27.92.194" port: 35419 }, Status: LMP_MISMATCH, Last received: 0.0, Next index: 4, Last known committed idx: 3, Time since last communication: 0.000s
I20260709 13:10:19.720913 28912 raft_consensus.cc:1081] T b320fb4ebd6742daab56a6fe136b13c5 P 8b58c32ced3f475aa92aec45cb83371e [term 2 LEADER]: Signalling peer d83babdd307f4019aa22106460a5898a to start an election
I20260709 13:10:19.722523 28683 tablet_service.cc:2044] Received Run Leader Election RPC: tablet_id: "b320fb4ebd6742daab56a6fe136b13c5"
dest_uuid: "d83babdd307f4019aa22106460a5898a"
 from {username='slave'} at 127.0.0.1:44906
I20260709 13:10:19.722926 28683 raft_consensus.cc:493] T b320fb4ebd6742daab56a6fe136b13c5 P d83babdd307f4019aa22106460a5898a [term 2 FOLLOWER]: Starting forced leader election (received explicit request)
I20260709 13:10:19.723212 28683 raft_consensus.cc:3060] T b320fb4ebd6742daab56a6fe136b13c5 P d83babdd307f4019aa22106460a5898a [term 2 FOLLOWER]: Advancing to term 3
