I20260709 13:10:07.144186 28285 tablet_bootstrap.cc:492] T e36fa381f4b9400587998c8355ed400b P b7b62f81c68e465bbcd40aa791e0e629: Bootstrap starting.
I20260709 13:10:07.146337 28284 tablet_bootstrap.cc:492] T efa27758a5484c789bed9bdc4ed7da4d P d95a50de06b94161afaaabb19c1f093f: No bootstrap required, opened a new log
I20260709 13:10:07.146925 28284 ts_tablet_manager.cc:1403] T efa27758a5484c789bed9bdc4ed7da4d P d95a50de06b94161afaaabb19c1f093f: Time spent bootstrapping tablet: real 0.017s	user 0.013s	sys 0.003s
I20260709 13:10:07.146952 28307 leader_election.cc:290] T 9ba807cf07a34435b4653ff5c1db74d3 P b7b62f81c68e465bbcd40aa791e0e629 [CANDIDATE]: Term 1 election: Requested vote from peers d95a50de06b94161afaaabb19c1f093f (127.26.210.1:35673), 2c8136355dd349e8a6a2c6a7954a20c4 (127.26.210.3:32957)
I20260709 13:10:07.147688 28093 tablet_service.cc:1917] Received RequestConsensusVote() RPC: tablet_id: "9ba807cf07a34435b4653ff5c1db74d3" candidate_uuid: "b7b62f81c68e465bbcd40aa791e0e629" candidate_term: 1 candidate_status { last_received { term: 0 index: 0 } } ignore_live_leader: false dest_uuid: "d95a50de06b94161afaaabb19c1f093f"
I20260709 13:10:07.147991 28241 tablet_service.cc:1917] Received RequestConsensusVote() RPC: tablet_id: "9ba807cf07a34435b4653ff5c1db74d3" candidate_uuid: "b7b62f81c68e465bbcd40aa791e0e629" candidate_term: 1 candidate_status { last_received { term: 0 index: 0 } } ignore_live_leader: false dest_uuid: "2c8136355dd349e8a6a2c6a7954a20c4"
I20260709 13:10:07.148620 28241 raft_consensus.cc:3060] T 9ba807cf07a34435b4653ff5c1db74d3 P 2c8136355dd349e8a6a2c6a7954a20c4 [term 0 FOLLOWER]: Advancing to term 1
W20260709 13:10:07.149235 28133 leader_election.cc:343] T 9ba807cf07a34435b4653ff5c1db74d3 P b7b62f81c68e465bbcd40aa791e0e629 [CANDIDATE]: Term 1 election: Tablet error from VoteRequest() call to peer d95a50de06b94161afaaabb19c1f093f (127.26.210.1:35673): Illegal state: must be running to vote when last-logged opid is not known
I20260709 13:10:07.150492 28284 raft_consensus.cc:359] T efa27758a5484c789bed9bdc4ed7da4d P d95a50de06b94161afaaabb19c1f093f [term 0 FOLLOWER]: Replica starting. Triggering 0 pending ops. Active config: opid_index: -1 OBSOLETE_local: false peers { permanent_uuid: "d95a50de06b94161afaaabb19c1f093f" member_type: VOTER last_known_addr { host: "127.26.210.1" port: 35673 } } peers { permanent_uuid: "b7b62f81c68e465bbcd40aa791e0e629" member_type: VOTER last_known_addr { host: "127.26.210.2" port: 39993 } } peers { permanent_uuid: "2c8136355dd349e8a6a2c6a7954a20c4" member_type: VOTER last_known_addr { host: "127.26.210.3" port: 32957 } }
I20260709 13:10:07.151327 28284 raft_consensus.cc:385] T efa27758a5484c789bed9bdc4ed7da4d P d95a50de06b94161afaaabb19c1f093f [term 0 FOLLOWER]: Consensus starting up: Expiring failure detector timer to make a prompt election more likely
I20260709 13:10:07.151700 28284 raft_consensus.cc:740] T efa27758a5484c789bed9bdc4ed7da4d P d95a50de06b94161afaaabb19c1f093f [term 0 FOLLOWER]: Becoming Follower/Learner. State: Replica: d95a50de06b94161afaaabb19c1f093f, State: Initialized, Role: FOLLOWER
I20260709 13:10:07.152690 28284 consensus_queue.cc:260] T efa27758a5484c789bed9bdc4ed7da4d P d95a50de06b94161afaaabb19c1f093f [NON_LEADER]: Queue going to NON_LEADER mode. State: All replicated index: 0, Majority replicated index: 0, Committed index: 0, Last appended: 0.0, Last appended by leader: 0, Current term: 0, Majority size: -1, State: 0, Mode: NON_LEADER, active raft config: opid_index: -1 OBSOLETE_local: false peers { permanent_uuid: "d95a50de06b94161afaaabb19c1f093f" member_type: VOTER last_known_addr { host: "127.26.210.1" port: 35673 } } peers { permanent_uuid: "b7b62f81c68e465bbcd40aa791e0e629" member_type: VOTER last_known_addr { host: "127.26.210.2" port: 39993 } } peers { permanent_uuid: "2c8136355dd349e8a6a2c6a7954a20c4" member_type: VOTER last_known_addr { host: "127.26.210.3" port: 32957 } }
I20260709 13:10:07.154984 28242 raft_consensus.cc:3060] T eec1c88fbe20484e9ebfcaf490fd808d P 2c8136355dd349e8a6a2c6a7954a20c4 [term 0 FOLLOWER]: Advancing to term 1
I20260709 13:10:07.157073 28282 ts_tablet_manager.cc:1434] T eec1c88fbe20484e9ebfcaf490fd808d P 2c8136355dd349e8a6a2c6a7954a20c4: Time spent starting tablet: real 0.034s	user 0.005s	sys 0.001s
I20260709 13:10:07.157661 28284 ts_tablet_manager.cc:1434] T efa27758a5484c789bed9bdc4ed7da4d P d95a50de06b94161afaaabb19c1f093f: Time spent starting tablet: real 0.010s	user 0.006s	sys 0.001s
I20260709 13:10:07.158020 28282 tablet_bootstrap.cc:492] T e36fa381f4b9400587998c8355ed400b P 2c8136355dd349e8a6a2c6a7954a20c4: Bootstrap starting.
I20260709 13:10:07.158668 28284 tablet_bootstrap.cc:492] T 80a6a64a620d487797f5c0457930c3e5 P d95a50de06b94161afaaabb19c1f093f: Bootstrap starting.
I20260709 13:10:07.162966 28289 raft_consensus.cc:697] T eec1c88fbe20484e9ebfcaf490fd808d P b7b62f81c68e465bbcd40aa791e0e629 [term 1 LEADER]: Becoming Leader. State: Replica: b7b62f81c68e465bbcd40aa791e0e629, State: Running, Role: LEADER
I20260709 13:10:07.163268 28285 tablet_bootstrap.cc:654] T e36fa381f4b9400587998c8355ed400b P b7b62f81c68e465bbcd40aa791e0e629: Neither blocks nor log segments found. Creating new log.
I20260709 13:10:07.163889 28289 consensus_queue.cc:237] T eec1c88fbe20484e9ebfcaf490fd808d P b7b62f81c68e465bbcd40aa791e0e629 [LEADER]: Queue going to LEADER mode. State: All replicated index: 0, Majority replicated index: 0, Committed index: 0, Last appended: 0.0, Last appended by leader: 0, Current term: 1, Majority size: 2, State: 0, Mode: LEADER, active raft config: opid_index: -1 OBSOLETE_local: false peers { permanent_uuid: "d95a50de06b94161afaaabb19c1f093f" member_type: VOTER last_known_addr { host: "127.26.210.1" port: 35673 } } peers { permanent_uuid: "b7b62f81c68e465bbcd40aa791e0e629" member_type: VOTER last_known_addr { host: "127.26.210.2" port: 39993 } } peers { permanent_uuid: "2c8136355dd349e8a6a2c6a7954a20c4" member_type: VOTER last_known_addr { host: "127.26.210.3" port: 32957 } }
I20260709 13:10:07.165552 28284 tablet_bootstrap.cc:654] T 80a6a64a620d487797f5c0457930c3e5 P d95a50de06b94161afaaabb19c1f093f: Neither blocks nor log segments found. Creating new log.
I20260709 13:10:07.174371 28282 tablet_bootstrap.cc:654] T e36fa381f4b9400587998c8355ed400b P 2c8136355dd349e8a6a2c6a7954a20c4: Neither blocks nor log segments found. Creating new log.
I20260709 13:10:07.175181 28285 tablet_bootstrap.cc:492] T e36fa381f4b9400587998c8355ed400b P b7b62f81c68e465bbcd40aa791e0e629: No bootstrap required, opened a new log
I20260709 13:10:07.175872 28285 ts_tablet_manager.cc:1403] T e36fa381f4b9400587998c8355ed400b P b7b62f81c68e465bbcd40aa791e0e629: Time spent bootstrapping tablet: real 0.032s	user 0.009s	sys 0.010s
I20260709 13:10:07.176234 28242 raft_consensus.cc:2468] T eec1c88fbe20484e9ebfcaf490fd808d P 2c8136355dd349e8a6a2c6a7954a20c4 [term 1 FOLLOWER]: Leader election vote request: Granting yes vote for candidate b7b62f81c68e465bbcd40aa791e0e629 in term 1.
I20260709 13:10:07.187556 27988 catalog_manager.cc:5697] T eec1c88fbe20484e9ebfcaf490fd808d P b7b62f81c68e465bbcd40aa791e0e629 reported cstate change: term changed from 0 to 1, leader changed from <none> to b7b62f81c68e465bbcd40aa791e0e629 (127.26.210.2). New cstate: current_term: 1 leader_uuid: "b7b62f81c68e465bbcd40aa791e0e629" committed_config { opid_index: -1 OBSOLETE_local: false peers { permanent_uuid: "d95a50de06b94161afaaabb19c1f093f" member_type: VOTER last_known_addr { host: "127.26.210.1" port: 35673 } health_report { overall_health: UNKNOWN } } peers { permanent_uuid: "b7b62f81c68e465bbcd40aa791e0e629" member_type: VOTER last_known_addr { host: "127.26.210.2" port: 39993 } health_report { overall_health: HEALTHY } } peers { permanent_uuid: "2c8136355dd349e8a6a2c6a7954a20c4" member_type: VOTER last_known_addr { host: "127.26.210.3" port: 32957 } health_report { overall_health: UNKNOWN } } }
I20260709 13:10:07.180529 28285 raft_consensus.cc:359] T e36fa381f4b9400587998c8355ed400b P b7b62f81c68e465bbcd40aa791e0e629 [term 0 FOLLOWER]: Replica starting. Triggering 0 pending ops. Active config: opid_index: -1 OBSOLETE_local: false peers { permanent_uuid: "d95a50de06b94161afaaabb19c1f093f" member_type: VOTER last_known_addr { host: "127.26.210.1" port: 35673 } } peers { permanent_uuid: "b7b62f81c68e465bbcd40aa791e0e629" member_type: VOTER last_known_addr { host: "127.26.210.2" port: 39993 } } peers { permanent_uuid: "2c8136355dd349e8a6a2c6a7954a20c4" member_type: VOTER last_known_addr { host: "127.26.210.3" port: 32957 } }
I20260709 13:10:07.184114 28241 raft_consensus.cc:2468] T 9ba807cf07a34435b4653ff5c1db74d3 P 2c8136355dd349e8a6a2c6a7954a20c4 [term 1 FOLLOWER]: Leader election vote request: Granting yes vote for candidate b7b62f81c68e465bbcd40aa791e0e629 in term 1.
I20260709 13:10:07.197018 28285 raft_consensus.cc:385] T e36fa381f4b9400587998c8355ed400b P b7b62f81c68e465bbcd40aa791e0e629 [term 0 FOLLOWER]: Consensus starting up: Expiring failure detector timer to make a prompt election more likely
I20260709 13:10:07.197458 28285 raft_consensus.cc:740] T e36fa381f4b9400587998c8355ed400b P b7b62f81c68e465bbcd40aa791e0e629 [term 0 FOLLOWER]: Becoming Follower/Learner. State: Replica: b7b62f81c68e465bbcd40aa791e0e629, State: Initialized, Role: FOLLOWER
I20260709 13:10:07.198503 28285 consensus_queue.cc:260] T e36fa381f4b9400587998c8355ed400b P b7b62f81c68e465bbcd40aa791e0e629 [NON_LEADER]: Queue going to NON_LEADER mode. State: All replicated index: 0, Majority replicated index: 0, Committed index: 0, Last appended: 0.0, Last appended by leader: 0, Current term: 0, Majority size: -1, State: 0, Mode: NON_LEADER, active raft config: opid_index: -1 OBSOLETE_local: false peers { permanent_uuid: "d95a50de06b94161afaaabb19c1f093f" member_type: VOTER last_known_addr { host: "127.26.210.1" port: 35673 } } peers { permanent_uuid: "b7b62f81c68e465bbcd40aa791e0e629" member_type: VOTER last_known_addr { host: "127.26.210.2" port: 39993 } } peers { permanent_uuid: "2c8136355dd349e8a6a2c6a7954a20c4" member_type: VOTER last_known_addr { host: "127.26.210.3" port: 32957 } }
I20260709 13:10:07.199271 28131 leader_election.cc:304] T 9ba807cf07a34435b4653ff5c1db74d3 P b7b62f81c68e465bbcd40aa791e0e629 [CANDIDATE]: Term 1 election: Election decided. Result: candidate won. Election summary: received 3 responses out of 3 voters: 2 yes votes; 1 no votes. yes voters: 2c8136355dd349e8a6a2c6a7954a20c4, b7b62f81c68e465bbcd40aa791e0e629; no voters: d95a50de06b94161afaaabb19c1f093f
I20260709 13:10:07.200547 28289 raft_consensus.cc:2804] T 9ba807cf07a34435b4653ff5c1db74d3 P b7b62f81c68e465bbcd40aa791e0e629 [term 1 FOLLOWER]: Leader election won for term 1
I20260709 13:10:07.201066 28289 raft_consensus.cc:697] T 9ba807cf07a34435b4653ff5c1db74d3 P b7b62f81c68e465bbcd40aa791e0e629 [term 1 LEADER]: Becoming Leader. State: Replica: b7b62f81c68e465bbcd40aa791e0e629, State: Running, Role: LEADER
I20260709 13:10:07.201915 28289 consensus_queue.cc:237] T 9ba807cf07a34435b4653ff5c1db74d3 P b7b62f81c68e465bbcd40aa791e0e629 [LEADER]: Queue going to LEADER mode. State: All replicated index: 0, Majority replicated index: 0, Committed index: 0, Last appended: 0.0, Last appended by leader: 0, Current term: 1, Majority size: 2, State: 0, Mode: LEADER, active raft config: opid_index: -1 OBSOLETE_local: false peers { permanent_uuid: "d95a50de06b94161afaaabb19c1f093f" member_type: VOTER last_known_addr { host: "127.26.210.1" port: 35673 } } peers { permanent_uuid: "b7b62f81c68e465bbcd40aa791e0e629" member_type: VOTER last_known_addr { host: "127.26.210.2" port: 39993 } } peers { permanent_uuid: "2c8136355dd349e8a6a2c6a7954a20c4" member_type: VOTER last_known_addr { host: "127.26.210.3" port: 32957 } }
I20260709 13:10:07.202416 28285 ts_tablet_manager.cc:1434] T e36fa381f4b9400587998c8355ed400b P b7b62f81c68e465bbcd40aa791e0e629: Time spent starting tablet: real 0.026s	user 0.007s	sys 0.001s
I20260709 13:10:07.202771 28284 tablet_bootstrap.cc:492] T 80a6a64a620d487797f5c0457930c3e5 P d95a50de06b94161afaaabb19c1f093f: No bootstrap required, opened a new log
I20260709 13:10:07.203301 28284 ts_tablet_manager.cc:1403] T 80a6a64a620d487797f5c0457930c3e5 P d95a50de06b94161afaaabb19c1f093f: Time spent bootstrapping tablet: real 0.045s	user 0.016s	sys 0.026s
I20260709 13:10:07.203538 28285 tablet_bootstrap.cc:492] T efa27758a5484c789bed9bdc4ed7da4d P b7b62f81c68e465bbcd40aa791e0e629: Bootstrap starting.
I20260709 13:10:07.206411 28284 raft_consensus.cc:359] T 80a6a64a620d487797f5c0457930c3e5 P d95a50de06b94161afaaabb19c1f093f [term 0 FOLLOWER]: Replica starting. Triggering 0 pending ops. Active config: opid_index: -1 OBSOLETE_local: false peers { permanent_uuid: "d95a50de06b94161afaaabb19c1f093f" member_type: VOTER last_known_addr { host: "127.26.210.1" port: 35673 } } peers { permanent_uuid: "b7b62f81c68e465bbcd40aa791e0e629" member_type: VOTER last_known_addr { host: "127.26.210.2" port: 39993 } } peers { permanent_uuid: "2c8136355dd349e8a6a2c6a7954a20c4" member_type: VOTER last_known_addr { host: "127.26.210.3" port: 32957 } }
I20260709 13:10:07.207190 28284 raft_consensus.cc:385] T 80a6a64a620d487797f5c0457930c3e5 P d95a50de06b94161afaaabb19c1f093f [term 0 FOLLOWER]: Consensus starting up: Expiring failure detector timer to make a prompt election more likely
I20260709 13:10:07.207532 28284 raft_consensus.cc:740] T 80a6a64a620d487797f5c0457930c3e5 P d95a50de06b94161afaaabb19c1f093f [term 0 FOLLOWER]: Becoming Follower/Learner. State: Replica: d95a50de06b94161afaaabb19c1f093f, State: Initialized, Role: FOLLOWER
I20260709 13:10:07.213976 28285 tablet_bootstrap.cc:654] T efa27758a5484c789bed9bdc4ed7da4d P b7b62f81c68e465bbcd40aa791e0e629: Neither blocks nor log segments found. Creating new log.
I20260709 13:10:07.210587 28284 consensus_queue.cc:260] T 80a6a64a620d487797f5c0457930c3e5 P d95a50de06b94161afaaabb19c1f093f [NON_LEADER]: Queue going to NON_LEADER mode. State: All replicated index: 0, Majority replicated index: 0, Committed index: 0, Last appended: 0.0, Last appended by leader: 0, Current term: 0, Majority size: -1, State: 0, Mode: NON_LEADER, active raft config: opid_index: -1 OBSOLETE_local: false peers { permanent_uuid: "d95a50de06b94161afaaabb19c1f093f" member_type: VOTER last_known_addr { host: "127.26.210.1" port: 35673 } } peers { permanent_uuid: "b7b62f81c68e465bbcd40aa791e0e629" member_type: VOTER last_known_addr { host: "127.26.210.2" port: 39993 } } peers { permanent_uuid: "2c8136355dd349e8a6a2c6a7954a20c4" member_type: VOTER last_known_addr { host: "127.26.210.3" port: 32957 } }
I20260709 13:10:07.217187 28284 ts_tablet_manager.cc:1434] T 80a6a64a620d487797f5c0457930c3e5 P d95a50de06b94161afaaabb19c1f093f: Time spent starting tablet: real 0.014s	user 0.006s	sys 0.000s
I20260709 13:10:07.218377 28284 tablet_bootstrap.cc:492] T 0a4120343eb44fceb45642adae160236 P d95a50de06b94161afaaabb19c1f093f: Bootstrap starting.
I20260709 13:10:07.224579 28282 tablet_bootstrap.cc:492] T e36fa381f4b9400587998c8355ed400b P 2c8136355dd349e8a6a2c6a7954a20c4: No bootstrap required, opened a new log
I20260709 13:10:07.225097 28282 ts_tablet_manager.cc:1403] T e36fa381f4b9400587998c8355ed400b P 2c8136355dd349e8a6a2c6a7954a20c4: Time spent bootstrapping tablet: real 0.067s	user 0.024s	sys 0.012s
I20260709 13:10:07.226082 28284 tablet_bootstrap.cc:654] T 0a4120343eb44fceb45642adae160236 P d95a50de06b94161afaaabb19c1f093f: Neither blocks nor log segments found. Creating new log.
I20260709 13:10:07.228041 28282 raft_consensus.cc:359] T e36fa381f4b9400587998c8355ed400b P 2c8136355dd349e8a6a2c6a7954a20c4 [term 0 FOLLOWER]: Replica starting. Triggering 0 pending ops. Active config: opid_index: -1 OBSOLETE_local: false peers { permanent_uuid: "d95a50de06b94161afaaabb19c1f093f" member_type: VOTER last_known_addr { host: "127.26.210.1" port: 35673 } } peers { permanent_uuid: "b7b62f81c68e465bbcd40aa791e0e629" member_type: VOTER last_known_addr { host: "127.26.210.2" port: 39993 } } peers { permanent_uuid: "2c8136355dd349e8a6a2c6a7954a20c4" member_type: VOTER last_known_addr { host: "127.26.210.3" port: 32957 } }
I20260709 13:10:07.228797 28282 raft_consensus.cc:385] T e36fa381f4b9400587998c8355ed400b P 2c8136355dd349e8a6a2c6a7954a20c4 [term 0 FOLLOWER]: Consensus starting up: Expiring failure detector timer to make a prompt election more likely
I20260709 13:10:07.229097 28282 raft_consensus.cc:740] T e36fa381f4b9400587998c8355ed400b P 2c8136355dd349e8a6a2c6a7954a20c4 [term 0 FOLLOWER]: Becoming Follower/Learner. State: Replica: 2c8136355dd349e8a6a2c6a7954a20c4, State: Initialized, Role: FOLLOWER
I20260709 13:10:07.230286 28282 consensus_queue.cc:260] T e36fa381f4b9400587998c8355ed400b P 2c8136355dd349e8a6a2c6a7954a20c4 [NON_LEADER]: Queue going to NON_LEADER mode. State: All replicated index: 0, Majority replicated index: 0, Committed index: 0, Last appended: 0.0, Last appended by leader: 0, Current term: 0, Majority size: -1, State: 0, Mode: NON_LEADER, active raft config: opid_index: -1 OBSOLETE_local: false peers { permanent_uuid: "d95a50de06b94161afaaabb19c1f093f" member_type: VOTER last_known_addr { host: "127.26.210.1" port: 35673 } } peers { permanent_uuid: "b7b62f81c68e465bbcd40aa791e0e629" member_type: VOTER last_known_addr { host: "127.26.210.2" port: 39993 } } peers { permanent_uuid: "2c8136355dd349e8a6a2c6a7954a20c4" member_type: VOTER last_known_addr { host: "127.26.210.3" port: 32957 } }
I20260709 13:10:07.226425 27990 catalog_manager.cc:5697] T 9ba807cf07a34435b4653ff5c1db74d3 P b7b62f81c68e465bbcd40aa791e0e629 reported cstate change: term changed from 0 to 1, leader changed from <none> to b7b62f81c68e465bbcd40aa791e0e629 (127.26.210.2). New cstate: current_term: 1 leader_uuid: "b7b62f81c68e465bbcd40aa791e0e629" committed_config { opid_index: -1 OBSOLETE_local: false peers { permanent_uuid: "d95a50de06b94161afaaabb19c1f093f" member_type: VOTER last_known_addr { host: "127.26.210.1" port: 35673 } health_report { overall_health: UNKNOWN } } peers { permanent_uuid: "b7b62f81c68e465bbcd40aa791e0e629" member_type: VOTER last_known_addr { host: "127.26.210.2" port: 39993 } health_report { overall_health: HEALTHY } } peers { permanent_uuid: "2c8136355dd349e8a6a2c6a7954a20c4" member_type: VOTER last_known_addr { host: "127.26.210.3" port: 32957 } health_report { overall_health: UNKNOWN } } }
I20260709 13:10:07.234335 28286 raft_consensus.cc:493] T a0c2c29f47894f60a1980b67bc0aba65 P 2c8136355dd349e8a6a2c6a7954a20c4 [term 0 FOLLOWER]: Starting pre-election (no leader contacted us within the election timeout)
I20260709 13:10:07.234807 28286 raft_consensus.cc:515] T a0c2c29f47894f60a1980b67bc0aba65 P 2c8136355dd349e8a6a2c6a7954a20c4 [term 0 FOLLOWER]: Starting pre-election with config: opid_index: -1 OBSOLETE_local: false peers { permanent_uuid: "2c8136355dd349e8a6a2c6a7954a20c4" member_type: VOTER last_known_addr { host: "127.26.210.3" port: 32957 } } peers { permanent_uuid: "d95a50de06b94161afaaabb19c1f093f" member_type: VOTER last_known_addr { host: "127.26.210.1" port: 35673 } } peers { permanent_uuid: "b7b62f81c68e465bbcd40aa791e0e629" member_type: VOTER last_known_addr { host: "127.26.210.2" port: 39993 } }
I20260709 13:10:07.238040 28284 tablet_bootstrap.cc:492] T 0a4120343eb44fceb45642adae160236 P d95a50de06b94161afaaabb19c1f093f: No bootstrap required, opened a new log
I20260709 13:10:07.238534 28284 ts_tablet_manager.cc:1403] T 0a4120343eb44fceb45642adae160236 P d95a50de06b94161afaaabb19c1f093f: Time spent bootstrapping tablet: real 0.020s	user 0.002s	sys 0.014s
I20260709 13:10:07.238484 28291 raft_consensus.cc:493] T 8e152888b580419c83cd15a93127ce0c P d95a50de06b94161afaaabb19c1f093f [term 0 FOLLOWER]: Starting pre-election (no leader contacted us within the election timeout)
I20260709 13:10:07.239208 28291 raft_consensus.cc:515] T 8e152888b580419c83cd15a93127ce0c P d95a50de06b94161afaaabb19c1f093f [term 0 FOLLOWER]: Starting pre-election with config: opid_index: -1 OBSOLETE_local: false peers { permanent_uuid: "d95a50de06b94161afaaabb19c1f093f" member_type: VOTER last_known_addr { host: "127.26.210.1" port: 35673 } } peers { permanent_uuid: "b7b62f81c68e465bbcd40aa791e0e629" member_type: VOTER last_known_addr { host: "127.26.210.2" port: 39993 } } peers { permanent_uuid: "2c8136355dd349e8a6a2c6a7954a20c4" member_type: VOTER last_known_addr { host: "127.26.210.3" port: 32957 } }
I20260709 13:10:07.241128 28291 leader_election.cc:290] T 8e152888b580419c83cd15a93127ce0c P d95a50de06b94161afaaabb19c1f093f [CANDIDATE]: Term 1 pre-election: Requested pre-vote from peers b7b62f81c68e465bbcd40aa791e0e629 (127.26.210.2:39993), 2c8136355dd349e8a6a2c6a7954a20c4 (127.26.210.3:32957)
I20260709 13:10:07.241444 28284 raft_consensus.cc:359] T 0a4120343eb44fceb45642adae160236 P d95a50de06b94161afaaabb19c1f093f [term 0 FOLLOWER]: Replica starting. Triggering 0 pending ops. Active config: opid_index: -1 OBSOLETE_local: false peers { permanent_uuid: "d95a50de06b94161afaaabb19c1f093f" member_type: VOTER last_known_addr { host: "127.26.210.1" port: 35673 } } peers { permanent_uuid: "b7b62f81c68e465bbcd40aa791e0e629" member_type: VOTER last_known_addr { host: "127.26.210.2" port: 39993 } } peers { permanent_uuid: "2c8136355dd349e8a6a2c6a7954a20c4" member_type: VOTER last_known_addr { host: "127.26.210.3" port: 32957 } }
I20260709 13:10:07.242166 28284 raft_consensus.cc:385] T 0a4120343eb44fceb45642adae160236 P d95a50de06b94161afaaabb19c1f093f [term 0 FOLLOWER]: Consensus starting up: Expiring failure detector timer to make a prompt election more likely
I20260709 13:10:07.242449 28284 raft_consensus.cc:740] T 0a4120343eb44fceb45642adae160236 P d95a50de06b94161afaaabb19c1f093f [term 0 FOLLOWER]: Becoming Follower/Learner. State: Replica: d95a50de06b94161afaaabb19c1f093f, State: Initialized, Role: FOLLOWER
I20260709 13:10:07.243336 28284 consensus_queue.cc:260] T 0a4120343eb44fceb45642adae160236 P d95a50de06b94161afaaabb19c1f093f [NON_LEADER]: Queue going to NON_LEADER mode. State: All replicated index: 0, Majority replicated index: 0, Committed index: 0, Last appended: 0.0, Last appended by leader: 0, Current term: 0, Majority size: -1, State: 0, Mode: NON_LEADER, active raft config: opid_index: -1 OBSOLETE_local: false peers { permanent_uuid: "d95a50de06b94161afaaabb19c1f093f" member_type: VOTER last_known_addr { host: "127.26.210.1" port: 35673 } } peers { permanent_uuid: "b7b62f81c68e465bbcd40aa791e0e629" member_type: VOTER last_known_addr { host: "127.26.210.2" port: 39993 } } peers { permanent_uuid: "2c8136355dd349e8a6a2c6a7954a20c4" member_type: VOTER last_known_addr { host: "127.26.210.3" port: 32957 } }
I20260709 13:10:07.243654 28168 tablet_service.cc:1917] Received RequestConsensusVote() RPC: tablet_id: "8e152888b580419c83cd15a93127ce0c" candidate_uuid: "d95a50de06b94161afaaabb19c1f093f" candidate_term: 1 candidate_status { last_received { term: 0 index: 0 } } ignore_live_leader: false dest_uuid: "b7b62f81c68e465bbcd40aa791e0e629" is_pre_election: true
I20260709 13:10:07.244293 28168 raft_consensus.cc:2468] T 8e152888b580419c83cd15a93127ce0c P b7b62f81c68e465bbcd40aa791e0e629 [term 0 FOLLOWER]: Leader pre-election vote request: Granting yes vote for candidate d95a50de06b94161afaaabb19c1f093f in term 0.
I20260709 13:10:07.245252 28241 tablet_service.cc:1917] Received RequestConsensusVote() RPC: tablet_id: "8e152888b580419c83cd15a93127ce0c" candidate_uuid: "d95a50de06b94161afaaabb19c1f093f" candidate_term: 1 candidate_status { last_received { term: 0 index: 0 } } ignore_live_leader: false dest_uuid: "2c8136355dd349e8a6a2c6a7954a20c4" is_pre_election: true
I20260709 13:10:07.245716 28284 ts_tablet_manager.cc:1434] T 0a4120343eb44fceb45642adae160236 P d95a50de06b94161afaaabb19c1f093f: Time spent starting tablet: real 0.007s	user 0.005s	sys 0.001s
I20260709 13:10:07.246713 28284 tablet_bootstrap.cc:492] T 18e6bf642aa34cff9bb13c29bd40eedb P d95a50de06b94161afaaabb19c1f093f: Bootstrap starting.
W20260709 13:10:07.246729 28056 leader_election.cc:343] T 8e152888b580419c83cd15a93127ce0c P d95a50de06b94161afaaabb19c1f093f [CANDIDATE]: Term 1 pre-election: Tablet error from VoteRequest() call to peer 2c8136355dd349e8a6a2c6a7954a20c4 (127.26.210.3:32957): Illegal state: must be running to vote when last-logged opid is not known
I20260709 13:10:07.241981 28286 leader_election.cc:290] T a0c2c29f47894f60a1980b67bc0aba65 P 2c8136355dd349e8a6a2c6a7954a20c4 [CANDIDATE]: Term 1 pre-election: Requested pre-vote from peers d95a50de06b94161afaaabb19c1f093f (127.26.210.1:35673), b7b62f81c68e465bbcd40aa791e0e629 (127.26.210.2:39993)
I20260709 13:10:07.248948 28057 leader_election.cc:304] T 8e152888b580419c83cd15a93127ce0c P d95a50de06b94161afaaabb19c1f093f [CANDIDATE]: Term 1 pre-election: Election decided. Result: candidate won. Election summary: received 3 responses out of 3 voters: 2 yes votes; 1 no votes. yes voters: b7b62f81c68e465bbcd40aa791e0e629, d95a50de06b94161afaaabb19c1f093f; no voters: 2c8136355dd349e8a6a2c6a7954a20c4
I20260709 13:10:07.250739 28291 raft_consensus.cc:2804] T 8e152888b580419c83cd15a93127ce0c P d95a50de06b94161afaaabb19c1f093f [term 0 FOLLOWER]: Leader pre-election won for term 1
I20260709 13:10:07.251120 28291 raft_consensus.cc:493] T 8e152888b580419c83cd15a93127ce0c P d95a50de06b94161afaaabb19c1f093f [term 0 FOLLOWER]: Starting leader election (no leader contacted us within the election timeout)
I20260709 13:10:07.251426 28291 raft_consensus.cc:3060] T 8e152888b580419c83cd15a93127ce0c P d95a50de06b94161afaaabb19c1f093f [term 0 FOLLOWER]: Advancing to term 1
I20260709 13:10:07.252568 28284 tablet_bootstrap.cc:654] T 18e6bf642aa34cff9bb13c29bd40eedb P d95a50de06b94161afaaabb19c1f093f: Neither blocks nor log segments found. Creating new log.
I20260709 13:10:07.256446 28289 raft_consensus.cc:493] T a0c2c29f47894f60a1980b67bc0aba65 P b7b62f81c68e465bbcd40aa791e0e629 [term 0 FOLLOWER]: Starting pre-election (no leader contacted us within the election timeout)
I20260709 13:10:07.256940 28289 raft_consensus.cc:515] T a0c2c29f47894f60a1980b67bc0aba65 P b7b62f81c68e465bbcd40aa791e0e629 [term 0 FOLLOWER]: Starting pre-election with config: opid_index: -1 OBSOLETE_local: false peers { permanent_uuid: "2c8136355dd349e8a6a2c6a7954a20c4" member_type: VOTER last_known_addr { host: "127.26.210.3" port: 32957 } } peers { permanent_uuid: "d95a50de06b94161afaaabb19c1f093f" member_type: VOTER last_known_addr { host: "127.26.210.1" port: 35673 } } peers { permanent_uuid: "b7b62f81c68e465bbcd40aa791e0e629" member_type: VOTER last_known_addr { host: "127.26.210.2" port: 39993 } }
I20260709 13:10:07.259698 28241 tablet_service.cc:1917] Received RequestConsensusVote() RPC: tablet_id: "a0c2c29f47894f60a1980b67bc0aba65" candidate_uuid: "b7b62f81c68e465bbcd40aa791e0e629" candidate_term: 1 candidate_status { last_received { term: 0 index: 0 } } ignore_live_leader: false dest_uuid: "2c8136355dd349e8a6a2c6a7954a20c4" is_pre_election: true
I20260709 13:10:07.260318 28241 raft_consensus.cc:2468] T a0c2c29f47894f60a1980b67bc0aba65 P 2c8136355dd349e8a6a2c6a7954a20c4 [term 0 FOLLOWER]: Leader pre-election vote request: Granting yes vote for candidate b7b62f81c68e465bbcd40aa791e0e629 in term 0.
I20260709 13:10:07.261584 28131 leader_election.cc:304] T a0c2c29f47894f60a1980b67bc0aba65 P b7b62f81c68e465bbcd40aa791e0e629 [CANDIDATE]: Term 1 pre-election: Election decided. Result: candidate won. Election summary: received 2 responses out of 3 voters: 2 yes votes; 0 no votes. yes voters: 2c8136355dd349e8a6a2c6a7954a20c4, b7b62f81c68e465bbcd40aa791e0e629; no voters: 
I20260709 13:10:07.262552 28310 raft_consensus.cc:2804] T a0c2c29f47894f60a1980b67bc0aba65 P b7b62f81c68e465bbcd40aa791e0e629 [term 0 FOLLOWER]: Leader pre-election won for term 1
I20260709 13:10:07.262984 28310 raft_consensus.cc:493] T a0c2c29f47894f60a1980b67bc0aba65 P b7b62f81c68e465bbcd40aa791e0e629 [term 0 FOLLOWER]: Starting leader election (no leader contacted us within the election timeout)
I20260709 13:10:07.263330 28310 raft_consensus.cc:3060] T a0c2c29f47894f60a1980b67bc0aba65 P b7b62f81c68e465bbcd40aa791e0e629 [term 0 FOLLOWER]: Advancing to term 1
I20260709 13:10:07.268344 28291 raft_consensus.cc:515] T 8e152888b580419c83cd15a93127ce0c P d95a50de06b94161afaaabb19c1f093f [term 1 FOLLOWER]: Starting leader election with config: opid_index: -1 OBSOLETE_local: false peers { permanent_uuid: "d95a50de06b94161afaaabb19c1f093f" member_type: VOTER last_known_addr { host: "127.26.210.1" port: 35673 } } peers { permanent_uuid: "b7b62f81c68e465bbcd40aa791e0e629" member_type: VOTER last_known_addr { host: "127.26.210.2" port: 39993 } } peers { permanent_uuid: "2c8136355dd349e8a6a2c6a7954a20c4" member_type: VOTER last_known_addr { host: "127.26.210.3" port: 32957 } }
I20260709 13:10:07.269778 28093 tablet_service.cc:1917] Received RequestConsensusVote() RPC: tablet_id: "a0c2c29f47894f60a1980b67bc0aba65" candidate_uuid: "b7b62f81c68e465bbcd40aa791e0e629" candidate_term: 1 candidate_status { last_received { term: 0 index: 0 } } ignore_live_leader: false dest_uuid: "d95a50de06b94161afaaabb19c1f093f" is_pre_election: true
I20260709 13:10:07.273597 28093 raft_consensus.cc:2468] T a0c2c29f47894f60a1980b67bc0aba65 P d95a50de06b94161afaaabb19c1f093f [term 0 FOLLOWER]: Leader pre-election vote request: Granting yes vote for candidate b7b62f81c68e465bbcd40aa791e0e629 in term 0.
I20260709 13:10:07.273952 28284 tablet_bootstrap.cc:492] T 18e6bf642aa34cff9bb13c29bd40eedb P d95a50de06b94161afaaabb19c1f093f: No bootstrap required, opened a new log
I20260709 13:10:07.274363 28284 ts_tablet_manager.cc:1403] T 18e6bf642aa34cff9bb13c29bd40eedb P d95a50de06b94161afaaabb19c1f093f: Time spent bootstrapping tablet: real 0.028s	user 0.011s	sys 0.004s
I20260709 13:10:07.271376 28289 leader_election.cc:290] T a0c2c29f47894f60a1980b67bc0aba65 P b7b62f81c68e465bbcd40aa791e0e629 [CANDIDATE]: Term 1 pre-election: Requested pre-vote from peers 2c8136355dd349e8a6a2c6a7954a20c4 (127.26.210.3:32957), d95a50de06b94161afaaabb19c1f093f (127.26.210.1:35673)
I20260709 13:10:07.276892 28284 raft_consensus.cc:359] T 18e6bf642aa34cff9bb13c29bd40eedb P d95a50de06b94161afaaabb19c1f093f [term 0 FOLLOWER]: Replica starting. Triggering 0 pending ops. Active config: opid_index: -1 OBSOLETE_local: false peers { permanent_uuid: "d95a50de06b94161afaaabb19c1f093f" member_type: VOTER last_known_addr { host: "127.26.210.1" port: 35673 } } peers { permanent_uuid: "b7b62f81c68e465bbcd40aa791e0e629" member_type: VOTER last_known_addr { host: "127.26.210.2" port: 39993 } } peers { permanent_uuid: "2c8136355dd349e8a6a2c6a7954a20c4" member_type: VOTER last_known_addr { host: "127.26.210.3" port: 32957 } }
I20260709 13:10:07.277539 28284 raft_consensus.cc:385] T 18e6bf642aa34cff9bb13c29bd40eedb P d95a50de06b94161afaaabb19c1f093f [term 0 FOLLOWER]: Consensus starting up: Expiring failure detector timer to make a prompt election more likely
I20260709 13:10:07.277220 28291 leader_election.cc:290] T 8e152888b580419c83cd15a93127ce0c P d95a50de06b94161afaaabb19c1f093f [CANDIDATE]: Term 1 election: Requested vote from peers b7b62f81c68e465bbcd40aa791e0e629 (127.26.210.2:39993), 2c8136355dd349e8a6a2c6a7954a20c4 (127.26.210.3:32957)
I20260709 13:10:07.278357 28291 raft_consensus.cc:493] T aa524c8e085a4a00944237186c35ace1 P d95a50de06b94161afaaabb19c1f093f [term 0 FOLLOWER]: Starting pre-election (no leader contacted us within the election timeout)
I20260709 13:10:07.277817 28284 raft_consensus.cc:740] T 18e6bf642aa34cff9bb13c29bd40eedb P d95a50de06b94161afaaabb19c1f093f [term 0 FOLLOWER]: Becoming Follower/Learner. State: Replica: d95a50de06b94161afaaabb19c1f093f, State: Initialized, Role: FOLLOWER
I20260709 13:10:07.271543 28310 raft_consensus.cc:515] T a0c2c29f47894f60a1980b67bc0aba65 P b7b62f81c68e465bbcd40aa791e0e629 [term 1 FOLLOWER]: Starting leader election with config: opid_index: -1 OBSOLETE_local: false peers { permanent_uuid: "2c8136355dd349e8a6a2c6a7954a20c4" member_type: VOTER last_known_addr { host: "127.26.210.3" port: 32957 } } peers { permanent_uuid: "d95a50de06b94161afaaabb19c1f093f" member_type: VOTER last_known_addr { host: "127.26.210.1" port: 35673 } } peers { permanent_uuid: "b7b62f81c68e465bbcd40aa791e0e629" member_type: VOTER last_known_addr { host: "127.26.210.2" port: 39993 } }
I20260709 13:10:07.278256 28241 tablet_service.cc:1917] Received RequestConsensusVote() RPC: tablet_id: "8e152888b580419c83cd15a93127ce0c" candidate_uuid: "d95a50de06b94161afaaabb19c1f093f" candidate_term: 1 candidate_status { last_received { term: 0 index: 0 } } ignore_live_leader: false dest_uuid: "2c8136355dd349e8a6a2c6a7954a20c4"
I20260709 13:10:07.272663 28282 ts_tablet_manager.cc:1434] T e36fa381f4b9400587998c8355ed400b P 2c8136355dd349e8a6a2c6a7954a20c4: Time spent starting tablet: real 0.047s	user 0.003s	sys 0.003s
W20260709 13:10:07.279999 28056 leader_election.cc:343] T 8e152888b580419c83cd15a93127ce0c P d95a50de06b94161afaaabb19c1f093f [CANDIDATE]: Term 1 election: Tablet error from VoteRequest() call to peer 2c8136355dd349e8a6a2c6a7954a20c4 (127.26.210.3:32957): Illegal state: must be running to vote when last-logged opid is not known
I20260709 13:10:07.280540 28310 leader_election.cc:290] T a0c2c29f47894f60a1980b67bc0aba65 P b7b62f81c68e465bbcd40aa791e0e629 [CANDIDATE]: Term 1 election: Requested vote from peers 2c8136355dd349e8a6a2c6a7954a20c4 (127.26.210.3:32957), d95a50de06b94161afaaabb19c1f093f (127.26.210.1:35673)
I20260709 13:10:07.281551 28284 consensus_queue.cc:260] T 18e6bf642aa34cff9bb13c29bd40eedb P d95a50de06b94161afaaabb19c1f093f [NON_LEADER]: Queue going to NON_LEADER mode. State: All replicated index: 0, Majority replicated index: 0, Committed index: 0, Last appended: 0.0, Last appended by leader: 0, Current term: 0, Majority size: -1, State: 0, Mode: NON_LEADER, active raft config: opid_index: -1 OBSOLETE_local: false peers { permanent_uuid: "d95a50de06b94161afaaabb19c1f093f" member_type: VOTER last_known_addr { host: "127.26.210.1" port: 35673 } } peers { permanent_uuid: "b7b62f81c68e465bbcd40aa791e0e629" member_type: VOTER last_known_addr { host: "127.26.210.2" port: 39993 } } peers { permanent_uuid: "2c8136355dd349e8a6a2c6a7954a20c4" member_type: VOTER last_known_addr { host: "127.26.210.3" port: 32957 } }
I20260709 13:10:07.282430 28093 tablet_service.cc:1917] Received RequestConsensusVote() RPC: tablet_id: "a0c2c29f47894f60a1980b67bc0aba65" candidate_uuid: "b7b62f81c68e465bbcd40aa791e0e629" candidate_term: 1 candidate_status { last_received { term: 0 index: 0 } } ignore_live_leader: false dest_uuid: "d95a50de06b94161afaaabb19c1f093f"
I20260709 13:10:07.283069 28093 raft_consensus.cc:3060] T a0c2c29f47894f60a1980b67bc0aba65 P d95a50de06b94161afaaabb19c1f093f [term 0 FOLLOWER]: Advancing to term 1
I20260709 13:10:07.283885 28284 ts_tablet_manager.cc:1434] T 18e6bf642aa34cff9bb13c29bd40eedb P d95a50de06b94161afaaabb19c1f093f: Time spent starting tablet: real 0.009s	user 0.002s	sys 0.006s
I20260709 13:10:07.286940 28284 tablet_bootstrap.cc:492] T 9ba807cf07a34435b4653ff5c1db74d3 P d95a50de06b94161afaaabb19c1f093f: Bootstrap starting.
I20260709 13:10:07.278795 28291 raft_consensus.cc:515] T aa524c8e085a4a00944237186c35ace1 P d95a50de06b94161afaaabb19c1f093f [term 0 FOLLOWER]: Starting pre-election with config: opid_index: -1 OBSOLETE_local: false peers { permanent_uuid: "d95a50de06b94161afaaabb19c1f093f" member_type: VOTER last_known_addr { host: "127.26.210.1" port: 35673 } } peers { permanent_uuid: "b7b62f81c68e465bbcd40aa791e0e629" member_type: VOTER last_known_addr { host: "127.26.210.2" port: 39993 } } peers { permanent_uuid: "2c8136355dd349e8a6a2c6a7954a20c4" member_type: VOTER last_known_addr { host: "127.26.210.3" port: 32957 } }
I20260709 13:10:07.289131 28291 leader_election.cc:290] T aa524c8e085a4a00944237186c35ace1 P d95a50de06b94161afaaabb19c1f093f [CANDIDATE]: Term 1 pre-election: Requested pre-vote from peers b7b62f81c68e465bbcd40aa791e0e629 (127.26.210.2:39993), 2c8136355dd349e8a6a2c6a7954a20c4 (127.26.210.3:32957)
I20260709 13:10:07.287168 28282 tablet_bootstrap.cc:492] T 0a4120343eb44fceb45642adae160236 P 2c8136355dd349e8a6a2c6a7954a20c4: Bootstrap starting.
I20260709 13:10:07.290216 28242 tablet_service.cc:1917] Received RequestConsensusVote() RPC: tablet_id: "aa524c8e085a4a00944237186c35ace1" candidate_uuid: "d95a50de06b94161afaaabb19c1f093f" candidate_term: 1 candidate_status { last_received { term: 0 index: 0 } } ignore_live_leader: false dest_uuid: "2c8136355dd349e8a6a2c6a7954a20c4" is_pre_election: true
I20260709 13:10:07.290823 28242 raft_consensus.cc:2468] T aa524c8e085a4a00944237186c35ace1 P 2c8136355dd349e8a6a2c6a7954a20c4 [term 0 FOLLOWER]: Leader pre-election vote request: Granting yes vote for candidate d95a50de06b94161afaaabb19c1f093f in term 0.
I20260709 13:10:07.292060 28056 leader_election.cc:304] T aa524c8e085a4a00944237186c35ace1 P d95a50de06b94161afaaabb19c1f093f [CANDIDATE]: Term 1 pre-election: Election decided. Result: candidate won. Election summary: received 2 responses out of 3 voters: 2 yes votes; 0 no votes. yes voters: 2c8136355dd349e8a6a2c6a7954a20c4, d95a50de06b94161afaaabb19c1f093f; no voters: 
I20260709 13:10:07.294378 28093 raft_consensus.cc:2468] T a0c2c29f47894f60a1980b67bc0aba65 P d95a50de06b94161afaaabb19c1f093f [term 1 FOLLOWER]: Leader election vote request: Granting yes vote for candidate b7b62f81c68e465bbcd40aa791e0e629 in term 1.
I20260709 13:10:07.287386 28241 tablet_service.cc:1917] Received RequestConsensusVote() RPC: tablet_id: "a0c2c29f47894f60a1980b67bc0aba65" candidate_uuid: "b7b62f81c68e465bbcd40aa791e0e629" candidate_term: 1 candidate_status { last_received { term: 0 index: 0 } } ignore_live_leader: false dest_uuid: "2c8136355dd349e8a6a2c6a7954a20c4"
I20260709 13:10:07.295085 28241 raft_consensus.cc:3060] T a0c2c29f47894f60a1980b67bc0aba65 P 2c8136355dd349e8a6a2c6a7954a20c4 [term 0 FOLLOWER]: Advancing to term 1
I20260709 13:10:07.296154 28282 tablet_bootstrap.cc:654] T 0a4120343eb44fceb45642adae160236 P 2c8136355dd349e8a6a2c6a7954a20c4: Neither blocks nor log segments found. Creating new log.
I20260709 13:10:07.296340 28284 tablet_bootstrap.cc:654] T 9ba807cf07a34435b4653ff5c1db74d3 P d95a50de06b94161afaaabb19c1f093f: Neither blocks nor log segments found. Creating new log.
I20260709 13:10:07.302026 28241 raft_consensus.cc:2468] T a0c2c29f47894f60a1980b67bc0aba65 P 2c8136355dd349e8a6a2c6a7954a20c4 [term 1 FOLLOWER]: Leader election vote request: Granting yes vote for candidate b7b62f81c68e465bbcd40aa791e0e629 in term 1.
I20260709 13:10:07.303454 28131 leader_election.cc:304] T a0c2c29f47894f60a1980b67bc0aba65 P b7b62f81c68e465bbcd40aa791e0e629 [CANDIDATE]: Term 1 election: Election decided. Result: candidate won. Election summary: received 2 responses out of 3 voters: 2 yes votes; 0 no votes. yes voters: 2c8136355dd349e8a6a2c6a7954a20c4, b7b62f81c68e465bbcd40aa791e0e629; no voters: 
I20260709 13:10:07.304407 28310 raft_consensus.cc:2804] T a0c2c29f47894f60a1980b67bc0aba65 P b7b62f81c68e465bbcd40aa791e0e629 [term 1 FOLLOWER]: Leader election won for term 1
I20260709 13:10:07.304903 28310 raft_consensus.cc:697] T a0c2c29f47894f60a1980b67bc0aba65 P b7b62f81c68e465bbcd40aa791e0e629 [term 1 LEADER]: Becoming Leader. State: Replica: b7b62f81c68e465bbcd40aa791e0e629, State: Running, Role: LEADER
I20260709 13:10:07.305701 28310 consensus_queue.cc:237] T a0c2c29f47894f60a1980b67bc0aba65 P b7b62f81c68e465bbcd40aa791e0e629 [LEADER]: Queue going to LEADER mode. State: All replicated index: 0, Majority replicated index: 0, Committed index: 0, Last appended: 0.0, Last appended by leader: 0, Current term: 1, Majority size: 2, State: 0, Mode: LEADER, active raft config: opid_index: -1 OBSOLETE_local: false peers { permanent_uuid: "2c8136355dd349e8a6a2c6a7954a20c4" member_type: VOTER last_known_addr { host: "127.26.210.3" port: 32957 } } peers { permanent_uuid: "d95a50de06b94161afaaabb19c1f093f" member_type: VOTER last_known_addr { host: "127.26.210.1" port: 35673 } } peers { permanent_uuid: "b7b62f81c68e465bbcd40aa791e0e629" member_type: VOTER last_known_addr { host: "127.26.210.2" port: 39993 } }
I20260709 13:10:07.308280 28284 tablet_bootstrap.cc:492] T 9ba807cf07a34435b4653ff5c1db74d3 P d95a50de06b94161afaaabb19c1f093f: No bootstrap required, opened a new log
I20260709 13:10:07.308851 28284 ts_tablet_manager.cc:1403] T 9ba807cf07a34435b4653ff5c1db74d3 P d95a50de06b94161afaaabb19c1f093f: Time spent bootstrapping tablet: real 0.022s	user 0.013s	sys 0.004s
I20260709 13:10:07.311825 28284 raft_consensus.cc:359] T 9ba807cf07a34435b4653ff5c1db74d3 P d95a50de06b94161afaaabb19c1f093f [term 0 FOLLOWER]: Replica starting. Triggering 0 pending ops. Active config: opid_index: -1 OBSOLETE_local: false peers { permanent_uuid: "d95a50de06b94161afaaabb19c1f093f" member_type: VOTER last_known_addr { host: "127.26.210.1" port: 35673 } } peers { permanent_uuid: "b7b62f81c68e465bbcd40aa791e0e629" member_type: VOTER last_known_addr { host: "127.26.210.2" port: 39993 } } peers { permanent_uuid: "2c8136355dd349e8a6a2c6a7954a20c4" member_type: VOTER last_known_addr { host: "127.26.210.3" port: 32957 } }
I20260709 13:10:07.312700 28284 raft_consensus.cc:385] T 9ba807cf07a34435b4653ff5c1db74d3 P d95a50de06b94161afaaabb19c1f093f [term 0 FOLLOWER]: Consensus starting up: Expiring failure detector timer to make a prompt election more likely
I20260709 13:10:07.313035 28284 raft_consensus.cc:740] T 9ba807cf07a34435b4653ff5c1db74d3 P d95a50de06b94161afaaabb19c1f093f [term 0 FOLLOWER]: Becoming Follower/Learner. State: Replica: d95a50de06b94161afaaabb19c1f093f, State: Initialized, Role: FOLLOWER
I20260709 13:10:07.313963 28284 consensus_queue.cc:260] T 9ba807cf07a34435b4653ff5c1db74d3 P d95a50de06b94161afaaabb19c1f093f [NON_LEADER]: Queue going to NON_LEADER mode. State: All replicated index: 0, Majority replicated index: 0, Committed index: 0, Last appended: 0.0, Last appended by leader: 0, Current term: 0, Majority size: -1, State: 0, Mode: NON_LEADER, active raft config: opid_index: -1 OBSOLETE_local: false peers { permanent_uuid: "d95a50de06b94161afaaabb19c1f093f" member_type: VOTER last_known_addr { host: "127.26.210.1" port: 35673 } } peers { permanent_uuid: "b7b62f81c68e465bbcd40aa791e0e629" member_type: VOTER last_known_addr { host: "127.26.210.2" port: 39993 } } peers { permanent_uuid: "2c8136355dd349e8a6a2c6a7954a20c4" member_type: VOTER last_known_addr { host: "127.26.210.3" port: 32957 } }
I20260709 13:10:07.316047 28284 ts_tablet_manager.cc:1434] T 9ba807cf07a34435b4653ff5c1db74d3 P d95a50de06b94161afaaabb19c1f093f: Time spent starting tablet: real 0.007s	user 0.005s	sys 0.000s
I20260709 13:10:07.316457 28324 raft_consensus.cc:2804] T aa524c8e085a4a00944237186c35ace1 P d95a50de06b94161afaaabb19c1f093f [term 0 FOLLOWER]: Leader pre-election won for term 1
I20260709 13:10:07.316967 28324 raft_consensus.cc:493] T aa524c8e085a4a00944237186c35ace1 P d95a50de06b94161afaaabb19c1f093f [term 0 FOLLOWER]: Starting leader election (no leader contacted us within the election timeout)
I20260709 13:10:07.317304 28324 raft_consensus.cc:3060] T aa524c8e085a4a00944237186c35ace1 P d95a50de06b94161afaaabb19c1f093f [term 0 FOLLOWER]: Advancing to term 1
I20260709 13:10:07.316517 27988 catalog_manager.cc:5697] T a0c2c29f47894f60a1980b67bc0aba65 P b7b62f81c68e465bbcd40aa791e0e629 reported cstate change: term changed from 0 to 1, leader changed from <none> to b7b62f81c68e465bbcd40aa791e0e629 (127.26.210.2). New cstate: current_term: 1 leader_uuid: "b7b62f81c68e465bbcd40aa791e0e629" committed_config { opid_index: -1 OBSOLETE_local: false peers { permanent_uuid: "2c8136355dd349e8a6a2c6a7954a20c4" member_type: VOTER last_known_addr { host: "127.26.210.3" port: 32957 } health_report { overall_health: UNKNOWN } } peers { permanent_uuid: "d95a50de06b94161afaaabb19c1f093f" member_type: VOTER last_known_addr { host: "127.26.210.1" port: 35673 } health_report { overall_health: UNKNOWN } } peers { permanent_uuid: "b7b62f81c68e465bbcd40aa791e0e629" member_type: VOTER last_known_addr { host: "127.26.210.2" port: 39993 } health_report { overall_health: HEALTHY } } }
I20260709 13:10:07.319934 28168 tablet_service.cc:1917] Received RequestConsensusVote() RPC: tablet_id: "8e152888b580419c83cd15a93127ce0c" candidate_uuid: "d95a50de06b94161afaaabb19c1f093f" candidate_term: 1 candidate_status { last_received { term: 0 index: 0 } } ignore_live_leader: false dest_uuid: "b7b62f81c68e465bbcd40aa791e0e629"
I20260709 13:10:07.320473 28168 raft_consensus.cc:3060] T 8e152888b580419c83cd15a93127ce0c P b7b62f81c68e465bbcd40aa791e0e629 [term 0 FOLLOWER]: Advancing to term 1
I20260709 13:10:07.329682 28285 tablet_bootstrap.cc:492] T efa27758a5484c789bed9bdc4ed7da4d P b7b62f81c68e465bbcd40aa791e0e629: No bootstrap required, opened a new log
I20260709 13:10:07.330086 28285 ts_tablet_manager.cc:1403] T efa27758a5484c789bed9bdc4ed7da4d P b7b62f81c68e465bbcd40aa791e0e629: Time spent bootstrapping tablet: real 0.127s	user 0.044s	sys 0.060s
I20260709 13:10:07.330638 28282 tablet_bootstrap.cc:492] T 0a4120343eb44fceb45642adae160236 P 2c8136355dd349e8a6a2c6a7954a20c4: No bootstrap required, opened a new log
I20260709 13:10:07.331135 28282 ts_tablet_manager.cc:1403] T 0a4120343eb44fceb45642adae160236 P 2c8136355dd349e8a6a2c6a7954a20c4: Time spent bootstrapping tablet: real 0.044s	user 0.011s	sys 0.010s
I20260709 13:10:07.332059 28285 raft_consensus.cc:359] T efa27758a5484c789bed9bdc4ed7da4d P b7b62f81c68e465bbcd40aa791e0e629 [term 0 FOLLOWER]: Replica starting. Triggering 0 pending ops. Active config: opid_index: -1 OBSOLETE_local: false peers { permanent_uuid: "d95a50de06b94161afaaabb19c1f093f" member_type: VOTER last_known_addr { host: "127.26.210.1" port: 35673 } } peers { permanent_uuid: "b7b62f81c68e465bbcd40aa791e0e629" member_type: VOTER last_known_addr { host: "127.26.210.2" port: 39993 } } peers { permanent_uuid: "2c8136355dd349e8a6a2c6a7954a20c4" member_type: VOTER last_known_addr { host: "127.26.210.3" port: 32957 } }
I20260709 13:10:07.332561 28285 raft_consensus.cc:385] T efa27758a5484c789bed9bdc4ed7da4d P b7b62f81c68e465bbcd40aa791e0e629 [term 0 FOLLOWER]: Consensus starting up: Expiring failure detector timer to make a prompt election more likely
I20260709 13:10:07.332758 28285 raft_consensus.cc:740] T efa27758a5484c789bed9bdc4ed7da4d P b7b62f81c68e465bbcd40aa791e0e629 [term 0 FOLLOWER]: Becoming Follower/Learner. State: Replica: b7b62f81c68e465bbcd40aa791e0e629, State: Initialized, Role: FOLLOWER
I20260709 13:10:07.333328 28285 consensus_queue.cc:260] T efa27758a5484c789bed9bdc4ed7da4d P b7b62f81c68e465bbcd40aa791e0e629 [NON_LEADER]: Queue going to NON_LEADER mode. State: All replicated index: 0, Majority replicated index: 0, Committed index: 0, Last appended: 0.0, Last appended by leader: 0, Current term: 0, Majority size: -1, State: 0, Mode: NON_LEADER, active raft config: opid_index: -1 OBSOLETE_local: false peers { permanent_uuid: "d95a50de06b94161afaaabb19c1f093f" member_type: VOTER last_known_addr { host: "127.26.210.1" port: 35673 } } peers { permanent_uuid: "b7b62f81c68e465bbcd40aa791e0e629" member_type: VOTER last_known_addr { host: "127.26.210.2" port: 39993 } } peers { permanent_uuid: "2c8136355dd349e8a6a2c6a7954a20c4" member_type: VOTER last_known_addr { host: "127.26.210.3" port: 32957 } }
I20260709 13:10:07.333577 28282 raft_consensus.cc:359] T 0a4120343eb44fceb45642adae160236 P 2c8136355dd349e8a6a2c6a7954a20c4 [term 0 FOLLOWER]: Replica starting. Triggering 0 pending ops. Active config: opid_index: -1 OBSOLETE_local: false peers { permanent_uuid: "d95a50de06b94161afaaabb19c1f093f" member_type: VOTER last_known_addr { host: "127.26.210.1" port: 35673 } } peers { permanent_uuid: "b7b62f81c68e465bbcd40aa791e0e629" member_type: VOTER last_known_addr { host: "127.26.210.2" port: 39993 } } peers { permanent_uuid: "2c8136355dd349e8a6a2c6a7954a20c4" member_type: VOTER last_known_addr { host: "127.26.210.3" port: 32957 } }
I20260709 13:10:07.334223 28282 raft_consensus.cc:385] T 0a4120343eb44fceb45642adae160236 P 2c8136355dd349e8a6a2c6a7954a20c4 [term 0 FOLLOWER]: Consensus starting up: Expiring failure detector timer to make a prompt election more likely
I20260709 13:10:07.334478 28282 raft_consensus.cc:740] T 0a4120343eb44fceb45642adae160236 P 2c8136355dd349e8a6a2c6a7954a20c4 [term 0 FOLLOWER]: Becoming Follower/Learner. State: Replica: 2c8136355dd349e8a6a2c6a7954a20c4, State: Initialized, Role: FOLLOWER
I20260709 13:10:07.334734 28285 ts_tablet_manager.cc:1434] T efa27758a5484c789bed9bdc4ed7da4d P b7b62f81c68e465bbcd40aa791e0e629: Time spent starting tablet: real 0.004s	user 0.003s	sys 0.000s
I20260709 13:10:07.335021 28167 tablet_service.cc:1917] Received RequestConsensusVote() RPC: tablet_id: "a0c2c29f47894f60a1980b67bc0aba65" candidate_uuid: "2c8136355dd349e8a6a2c6a7954a20c4" candidate_term: 1 candidate_status { last_received { term: 0 index: 0 } } ignore_live_leader: false dest_uuid: "b7b62f81c68e465bbcd40aa791e0e629" is_pre_election: true
I20260709 13:10:07.335716 28285 tablet_bootstrap.cc:492] T 18e6bf642aa34cff9bb13c29bd40eedb P b7b62f81c68e465bbcd40aa791e0e629: Bootstrap starting.
I20260709 13:10:07.335824 28168 raft_consensus.cc:2468] T 8e152888b580419c83cd15a93127ce0c P b7b62f81c68e465bbcd40aa791e0e629 [term 1 FOLLOWER]: Leader election vote request: Granting yes vote for candidate d95a50de06b94161afaaabb19c1f093f in term 1.
I20260709 13:10:07.337814 28057 leader_election.cc:304] T 8e152888b580419c83cd15a93127ce0c P d95a50de06b94161afaaabb19c1f093f [CANDIDATE]: Term 1 election: Election decided. Result: candidate won. Election summary: received 3 responses out of 3 voters: 2 yes votes; 1 no votes. yes voters: b7b62f81c68e465bbcd40aa791e0e629, d95a50de06b94161afaaabb19c1f093f; no voters: 2c8136355dd349e8a6a2c6a7954a20c4
I20260709 13:10:07.338631 28291 raft_consensus.cc:2804] T 8e152888b580419c83cd15a93127ce0c P d95a50de06b94161afaaabb19c1f093f [term 1 FOLLOWER]: Leader election won for term 1
