I20260709 13:09:50.618687 32057 raft_consensus.cc:515] T 4a5c804ce51d43db8187d390eb3de2e6 P 3b2baf8bdd1a4aab9df03fc69a2b083c [term 0 FOLLOWER]: Starting pre-election with config: opid_index: -1 OBSOLETE_local: false peers { permanent_uuid: "d14e1ffdb3454e3dbe728979a4d77381" member_type: VOTER last_known_addr { host: "127.30.243.193" port: 44561 } } peers { permanent_uuid: "365ce6714d2c49a98428f00dc9409319" member_type: VOTER last_known_addr { host: "127.30.243.194" port: 38555 } } peers { permanent_uuid: "3b2baf8bdd1a4aab9df03fc69a2b083c" member_type: VOTER last_known_addr { host: "127.30.243.195" port: 44625 } }
I20260709 13:09:50.620833 32057 leader_election.cc:290] T 4a5c804ce51d43db8187d390eb3de2e6 P 3b2baf8bdd1a4aab9df03fc69a2b083c [CANDIDATE]: Term 1 pre-election: Requested pre-vote from peers d14e1ffdb3454e3dbe728979a4d77381 (127.30.243.193:44561), 365ce6714d2c49a98428f00dc9409319 (127.30.243.194:38555)
I20260709 13:09:50.621536 31830 tablet_service.cc:1917] Received RequestConsensusVote() RPC: tablet_id: "4a5c804ce51d43db8187d390eb3de2e6" candidate_uuid: "3b2baf8bdd1a4aab9df03fc69a2b083c" candidate_term: 1 candidate_status { last_received { term: 0 index: 0 } } ignore_live_leader: false dest_uuid: "d14e1ffdb3454e3dbe728979a4d77381" is_pre_election: true
I20260709 13:09:50.621974 31904 tablet_service.cc:1917] Received RequestConsensusVote() RPC: tablet_id: "4a5c804ce51d43db8187d390eb3de2e6" candidate_uuid: "3b2baf8bdd1a4aab9df03fc69a2b083c" candidate_term: 1 candidate_status { last_received { term: 0 index: 0 } } ignore_live_leader: false dest_uuid: "365ce6714d2c49a98428f00dc9409319" is_pre_election: true
I20260709 13:09:50.622726 31904 raft_consensus.cc:2393] T 4a5c804ce51d43db8187d390eb3de2e6 P 365ce6714d2c49a98428f00dc9409319 [term 1 FOLLOWER]: Leader pre-election vote request: Denying vote to candidate 3b2baf8bdd1a4aab9df03fc69a2b083c in current term 1: Already voted for candidate d14e1ffdb3454e3dbe728979a4d77381 in this term.
I20260709 13:09:50.623654 31945 leader_election.cc:304] T 4a5c804ce51d43db8187d390eb3de2e6 P 3b2baf8bdd1a4aab9df03fc69a2b083c [CANDIDATE]: Term 1 pre-election: Election decided. Result: candidate lost. Election summary: received 3 responses out of 3 voters: 1 yes votes; 2 no votes. yes voters: 3b2baf8bdd1a4aab9df03fc69a2b083c; no voters: 365ce6714d2c49a98428f00dc9409319, d14e1ffdb3454e3dbe728979a4d77381
I20260709 13:09:50.624449 32057 raft_consensus.cc:3060] T 4a5c804ce51d43db8187d390eb3de2e6 P 3b2baf8bdd1a4aab9df03fc69a2b083c [term 0 FOLLOWER]: Advancing to term 1
I20260709 13:09:50.630414 32046 consensus_queue.cc:1048] T c5493a23b09f4bfe8bde34b2773e63f9 P d14e1ffdb3454e3dbe728979a4d77381 [LEADER]: Connected to new peer: Peer: permanent_uuid: "365ce6714d2c49a98428f00dc9409319" member_type: VOTER last_known_addr { host: "127.30.243.194" port: 38555 }, Status: LMP_MISMATCH, Last received: 0.0, Next index: 1, Last known committed idx: 0, Time since last communication: 0.000s
I20260709 13:09:50.630604 32057 raft_consensus.cc:2749] T 4a5c804ce51d43db8187d390eb3de2e6 P 3b2baf8bdd1a4aab9df03fc69a2b083c [term 1 FOLLOWER]: Leader pre-election lost for term 1. Reason: could not achieve majority
I20260709 13:09:50.639426 32053 raft_consensus.cc:493] T a7e26f9af4524010927bd17ab53847f6 P d14e1ffdb3454e3dbe728979a4d77381 [term 0 FOLLOWER]: Starting pre-election (no leader contacted us within the election timeout)
I20260709 13:09:50.639906 32053 raft_consensus.cc:515] T a7e26f9af4524010927bd17ab53847f6 P d14e1ffdb3454e3dbe728979a4d77381 [term 0 FOLLOWER]: Starting pre-election with config: opid_index: -1 OBSOLETE_local: false peers { permanent_uuid: "d14e1ffdb3454e3dbe728979a4d77381" member_type: VOTER last_known_addr { host: "127.30.243.193" port: 44561 } } peers { permanent_uuid: "365ce6714d2c49a98428f00dc9409319" member_type: VOTER last_known_addr { host: "127.30.243.194" port: 38555 } } peers { permanent_uuid: "3b2baf8bdd1a4aab9df03fc69a2b083c" member_type: VOTER last_known_addr { host: "127.30.243.195" port: 44625 } }
I20260709 13:09:50.641976 32053 leader_election.cc:290] T a7e26f9af4524010927bd17ab53847f6 P d14e1ffdb3454e3dbe728979a4d77381 [CANDIDATE]: Term 1 pre-election: Requested pre-vote from peers 365ce6714d2c49a98428f00dc9409319 (127.30.243.194:38555), 3b2baf8bdd1a4aab9df03fc69a2b083c (127.30.243.195:44625)
I20260709 13:09:50.646847 32026 consensus_queue.cc:1048] T c5493a23b09f4bfe8bde34b2773e63f9 P d14e1ffdb3454e3dbe728979a4d77381 [LEADER]: Connected to new peer: Peer: permanent_uuid: "3b2baf8bdd1a4aab9df03fc69a2b083c" member_type: VOTER last_known_addr { host: "127.30.243.195" port: 44625 }, Status: LMP_MISMATCH, Last received: 0.0, Next index: 1, Last known committed idx: 0, Time since last communication: 0.001s
I20260709 13:09:50.647441 31977 tablet_service.cc:1917] Received RequestConsensusVote() RPC: tablet_id: "a7e26f9af4524010927bd17ab53847f6" candidate_uuid: "d14e1ffdb3454e3dbe728979a4d77381" candidate_term: 1 candidate_status { last_received { term: 0 index: 0 } } ignore_live_leader: false dest_uuid: "3b2baf8bdd1a4aab9df03fc69a2b083c" is_pre_election: true
I20260709 13:09:50.648545 31905 tablet_service.cc:1917] Received RequestConsensusVote() RPC: tablet_id: "a7e26f9af4524010927bd17ab53847f6" candidate_uuid: "d14e1ffdb3454e3dbe728979a4d77381" candidate_term: 1 candidate_status { last_received { term: 0 index: 0 } } ignore_live_leader: false dest_uuid: "365ce6714d2c49a98428f00dc9409319" is_pre_election: true
I20260709 13:09:50.648320 31977 raft_consensus.cc:2468] T a7e26f9af4524010927bd17ab53847f6 P 3b2baf8bdd1a4aab9df03fc69a2b083c [term 0 FOLLOWER]: Leader pre-election vote request: Granting yes vote for candidate d14e1ffdb3454e3dbe728979a4d77381 in term 0.
I20260709 13:09:50.673156 31905 raft_consensus.cc:2468] T a7e26f9af4524010927bd17ab53847f6 P 365ce6714d2c49a98428f00dc9409319 [term 0 FOLLOWER]: Leader pre-election vote request: Granting yes vote for candidate d14e1ffdb3454e3dbe728979a4d77381 in term 0.
I20260709 13:09:50.674787 31796 leader_election.cc:304] T a7e26f9af4524010927bd17ab53847f6 P d14e1ffdb3454e3dbe728979a4d77381 [CANDIDATE]: Term 1 pre-election: Election decided. Result: candidate won. Election summary: received 2 responses out of 3 voters: 2 yes votes; 0 no votes. yes voters: 3b2baf8bdd1a4aab9df03fc69a2b083c, d14e1ffdb3454e3dbe728979a4d77381; no voters: 
I20260709 13:09:50.679227 32026 raft_consensus.cc:2804] T a7e26f9af4524010927bd17ab53847f6 P d14e1ffdb3454e3dbe728979a4d77381 [term 0 FOLLOWER]: Leader pre-election won for term 1
I20260709 13:09:50.679626 32026 raft_consensus.cc:493] T a7e26f9af4524010927bd17ab53847f6 P d14e1ffdb3454e3dbe728979a4d77381 [term 0 FOLLOWER]: Starting leader election (no leader contacted us within the election timeout)
I20260709 13:09:50.679976 32026 raft_consensus.cc:3060] T a7e26f9af4524010927bd17ab53847f6 P d14e1ffdb3454e3dbe728979a4d77381 [term 0 FOLLOWER]: Advancing to term 1
W20260709 13:09:50.686823 31774 auto_rebalancer.cc:288] Could not retrieve cluster info: Service unavailable: Tablet not running
I20260709 13:09:50.687127 32026 raft_consensus.cc:515] T a7e26f9af4524010927bd17ab53847f6 P d14e1ffdb3454e3dbe728979a4d77381 [term 1 FOLLOWER]: Starting leader election with config: opid_index: -1 OBSOLETE_local: false peers { permanent_uuid: "d14e1ffdb3454e3dbe728979a4d77381" member_type: VOTER last_known_addr { host: "127.30.243.193" port: 44561 } } peers { permanent_uuid: "365ce6714d2c49a98428f00dc9409319" member_type: VOTER last_known_addr { host: "127.30.243.194" port: 38555 } } peers { permanent_uuid: "3b2baf8bdd1a4aab9df03fc69a2b083c" member_type: VOTER last_known_addr { host: "127.30.243.195" port: 44625 } }
I20260709 13:09:50.689391 32026 leader_election.cc:290] T a7e26f9af4524010927bd17ab53847f6 P d14e1ffdb3454e3dbe728979a4d77381 [CANDIDATE]: Term 1 election: Requested vote from peers 365ce6714d2c49a98428f00dc9409319 (127.30.243.194:38555), 3b2baf8bdd1a4aab9df03fc69a2b083c (127.30.243.195:44625)
I20260709 13:09:50.690686 31977 tablet_service.cc:1917] Received RequestConsensusVote() RPC: tablet_id: "a7e26f9af4524010927bd17ab53847f6" candidate_uuid: "d14e1ffdb3454e3dbe728979a4d77381" candidate_term: 1 candidate_status { last_received { term: 0 index: 0 } } ignore_live_leader: false dest_uuid: "3b2baf8bdd1a4aab9df03fc69a2b083c"
I20260709 13:09:50.690764 31905 tablet_service.cc:1917] Received RequestConsensusVote() RPC: tablet_id: "a7e26f9af4524010927bd17ab53847f6" candidate_uuid: "d14e1ffdb3454e3dbe728979a4d77381" candidate_term: 1 candidate_status { last_received { term: 0 index: 0 } } ignore_live_leader: false dest_uuid: "365ce6714d2c49a98428f00dc9409319"
I20260709 13:09:50.691362 31977 raft_consensus.cc:3060] T a7e26f9af4524010927bd17ab53847f6 P 3b2baf8bdd1a4aab9df03fc69a2b083c [term 0 FOLLOWER]: Advancing to term 1
I20260709 13:09:50.691416 31905 raft_consensus.cc:3060] T a7e26f9af4524010927bd17ab53847f6 P 365ce6714d2c49a98428f00dc9409319 [term 0 FOLLOWER]: Advancing to term 1
I20260709 13:09:50.697322 31905 raft_consensus.cc:2468] T a7e26f9af4524010927bd17ab53847f6 P 365ce6714d2c49a98428f00dc9409319 [term 1 FOLLOWER]: Leader election vote request: Granting yes vote for candidate d14e1ffdb3454e3dbe728979a4d77381 in term 1.
I20260709 13:09:50.698593 31796 leader_election.cc:304] T a7e26f9af4524010927bd17ab53847f6 P d14e1ffdb3454e3dbe728979a4d77381 [CANDIDATE]: Term 1 election: Election decided. Result: candidate won. Election summary: received 2 responses out of 3 voters: 2 yes votes; 0 no votes. yes voters: 365ce6714d2c49a98428f00dc9409319, d14e1ffdb3454e3dbe728979a4d77381; no voters: 
I20260709 13:09:50.700035 32071 raft_consensus.cc:493] T 98662751759f428dbd5614f1c6697f92 P 365ce6714d2c49a98428f00dc9409319 [term 0 FOLLOWER]: Starting pre-election (no leader contacted us within the election timeout)
I20260709 13:09:50.700227 32026 raft_consensus.cc:2804] T a7e26f9af4524010927bd17ab53847f6 P d14e1ffdb3454e3dbe728979a4d77381 [term 1 FOLLOWER]: Leader election won for term 1
I20260709 13:09:50.700758 32026 raft_consensus.cc:697] T a7e26f9af4524010927bd17ab53847f6 P d14e1ffdb3454e3dbe728979a4d77381 [term 1 LEADER]: Becoming Leader. State: Replica: d14e1ffdb3454e3dbe728979a4d77381, State: Running, Role: LEADER
I20260709 13:09:50.700502 32071 raft_consensus.cc:515] T 98662751759f428dbd5614f1c6697f92 P 365ce6714d2c49a98428f00dc9409319 [term 0 FOLLOWER]: Starting pre-election with config: opid_index: -1 OBSOLETE_local: false peers { permanent_uuid: "d14e1ffdb3454e3dbe728979a4d77381" member_type: VOTER last_known_addr { host: "127.30.243.193" port: 44561 } } peers { permanent_uuid: "365ce6714d2c49a98428f00dc9409319" member_type: VOTER last_known_addr { host: "127.30.243.194" port: 38555 } } peers { permanent_uuid: "3b2baf8bdd1a4aab9df03fc69a2b083c" member_type: VOTER last_known_addr { host: "127.30.243.195" port: 44625 } }
I20260709 13:09:50.701473 32026 consensus_queue.cc:237] T a7e26f9af4524010927bd17ab53847f6 P d14e1ffdb3454e3dbe728979a4d77381 [LEADER]: Queue going to LEADER mode. State: All replicated index: 0, Majority replicated index: 0, Committed index: 0, Last appended: 0.0, Last appended by leader: 0, Current term: 1, Majority size: 2, State: 0, Mode: LEADER, active raft config: opid_index: -1 OBSOLETE_local: false peers { permanent_uuid: "d14e1ffdb3454e3dbe728979a4d77381" member_type: VOTER last_known_addr { host: "127.30.243.193" port: 44561 } } peers { permanent_uuid: "365ce6714d2c49a98428f00dc9409319" member_type: VOTER last_known_addr { host: "127.30.243.194" port: 38555 } } peers { permanent_uuid: "3b2baf8bdd1a4aab9df03fc69a2b083c" member_type: VOTER last_known_addr { host: "127.30.243.195" port: 44625 } }
I20260709 13:09:50.702570 32071 leader_election.cc:290] T 98662751759f428dbd5614f1c6697f92 P 365ce6714d2c49a98428f00dc9409319 [CANDIDATE]: Term 1 pre-election: Requested pre-vote from peers d14e1ffdb3454e3dbe728979a4d77381 (127.30.243.193:44561), 3b2baf8bdd1a4aab9df03fc69a2b083c (127.30.243.195:44625)
I20260709 13:09:50.704102 31830 tablet_service.cc:1917] Received RequestConsensusVote() RPC: tablet_id: "98662751759f428dbd5614f1c6697f92" candidate_uuid: "365ce6714d2c49a98428f00dc9409319" candidate_term: 1 candidate_status { last_received { term: 0 index: 0 } } ignore_live_leader: false dest_uuid: "d14e1ffdb3454e3dbe728979a4d77381" is_pre_election: true
I20260709 13:09:50.705041 31830 raft_consensus.cc:2393] T 98662751759f428dbd5614f1c6697f92 P d14e1ffdb3454e3dbe728979a4d77381 [term 1 FOLLOWER]: Leader pre-election vote request: Denying vote to candidate 365ce6714d2c49a98428f00dc9409319 in current term 1: Already voted for candidate 3b2baf8bdd1a4aab9df03fc69a2b083c in this term.
I20260709 13:09:50.707412 31978 tablet_service.cc:1917] Received RequestConsensusVote() RPC: tablet_id: "98662751759f428dbd5614f1c6697f92" candidate_uuid: "365ce6714d2c49a98428f00dc9409319" candidate_term: 1 candidate_status { last_received { term: 0 index: 0 } } ignore_live_leader: false dest_uuid: "3b2baf8bdd1a4aab9df03fc69a2b083c" is_pre_election: true
I20260709 13:09:50.711350 31871 leader_election.cc:304] T 98662751759f428dbd5614f1c6697f92 P 365ce6714d2c49a98428f00dc9409319 [CANDIDATE]: Term 1 pre-election: Election decided. Result: candidate lost. Election summary: received 3 responses out of 3 voters: 1 yes votes; 2 no votes. yes voters: 365ce6714d2c49a98428f00dc9409319; no voters: 3b2baf8bdd1a4aab9df03fc69a2b083c, d14e1ffdb3454e3dbe728979a4d77381
I20260709 13:09:50.711392 32053 consensus_queue.cc:1048] T 78be6df3737e4d339ccc8f86cbecfec5 P d14e1ffdb3454e3dbe728979a4d77381 [LEADER]: Connected to new peer: Peer: permanent_uuid: "3b2baf8bdd1a4aab9df03fc69a2b083c" member_type: VOTER last_known_addr { host: "127.30.243.195" port: 44625 }, Status: LMP_MISMATCH, Last received: 0.0, Next index: 1, Last known committed idx: 0, Time since last communication: 0.000s
I20260709 13:09:50.713122 32071 raft_consensus.cc:3060] T 98662751759f428dbd5614f1c6697f92 P 365ce6714d2c49a98428f00dc9409319 [term 0 FOLLOWER]: Advancing to term 1
I20260709 13:09:50.719584 31727 catalog_manager.cc:5697] T a7e26f9af4524010927bd17ab53847f6 P d14e1ffdb3454e3dbe728979a4d77381 reported cstate change: term changed from 0 to 1, leader changed from <none> to d14e1ffdb3454e3dbe728979a4d77381 (127.30.243.193). New cstate: current_term: 1 leader_uuid: "d14e1ffdb3454e3dbe728979a4d77381" committed_config { opid_index: -1 OBSOLETE_local: false peers { permanent_uuid: "d14e1ffdb3454e3dbe728979a4d77381" member_type: VOTER last_known_addr { host: "127.30.243.193" port: 44561 } health_report { overall_health: HEALTHY } } peers { permanent_uuid: "365ce6714d2c49a98428f00dc9409319" member_type: VOTER last_known_addr { host: "127.30.243.194" port: 38555 } health_report { overall_health: UNKNOWN } } peers { permanent_uuid: "3b2baf8bdd1a4aab9df03fc69a2b083c" member_type: VOTER last_known_addr { host: "127.30.243.195" port: 44625 } health_report { overall_health: UNKNOWN } } }
I20260709 13:09:50.723598 32071 raft_consensus.cc:2749] T 98662751759f428dbd5614f1c6697f92 P 365ce6714d2c49a98428f00dc9409319 [term 1 FOLLOWER]: Leader pre-election lost for term 1. Reason: could not achieve majority
I20260709 13:09:50.721030 31977 raft_consensus.cc:2468] T a7e26f9af4524010927bd17ab53847f6 P 3b2baf8bdd1a4aab9df03fc69a2b083c [term 1 FOLLOWER]: Leader election vote request: Granting yes vote for candidate d14e1ffdb3454e3dbe728979a4d77381 in term 1.
I20260709 13:09:50.731729 32026 consensus_queue.cc:1048] T 78be6df3737e4d339ccc8f86cbecfec5 P d14e1ffdb3454e3dbe728979a4d77381 [LEADER]: Connected to new peer: Peer: permanent_uuid: "365ce6714d2c49a98428f00dc9409319" member_type: VOTER last_known_addr { host: "127.30.243.194" port: 38555 }, Status: LMP_MISMATCH, Last received: 0.0, Next index: 1, Last known committed idx: 0, Time since last communication: 0.000s
I20260709 13:09:50.743053 32046 consensus_queue.cc:1048] T 4a5c804ce51d43db8187d390eb3de2e6 P d14e1ffdb3454e3dbe728979a4d77381 [LEADER]: Connected to new peer: Peer: permanent_uuid: "3b2baf8bdd1a4aab9df03fc69a2b083c" member_type: VOTER last_known_addr { host: "127.30.243.195" port: 44625 }, Status: LMP_MISMATCH, Last received: 0.0, Next index: 1, Last known committed idx: 0, Time since last communication: 0.000s
I20260709 13:09:50.759178 32026 consensus_queue.cc:1048] T 4a5c804ce51d43db8187d390eb3de2e6 P d14e1ffdb3454e3dbe728979a4d77381 [LEADER]: Connected to new peer: Peer: permanent_uuid: "365ce6714d2c49a98428f00dc9409319" member_type: VOTER last_known_addr { host: "127.30.243.194" port: 38555 }, Status: LMP_MISMATCH, Last received: 0.0, Next index: 1, Last known committed idx: 0, Time since last communication: 0.000s
I20260709 13:09:50.788686 32057 consensus_queue.cc:1048] T 98662751759f428dbd5614f1c6697f92 P 3b2baf8bdd1a4aab9df03fc69a2b083c [LEADER]: Connected to new peer: Peer: permanent_uuid: "d14e1ffdb3454e3dbe728979a4d77381" member_type: VOTER last_known_addr { host: "127.30.243.193" port: 44561 }, Status: LMP_MISMATCH, Last received: 0.0, Next index: 1, Last known committed idx: 0, Time since last communication: 0.000s
I20260709 13:09:50.799612 32057 consensus_queue.cc:1048] T 98662751759f428dbd5614f1c6697f92 P 3b2baf8bdd1a4aab9df03fc69a2b083c [LEADER]: Connected to new peer: Peer: permanent_uuid: "365ce6714d2c49a98428f00dc9409319" member_type: VOTER last_known_addr { host: "127.30.243.194" port: 38555 }, Status: LMP_MISMATCH, Last received: 0.0, Next index: 1, Last known committed idx: 0, Time since last communication: 0.000s
I20260709 13:09:50.883335 31979 tablet_service.cc:2072] Received LeaderStepDown RPC: tablet_id: "98662751759f428dbd5614f1c6697f92"
dest_uuid: "3b2baf8bdd1a4aab9df03fc69a2b083c"
mode: GRACEFUL
new_leader_uuid: "d14e1ffdb3454e3dbe728979a4d77381"
 from {username='slave'} at 127.0.0.1:54244
I20260709 13:09:50.883901 31979 raft_consensus.cc:606] T 98662751759f428dbd5614f1c6697f92 P 3b2baf8bdd1a4aab9df03fc69a2b083c [term 1 LEADER]: Received request to transfer leadership to TS d14e1ffdb3454e3dbe728979a4d77381
I20260709 13:09:50.898106 31904 tablet_service.cc:2072] Received LeaderStepDown RPC: tablet_id: "853a9866e72e400e9e9fd1249fd15b15"
dest_uuid: "365ce6714d2c49a98428f00dc9409319"
mode: GRACEFUL
new_leader_uuid: "d14e1ffdb3454e3dbe728979a4d77381"
 from {username='slave'} at 127.0.0.1:59220
I20260709 13:09:50.898629 31904 raft_consensus.cc:606] T 853a9866e72e400e9e9fd1249fd15b15 P 365ce6714d2c49a98428f00dc9409319 [term 1 LEADER]: Received request to transfer leadership to TS d14e1ffdb3454e3dbe728979a4d77381
I20260709 13:09:50.903491 31904 tablet_service.cc:2072] Received LeaderStepDown RPC: tablet_id: "da9cfc38f07d4fb4b598a3bafdae803c"
dest_uuid: "365ce6714d2c49a98428f00dc9409319"
mode: GRACEFUL
new_leader_uuid: "d14e1ffdb3454e3dbe728979a4d77381"
 from {username='slave'} at 127.0.0.1:59220
I20260709 13:09:50.903967 31904 raft_consensus.cc:606] T da9cfc38f07d4fb4b598a3bafdae803c P 365ce6714d2c49a98428f00dc9409319 [term 1 LEADER]: Received request to transfer leadership to TS d14e1ffdb3454e3dbe728979a4d77381
I20260709 13:09:50.908550 31979 tablet_service.cc:2072] Received LeaderStepDown RPC: tablet_id: "46743f73d04d455a80a0fbf064e171d8"
dest_uuid: "3b2baf8bdd1a4aab9df03fc69a2b083c"
mode: GRACEFUL
new_leader_uuid: "365ce6714d2c49a98428f00dc9409319"
 from {username='slave'} at 127.0.0.1:54244
I20260709 13:09:50.909006 31979 raft_consensus.cc:606] T 46743f73d04d455a80a0fbf064e171d8 P 3b2baf8bdd1a4aab9df03fc69a2b083c [term 1 LEADER]: Received request to transfer leadership to TS 365ce6714d2c49a98428f00dc9409319
I20260709 13:09:50.917749 32071 consensus_queue.cc:1048] T 853a9866e72e400e9e9fd1249fd15b15 P 365ce6714d2c49a98428f00dc9409319 [LEADER]: Connected to new peer: Peer: permanent_uuid: "d14e1ffdb3454e3dbe728979a4d77381" member_type: VOTER last_known_addr { host: "127.30.243.193" port: 44561 }, Status: LMP_MISMATCH, Last received: 0.0, Next index: 1, Last known committed idx: 0, Time since last communication: 0.000s
I20260709 13:09:50.924387 31830 tablet_service.cc:2072] Received LeaderStepDown RPC: tablet_id: "a7e26f9af4524010927bd17ab53847f6"
dest_uuid: "d14e1ffdb3454e3dbe728979a4d77381"
mode: GRACEFUL
new_leader_uuid: "365ce6714d2c49a98428f00dc9409319"
 from {username='slave'} at 127.0.0.1:37586
I20260709 13:09:50.924959 31830 raft_consensus.cc:606] T a7e26f9af4524010927bd17ab53847f6 P d14e1ffdb3454e3dbe728979a4d77381 [term 1 LEADER]: Received request to transfer leadership to TS 365ce6714d2c49a98428f00dc9409319
I20260709 13:09:50.925165 32071 raft_consensus.cc:993] T 853a9866e72e400e9e9fd1249fd15b15 P 365ce6714d2c49a98428f00dc9409319: : Instructing follower d14e1ffdb3454e3dbe728979a4d77381 to start an election
I20260709 13:09:50.925578 32071 raft_consensus.cc:1081] T 853a9866e72e400e9e9fd1249fd15b15 P 365ce6714d2c49a98428f00dc9409319 [term 1 LEADER]: Signalling peer d14e1ffdb3454e3dbe728979a4d77381 to start an election
I20260709 13:09:50.928512 31829 tablet_service.cc:2044] Received Run Leader Election RPC: tablet_id: "853a9866e72e400e9e9fd1249fd15b15"
dest_uuid: "d14e1ffdb3454e3dbe728979a4d77381"
 from {username='slave'} at 127.0.0.1:37574
I20260709 13:09:50.930025 31829 raft_consensus.cc:493] T 853a9866e72e400e9e9fd1249fd15b15 P d14e1ffdb3454e3dbe728979a4d77381 [term 1 FOLLOWER]: Starting forced leader election (received explicit request)
I20260709 13:09:50.930393 31829 raft_consensus.cc:3060] T 853a9866e72e400e9e9fd1249fd15b15 P d14e1ffdb3454e3dbe728979a4d77381 [term 1 FOLLOWER]: Advancing to term 2
I20260709 13:09:50.935463 32028 consensus_queue.cc:1048] T 853a9866e72e400e9e9fd1249fd15b15 P 365ce6714d2c49a98428f00dc9409319 [LEADER]: Connected to new peer: Peer: permanent_uuid: "3b2baf8bdd1a4aab9df03fc69a2b083c" member_type: VOTER last_known_addr { host: "127.30.243.195" port: 44625 }, Status: LMP_MISMATCH, Last received: 0.0, Next index: 1, Last known committed idx: 0, Time since last communication: 0.000s
I20260709 13:09:50.935992 31830 tablet_service.cc:2072] Received LeaderStepDown RPC: tablet_id: "78be6df3737e4d339ccc8f86cbecfec5"
dest_uuid: "d14e1ffdb3454e3dbe728979a4d77381"
mode: GRACEFUL
new_leader_uuid: "365ce6714d2c49a98428f00dc9409319"
 from {username='slave'} at 127.0.0.1:37586
I20260709 13:09:50.938243 31829 raft_consensus.cc:515] T 853a9866e72e400e9e9fd1249fd15b15 P d14e1ffdb3454e3dbe728979a4d77381 [term 2 FOLLOWER]: Starting forced leader election with config: opid_index: -1 OBSOLETE_local: false peers { permanent_uuid: "d14e1ffdb3454e3dbe728979a4d77381" member_type: VOTER last_known_addr { host: "127.30.243.193" port: 44561 } } peers { permanent_uuid: "365ce6714d2c49a98428f00dc9409319" member_type: VOTER last_known_addr { host: "127.30.243.194" port: 38555 } } peers { permanent_uuid: "3b2baf8bdd1a4aab9df03fc69a2b083c" member_type: VOTER last_known_addr { host: "127.30.243.195" port: 44625 } }
I20260709 13:09:50.938862 32057 consensus_queue.cc:1048] T d2d59246859e4defbeb8537407ac0480 P 3b2baf8bdd1a4aab9df03fc69a2b083c [LEADER]: Connected to new peer: Peer: permanent_uuid: "d14e1ffdb3454e3dbe728979a4d77381" member_type: VOTER last_known_addr { host: "127.30.243.193" port: 44561 }, Status: LMP_MISMATCH, Last received: 0.0, Next index: 1, Last known committed idx: 0, Time since last communication: 0.000s
I20260709 13:09:50.939218 31830 raft_consensus.cc:606] T 78be6df3737e4d339ccc8f86cbecfec5 P d14e1ffdb3454e3dbe728979a4d77381 [term 1 LEADER]: Received request to transfer leadership to TS 365ce6714d2c49a98428f00dc9409319
I20260709 13:09:50.950490 31977 tablet_service.cc:2072] Received LeaderStepDown RPC: tablet_id: "d2d59246859e4defbeb8537407ac0480"
dest_uuid: "3b2baf8bdd1a4aab9df03fc69a2b083c"
mode: GRACEFUL
new_leader_uuid: "365ce6714d2c49a98428f00dc9409319"
 from {username='slave'} at 127.0.0.1:54244
I20260709 13:09:50.951092 31977 raft_consensus.cc:606] T d2d59246859e4defbeb8537407ac0480 P 3b2baf8bdd1a4aab9df03fc69a2b083c [term 1 LEADER]: Received request to transfer leadership to TS 365ce6714d2c49a98428f00dc9409319
I20260709 13:09:50.956847 31828 tablet_service.cc:2072] Received LeaderStepDown RPC: tablet_id: "4a5c804ce51d43db8187d390eb3de2e6"
dest_uuid: "d14e1ffdb3454e3dbe728979a4d77381"
mode: GRACEFUL
new_leader_uuid: "3b2baf8bdd1a4aab9df03fc69a2b083c"
 from {username='slave'} at 127.0.0.1:37586
I20260709 13:09:50.957470 31828 raft_consensus.cc:606] T 4a5c804ce51d43db8187d390eb3de2e6 P d14e1ffdb3454e3dbe728979a4d77381 [term 1 LEADER]: Received request to transfer leadership to TS 3b2baf8bdd1a4aab9df03fc69a2b083c
I20260709 13:09:50.959745 31904 tablet_service.cc:1917] Received RequestConsensusVote() RPC: tablet_id: "853a9866e72e400e9e9fd1249fd15b15" candidate_uuid: "d14e1ffdb3454e3dbe728979a4d77381" candidate_term: 2 candidate_status { last_received { term: 1 index: 1 } } ignore_live_leader: true dest_uuid: "365ce6714d2c49a98428f00dc9409319"
I20260709 13:09:50.960363 31904 raft_consensus.cc:3055] T 853a9866e72e400e9e9fd1249fd15b15 P 365ce6714d2c49a98428f00dc9409319 [term 1 LEADER]: Stepping down as leader of term 1
I20260709 13:09:50.960673 31904 raft_consensus.cc:740] T 853a9866e72e400e9e9fd1249fd15b15 P 365ce6714d2c49a98428f00dc9409319 [term 1 LEADER]: Becoming Follower/Learner. State: Replica: 365ce6714d2c49a98428f00dc9409319, State: Running, Role: LEADER
I20260709 13:09:50.961531 31904 consensus_queue.cc:260] T 853a9866e72e400e9e9fd1249fd15b15 P 365ce6714d2c49a98428f00dc9409319 [NON_LEADER]: Queue going to NON_LEADER mode. State: All replicated index: 0, Majority replicated index: 1, Committed index: 1, Last appended: 1.1, Last appended by leader: 1, Current term: 1, Majority size: -1, State: 0, Mode: NON_LEADER, active raft config: opid_index: -1 OBSOLETE_local: false peers { permanent_uuid: "d14e1ffdb3454e3dbe728979a4d77381" member_type: VOTER last_known_addr { host: "127.30.243.193" port: 44561 } } peers { permanent_uuid: "365ce6714d2c49a98428f00dc9409319" member_type: VOTER last_known_addr { host: "127.30.243.194" port: 38555 } } peers { permanent_uuid: "3b2baf8bdd1a4aab9df03fc69a2b083c" member_type: VOTER last_known_addr { host: "127.30.243.195" port: 44625 } }
I20260709 13:09:50.962586 31904 raft_consensus.cc:3060] T 853a9866e72e400e9e9fd1249fd15b15 P 365ce6714d2c49a98428f00dc9409319 [term 1 FOLLOWER]: Advancing to term 2
I20260709 13:09:50.966619 32057 consensus_queue.cc:1048] T 46743f73d04d455a80a0fbf064e171d8 P 3b2baf8bdd1a4aab9df03fc69a2b083c [LEADER]: Connected to new peer: Peer: permanent_uuid: "365ce6714d2c49a98428f00dc9409319" member_type: VOTER last_known_addr { host: "127.30.243.194" port: 38555 }, Status: LMP_MISMATCH, Last received: 0.0, Next index: 1, Last known committed idx: 0, Time since last communication: 0.000s
I20260709 13:09:50.970075 31904 raft_consensus.cc:2468] T 853a9866e72e400e9e9fd1249fd15b15 P 365ce6714d2c49a98428f00dc9409319 [term 2 FOLLOWER]: Leader election vote request: Granting yes vote for candidate d14e1ffdb3454e3dbe728979a4d77381 in term 2.
I20260709 13:09:50.977571 32057 raft_consensus.cc:993] T 46743f73d04d455a80a0fbf064e171d8 P 3b2baf8bdd1a4aab9df03fc69a2b083c: : Instructing follower 365ce6714d2c49a98428f00dc9409319 to start an election
I20260709 13:09:50.978008 32057 raft_consensus.cc:1081] T 46743f73d04d455a80a0fbf064e171d8 P 3b2baf8bdd1a4aab9df03fc69a2b083c [term 1 LEADER]: Signalling peer 365ce6714d2c49a98428f00dc9409319 to start an election
I20260709 13:09:50.978454 31796 leader_election.cc:304] T 853a9866e72e400e9e9fd1249fd15b15 P d14e1ffdb3454e3dbe728979a4d77381 [CANDIDATE]: Term 2 election: Election decided. Result: candidate won. Election summary: received 2 responses out of 3 voters: 2 yes votes; 0 no votes. yes voters: 365ce6714d2c49a98428f00dc9409319, d14e1ffdb3454e3dbe728979a4d77381; no voters: 
I20260709 13:09:50.979238 32053 raft_consensus.cc:2804] T 853a9866e72e400e9e9fd1249fd15b15 P d14e1ffdb3454e3dbe728979a4d77381 [term 2 FOLLOWER]: Leader election won for term 2
I20260709 13:09:50.979672 32053 raft_consensus.cc:697] T 853a9866e72e400e9e9fd1249fd15b15 P d14e1ffdb3454e3dbe728979a4d77381 [term 2 LEADER]: Becoming Leader. State: Replica: d14e1ffdb3454e3dbe728979a4d77381, State: Running, Role: LEADER
I20260709 13:09:50.980427 32053 consensus_queue.cc:237] T 853a9866e72e400e9e9fd1249fd15b15 P d14e1ffdb3454e3dbe728979a4d77381 [LEADER]: Queue going to LEADER mode. State: All replicated index: 0, Majority replicated index: 1, Committed index: 1, Last appended: 1.1, Last appended by leader: 1, Current term: 2, Majority size: 2, State: 0, Mode: LEADER, active raft config: opid_index: -1 OBSOLETE_local: false peers { permanent_uuid: "d14e1ffdb3454e3dbe728979a4d77381" member_type: VOTER last_known_addr { host: "127.30.243.193" port: 44561 } } peers { permanent_uuid: "365ce6714d2c49a98428f00dc9409319" member_type: VOTER last_known_addr { host: "127.30.243.194" port: 38555 } } peers { permanent_uuid: "3b2baf8bdd1a4aab9df03fc69a2b083c" member_type: VOTER last_known_addr { host: "127.30.243.195" port: 44625 } }
I20260709 13:09:50.983348 32029 consensus_queue.cc:1048] T 46743f73d04d455a80a0fbf064e171d8 P 3b2baf8bdd1a4aab9df03fc69a2b083c [LEADER]: Connected to new peer: Peer: permanent_uuid: "d14e1ffdb3454e3dbe728979a4d77381" member_type: VOTER last_known_addr { host: "127.30.243.193" port: 44561 }, Status: LMP_MISMATCH, Last received: 0.0, Next index: 1, Last known committed idx: 0, Time since last communication: 0.000s
I20260709 13:09:50.983722 31905 tablet_service.cc:2044] Received Run Leader Election RPC: tablet_id: "46743f73d04d455a80a0fbf064e171d8"
dest_uuid: "365ce6714d2c49a98428f00dc9409319"
 from {username='slave'} at 127.0.0.1:59216
I20260709 13:09:50.984252 31905 raft_consensus.cc:493] T 46743f73d04d455a80a0fbf064e171d8 P 365ce6714d2c49a98428f00dc9409319 [term 1 FOLLOWER]: Starting forced leader election (received explicit request)
I20260709 13:09:50.984722 31905 raft_consensus.cc:3060] T 46743f73d04d455a80a0fbf064e171d8 P 365ce6714d2c49a98428f00dc9409319 [term 1 FOLLOWER]: Advancing to term 2
I20260709 13:09:50.991043 31905 raft_consensus.cc:515] T 46743f73d04d455a80a0fbf064e171d8 P 365ce6714d2c49a98428f00dc9409319 [term 2 FOLLOWER]: Starting forced leader election with config: opid_index: -1 OBSOLETE_local: false peers { permanent_uuid: "d14e1ffdb3454e3dbe728979a4d77381" member_type: VOTER last_known_addr { host: "127.30.243.193" port: 44561 } } peers { permanent_uuid: "365ce6714d2c49a98428f00dc9409319" member_type: VOTER last_known_addr { host: "127.30.243.194" port: 38555 } } peers { permanent_uuid: "3b2baf8bdd1a4aab9df03fc69a2b083c" member_type: VOTER last_known_addr { host: "127.30.243.195" port: 44625 } }
I20260709 13:09:50.993561 31829 leader_election.cc:290] T 853a9866e72e400e9e9fd1249fd15b15 P d14e1ffdb3454e3dbe728979a4d77381 [CANDIDATE]: Term 2 election: Requested vote from peers 365ce6714d2c49a98428f00dc9409319 (127.30.243.194:38555), 3b2baf8bdd1a4aab9df03fc69a2b083c (127.30.243.195:44625)
I20260709 13:09:50.994267 31827 tablet_service.cc:1917] Received RequestConsensusVote() RPC: tablet_id: "46743f73d04d455a80a0fbf064e171d8" candidate_uuid: "365ce6714d2c49a98428f00dc9409319" candidate_term: 2 candidate_status { last_received { term: 1 index: 1 } } ignore_live_leader: true dest_uuid: "d14e1ffdb3454e3dbe728979a4d77381"
I20260709 13:09:50.994531 31978 tablet_service.cc:1917] Received RequestConsensusVote() RPC: tablet_id: "46743f73d04d455a80a0fbf064e171d8" candidate_uuid: "365ce6714d2c49a98428f00dc9409319" candidate_term: 2 candidate_status { last_received { term: 1 index: 1 } } ignore_live_leader: true dest_uuid: "3b2baf8bdd1a4aab9df03fc69a2b083c"
I20260709 13:09:50.995148 31978 raft_consensus.cc:3055] T 46743f73d04d455a80a0fbf064e171d8 P 3b2baf8bdd1a4aab9df03fc69a2b083c [term 1 LEADER]: Stepping down as leader of term 1
I20260709 13:09:50.993781 31977 tablet_service.cc:1917] Received RequestConsensusVote() RPC: tablet_id: "853a9866e72e400e9e9fd1249fd15b15" candidate_uuid: "d14e1ffdb3454e3dbe728979a4d77381" candidate_term: 2 candidate_status { last_received { term: 1 index: 1 } } ignore_live_leader: true dest_uuid: "3b2baf8bdd1a4aab9df03fc69a2b083c"
I20260709 13:09:50.995461 31978 raft_consensus.cc:740] T 46743f73d04d455a80a0fbf064e171d8 P 3b2baf8bdd1a4aab9df03fc69a2b083c [term 1 LEADER]: Becoming Follower/Learner. State: Replica: 3b2baf8bdd1a4aab9df03fc69a2b083c, State: Running, Role: LEADER
I20260709 13:09:50.997306 31978 consensus_queue.cc:260] T 46743f73d04d455a80a0fbf064e171d8 P 3b2baf8bdd1a4aab9df03fc69a2b083c [NON_LEADER]: Queue going to NON_LEADER mode. State: All replicated index: 0, Majority replicated index: 1, Committed index: 1, Last appended: 1.1, Last appended by leader: 1, Current term: 1, Majority size: -1, State: 0, Mode: NON_LEADER, active raft config: opid_index: -1 OBSOLETE_local: false peers { permanent_uuid: "d14e1ffdb3454e3dbe728979a4d77381" member_type: VOTER last_known_addr { host: "127.30.243.193" port: 44561 } } peers { permanent_uuid: "365ce6714d2c49a98428f00dc9409319" member_type: VOTER last_known_addr { host: "127.30.243.194" port: 38555 } } peers { permanent_uuid: "3b2baf8bdd1a4aab9df03fc69a2b083c" member_type: VOTER last_known_addr { host: "127.30.243.195" port: 44625 } }
I20260709 13:09:50.999506 31978 raft_consensus.cc:3060] T 46743f73d04d455a80a0fbf064e171d8 P 3b2baf8bdd1a4aab9df03fc69a2b083c [term 1 FOLLOWER]: Advancing to term 2
I20260709 13:09:51.009066 31904 raft_consensus.cc:3060] T d2d59246859e4defbeb8537407ac0480 P 365ce6714d2c49a98428f00dc9409319 [term 0 FOLLOWER]: Advancing to term 1
I20260709 13:09:51.009960 31905 leader_election.cc:290] T 46743f73d04d455a80a0fbf064e171d8 P 365ce6714d2c49a98428f00dc9409319 [CANDIDATE]: Term 2 election: Requested vote from peers d14e1ffdb3454e3dbe728979a4d77381 (127.30.243.193:44561), 3b2baf8bdd1a4aab9df03fc69a2b083c (127.30.243.195:44625)
I20260709 13:09:51.013890 32071 raft_consensus.cc:493] T d2d59246859e4defbeb8537407ac0480 P 365ce6714d2c49a98428f00dc9409319 [term 1 FOLLOWER]: Starting pre-election (no leader contacted us within the election timeout)
I20260709 13:09:51.014348 32071 raft_consensus.cc:515] T d2d59246859e4defbeb8537407ac0480 P 365ce6714d2c49a98428f00dc9409319 [term 1 FOLLOWER]: Starting pre-election with config: opid_index: -1 OBSOLETE_local: false peers { permanent_uuid: "d14e1ffdb3454e3dbe728979a4d77381" member_type: VOTER last_known_addr { host: "127.30.243.193" port: 44561 } } peers { permanent_uuid: "365ce6714d2c49a98428f00dc9409319" member_type: VOTER last_known_addr { host: "127.30.243.194" port: 38555 } } peers { permanent_uuid: "3b2baf8bdd1a4aab9df03fc69a2b083c" member_type: VOTER last_known_addr { host: "127.30.243.195" port: 44625 } }
I20260709 13:09:51.018337 32029 consensus_queue.cc:1048] T d2d59246859e4defbeb8537407ac0480 P 3b2baf8bdd1a4aab9df03fc69a2b083c [LEADER]: Connected to new peer: Peer: permanent_uuid: "365ce6714d2c49a98428f00dc9409319" member_type: VOTER last_known_addr { host: "127.30.243.194" port: 38555 }, Status: LMP_MISMATCH, Last received: 0.0, Next index: 1, Last known committed idx: 0, Time since last communication: 0.000s
I20260709 13:09:51.018900 31979 tablet_service.cc:1917] Received RequestConsensusVote() RPC: tablet_id: "d2d59246859e4defbeb8537407ac0480" candidate_uuid: "365ce6714d2c49a98428f00dc9409319" candidate_term: 2 candidate_status { last_received { term: 0 index: 0 } } ignore_live_leader: false dest_uuid: "3b2baf8bdd1a4aab9df03fc69a2b083c" is_pre_election: true
I20260709 13:09:51.019728 31978 raft_consensus.cc:2468] T 46743f73d04d455a80a0fbf064e171d8 P 3b2baf8bdd1a4aab9df03fc69a2b083c [term 2 FOLLOWER]: Leader election vote request: Granting yes vote for candidate 365ce6714d2c49a98428f00dc9409319 in term 2.
I20260709 13:09:51.021314 32071 leader_election.cc:290] T d2d59246859e4defbeb8537407ac0480 P 365ce6714d2c49a98428f00dc9409319 [CANDIDATE]: Term 2 pre-election: Requested pre-vote from peers d14e1ffdb3454e3dbe728979a4d77381 (127.30.243.193:44561), 3b2baf8bdd1a4aab9df03fc69a2b083c (127.30.243.195:44625)
I20260709 13:09:51.022162 31828 tablet_service.cc:1917] Received RequestConsensusVote() RPC: tablet_id: "d2d59246859e4defbeb8537407ac0480" candidate_uuid: "365ce6714d2c49a98428f00dc9409319" candidate_term: 2 candidate_status { last_received { term: 0 index: 0 } } ignore_live_leader: false dest_uuid: "d14e1ffdb3454e3dbe728979a4d77381" is_pre_election: true
I20260709 13:09:51.023599 31868 leader_election.cc:304] T d2d59246859e4defbeb8537407ac0480 P 365ce6714d2c49a98428f00dc9409319 [CANDIDATE]: Term 2 pre-election: Election decided. Result: candidate lost. Election summary: received 3 responses out of 3 voters: 1 yes votes; 2 no votes. yes voters: 365ce6714d2c49a98428f00dc9409319; no voters: 3b2baf8bdd1a4aab9df03fc69a2b083c, d14e1ffdb3454e3dbe728979a4d77381
I20260709 13:09:51.023936 31726 catalog_manager.cc:5697] T 853a9866e72e400e9e9fd1249fd15b15 P d14e1ffdb3454e3dbe728979a4d77381 reported cstate change: term changed from 1 to 2, leader changed from 365ce6714d2c49a98428f00dc9409319 (127.30.243.194) to d14e1ffdb3454e3dbe728979a4d77381 (127.30.243.193). New cstate: current_term: 2 leader_uuid: "d14e1ffdb3454e3dbe728979a4d77381" committed_config { opid_index: -1 OBSOLETE_local: false peers { permanent_uuid: "d14e1ffdb3454e3dbe728979a4d77381" member_type: VOTER last_known_addr { host: "127.30.243.193" port: 44561 } health_report { overall_health: HEALTHY } } peers { permanent_uuid: "365ce6714d2c49a98428f00dc9409319" member_type: VOTER last_known_addr { host: "127.30.243.194" port: 38555 } health_report { overall_health: UNKNOWN } } peers { permanent_uuid: "3b2baf8bdd1a4aab9df03fc69a2b083c" member_type: VOTER last_known_addr { host: "127.30.243.195" port: 44625 } health_report { overall_health: UNKNOWN } } }
I20260709 13:09:51.024716 32071 raft_consensus.cc:2749] T d2d59246859e4defbeb8537407ac0480 P 365ce6714d2c49a98428f00dc9409319 [term 1 FOLLOWER]: Leader pre-election lost for term 2. Reason: could not achieve majority
I20260709 13:09:51.027508 31871 leader_election.cc:304] T 46743f73d04d455a80a0fbf064e171d8 P 365ce6714d2c49a98428f00dc9409319 [CANDIDATE]: Term 2 election: Election decided. Result: candidate won. Election summary: received 3 responses out of 3 voters: 2 yes votes; 1 no votes. yes voters: 365ce6714d2c49a98428f00dc9409319, 3b2baf8bdd1a4aab9df03fc69a2b083c; no voters: d14e1ffdb3454e3dbe728979a4d77381
I20260709 13:09:51.028563 32071 raft_consensus.cc:2804] T 46743f73d04d455a80a0fbf064e171d8 P 365ce6714d2c49a98428f00dc9409319 [term 2 FOLLOWER]: Leader election won for term 2
I20260709 13:09:51.029186 32071 raft_consensus.cc:697] T 46743f73d04d455a80a0fbf064e171d8 P 365ce6714d2c49a98428f00dc9409319 [term 2 LEADER]: Becoming Leader. State: Replica: 365ce6714d2c49a98428f00dc9409319, State: Running, Role: LEADER
I20260709 13:09:51.029994 32071 consensus_queue.cc:237] T 46743f73d04d455a80a0fbf064e171d8 P 365ce6714d2c49a98428f00dc9409319 [LEADER]: Queue going to LEADER mode. State: All replicated index: 0, Majority replicated index: 1, Committed index: 1, Last appended: 1.1, Last appended by leader: 1, Current term: 2, Majority size: 2, State: 0, Mode: LEADER, active raft config: opid_index: -1 OBSOLETE_local: false peers { permanent_uuid: "d14e1ffdb3454e3dbe728979a4d77381" member_type: VOTER last_known_addr { host: "127.30.243.193" port: 44561 } } peers { permanent_uuid: "365ce6714d2c49a98428f00dc9409319" member_type: VOTER last_known_addr { host: "127.30.243.194" port: 38555 } } peers { permanent_uuid: "3b2baf8bdd1a4aab9df03fc69a2b083c" member_type: VOTER last_known_addr { host: "127.30.243.195" port: 44625 } }
I20260709 13:09:51.038489 32029 raft_consensus.cc:993] T d2d59246859e4defbeb8537407ac0480 P 3b2baf8bdd1a4aab9df03fc69a2b083c: : Instructing follower 365ce6714d2c49a98428f00dc9409319 to start an election
I20260709 13:09:51.038933 32057 raft_consensus.cc:1081] T d2d59246859e4defbeb8537407ac0480 P 3b2baf8bdd1a4aab9df03fc69a2b083c [term 1 LEADER]: Signalling peer 365ce6714d2c49a98428f00dc9409319 to start an election
I20260709 13:09:51.040416 31905 tablet_service.cc:2044] Received Run Leader Election RPC: tablet_id: "d2d59246859e4defbeb8537407ac0480"
dest_uuid: "365ce6714d2c49a98428f00dc9409319"
 from {username='slave'} at 127.0.0.1:59216
I20260709 13:09:51.040933 31905 raft_consensus.cc:493] T d2d59246859e4defbeb8537407ac0480 P 365ce6714d2c49a98428f00dc9409319 [term 1 FOLLOWER]: Starting forced leader election (received explicit request)
I20260709 13:09:51.041280 31905 raft_consensus.cc:3060] T d2d59246859e4defbeb8537407ac0480 P 365ce6714d2c49a98428f00dc9409319 [term 1 FOLLOWER]: Advancing to term 2
I20260709 13:09:51.046372 31905 raft_consensus.cc:515] T d2d59246859e4defbeb8537407ac0480 P 365ce6714d2c49a98428f00dc9409319 [term 2 FOLLOWER]: Starting forced leader election with config: opid_index: -1 OBSOLETE_local: false peers { permanent_uuid: "d14e1ffdb3454e3dbe728979a4d77381" member_type: VOTER last_known_addr { host: "127.30.243.193" port: 44561 } } peers { permanent_uuid: "365ce6714d2c49a98428f00dc9409319" member_type: VOTER last_known_addr { host: "127.30.243.194" port: 38555 } } peers { permanent_uuid: "3b2baf8bdd1a4aab9df03fc69a2b083c" member_type: VOTER last_known_addr { host: "127.30.243.195" port: 44625 } }
I20260709 13:09:51.047920 31905 leader_election.cc:290] T d2d59246859e4defbeb8537407ac0480 P 365ce6714d2c49a98428f00dc9409319 [CANDIDATE]: Term 2 election: Requested vote from peers d14e1ffdb3454e3dbe728979a4d77381 (127.30.243.193:44561), 3b2baf8bdd1a4aab9df03fc69a2b083c (127.30.243.195:44625)
I20260709 13:09:51.048678 31828 tablet_service.cc:1917] Received RequestConsensusVote() RPC: tablet_id: "d2d59246859e4defbeb8537407ac0480" candidate_uuid: "365ce6714d2c49a98428f00dc9409319" candidate_term: 2 candidate_status { last_received { term: 1 index: 1 } } ignore_live_leader: true dest_uuid: "d14e1ffdb3454e3dbe728979a4d77381"
I20260709 13:09:51.049203 31828 raft_consensus.cc:3060] T d2d59246859e4defbeb8537407ac0480 P d14e1ffdb3454e3dbe728979a4d77381 [term 1 FOLLOWER]: Advancing to term 2
I20260709 13:09:51.050418 31978 tablet_service.cc:1917] Received RequestConsensusVote() RPC: tablet_id: "d2d59246859e4defbeb8537407ac0480" candidate_uuid: "365ce6714d2c49a98428f00dc9409319" candidate_term: 2 candidate_status { last_received { term: 1 index: 1 } } ignore_live_leader: true dest_uuid: "3b2baf8bdd1a4aab9df03fc69a2b083c"
I20260709 13:09:51.050964 31978 raft_consensus.cc:3055] T d2d59246859e4defbeb8537407ac0480 P 3b2baf8bdd1a4aab9df03fc69a2b083c [term 1 LEADER]: Stepping down as leader of term 1
I20260709 13:09:51.051285 31978 raft_consensus.cc:740] T d2d59246859e4defbeb8537407ac0480 P 3b2baf8bdd1a4aab9df03fc69a2b083c [term 1 LEADER]: Becoming Follower/Learner. State: Replica: 3b2baf8bdd1a4aab9df03fc69a2b083c, State: Running, Role: LEADER
I20260709 13:09:51.052057 31978 consensus_queue.cc:260] T d2d59246859e4defbeb8537407ac0480 P 3b2baf8bdd1a4aab9df03fc69a2b083c [NON_LEADER]: Queue going to NON_LEADER mode. State: All replicated index: 0, Majority replicated index: 1, Committed index: 1, Last appended: 1.1, Last appended by leader: 1, Current term: 1, Majority size: -1, State: 0, Mode: NON_LEADER, active raft config: opid_index: -1 OBSOLETE_local: false peers { permanent_uuid: "d14e1ffdb3454e3dbe728979a4d77381" member_type: VOTER last_known_addr { host: "127.30.243.193" port: 44561 } } peers { permanent_uuid: "365ce6714d2c49a98428f00dc9409319" member_type: VOTER last_known_addr { host: "127.30.243.194" port: 38555 } } peers { permanent_uuid: "3b2baf8bdd1a4aab9df03fc69a2b083c" member_type: VOTER last_known_addr { host: "127.30.243.195" port: 44625 } }
I20260709 13:09:51.053216 31978 raft_consensus.cc:3060] T d2d59246859e4defbeb8537407ac0480 P 3b2baf8bdd1a4aab9df03fc69a2b083c [term 1 FOLLOWER]: Advancing to term 2
I20260709 13:09:51.052469 31726 catalog_manager.cc:5697] T 46743f73d04d455a80a0fbf064e171d8 P 365ce6714d2c49a98428f00dc9409319 reported cstate change: term changed from 1 to 2, leader changed from 3b2baf8bdd1a4aab9df03fc69a2b083c (127.30.243.195) to 365ce6714d2c49a98428f00dc9409319 (127.30.243.194). New cstate: current_term: 2 leader_uuid: "365ce6714d2c49a98428f00dc9409319" committed_config { opid_index: -1 OBSOLETE_local: false peers { permanent_uuid: "d14e1ffdb3454e3dbe728979a4d77381" member_type: VOTER last_known_addr { host: "127.30.243.193" port: 44561 } health_report { overall_health: UNKNOWN } } peers { permanent_uuid: "365ce6714d2c49a98428f00dc9409319" member_type: VOTER last_known_addr { host: "127.30.243.194" port: 38555 } health_report { overall_health: HEALTHY } } peers { permanent_uuid: "3b2baf8bdd1a4aab9df03fc69a2b083c" member_type: VOTER last_known_addr { host: "127.30.243.195" port: 44625 } health_report { overall_health: UNKNOWN } } }
I20260709 13:09:51.055526 31828 raft_consensus.cc:2468] T d2d59246859e4defbeb8537407ac0480 P d14e1ffdb3454e3dbe728979a4d77381 [term 2 FOLLOWER]: Leader election vote request: Granting yes vote for candidate 365ce6714d2c49a98428f00dc9409319 in term 2.
I20260709 13:09:51.056744 31868 leader_election.cc:304] T d2d59246859e4defbeb8537407ac0480 P 365ce6714d2c49a98428f00dc9409319 [CANDIDATE]: Term 2 election: Election decided. Result: candidate won. Election summary: received 2 responses out of 3 voters: 2 yes votes; 0 no votes. yes voters: 365ce6714d2c49a98428f00dc9409319, d14e1ffdb3454e3dbe728979a4d77381; no voters: 
I20260709 13:09:51.057549 32071 raft_consensus.cc:2804] T d2d59246859e4defbeb8537407ac0480 P 365ce6714d2c49a98428f00dc9409319 [term 2 FOLLOWER]: Leader election won for term 2
I20260709 13:09:51.057998 32071 raft_consensus.cc:697] T d2d59246859e4defbeb8537407ac0480 P 365ce6714d2c49a98428f00dc9409319 [term 2 LEADER]: Becoming Leader. State: Replica: 365ce6714d2c49a98428f00dc9409319, State: Running, Role: LEADER
I20260709 13:09:51.058753 32071 consensus_queue.cc:237] T d2d59246859e4defbeb8537407ac0480 P 365ce6714d2c49a98428f00dc9409319 [LEADER]: Queue going to LEADER mode. State: All replicated index: 0, Majority replicated index: 1, Committed index: 1, Last appended: 1.1, Last appended by leader: 1, Current term: 2, Majority size: 2, State: 0, Mode: LEADER, active raft config: opid_index: -1 OBSOLETE_local: false peers { permanent_uuid: "d14e1ffdb3454e3dbe728979a4d77381" member_type: VOTER last_known_addr { host: "127.30.243.193" port: 44561 } } peers { permanent_uuid: "365ce6714d2c49a98428f00dc9409319" member_type: VOTER last_known_addr { host: "127.30.243.194" port: 38555 } } peers { permanent_uuid: "3b2baf8bdd1a4aab9df03fc69a2b083c" member_type: VOTER last_known_addr { host: "127.30.243.195" port: 44625 } }
I20260709 13:09:51.059515 31978 raft_consensus.cc:2468] T d2d59246859e4defbeb8537407ac0480 P 3b2baf8bdd1a4aab9df03fc69a2b083c [term 2 FOLLOWER]: Leader election vote request: Granting yes vote for candidate 365ce6714d2c49a98428f00dc9409319 in term 2.
I20260709 13:09:51.066780 31726 catalog_manager.cc:5697] T d2d59246859e4defbeb8537407ac0480 P 365ce6714d2c49a98428f00dc9409319 reported cstate change: term changed from 1 to 2, leader changed from 3b2baf8bdd1a4aab9df03fc69a2b083c (127.30.243.195) to 365ce6714d2c49a98428f00dc9409319 (127.30.243.194). New cstate: current_term: 2 leader_uuid: "365ce6714d2c49a98428f00dc9409319" committed_config { opid_index: -1 OBSOLETE_local: false peers { permanent_uuid: "d14e1ffdb3454e3dbe728979a4d77381" member_type: VOTER last_known_addr { host: "127.30.243.193" port: 44561 } health_report { overall_health: UNKNOWN } } peers { permanent_uuid: "365ce6714d2c49a98428f00dc9409319" member_type: VOTER last_known_addr { host: "127.30.243.194" port: 38555 } health_report { overall_health: HEALTHY } } peers { permanent_uuid: "3b2baf8bdd1a4aab9df03fc69a2b083c" member_type: VOTER last_known_addr { host: "127.30.243.195" port: 44625 } health_report { overall_health: UNKNOWN } } }
I20260709 13:09:51.121198 32064 consensus_queue.cc:1048] T da9cfc38f07d4fb4b598a3bafdae803c P 365ce6714d2c49a98428f00dc9409319 [LEADER]: Connected to new peer: Peer: permanent_uuid: "d14e1ffdb3454e3dbe728979a4d77381" member_type: VOTER last_known_addr { host: "127.30.243.193" port: 44561 }, Status: LMP_MISMATCH, Last received: 0.0, Next index: 1, Last known committed idx: 0, Time since last communication: 0.000s
I20260709 13:09:51.125183 32053 consensus_queue.cc:1048] T a7e26f9af4524010927bd17ab53847f6 P d14e1ffdb3454e3dbe728979a4d77381 [LEADER]: Connected to new peer: Peer: permanent_uuid: "3b2baf8bdd1a4aab9df03fc69a2b083c" member_type: VOTER last_known_addr { host: "127.30.243.195" port: 44625 }, Status: LMP_MISMATCH, Last received: 0.0, Next index: 1, Last known committed idx: 0, Time since last communication: 0.000s
I20260709 13:09:51.129958 32071 raft_consensus.cc:993] T da9cfc38f07d4fb4b598a3bafdae803c P 365ce6714d2c49a98428f00dc9409319: : Instructing follower d14e1ffdb3454e3dbe728979a4d77381 to start an election
I20260709 13:09:51.131166 32071 raft_consensus.cc:1081] T da9cfc38f07d4fb4b598a3bafdae803c P 365ce6714d2c49a98428f00dc9409319 [term 1 LEADER]: Signalling peer d14e1ffdb3454e3dbe728979a4d77381 to start an election
I20260709 13:09:51.136636 31828 tablet_service.cc:2044] Received Run Leader Election RPC: tablet_id: "da9cfc38f07d4fb4b598a3bafdae803c"
dest_uuid: "d14e1ffdb3454e3dbe728979a4d77381"
 from {username='slave'} at 127.0.0.1:37574
I20260709 13:09:51.137070 32028 consensus_queue.cc:1048] T da9cfc38f07d4fb4b598a3bafdae803c P 365ce6714d2c49a98428f00dc9409319 [LEADER]: Connected to new peer: Peer: permanent_uuid: "3b2baf8bdd1a4aab9df03fc69a2b083c" member_type: VOTER last_known_addr { host: "127.30.243.195" port: 44625 }, Status: LMP_MISMATCH, Last received: 0.0, Next index: 1, Last known committed idx: 0, Time since last communication: 0.000s
I20260709 13:09:51.137625 31828 raft_consensus.cc:493] T da9cfc38f07d4fb4b598a3bafdae803c P d14e1ffdb3454e3dbe728979a4d77381 [term 1 FOLLOWER]: Starting forced leader election (received explicit request)
I20260709 13:09:51.138010 31828 raft_consensus.cc:3060] T da9cfc38f07d4fb4b598a3bafdae803c P d14e1ffdb3454e3dbe728979a4d77381 [term 1 FOLLOWER]: Advancing to term 2
