[==========] Running 8 tests from 2 test suites.
[----------] Global test environment set-up.
[----------] 6 tests from LeaderRebalancerTest
[ RUN      ] LeaderRebalancerTest.FunctionalTestForDivided
WARNING: Logging before InitGoogleLogging() is written to STDERR
I20260709 13:09:43.674963 31744 internal_mini_cluster.cc:156] Creating distributed mini masters. Addrs: 127.31.0.62:33011
I20260709 13:09:43.676522 31744 env_posix.cc:2285] Not raising this process' open files per process limit of 1048576; it is already as high as it can go
I20260709 13:09:43.677588 31744 file_cache.cc:504] Constructed file cache file cache with capacity 419430
W20260709 13:09:43.695815 31750 instance_detector.cc:116] could not retrieve AWS instance metadata: Network error: curl error: HTTP response code said error: The requested URL returned error: 404
W20260709 13:09:43.695808 31751 instance_detector.cc:116] could not retrieve Azure instance metadata: Network error: curl error: HTTP response code said error: The requested URL returned error: 404
W20260709 13:09:43.698907 31753 instance_detector.cc:116] could not retrieve OpenStack instance metadata: Network error: curl error: HTTP response code said error: The requested URL returned error: 404
I20260709 13:09:43.697453 31744 server_base.cc:1061] running on GCE node
I20260709 13:09:44.893244 31744 hybrid_clock.cc:584] initializing the hybrid clock with 'system_unsync' time source
W20260709 13:09:44.893505 31744 system_unsync_time.cc:38] NTP support is disabled. Clock error bounds will not be accurate. This configuration is not suitable for distributed clusters.
I20260709 13:09:44.893780 31744 hybrid_clock.cc:648] HybridClock initialized: now 1783602584893753 us; error 0 us; skew 500 ppm
I20260709 13:09:44.894742 31744 server_base.cc:861] Flag tcmalloc_max_total_thread_cache_bytes is not working since tcmalloc is not enabled.
I20260709 13:09:44.900460 31744 webserver.cc:533] Webserver started at http://127.31.0.62:39775/ using document root <none> and password file <none>
I20260709 13:09:44.901424 31744 fs_manager.cc:362] Metadata directory not provided
I20260709 13:09:44.901686 31744 fs_manager.cc:368] Using write-ahead log directory (fs_wal_dir) as metadata directory
I20260709 13:09:44.902169 31744 server_base.cc:909] This appears to be a new deployment of Kudu; creating new FS layout
I20260709 13:09:44.908267 31744 fs_manager.cc:1068] Generated new instance metadata in path /tmp/dist-test-taskCp2ZOo/test-tmp/auto_leader_rebalancer-test.0.LeaderRebalancerTest.FunctionalTestForDivided.1783602583501597-31744-0/minicluster-data/master-0-root/instance:
uuid: "0379f5d3ba564c529514029d073835d4"
format_stamp: "Formatted at 2026-07-09 13:09:44 on dist-test-slave-tbwl"
I20260709 13:09:44.916821 31744 fs_manager.cc:696] Time spent creating directory manager: real 0.008s	user 0.009s	sys 0.000s
I20260709 13:09:44.922441 31759 log_block_manager.cc:4127] Time spent loading block containers with low live blocks: real 0.000s	user 0.000s	sys 0.000s
I20260709 13:09:44.923738 31744 fs_manager.cc:730] Time spent opening block manager: real 0.004s	user 0.003s	sys 0.000s
I20260709 13:09:44.924132 31744 fs_manager.cc:647] Opened local filesystem: /tmp/dist-test-taskCp2ZOo/test-tmp/auto_leader_rebalancer-test.0.LeaderRebalancerTest.FunctionalTestForDivided.1783602583501597-31744-0/minicluster-data/master-0-root
uuid: "0379f5d3ba564c529514029d073835d4"
format_stamp: "Formatted at 2026-07-09 13:09:44 on dist-test-slave-tbwl"
I20260709 13:09:44.924516 31744 fs_report.cc:389] FS layout report
--------------------
wal directory: /tmp/dist-test-taskCp2ZOo/test-tmp/auto_leader_rebalancer-test.0.LeaderRebalancerTest.FunctionalTestForDivided.1783602583501597-31744-0/minicluster-data/master-0-root
metadata directory: /tmp/dist-test-taskCp2ZOo/test-tmp/auto_leader_rebalancer-test.0.LeaderRebalancerTest.FunctionalTestForDivided.1783602583501597-31744-0/minicluster-data/master-0-root
1 data directories: /tmp/dist-test-taskCp2ZOo/test-tmp/auto_leader_rebalancer-test.0.LeaderRebalancerTest.FunctionalTestForDivided.1783602583501597-31744-0/minicluster-data/master-0-root/data
Total live blocks: 0
Total live bytes: 0
Total live bytes (after alignment): 0
Total number of LBM containers: 0 (0 full)
Did not check for missing blocks
Did not check for orphaned blocks
Total full LBM containers with extra space: 0 (0 repaired)
Total full LBM container extra space in bytes: 0 (0 repaired)
Total incomplete LBM containers: 0 (0 repaired)
Total LBM partial records: 0 (0 repaired)
Total corrupted LBM metadata records in RocksDB: 0 (0 repaired)
I20260709 13:09:44.985386 31744 rpc_server.cc:225] running with OpenSSL 1.1.1  11 Sep 2018
I20260709 13:09:44.987052 31744 env_posix.cc:2285] Not raising this process' running threads per effective uid limit of 18446744073709551615; it is already as high as it can go
I20260709 13:09:44.987569 31744 kserver.cc:163] Server-wide thread pool size limit: 3276
I20260709 13:09:45.065510 31744 rpc_server.cc:307] RPC server started. Bound to: 127.31.0.62:33011
I20260709 13:09:45.065577 31810 acceptor_pool.cc:272] collecting diagnostics on the listening RPC socket 127.31.0.62:33011 every 8 connection(s)
I20260709 13:09:45.073536 31811 data_dirs.cc:400] Could only allocate 1 dirs of requested 3 for tablet 00000000000000000000000000000000. 1 dirs total, 0 dirs full, 0 dirs failed
I20260709 13:09:45.095477 31811 tablet_bootstrap.cc:492] T 00000000000000000000000000000000 P 0379f5d3ba564c529514029d073835d4: Bootstrap starting.
I20260709 13:09:45.101485 31811 tablet_bootstrap.cc:654] T 00000000000000000000000000000000 P 0379f5d3ba564c529514029d073835d4: Neither blocks nor log segments found. Creating new log.
I20260709 13:09:45.103456 31811 log.cc:826] T 00000000000000000000000000000000 P 0379f5d3ba564c529514029d073835d4: Log is configured to *not* fsync() on all Append() calls
I20260709 13:09:45.108111 31811 tablet_bootstrap.cc:492] T 00000000000000000000000000000000 P 0379f5d3ba564c529514029d073835d4: No bootstrap required, opened a new log
I20260709 13:09:45.128875 31811 raft_consensus.cc:359] T 00000000000000000000000000000000 P 0379f5d3ba564c529514029d073835d4 [term 0 FOLLOWER]: Replica starting. Triggering 0 pending ops. Active config: opid_index: -1 OBSOLETE_local: true peers { permanent_uuid: "0379f5d3ba564c529514029d073835d4" member_type: VOTER }
I20260709 13:09:45.129439 31811 raft_consensus.cc:385] T 00000000000000000000000000000000 P 0379f5d3ba564c529514029d073835d4 [term 0 FOLLOWER]: Consensus starting up: Expiring failure detector timer to make a prompt election more likely
I20260709 13:09:45.129637 31811 raft_consensus.cc:740] T 00000000000000000000000000000000 P 0379f5d3ba564c529514029d073835d4 [term 0 FOLLOWER]: Becoming Follower/Learner. State: Replica: 0379f5d3ba564c529514029d073835d4, State: Initialized, Role: FOLLOWER
I20260709 13:09:45.130614 31811 consensus_queue.cc:260] T 00000000000000000000000000000000 P 0379f5d3ba564c529514029d073835d4 [NON_LEADER]: Queue going to NON_LEADER mode. State: All replicated index: 0, Majority replicated index: 0, Committed index: 0, Last appended: 0.0, Last appended by leader: 0, Current term: 0, Majority size: -1, State: 0, Mode: NON_LEADER, active raft config: opid_index: -1 OBSOLETE_local: true peers { permanent_uuid: "0379f5d3ba564c529514029d073835d4" member_type: VOTER }
I20260709 13:09:45.131124 31811 raft_consensus.cc:399] T 00000000000000000000000000000000 P 0379f5d3ba564c529514029d073835d4 [term 0 FOLLOWER]: Only one voter in the Raft config. Triggering election immediately
I20260709 13:09:45.131371 31811 raft_consensus.cc:493] T 00000000000000000000000000000000 P 0379f5d3ba564c529514029d073835d4 [term 0 FOLLOWER]: Starting leader election (initial election of a single-replica configuration)
I20260709 13:09:45.131659 31811 raft_consensus.cc:3060] T 00000000000000000000000000000000 P 0379f5d3ba564c529514029d073835d4 [term 0 FOLLOWER]: Advancing to term 1
I20260709 13:09:45.136039 31811 raft_consensus.cc:515] T 00000000000000000000000000000000 P 0379f5d3ba564c529514029d073835d4 [term 1 FOLLOWER]: Starting leader election with config: opid_index: -1 OBSOLETE_local: true peers { permanent_uuid: "0379f5d3ba564c529514029d073835d4" member_type: VOTER }
I20260709 13:09:45.136859 31811 leader_election.cc:304] T 00000000000000000000000000000000 P 0379f5d3ba564c529514029d073835d4 [CANDIDATE]: Term 1 election: Election decided. Result: candidate won. Election summary: received 1 responses out of 1 voters: 1 yes votes; 0 no votes. yes voters: 0379f5d3ba564c529514029d073835d4; no voters: 
I20260709 13:09:45.138587 31811 leader_election.cc:290] T 00000000000000000000000000000000 P 0379f5d3ba564c529514029d073835d4 [CANDIDATE]: Term 1 election: Requested vote from peers 
I20260709 13:09:45.139016 31814 raft_consensus.cc:2804] T 00000000000000000000000000000000 P 0379f5d3ba564c529514029d073835d4 [term 1 FOLLOWER]: Leader election won for term 1
I20260709 13:09:45.141853 31814 raft_consensus.cc:697] T 00000000000000000000000000000000 P 0379f5d3ba564c529514029d073835d4 [term 1 LEADER]: Becoming Leader. State: Replica: 0379f5d3ba564c529514029d073835d4, State: Running, Role: LEADER
I20260709 13:09:45.142853 31814 consensus_queue.cc:237] T 00000000000000000000000000000000 P 0379f5d3ba564c529514029d073835d4 [LEADER]: Queue going to LEADER mode. State: All replicated index: 0, Majority replicated index: 0, Committed index: 0, Last appended: 0.0, Last appended by leader: 0, Current term: 1, Majority size: 1, State: 0, Mode: LEADER, active raft config: opid_index: -1 OBSOLETE_local: true peers { permanent_uuid: "0379f5d3ba564c529514029d073835d4" member_type: VOTER }
I20260709 13:09:45.144007 31811 sys_catalog.cc:565] T 00000000000000000000000000000000 P 0379f5d3ba564c529514029d073835d4 [sys.catalog]: configured and running, proceeding with master startup.
I20260709 13:09:45.154913 31815 sys_catalog.cc:455] T 00000000000000000000000000000000 P 0379f5d3ba564c529514029d073835d4 [sys.catalog]: SysCatalogTable state changed. Reason: RaftConsensus started. Latest consensus state: current_term: 1 leader_uuid: "0379f5d3ba564c529514029d073835d4" committed_config { opid_index: -1 OBSOLETE_local: true peers { permanent_uuid: "0379f5d3ba564c529514029d073835d4" member_type: VOTER } }
I20260709 13:09:45.155247 31816 sys_catalog.cc:455] T 00000000000000000000000000000000 P 0379f5d3ba564c529514029d073835d4 [sys.catalog]: SysCatalogTable state changed. Reason: New leader 0379f5d3ba564c529514029d073835d4. Latest consensus state: current_term: 1 leader_uuid: "0379f5d3ba564c529514029d073835d4" committed_config { opid_index: -1 OBSOLETE_local: true peers { permanent_uuid: "0379f5d3ba564c529514029d073835d4" member_type: VOTER } }
I20260709 13:09:45.155683 31815 sys_catalog.cc:458] T 00000000000000000000000000000000 P 0379f5d3ba564c529514029d073835d4 [sys.catalog]: This master's current role is: LEADER
I20260709 13:09:45.155773 31816 sys_catalog.cc:458] T 00000000000000000000000000000000 P 0379f5d3ba564c529514029d073835d4 [sys.catalog]: This master's current role is: LEADER
I20260709 13:09:45.159349 31822 catalog_manager.cc:1511] Loading table and tablet metadata into memory...
I20260709 13:09:45.173882 31822 catalog_manager.cc:1520] Initializing Kudu cluster ID...
I20260709 13:09:45.176258 31744 internal_mini_cluster.cc:184] Waiting to initialize catalog manager on master 0
I20260709 13:09:45.193887 31822 catalog_manager.cc:1383] Generated new cluster ID: 19ec0993dfd2437f957aca8f71aa210c
I20260709 13:09:45.194221 31822 catalog_manager.cc:1531] Initializing Kudu internal certificate authority...
I20260709 13:09:45.214984 31822 catalog_manager.cc:1406] Generated new certificate authority record
I20260709 13:09:45.216593 31822 catalog_manager.cc:1540] Loading token signing keys...
I20260709 13:09:45.233676 31822 catalog_manager.cc:6070] T 00000000000000000000000000000000 P 0379f5d3ba564c529514029d073835d4: Generated new TSK 0
I20260709 13:09:45.234822 31822 catalog_manager.cc:1550] Initializing in-progress tserver states...
I20260709 13:09:45.243353 31744 file_cache.cc:504] Constructed file cache file cache with capacity 419430
W20260709 13:09:45.252053 31833 instance_detector.cc:116] could not retrieve AWS instance metadata: Network error: curl error: HTTP response code said error: The requested URL returned error: 404
W20260709 13:09:45.253319 31834 instance_detector.cc:116] could not retrieve Azure instance metadata: Network error: curl error: HTTP response code said error: The requested URL returned error: 404
W20260709 13:09:45.258255 31836 instance_detector.cc:116] could not retrieve OpenStack instance metadata: Network error: curl error: HTTP response code said error: The requested URL returned error: 404
I20260709 13:09:45.258481 31744 server_base.cc:1061] running on GCE node
I20260709 13:09:45.259351 31744 hybrid_clock.cc:584] initializing the hybrid clock with 'system_unsync' time source
W20260709 13:09:45.259578 31744 system_unsync_time.cc:38] NTP support is disabled. Clock error bounds will not be accurate. This configuration is not suitable for distributed clusters.
I20260709 13:09:45.259779 31744 hybrid_clock.cc:648] HybridClock initialized: now 1783602585259746 us; error 0 us; skew 500 ppm
I20260709 13:09:45.260417 31744 server_base.cc:861] Flag tcmalloc_max_total_thread_cache_bytes is not working since tcmalloc is not enabled.
I20260709 13:09:45.264936 31744 webserver.cc:533] Webserver started at http://127.31.0.1:40127/ using document root <none> and password file <none>
I20260709 13:09:45.265719 31744 fs_manager.cc:362] Metadata directory not provided
I20260709 13:09:45.266002 31744 fs_manager.cc:368] Using write-ahead log directory (fs_wal_dir) as metadata directory
I20260709 13:09:45.266368 31744 server_base.cc:909] This appears to be a new deployment of Kudu; creating new FS layout
I20260709 13:09:45.267994 31744 fs_manager.cc:1068] Generated new instance metadata in path /tmp/dist-test-taskCp2ZOo/test-tmp/auto_leader_rebalancer-test.0.LeaderRebalancerTest.FunctionalTestForDivided.1783602583501597-31744-0/minicluster-data/ts-0-root/instance:
uuid: "4850941594a14be59de3396c67cf2ae7"
format_stamp: "Formatted at 2026-07-09 13:09:45 on dist-test-slave-tbwl"
I20260709 13:09:45.275404 31744 fs_manager.cc:696] Time spent creating directory manager: real 0.007s	user 0.008s	sys 0.000s
I20260709 13:09:45.280874 31841 log_block_manager.cc:4127] Time spent loading block containers with low live blocks: real 0.000s	user 0.000s	sys 0.000s
I20260709 13:09:45.281817 31744 fs_manager.cc:730] Time spent opening block manager: real 0.003s	user 0.005s	sys 0.000s
I20260709 13:09:45.282199 31744 fs_manager.cc:647] Opened local filesystem: /tmp/dist-test-taskCp2ZOo/test-tmp/auto_leader_rebalancer-test.0.LeaderRebalancerTest.FunctionalTestForDivided.1783602583501597-31744-0/minicluster-data/ts-0-root
uuid: "4850941594a14be59de3396c67cf2ae7"
format_stamp: "Formatted at 2026-07-09 13:09:45 on dist-test-slave-tbwl"
I20260709 13:09:45.282604 31744 fs_report.cc:389] FS layout report
--------------------
wal directory: /tmp/dist-test-taskCp2ZOo/test-tmp/auto_leader_rebalancer-test.0.LeaderRebalancerTest.FunctionalTestForDivided.1783602583501597-31744-0/minicluster-data/ts-0-root
metadata directory: /tmp/dist-test-taskCp2ZOo/test-tmp/auto_leader_rebalancer-test.0.LeaderRebalancerTest.FunctionalTestForDivided.1783602583501597-31744-0/minicluster-data/ts-0-root
1 data directories: /tmp/dist-test-taskCp2ZOo/test-tmp/auto_leader_rebalancer-test.0.LeaderRebalancerTest.FunctionalTestForDivided.1783602583501597-31744-0/minicluster-data/ts-0-root/data
Total live blocks: 0
Total live bytes: 0
Total live bytes (after alignment): 0
Total number of LBM containers: 0 (0 full)
Did not check for missing blocks
Did not check for orphaned blocks
Total full LBM containers with extra space: 0 (0 repaired)
Total full LBM container extra space in bytes: 0 (0 repaired)
Total incomplete LBM containers: 0 (0 repaired)
Total LBM partial records: 0 (0 repaired)
Total corrupted LBM metadata records in RocksDB: 0 (0 repaired)
I20260709 13:09:45.310484 31744 rpc_server.cc:225] running with OpenSSL 1.1.1  11 Sep 2018
I20260709 13:09:45.312381 31744 kserver.cc:163] Server-wide thread pool size limit: 3276
I20260709 13:09:45.315289 31744 txn_system_client.cc:432] TxnSystemClient initialization is disabled...
I20260709 13:09:45.320958 31744 ts_tablet_manager.cc:585] Loaded tablet metadata (0 total tablets, 0 live tablets)
I20260709 13:09:45.321305 31744 ts_tablet_manager.cc:531] Time spent load tablet metadata: real 0.000s	user 0.000s	sys 0.000s
I20260709 13:09:45.321631 31744 ts_tablet_manager.cc:616] Registered 0 tablets
I20260709 13:09:45.321878 31744 ts_tablet_manager.cc:595] Time spent register tablets: real 0.000s	user 0.000s	sys 0.000s
I20260709 13:09:45.414935 31744 rpc_server.cc:307] RPC server started. Bound to: 127.31.0.1:38567
I20260709 13:09:45.414989 31903 acceptor_pool.cc:272] collecting diagnostics on the listening RPC socket 127.31.0.1:38567 every 8 connection(s)
I20260709 13:09:45.423023 31744 file_cache.cc:504] Constructed file cache file cache with capacity 419430
W20260709 13:09:45.433531 31908 instance_detector.cc:116] could not retrieve AWS instance metadata: Network error: curl error: HTTP response code said error: The requested URL returned error: 404
W20260709 13:09:45.434206 31909 instance_detector.cc:116] could not retrieve Azure instance metadata: Network error: curl error: HTTP response code said error: The requested URL returned error: 404
I20260709 13:09:45.437963 31744 server_base.cc:1061] running on GCE node
W20260709 13:09:45.440152 31912 instance_detector.cc:116] could not retrieve OpenStack instance metadata: Network error: curl error: HTTP response code said error: The requested URL returned error: 404
I20260709 13:09:45.441294 31744 hybrid_clock.cc:584] initializing the hybrid clock with 'system_unsync' time source
W20260709 13:09:45.441591 31744 system_unsync_time.cc:38] NTP support is disabled. Clock error bounds will not be accurate. This configuration is not suitable for distributed clusters.
I20260709 13:09:45.441804 31744 hybrid_clock.cc:648] HybridClock initialized: now 1783602585441788 us; error 0 us; skew 500 ppm
I20260709 13:09:45.442603 31744 server_base.cc:861] Flag tcmalloc_max_total_thread_cache_bytes is not working since tcmalloc is not enabled.
I20260709 13:09:45.447753 31904 heartbeater.cc:344] Connected to a master server at 127.31.0.62:33011
I20260709 13:09:45.448294 31904 heartbeater.cc:461] Registering TS with master...
I20260709 13:09:45.448365 31744 webserver.cc:533] Webserver started at http://127.31.0.2:33733/ using document root <none> and password file <none>
I20260709 13:09:45.449070 31744 fs_manager.cc:362] Metadata directory not provided
I20260709 13:09:45.449326 31904 heartbeater.cc:507] Master 127.31.0.62:33011 requested a full tablet report, sending...
I20260709 13:09:45.449339 31744 fs_manager.cc:368] Using write-ahead log directory (fs_wal_dir) as metadata directory
I20260709 13:09:45.450675 31744 server_base.cc:909] This appears to be a new deployment of Kudu; creating new FS layout
I20260709 13:09:45.452121 31744 fs_manager.cc:1068] Generated new instance metadata in path /tmp/dist-test-taskCp2ZOo/test-tmp/auto_leader_rebalancer-test.0.LeaderRebalancerTest.FunctionalTestForDivided.1783602583501597-31744-0/minicluster-data/ts-1-root/instance:
uuid: "37ce0fea7b33489095938595fb4387b4"
format_stamp: "Formatted at 2026-07-09 13:09:45 on dist-test-slave-tbwl"
I20260709 13:09:45.452786 31776 ts_manager.cc:194] Registered new tserver with Master: 4850941594a14be59de3396c67cf2ae7 (127.31.0.1:38567)
I20260709 13:09:45.455993 31776 master_service.cc:502] Signed X509 certificate for tserver {username='slave'} at 127.0.0.1:44596
I20260709 13:09:45.459506 31744 fs_manager.cc:696] Time spent creating directory manager: real 0.007s	user 0.004s	sys 0.004s
I20260709 13:09:45.464385 31916 log_block_manager.cc:4127] Time spent loading block containers with low live blocks: real 0.000s	user 0.000s	sys 0.000s
I20260709 13:09:45.465301 31744 fs_manager.cc:730] Time spent opening block manager: real 0.004s	user 0.002s	sys 0.002s
I20260709 13:09:45.465610 31744 fs_manager.cc:647] Opened local filesystem: /tmp/dist-test-taskCp2ZOo/test-tmp/auto_leader_rebalancer-test.0.LeaderRebalancerTest.FunctionalTestForDivided.1783602583501597-31744-0/minicluster-data/ts-1-root
uuid: "37ce0fea7b33489095938595fb4387b4"
format_stamp: "Formatted at 2026-07-09 13:09:45 on dist-test-slave-tbwl"
I20260709 13:09:45.465919 31744 fs_report.cc:389] FS layout report
--------------------
wal directory: /tmp/dist-test-taskCp2ZOo/test-tmp/auto_leader_rebalancer-test.0.LeaderRebalancerTest.FunctionalTestForDivided.1783602583501597-31744-0/minicluster-data/ts-1-root
metadata directory: /tmp/dist-test-taskCp2ZOo/test-tmp/auto_leader_rebalancer-test.0.LeaderRebalancerTest.FunctionalTestForDivided.1783602583501597-31744-0/minicluster-data/ts-1-root
1 data directories: /tmp/dist-test-taskCp2ZOo/test-tmp/auto_leader_rebalancer-test.0.LeaderRebalancerTest.FunctionalTestForDivided.1783602583501597-31744-0/minicluster-data/ts-1-root/data
Total live blocks: 0
Total live bytes: 0
Total live bytes (after alignment): 0
Total number of LBM containers: 0 (0 full)
Did not check for missing blocks
Did not check for orphaned blocks
Total full LBM containers with extra space: 0 (0 repaired)
Total full LBM container extra space in bytes: 0 (0 repaired)
Total incomplete LBM containers: 0 (0 repaired)
Total LBM partial records: 0 (0 repaired)
Total corrupted LBM metadata records in RocksDB: 0 (0 repaired)
I20260709 13:09:45.507297 31744 rpc_server.cc:225] running with OpenSSL 1.1.1  11 Sep 2018
I20260709 13:09:45.508611 31744 kserver.cc:163] Server-wide thread pool size limit: 3276
I20260709 13:09:45.510766 31744 txn_system_client.cc:432] TxnSystemClient initialization is disabled...
I20260709 13:09:45.514149 31744 ts_tablet_manager.cc:585] Loaded tablet metadata (0 total tablets, 0 live tablets)
I20260709 13:09:45.514381 31744 ts_tablet_manager.cc:531] Time spent load tablet metadata: real 0.000s	user 0.000s	sys 0.000s
I20260709 13:09:45.514739 31744 ts_tablet_manager.cc:616] Registered 0 tablets
I20260709 13:09:45.514925 31744 ts_tablet_manager.cc:595] Time spent register tablets: real 0.000s	user 0.000s	sys 0.000s
I20260709 13:09:45.618530 31744 rpc_server.cc:307] RPC server started. Bound to: 127.31.0.2:45973
I20260709 13:09:45.618688 31978 acceptor_pool.cc:272] collecting diagnostics on the listening RPC socket 127.31.0.2:45973 every 8 connection(s)
I20260709 13:09:45.626365 31744 file_cache.cc:504] Constructed file cache file cache with capacity 419430
W20260709 13:09:45.636246 31982 instance_detector.cc:116] could not retrieve AWS instance metadata: Network error: curl error: HTTP response code said error: The requested URL returned error: 404
W20260709 13:09:45.639146 31983 instance_detector.cc:116] could not retrieve Azure instance metadata: Network error: curl error: HTTP response code said error: The requested URL returned error: 404
I20260709 13:09:45.641662 31979 heartbeater.cc:344] Connected to a master server at 127.31.0.62:33011
I20260709 13:09:45.642061 31979 heartbeater.cc:461] Registering TS with master...
I20260709 13:09:45.643044 31979 heartbeater.cc:507] Master 127.31.0.62:33011 requested a full tablet report, sending...
I20260709 13:09:45.645489 31776 ts_manager.cc:194] Registered new tserver with Master: 37ce0fea7b33489095938595fb4387b4 (127.31.0.2:45973)
I20260709 13:09:45.647603 31776 master_service.cc:502] Signed X509 certificate for tserver {username='slave'} at 127.0.0.1:44610
W20260709 13:09:45.649046 31985 instance_detector.cc:116] could not retrieve OpenStack instance metadata: Network error: curl error: HTTP response code said error: The requested URL returned error: 404
I20260709 13:09:45.649612 31744 server_base.cc:1061] running on GCE node
I20260709 13:09:45.650431 31744 hybrid_clock.cc:584] initializing the hybrid clock with 'system_unsync' time source
W20260709 13:09:45.650695 31744 system_unsync_time.cc:38] NTP support is disabled. Clock error bounds will not be accurate. This configuration is not suitable for distributed clusters.
I20260709 13:09:45.650906 31744 hybrid_clock.cc:648] HybridClock initialized: now 1783602585650886 us; error 0 us; skew 500 ppm
I20260709 13:09:45.651443 31744 server_base.cc:861] Flag tcmalloc_max_total_thread_cache_bytes is not working since tcmalloc is not enabled.
I20260709 13:09:45.653934 31744 webserver.cc:533] Webserver started at http://127.31.0.3:43781/ using document root <none> and password file <none>
I20260709 13:09:45.654431 31744 fs_manager.cc:362] Metadata directory not provided
I20260709 13:09:45.654706 31744 fs_manager.cc:368] Using write-ahead log directory (fs_wal_dir) as metadata directory
I20260709 13:09:45.654997 31744 server_base.cc:909] This appears to be a new deployment of Kudu; creating new FS layout
I20260709 13:09:45.656250 31744 fs_manager.cc:1068] Generated new instance metadata in path /tmp/dist-test-taskCp2ZOo/test-tmp/auto_leader_rebalancer-test.0.LeaderRebalancerTest.FunctionalTestForDivided.1783602583501597-31744-0/minicluster-data/ts-2-root/instance:
uuid: "b03c57e192324cb2a6193792196418e0"
format_stamp: "Formatted at 2026-07-09 13:09:45 on dist-test-slave-tbwl"
I20260709 13:09:45.661392 31744 fs_manager.cc:696] Time spent creating directory manager: real 0.004s	user 0.004s	sys 0.001s
I20260709 13:09:45.665052 31990 log_block_manager.cc:4127] Time spent loading block containers with low live blocks: real 0.000s	user 0.000s	sys 0.000s
I20260709 13:09:45.666015 31744 fs_manager.cc:730] Time spent opening block manager: real 0.003s	user 0.000s	sys 0.002s
I20260709 13:09:45.666389 31744 fs_manager.cc:647] Opened local filesystem: /tmp/dist-test-taskCp2ZOo/test-tmp/auto_leader_rebalancer-test.0.LeaderRebalancerTest.FunctionalTestForDivided.1783602583501597-31744-0/minicluster-data/ts-2-root
uuid: "b03c57e192324cb2a6193792196418e0"
format_stamp: "Formatted at 2026-07-09 13:09:45 on dist-test-slave-tbwl"
I20260709 13:09:45.666816 31744 fs_report.cc:389] FS layout report
--------------------
wal directory: /tmp/dist-test-taskCp2ZOo/test-tmp/auto_leader_rebalancer-test.0.LeaderRebalancerTest.FunctionalTestForDivided.1783602583501597-31744-0/minicluster-data/ts-2-root
metadata directory: /tmp/dist-test-taskCp2ZOo/test-tmp/auto_leader_rebalancer-test.0.LeaderRebalancerTest.FunctionalTestForDivided.1783602583501597-31744-0/minicluster-data/ts-2-root
1 data directories: /tmp/dist-test-taskCp2ZOo/test-tmp/auto_leader_rebalancer-test.0.LeaderRebalancerTest.FunctionalTestForDivided.1783602583501597-31744-0/minicluster-data/ts-2-root/data
Total live blocks: 0
Total live bytes: 0
Total live bytes (after alignment): 0
Total number of LBM containers: 0 (0 full)
Did not check for missing blocks
Did not check for orphaned blocks
Total full LBM containers with extra space: 0 (0 repaired)
Total full LBM container extra space in bytes: 0 (0 repaired)
Total incomplete LBM containers: 0 (0 repaired)
Total LBM partial records: 0 (0 repaired)
Total corrupted LBM metadata records in RocksDB: 0 (0 repaired)
I20260709 13:09:45.690091 31744 rpc_server.cc:225] running with OpenSSL 1.1.1  11 Sep 2018
I20260709 13:09:45.691474 31744 kserver.cc:163] Server-wide thread pool size limit: 3276
I20260709 13:09:45.693032 31744 txn_system_client.cc:432] TxnSystemClient initialization is disabled...
I20260709 13:09:45.696370 31744 ts_tablet_manager.cc:585] Loaded tablet metadata (0 total tablets, 0 live tablets)
I20260709 13:09:45.696563 31744 ts_tablet_manager.cc:531] Time spent load tablet metadata: real 0.000s	user 0.000s	sys 0.000s
I20260709 13:09:45.696882 31744 ts_tablet_manager.cc:616] Registered 0 tablets
I20260709 13:09:45.697028 31744 ts_tablet_manager.cc:595] Time spent register tablets: real 0.000s	user 0.000s	sys 0.000s
I20260709 13:09:45.797667 31744 rpc_server.cc:307] RPC server started. Bound to: 127.31.0.3:37883
I20260709 13:09:45.798192 32052 acceptor_pool.cc:272] collecting diagnostics on the listening RPC socket 127.31.0.3:37883 every 8 connection(s)
I20260709 13:09:45.815757 32053 heartbeater.cc:344] Connected to a master server at 127.31.0.62:33011
I20260709 13:09:45.816226 32053 heartbeater.cc:461] Registering TS with master...
I20260709 13:09:45.817219 32053 heartbeater.cc:507] Master 127.31.0.62:33011 requested a full tablet report, sending...
I20260709 13:09:45.819491 31776 ts_manager.cc:194] Registered new tserver with Master: b03c57e192324cb2a6193792196418e0 (127.31.0.3:37883)
I20260709 13:09:45.819712 31744 internal_mini_cluster.cc:371] 3 TS(s) registered with all masters after 0.016685973s
I20260709 13:09:45.821341 31776 master_service.cc:502] Signed X509 certificate for tserver {username='slave'} at 127.0.0.1:44618
I20260709 13:09:45.874670 31776 catalog_manager.cc:2283] Servicing CreateTable request from {username='slave'} at 127.0.0.1:44632:
name: "test-workload"
schema {
  columns {
    name: "key"
    type: INT32
    is_key: true
    is_nullable: false
    encoding: AUTO_ENCODING
    compression: DEFAULT_COMPRESSION
    cfile_block_size: 0
    immutable: false
  }
  columns {
    name: "int_val"
    type: INT32
    is_key: false
    is_nullable: false
    encoding: AUTO_ENCODING
    compression: DEFAULT_COMPRESSION
    cfile_block_size: 0
    immutable: false
  }
  columns {
    name: "string_val"
    type: STRING
    is_key: false
    is_nullable: true
    encoding: AUTO_ENCODING
    compression: DEFAULT_COMPRESSION
    cfile_block_size: 0
    immutable: false
  }
}
num_replicas: 3
split_rows_range_bounds {
  rows: "\004\001\000\216\3438\016\004\001\000\034\307q\034\004\001\000\252\252\252*\004\001\0008\216\3438\004\001\000\306q\034G\004\001\000TUUU\004\001\000\3428\216c\004\001\000p\034\307q""\004\001\000\216\3438\016\004\001\000\034\307q\034\004\001\000\252\252\252*\004\001\0008\216\3438\004\001\000\306q\034G\004\001\000TUUU\004\001\000\3428\216c\004\001\000p\034\307q"
  indirect_data: """"
}
partition_schema {
  range_schema {
    columns {
      name: "key"
    }
  }
}
W20260709 13:09:45.878566 31776 catalog_manager.cc:7077] The number of live tablet servers is not enough to re-replicate a tablet replica of the newly created table test-workload in case of a server failure: 4 tablet servers would be needed, 3 are available. Consider bringing up more tablet servers.
I20260709 13:09:46.022133 32016 tablet_service.cc:1511] Processing CreateTablet for tablet bab9b18fd0b34512b504a3669267a537 (DEFAULT_TABLE table=test-workload [id=8c3fd0e0863a4a68a53052923aafa8c1]), partition=RANGE (key) PARTITION 477218588 <= VALUES < 715827882
I20260709 13:09:46.024816 32016 data_dirs.cc:400] Could only allocate 1 dirs of requested 3 for tablet bab9b18fd0b34512b504a3669267a537. 1 dirs total, 0 dirs full, 0 dirs failed
I20260709 13:09:46.022639 32018 tablet_service.cc:1511] Processing CreateTablet for tablet fff4b62d87824087ac5fcf0aa7866432 (DEFAULT_TABLE table=test-workload [id=8c3fd0e0863a4a68a53052923aafa8c1]), partition=RANGE (key) PARTITION VALUES < 238609294
I20260709 13:09:46.023020 32017 tablet_service.cc:1511] Processing CreateTablet for tablet 9d979d81c16946a79197bd255d4306c7 (DEFAULT_TABLE table=test-workload [id=8c3fd0e0863a4a68a53052923aafa8c1]), partition=RANGE (key) PARTITION 238609294 <= VALUES < 477218588
I20260709 13:09:46.028214 32015 tablet_service.cc:1511] Processing CreateTablet for tablet c21e94c1d6c84b3b8fd7db5ec5db5231 (DEFAULT_TABLE table=test-workload [id=8c3fd0e0863a4a68a53052923aafa8c1]), partition=RANGE (key) PARTITION 715827882 <= VALUES < 954437176
I20260709 13:09:46.031049 32018 data_dirs.cc:400] Could only allocate 1 dirs of requested 3 for tablet fff4b62d87824087ac5fcf0aa7866432. 1 dirs total, 0 dirs full, 0 dirs failed
I20260709 13:09:46.031858 32017 data_dirs.cc:400] Could only allocate 1 dirs of requested 3 for tablet 9d979d81c16946a79197bd255d4306c7. 1 dirs total, 0 dirs full, 0 dirs failed
I20260709 13:09:46.033474 32015 data_dirs.cc:400] Could only allocate 1 dirs of requested 3 for tablet c21e94c1d6c84b3b8fd7db5ec5db5231. 1 dirs total, 0 dirs full, 0 dirs failed
I20260709 13:09:46.045511 31944 tablet_service.cc:1511] Processing CreateTablet for tablet fff4b62d87824087ac5fcf0aa7866432 (DEFAULT_TABLE table=test-workload [id=8c3fd0e0863a4a68a53052923aafa8c1]), partition=RANGE (key) PARTITION VALUES < 238609294
I20260709 13:09:46.052841 31868 tablet_service.cc:1511] Processing CreateTablet for tablet 9d979d81c16946a79197bd255d4306c7 (DEFAULT_TABLE table=test-workload [id=8c3fd0e0863a4a68a53052923aafa8c1]), partition=RANGE (key) PARTITION 238609294 <= VALUES < 477218588
I20260709 13:09:46.057034 31944 data_dirs.cc:400] Could only allocate 1 dirs of requested 3 for tablet fff4b62d87824087ac5fcf0aa7866432. 1 dirs total, 0 dirs full, 0 dirs failed
I20260709 13:09:46.051061 31866 tablet_service.cc:1511] Processing CreateTablet for tablet c21e94c1d6c84b3b8fd7db5ec5db5231 (DEFAULT_TABLE table=test-workload [id=8c3fd0e0863a4a68a53052923aafa8c1]), partition=RANGE (key) PARTITION 715827882 <= VALUES < 954437176
I20260709 13:09:46.062562 31869 tablet_service.cc:1511] Processing CreateTablet for tablet fff4b62d87824087ac5fcf0aa7866432 (DEFAULT_TABLE table=test-workload [id=8c3fd0e0863a4a68a53052923aafa8c1]), partition=RANGE (key) PARTITION VALUES < 238609294
I20260709 13:09:46.064659 31940 tablet_service.cc:1511] Processing CreateTablet for tablet 5933e761d75d4f5683d346d9d15a6417 (DEFAULT_TABLE table=test-workload [id=8c3fd0e0863a4a68a53052923aafa8c1]), partition=RANGE (key) PARTITION 954437176 <= VALUES < 1193046470
I20260709 13:09:46.064615 31941 tablet_service.cc:1511] Processing CreateTablet for tablet c21e94c1d6c84b3b8fd7db5ec5db5231 (DEFAULT_TABLE table=test-workload [id=8c3fd0e0863a4a68a53052923aafa8c1]), partition=RANGE (key) PARTITION 715827882 <= VALUES < 954437176
I20260709 13:09:46.060760 31943 tablet_service.cc:1511] Processing CreateTablet for tablet 9d979d81c16946a79197bd255d4306c7 (DEFAULT_TABLE table=test-workload [id=8c3fd0e0863a4a68a53052923aafa8c1]), partition=RANGE (key) PARTITION 238609294 <= VALUES < 477218588
I20260709 13:09:46.063705 31867 tablet_service.cc:1511] Processing CreateTablet for tablet bab9b18fd0b34512b504a3669267a537 (DEFAULT_TABLE table=test-workload [id=8c3fd0e0863a4a68a53052923aafa8c1]), partition=RANGE (key) PARTITION 477218588 <= VALUES < 715827882
I20260709 13:09:46.072438 31864 tablet_service.cc:1511] Processing CreateTablet for tablet 3df07b825629452f9e0cbcd3cf03fc44 (DEFAULT_TABLE table=test-workload [id=8c3fd0e0863a4a68a53052923aafa8c1]), partition=RANGE (key) PARTITION 1193046470 <= VALUES < 1431655764
I20260709 13:09:46.072548 32014 tablet_service.cc:1511] Processing CreateTablet for tablet 5933e761d75d4f5683d346d9d15a6417 (DEFAULT_TABLE table=test-workload [id=8c3fd0e0863a4a68a53052923aafa8c1]), partition=RANGE (key) PARTITION 954437176 <= VALUES < 1193046470
I20260709 13:09:46.072983 31868 data_dirs.cc:400] Could only allocate 1 dirs of requested 3 for tablet 9d979d81c16946a79197bd255d4306c7. 1 dirs total, 0 dirs full, 0 dirs failed
I20260709 13:09:46.063642 31865 tablet_service.cc:1511] Processing CreateTablet for tablet 5933e761d75d4f5683d346d9d15a6417 (DEFAULT_TABLE table=test-workload [id=8c3fd0e0863a4a68a53052923aafa8c1]), partition=RANGE (key) PARTITION 954437176 <= VALUES < 1193046470
I20260709 13:09:46.071514 31942 tablet_service.cc:1511] Processing CreateTablet for tablet bab9b18fd0b34512b504a3669267a537 (DEFAULT_TABLE table=test-workload [id=8c3fd0e0863a4a68a53052923aafa8c1]), partition=RANGE (key) PARTITION 477218588 <= VALUES < 715827882
I20260709 13:09:46.077378 32014 data_dirs.cc:400] Could only allocate 1 dirs of requested 3 for tablet 5933e761d75d4f5683d346d9d15a6417. 1 dirs total, 0 dirs full, 0 dirs failed
I20260709 13:09:46.078933 31864 data_dirs.cc:400] Could only allocate 1 dirs of requested 3 for tablet 3df07b825629452f9e0cbcd3cf03fc44. 1 dirs total, 0 dirs full, 0 dirs failed
I20260709 13:09:46.081146 31940 data_dirs.cc:400] Could only allocate 1 dirs of requested 3 for tablet 5933e761d75d4f5683d346d9d15a6417. 1 dirs total, 0 dirs full, 0 dirs failed
I20260709 13:09:46.081137 31867 data_dirs.cc:400] Could only allocate 1 dirs of requested 3 for tablet bab9b18fd0b34512b504a3669267a537. 1 dirs total, 0 dirs full, 0 dirs failed
I20260709 13:09:46.084385 31865 data_dirs.cc:400] Could only allocate 1 dirs of requested 3 for tablet 5933e761d75d4f5683d346d9d15a6417. 1 dirs total, 0 dirs full, 0 dirs failed
I20260709 13:09:46.085321 31943 data_dirs.cc:400] Could only allocate 1 dirs of requested 3 for tablet 9d979d81c16946a79197bd255d4306c7. 1 dirs total, 0 dirs full, 0 dirs failed
I20260709 13:09:46.088739 31941 data_dirs.cc:400] Could only allocate 1 dirs of requested 3 for tablet c21e94c1d6c84b3b8fd7db5ec5db5231. 1 dirs total, 0 dirs full, 0 dirs failed
I20260709 13:09:46.087337 31939 tablet_service.cc:1511] Processing CreateTablet for tablet 3df07b825629452f9e0cbcd3cf03fc44 (DEFAULT_TABLE table=test-workload [id=8c3fd0e0863a4a68a53052923aafa8c1]), partition=RANGE (key) PARTITION 1193046470 <= VALUES < 1431655764
I20260709 13:09:46.088121 31866 data_dirs.cc:400] Could only allocate 1 dirs of requested 3 for tablet c21e94c1d6c84b3b8fd7db5ec5db5231. 1 dirs total, 0 dirs full, 0 dirs failed
I20260709 13:09:46.090343 31942 data_dirs.cc:400] Could only allocate 1 dirs of requested 3 for tablet bab9b18fd0b34512b504a3669267a537. 1 dirs total, 0 dirs full, 0 dirs failed
I20260709 13:09:46.091919 31939 data_dirs.cc:400] Could only allocate 1 dirs of requested 3 for tablet 3df07b825629452f9e0cbcd3cf03fc44. 1 dirs total, 0 dirs full, 0 dirs failed
I20260709 13:09:46.101287 31869 data_dirs.cc:400] Could only allocate 1 dirs of requested 3 for tablet fff4b62d87824087ac5fcf0aa7866432. 1 dirs total, 0 dirs full, 0 dirs failed
I20260709 13:09:46.116547 32013 tablet_service.cc:1511] Processing CreateTablet for tablet 3df07b825629452f9e0cbcd3cf03fc44 (DEFAULT_TABLE table=test-workload [id=8c3fd0e0863a4a68a53052923aafa8c1]), partition=RANGE (key) PARTITION 1193046470 <= VALUES < 1431655764
I20260709 13:09:46.119071 32013 data_dirs.cc:400] Could only allocate 1 dirs of requested 3 for tablet 3df07b825629452f9e0cbcd3cf03fc44. 1 dirs total, 0 dirs full, 0 dirs failed
I20260709 13:09:46.127189 31863 tablet_service.cc:1511] Processing CreateTablet for tablet 2ffa05916c3f404389d03eb0eae13cd7 (DEFAULT_TABLE table=test-workload [id=8c3fd0e0863a4a68a53052923aafa8c1]), partition=RANGE (key) PARTITION 1431655764 <= VALUES < 1670265058
I20260709 13:09:46.129444 31938 tablet_service.cc:1511] Processing CreateTablet for tablet 2ffa05916c3f404389d03eb0eae13cd7 (DEFAULT_TABLE table=test-workload [id=8c3fd0e0863a4a68a53052923aafa8c1]), partition=RANGE (key) PARTITION 1431655764 <= VALUES < 1670265058
I20260709 13:09:46.135969 31863 data_dirs.cc:400] Could only allocate 1 dirs of requested 3 for tablet 2ffa05916c3f404389d03eb0eae13cd7. 1 dirs total, 0 dirs full, 0 dirs failed
I20260709 13:09:46.133800 32012 tablet_service.cc:1511] Processing CreateTablet for tablet 2ffa05916c3f404389d03eb0eae13cd7 (DEFAULT_TABLE table=test-workload [id=8c3fd0e0863a4a68a53052923aafa8c1]), partition=RANGE (key) PARTITION 1431655764 <= VALUES < 1670265058
I20260709 13:09:46.137766 31938 data_dirs.cc:400] Could only allocate 1 dirs of requested 3 for tablet 2ffa05916c3f404389d03eb0eae13cd7. 1 dirs total, 0 dirs full, 0 dirs failed
I20260709 13:09:46.141556 32012 data_dirs.cc:400] Could only allocate 1 dirs of requested 3 for tablet 2ffa05916c3f404389d03eb0eae13cd7. 1 dirs total, 0 dirs full, 0 dirs failed
I20260709 13:09:46.150313 31862 tablet_service.cc:1511] Processing CreateTablet for tablet d4282e8196004e3e820ac7dbedaa77e2 (DEFAULT_TABLE table=test-workload [id=8c3fd0e0863a4a68a53052923aafa8c1]), partition=RANGE (key) PARTITION 1670265058 <= VALUES < 1908874352
I20260709 13:09:46.153060 31862 data_dirs.cc:400] Could only allocate 1 dirs of requested 3 for tablet d4282e8196004e3e820ac7dbedaa77e2. 1 dirs total, 0 dirs full, 0 dirs failed
I20260709 13:09:46.156193 31937 tablet_service.cc:1511] Processing CreateTablet for tablet d4282e8196004e3e820ac7dbedaa77e2 (DEFAULT_TABLE table=test-workload [id=8c3fd0e0863a4a68a53052923aafa8c1]), partition=RANGE (key) PARTITION 1670265058 <= VALUES < 1908874352
I20260709 13:09:46.160475 31937 data_dirs.cc:400] Could only allocate 1 dirs of requested 3 for tablet d4282e8196004e3e820ac7dbedaa77e2. 1 dirs total, 0 dirs full, 0 dirs failed
W20260709 13:09:46.182314 31824 auto_rebalancer.cc:288] Could not retrieve cluster info: Service unavailable: Tablet not running
I20260709 13:09:46.200525 32011 tablet_service.cc:1511] Processing CreateTablet for tablet d4282e8196004e3e820ac7dbedaa77e2 (DEFAULT_TABLE table=test-workload [id=8c3fd0e0863a4a68a53052923aafa8c1]), partition=RANGE (key) PARTITION 1670265058 <= VALUES < 1908874352
I20260709 13:09:46.203336 32011 data_dirs.cc:400] Could only allocate 1 dirs of requested 3 for tablet d4282e8196004e3e820ac7dbedaa77e2. 1 dirs total, 0 dirs full, 0 dirs failed
I20260709 13:09:46.210210 31861 tablet_service.cc:1511] Processing CreateTablet for tablet d0ccfef9073446ddbc04fc2cc36dc7d7 (DEFAULT_TABLE table=test-workload [id=8c3fd0e0863a4a68a53052923aafa8c1]), partition=RANGE (key) PARTITION 1908874352 <= VALUES
I20260709 13:09:46.213892 31861 data_dirs.cc:400] Could only allocate 1 dirs of requested 3 for tablet d0ccfef9073446ddbc04fc2cc36dc7d7. 1 dirs total, 0 dirs full, 0 dirs failed
I20260709 13:09:46.223784 31936 tablet_service.cc:1511] Processing CreateTablet for tablet d0ccfef9073446ddbc04fc2cc36dc7d7 (DEFAULT_TABLE table=test-workload [id=8c3fd0e0863a4a68a53052923aafa8c1]), partition=RANGE (key) PARTITION 1908874352 <= VALUES
I20260709 13:09:46.239686 31936 data_dirs.cc:400] Could only allocate 1 dirs of requested 3 for tablet d0ccfef9073446ddbc04fc2cc36dc7d7. 1 dirs total, 0 dirs full, 0 dirs failed
I20260709 13:09:46.278695 32071 tablet_bootstrap.cc:492] T fff4b62d87824087ac5fcf0aa7866432 P b03c57e192324cb2a6193792196418e0: Bootstrap starting.
I20260709 13:09:46.283608 32072 tablet_bootstrap.cc:492] T 3df07b825629452f9e0cbcd3cf03fc44 P 37ce0fea7b33489095938595fb4387b4: Bootstrap starting.
I20260709 13:09:46.301241 32015 tablet_service.cc:1511] Processing CreateTablet for tablet d0ccfef9073446ddbc04fc2cc36dc7d7 (DEFAULT_TABLE table=test-workload [id=8c3fd0e0863a4a68a53052923aafa8c1]), partition=RANGE (key) PARTITION 1908874352 <= VALUES
I20260709 13:09:46.303270 32015 data_dirs.cc:400] Could only allocate 1 dirs of requested 3 for tablet d0ccfef9073446ddbc04fc2cc36dc7d7. 1 dirs total, 0 dirs full, 0 dirs failed
I20260709 13:09:46.345393 32072 tablet_bootstrap.cc:654] T 3df07b825629452f9e0cbcd3cf03fc44 P 37ce0fea7b33489095938595fb4387b4: Neither blocks nor log segments found. Creating new log.
I20260709 13:09:46.345692 32073 tablet_bootstrap.cc:492] T fff4b62d87824087ac5fcf0aa7866432 P 4850941594a14be59de3396c67cf2ae7: Bootstrap starting.
I20260709 13:09:46.355932 32071 tablet_bootstrap.cc:654] T fff4b62d87824087ac5fcf0aa7866432 P b03c57e192324cb2a6193792196418e0: Neither blocks nor log segments found. Creating new log.
I20260709 13:09:46.359603 32072 tablet_bootstrap.cc:492] T 3df07b825629452f9e0cbcd3cf03fc44 P 37ce0fea7b33489095938595fb4387b4: No bootstrap required, opened a new log
I20260709 13:09:46.360196 32072 ts_tablet_manager.cc:1403] T 3df07b825629452f9e0cbcd3cf03fc44 P 37ce0fea7b33489095938595fb4387b4: Time spent bootstrapping tablet: real 0.108s	user 0.021s	sys 0.000s
I20260709 13:09:46.361323 32073 tablet_bootstrap.cc:654] T fff4b62d87824087ac5fcf0aa7866432 P 4850941594a14be59de3396c67cf2ae7: Neither blocks nor log segments found. Creating new log.
I20260709 13:09:46.365011 32072 raft_consensus.cc:359] T 3df07b825629452f9e0cbcd3cf03fc44 P 37ce0fea7b33489095938595fb4387b4 [term 0 FOLLOWER]: Replica starting. Triggering 0 pending ops. Active config: opid_index: -1 OBSOLETE_local: false peers { permanent_uuid: "4850941594a14be59de3396c67cf2ae7" member_type: VOTER last_known_addr { host: "127.31.0.1" port: 38567 } } peers { permanent_uuid: "37ce0fea7b33489095938595fb4387b4" member_type: VOTER last_known_addr { host: "127.31.0.2" port: 45973 } } peers { permanent_uuid: "b03c57e192324cb2a6193792196418e0" member_type: VOTER last_known_addr { host: "127.31.0.3" port: 37883 } }
I20260709 13:09:46.366194 32072 raft_consensus.cc:385] T 3df07b825629452f9e0cbcd3cf03fc44 P 37ce0fea7b33489095938595fb4387b4 [term 0 FOLLOWER]: Consensus starting up: Expiring failure detector timer to make a prompt election more likely
I20260709 13:09:46.366683 32072 raft_consensus.cc:740] T 3df07b825629452f9e0cbcd3cf03fc44 P 37ce0fea7b33489095938595fb4387b4 [term 0 FOLLOWER]: Becoming Follower/Learner. State: Replica: 37ce0fea7b33489095938595fb4387b4, State: Initialized, Role: FOLLOWER
I20260709 13:09:46.368005 32072 consensus_queue.cc:260] T 3df07b825629452f9e0cbcd3cf03fc44 P 37ce0fea7b33489095938595fb4387b4 [NON_LEADER]: Queue going to NON_LEADER mode. State: All replicated index: 0, Majority replicated index: 0, Committed index: 0, Last appended: 0.0, Last appended by leader: 0, Current term: 0, Majority size: -1, State: 0, Mode: NON_LEADER, active raft config: opid_index: -1 OBSOLETE_local: false peers { permanent_uuid: "4850941594a14be59de3396c67cf2ae7" member_type: VOTER last_known_addr { host: "127.31.0.1" port: 38567 } } peers { permanent_uuid: "37ce0fea7b33489095938595fb4387b4" member_type: VOTER last_known_addr { host: "127.31.0.2" port: 45973 } } peers { permanent_uuid: "b03c57e192324cb2a6193792196418e0" member_type: VOTER last_known_addr { host: "127.31.0.3" port: 37883 } }
I20260709 13:09:46.374459 32071 tablet_bootstrap.cc:492] T fff4b62d87824087ac5fcf0aa7866432 P b03c57e192324cb2a6193792196418e0: No bootstrap required, opened a new log
I20260709 13:09:46.375263 32071 ts_tablet_manager.cc:1403] T fff4b62d87824087ac5fcf0aa7866432 P b03c57e192324cb2a6193792196418e0: Time spent bootstrapping tablet: real 0.143s	user 0.014s	sys 0.012s
I20260709 13:09:46.376281 31979 heartbeater.cc:499] Master 127.31.0.62:33011 was elected leader, sending a full tablet report...
I20260709 13:09:46.377655 32072 ts_tablet_manager.cc:1434] T 3df07b825629452f9e0cbcd3cf03fc44 P 37ce0fea7b33489095938595fb4387b4: Time spent starting tablet: real 0.017s	user 0.011s	sys 0.005s
I20260709 13:09:46.378787 32072 tablet_bootstrap.cc:492] T bab9b18fd0b34512b504a3669267a537 P 37ce0fea7b33489095938595fb4387b4: Bootstrap starting.
I20260709 13:09:46.378981 32071 raft_consensus.cc:359] T fff4b62d87824087ac5fcf0aa7866432 P b03c57e192324cb2a6193792196418e0 [term 0 FOLLOWER]: Replica starting. Triggering 0 pending ops. Active config: opid_index: -1 OBSOLETE_local: false peers { permanent_uuid: "b03c57e192324cb2a6193792196418e0" member_type: VOTER last_known_addr { host: "127.31.0.3" port: 37883 } } peers { permanent_uuid: "4850941594a14be59de3396c67cf2ae7" member_type: VOTER last_known_addr { host: "127.31.0.1" port: 38567 } } peers { permanent_uuid: "37ce0fea7b33489095938595fb4387b4" member_type: VOTER last_known_addr { host: "127.31.0.2" port: 45973 } }
I20260709 13:09:46.380945 32071 raft_consensus.cc:385] T fff4b62d87824087ac5fcf0aa7866432 P b03c57e192324cb2a6193792196418e0 [term 0 FOLLOWER]: Consensus starting up: Expiring failure detector timer to make a prompt election more likely
I20260709 13:09:46.381464 32071 raft_consensus.cc:740] T fff4b62d87824087ac5fcf0aa7866432 P b03c57e192324cb2a6193792196418e0 [term 0 FOLLOWER]: Becoming Follower/Learner. State: Replica: b03c57e192324cb2a6193792196418e0, State: Initialized, Role: FOLLOWER
I20260709 13:09:46.382267 32071 consensus_queue.cc:260] T fff4b62d87824087ac5fcf0aa7866432 P b03c57e192324cb2a6193792196418e0 [NON_LEADER]: Queue going to NON_LEADER mode. State: All replicated index: 0, Majority replicated index: 0, Committed index: 0, Last appended: 0.0, Last appended by leader: 0, Current term: 0, Majority size: -1, State: 0, Mode: NON_LEADER, active raft config: opid_index: -1 OBSOLETE_local: false peers { permanent_uuid: "b03c57e192324cb2a6193792196418e0" member_type: VOTER last_known_addr { host: "127.31.0.3" port: 37883 } } peers { permanent_uuid: "4850941594a14be59de3396c67cf2ae7" member_type: VOTER last_known_addr { host: "127.31.0.1" port: 38567 } } peers { permanent_uuid: "37ce0fea7b33489095938595fb4387b4" member_type: VOTER last_known_addr { host: "127.31.0.2" port: 45973 } }
I20260709 13:09:46.392184 32053 heartbeater.cc:499] Master 127.31.0.62:33011 was elected leader, sending a full tablet report...
I20260709 13:09:46.395064 32072 tablet_bootstrap.cc:654] T bab9b18fd0b34512b504a3669267a537 P 37ce0fea7b33489095938595fb4387b4: Neither blocks nor log segments found. Creating new log.
I20260709 13:09:46.395709 32071 ts_tablet_manager.cc:1434] T fff4b62d87824087ac5fcf0aa7866432 P b03c57e192324cb2a6193792196418e0: Time spent starting tablet: real 0.020s	user 0.000s	sys 0.013s
I20260709 13:09:46.399053 32071 tablet_bootstrap.cc:492] T bab9b18fd0b34512b504a3669267a537 P b03c57e192324cb2a6193792196418e0: Bootstrap starting.
I20260709 13:09:46.409245 32071 tablet_bootstrap.cc:654] T bab9b18fd0b34512b504a3669267a537 P b03c57e192324cb2a6193792196418e0: Neither blocks nor log segments found. Creating new log.
I20260709 13:09:46.411648 32073 tablet_bootstrap.cc:492] T fff4b62d87824087ac5fcf0aa7866432 P 4850941594a14be59de3396c67cf2ae7: No bootstrap required, opened a new log
I20260709 13:09:46.412207 32073 ts_tablet_manager.cc:1403] T fff4b62d87824087ac5fcf0aa7866432 P 4850941594a14be59de3396c67cf2ae7: Time spent bootstrapping tablet: real 0.067s	user 0.021s	sys 0.018s
I20260709 13:09:46.413650 32072 tablet_bootstrap.cc:492] T bab9b18fd0b34512b504a3669267a537 P 37ce0fea7b33489095938595fb4387b4: No bootstrap required, opened a new log
