I20260709 13:10:00.234440 29802 tablet_service.cc:1917] Received RequestConsensusVote() RPC: tablet_id: "1e6ab3115d1a441f9846290a79e92870" candidate_uuid: "d62d2a5387e54030a7f581c974015120" candidate_term: 1 candidate_status { last_received { term: 0 index: 0 } } ignore_live_leader: false dest_uuid: "4fedd45fc6ae41c4b0b7df320864b6a8" is_pre_election: true
I20260709 13:10:00.231338 29907 leader_election.cc:290] T 1e6ab3115d1a441f9846290a79e92870 P d62d2a5387e54030a7f581c974015120 [CANDIDATE]: Term 1 pre-election: Requested pre-vote from peers db7ae227c75a4851813d362a232a5703 (127.27.230.66:45771), 4fedd45fc6ae41c4b0b7df320864b6a8 (127.27.230.67:38435)
I20260709 13:10:00.235096 29802 raft_consensus.cc:2468] T 1e6ab3115d1a441f9846290a79e92870 P 4fedd45fc6ae41c4b0b7df320864b6a8 [term 0 FOLLOWER]: Leader pre-election vote request: Granting yes vote for candidate d62d2a5387e54030a7f581c974015120 in term 0.
I20260709 13:10:00.236253 29617 leader_election.cc:304] T 1e6ab3115d1a441f9846290a79e92870 P d62d2a5387e54030a7f581c974015120 [CANDIDATE]: Term 1 pre-election: Election decided. Result: candidate won. Election summary: received 3 responses out of 3 voters: 2 yes votes; 1 no votes. yes voters: 4fedd45fc6ae41c4b0b7df320864b6a8, d62d2a5387e54030a7f581c974015120; no voters: db7ae227c75a4851813d362a232a5703
I20260709 13:10:00.237267 29907 raft_consensus.cc:2804] T 1e6ab3115d1a441f9846290a79e92870 P d62d2a5387e54030a7f581c974015120 [term 0 FOLLOWER]: Leader pre-election won for term 1
I20260709 13:10:00.237622 29907 raft_consensus.cc:493] T 1e6ab3115d1a441f9846290a79e92870 P d62d2a5387e54030a7f581c974015120 [term 0 FOLLOWER]: Starting leader election (no leader contacted us within the election timeout)
I20260709 13:10:00.237944 29907 raft_consensus.cc:3060] T 1e6ab3115d1a441f9846290a79e92870 P d62d2a5387e54030a7f581c974015120 [term 0 FOLLOWER]: Advancing to term 1
I20260709 13:10:00.244613 29843 tablet_bootstrap.cc:492] T 8b22c560f2b948f68869b08b51960723 P 4fedd45fc6ae41c4b0b7df320864b6a8: Bootstrap starting.
I20260709 13:10:00.246511 29935 raft_consensus.cc:515] T 1c6ef3d0910f4c95af8c19a7dd0df507 P db7ae227c75a4851813d362a232a5703 [term 1 FOLLOWER]: Starting leader election with config: opid_index: -1 OBSOLETE_local: false peers { permanent_uuid: "d62d2a5387e54030a7f581c974015120" member_type: VOTER last_known_addr { host: "127.27.230.65" port: 35783 } } peers { permanent_uuid: "db7ae227c75a4851813d362a232a5703" member_type: VOTER last_known_addr { host: "127.27.230.66" port: 45771 } } peers { permanent_uuid: "4fedd45fc6ae41c4b0b7df320864b6a8" member_type: VOTER last_known_addr { host: "127.27.230.67" port: 38435 } }
I20260709 13:10:00.247287 29842 tablet_bootstrap.cc:492] T 80b02b6172d741c88346a47c1d65671f P d62d2a5387e54030a7f581c974015120: No bootstrap required, opened a new log
I20260709 13:10:00.247694 29842 ts_tablet_manager.cc:1403] T 80b02b6172d741c88346a47c1d65671f P d62d2a5387e54030a7f581c974015120: Time spent bootstrapping tablet: real 0.023s	user 0.010s	sys 0.008s
I20260709 13:10:00.250420 29650 tablet_service.cc:1917] Received RequestConsensusVote() RPC: tablet_id: "1c6ef3d0910f4c95af8c19a7dd0df507" candidate_uuid: "db7ae227c75a4851813d362a232a5703" candidate_term: 1 candidate_status { last_received { term: 0 index: 0 } } ignore_live_leader: false dest_uuid: "d62d2a5387e54030a7f581c974015120"
I20260709 13:10:00.251004 29650 raft_consensus.cc:3060] T 1c6ef3d0910f4c95af8c19a7dd0df507 P d62d2a5387e54030a7f581c974015120 [term 0 FOLLOWER]: Advancing to term 1
I20260709 13:10:00.251055 29842 raft_consensus.cc:359] T 80b02b6172d741c88346a47c1d65671f P d62d2a5387e54030a7f581c974015120 [term 0 FOLLOWER]: Replica starting. Triggering 0 pending ops. Active config: opid_index: -1 OBSOLETE_local: false peers { permanent_uuid: "d62d2a5387e54030a7f581c974015120" member_type: VOTER last_known_addr { host: "127.27.230.65" port: 35783 } } peers { permanent_uuid: "db7ae227c75a4851813d362a232a5703" member_type: VOTER last_known_addr { host: "127.27.230.66" port: 45771 } } peers { permanent_uuid: "4fedd45fc6ae41c4b0b7df320864b6a8" member_type: VOTER last_known_addr { host: "127.27.230.67" port: 38435 } }
I20260709 13:10:00.251716 29842 raft_consensus.cc:385] T 80b02b6172d741c88346a47c1d65671f P d62d2a5387e54030a7f581c974015120 [term 0 FOLLOWER]: Consensus starting up: Expiring failure detector timer to make a prompt election more likely
I20260709 13:10:00.251992 29842 raft_consensus.cc:740] T 80b02b6172d741c88346a47c1d65671f P d62d2a5387e54030a7f581c974015120 [term 0 FOLLOWER]: Becoming Follower/Learner. State: Replica: d62d2a5387e54030a7f581c974015120, State: Initialized, Role: FOLLOWER
I20260709 13:10:00.254918 29842 consensus_queue.cc:260] T 80b02b6172d741c88346a47c1d65671f P d62d2a5387e54030a7f581c974015120 [NON_LEADER]: Queue going to NON_LEADER mode. State: All replicated index: 0, Majority replicated index: 0, Committed index: 0, Last appended: 0.0, Last appended by leader: 0, Current term: 0, Majority size: -1, State: 0, Mode: NON_LEADER, active raft config: opid_index: -1 OBSOLETE_local: false peers { permanent_uuid: "d62d2a5387e54030a7f581c974015120" member_type: VOTER last_known_addr { host: "127.27.230.65" port: 35783 } } peers { permanent_uuid: "db7ae227c75a4851813d362a232a5703" member_type: VOTER last_known_addr { host: "127.27.230.66" port: 45771 } } peers { permanent_uuid: "4fedd45fc6ae41c4b0b7df320864b6a8" member_type: VOTER last_known_addr { host: "127.27.230.67" port: 38435 } }
I20260709 13:10:00.257565 29843 tablet_bootstrap.cc:654] T 8b22c560f2b948f68869b08b51960723 P 4fedd45fc6ae41c4b0b7df320864b6a8: Neither blocks nor log segments found. Creating new log.
I20260709 13:10:00.257603 29650 raft_consensus.cc:2468] T 1c6ef3d0910f4c95af8c19a7dd0df507 P d62d2a5387e54030a7f581c974015120 [term 1 FOLLOWER]: Leader election vote request: Granting yes vote for candidate db7ae227c75a4851813d362a232a5703 in term 1.
I20260709 13:10:00.258944 29694 leader_election.cc:304] T 1c6ef3d0910f4c95af8c19a7dd0df507 P db7ae227c75a4851813d362a232a5703 [CANDIDATE]: Term 1 election: Election decided. Result: candidate won. Election summary: received 2 responses out of 3 voters: 2 yes votes; 0 no votes. yes voters: d62d2a5387e54030a7f581c974015120, db7ae227c75a4851813d362a232a5703; no voters: 
I20260709 13:10:00.259356 29842 ts_tablet_manager.cc:1434] T 80b02b6172d741c88346a47c1d65671f P d62d2a5387e54030a7f581c974015120: Time spent starting tablet: real 0.011s	user 0.003s	sys 0.004s
I20260709 13:10:00.259830 29923 raft_consensus.cc:2804] T 1c6ef3d0910f4c95af8c19a7dd0df507 P db7ae227c75a4851813d362a232a5703 [term 1 FOLLOWER]: Leader election won for term 1
I20260709 13:10:00.260389 29842 tablet_bootstrap.cc:492] T a3c9560c0100457f9c2a6c1ad2f981d4 P d62d2a5387e54030a7f581c974015120: Bootstrap starting.
I20260709 13:10:00.260422 29923 raft_consensus.cc:697] T 1c6ef3d0910f4c95af8c19a7dd0df507 P db7ae227c75a4851813d362a232a5703 [term 1 LEADER]: Becoming Leader. State: Replica: db7ae227c75a4851813d362a232a5703, State: Running, Role: LEADER
I20260709 13:10:00.261413 29923 consensus_queue.cc:237] T 1c6ef3d0910f4c95af8c19a7dd0df507 P db7ae227c75a4851813d362a232a5703 [LEADER]: Queue going to LEADER mode. State: All replicated index: 0, Majority replicated index: 0, Committed index: 0, Last appended: 0.0, Last appended by leader: 0, Current term: 1, Majority size: 2, State: 0, Mode: LEADER, active raft config: opid_index: -1 OBSOLETE_local: false peers { permanent_uuid: "d62d2a5387e54030a7f581c974015120" member_type: VOTER last_known_addr { host: "127.27.230.65" port: 35783 } } peers { permanent_uuid: "db7ae227c75a4851813d362a232a5703" member_type: VOTER last_known_addr { host: "127.27.230.66" port: 45771 } } peers { permanent_uuid: "4fedd45fc6ae41c4b0b7df320864b6a8" member_type: VOTER last_known_addr { host: "127.27.230.67" port: 38435 } }
I20260709 13:10:00.275098 29898 raft_consensus.cc:493] T d8db442c283445dda3512ecfe3a36c3d P 4fedd45fc6ae41c4b0b7df320864b6a8 [term 0 FOLLOWER]: Starting pre-election (no leader contacted us within the election timeout)
I20260709 13:10:00.275764 29898 raft_consensus.cc:515] T d8db442c283445dda3512ecfe3a36c3d P 4fedd45fc6ae41c4b0b7df320864b6a8 [term 0 FOLLOWER]: Starting pre-election with config: opid_index: -1 OBSOLETE_local: false peers { permanent_uuid: "d62d2a5387e54030a7f581c974015120" member_type: VOTER last_known_addr { host: "127.27.230.65" port: 35783 } } peers { permanent_uuid: "db7ae227c75a4851813d362a232a5703" member_type: VOTER last_known_addr { host: "127.27.230.66" port: 45771 } } peers { permanent_uuid: "4fedd45fc6ae41c4b0b7df320864b6a8" member_type: VOTER last_known_addr { host: "127.27.230.67" port: 38435 } }
I20260709 13:10:00.278813 29650 tablet_service.cc:1917] Received RequestConsensusVote() RPC: tablet_id: "d8db442c283445dda3512ecfe3a36c3d" candidate_uuid: "4fedd45fc6ae41c4b0b7df320864b6a8" candidate_term: 1 candidate_status { last_received { term: 0 index: 0 } } ignore_live_leader: false dest_uuid: "d62d2a5387e54030a7f581c974015120" is_pre_election: true
I20260709 13:10:00.279505 29650 raft_consensus.cc:2468] T d8db442c283445dda3512ecfe3a36c3d P d62d2a5387e54030a7f581c974015120 [term 0 FOLLOWER]: Leader pre-election vote request: Granting yes vote for candidate 4fedd45fc6ae41c4b0b7df320864b6a8 in term 0.
I20260709 13:10:00.300854 29768 leader_election.cc:304] T d8db442c283445dda3512ecfe3a36c3d P 4fedd45fc6ae41c4b0b7df320864b6a8 [CANDIDATE]: Term 1 pre-election: Election decided. Result: candidate won. Election summary: received 2 responses out of 3 voters: 2 yes votes; 0 no votes. yes voters: 4fedd45fc6ae41c4b0b7df320864b6a8, d62d2a5387e54030a7f581c974015120; no voters: 
I20260709 13:10:00.316830 29863 raft_consensus.cc:2804] T d8db442c283445dda3512ecfe3a36c3d P 4fedd45fc6ae41c4b0b7df320864b6a8 [term 0 FOLLOWER]: Leader pre-election won for term 1
I20260709 13:10:00.317235 29863 raft_consensus.cc:493] T d8db442c283445dda3512ecfe3a36c3d P 4fedd45fc6ae41c4b0b7df320864b6a8 [term 0 FOLLOWER]: Starting leader election (no leader contacted us within the election timeout)
I20260709 13:10:00.317576 29863 raft_consensus.cc:3060] T d8db442c283445dda3512ecfe3a36c3d P 4fedd45fc6ae41c4b0b7df320864b6a8 [term 0 FOLLOWER]: Advancing to term 1
I20260709 13:10:00.318327 29802 tablet_service.cc:1917] Received RequestConsensusVote() RPC: tablet_id: "1c6ef3d0910f4c95af8c19a7dd0df507" candidate_uuid: "db7ae227c75a4851813d362a232a5703" candidate_term: 1 candidate_status { last_received { term: 0 index: 0 } } ignore_live_leader: false dest_uuid: "4fedd45fc6ae41c4b0b7df320864b6a8"
I20260709 13:10:00.319850 29935 leader_election.cc:290] T 1c6ef3d0910f4c95af8c19a7dd0df507 P db7ae227c75a4851813d362a232a5703 [CANDIDATE]: Term 1 election: Requested vote from peers d62d2a5387e54030a7f581c974015120 (127.27.230.65:35783), 4fedd45fc6ae41c4b0b7df320864b6a8 (127.27.230.67:38435)
W20260709 13:10:00.323001 29692 leader_election.cc:343] T 1c6ef3d0910f4c95af8c19a7dd0df507 P db7ae227c75a4851813d362a232a5703 [CANDIDATE]: Term 1 election: Tablet error from VoteRequest() call to peer 4fedd45fc6ae41c4b0b7df320864b6a8 (127.27.230.67:38435): Illegal state: must be running to vote when last-logged opid is not known
I20260709 13:10:00.323334 29842 tablet_bootstrap.cc:654] T a3c9560c0100457f9c2a6c1ad2f981d4 P d62d2a5387e54030a7f581c974015120: Neither blocks nor log segments found. Creating new log.
I20260709 13:10:00.325086 29844 tablet_bootstrap.cc:492] T 29dcac6435bc441fba0bfd646bcd20ed P db7ae227c75a4851813d362a232a5703: No bootstrap required, opened a new log
I20260709 13:10:00.325467 29898 leader_election.cc:290] T d8db442c283445dda3512ecfe3a36c3d P 4fedd45fc6ae41c4b0b7df320864b6a8 [CANDIDATE]: Term 1 pre-election: Requested pre-vote from peers d62d2a5387e54030a7f581c974015120 (127.27.230.65:35783), db7ae227c75a4851813d362a232a5703 (127.27.230.66:45771)
I20260709 13:10:00.325587 29844 ts_tablet_manager.cc:1403] T 29dcac6435bc441fba0bfd646bcd20ed P db7ae227c75a4851813d362a232a5703: Time spent bootstrapping tablet: real 0.107s	user 0.031s	sys 0.040s
I20260709 13:10:00.327261 29726 tablet_service.cc:1917] Received RequestConsensusVote() RPC: tablet_id: "d8db442c283445dda3512ecfe3a36c3d" candidate_uuid: "4fedd45fc6ae41c4b0b7df320864b6a8" candidate_term: 1 candidate_status { last_received { term: 0 index: 0 } } ignore_live_leader: false dest_uuid: "db7ae227c75a4851813d362a232a5703" is_pre_election: true
I20260709 13:10:00.326228 29843 tablet_bootstrap.cc:492] T 8b22c560f2b948f68869b08b51960723 P 4fedd45fc6ae41c4b0b7df320864b6a8: No bootstrap required, opened a new log
I20260709 13:10:00.323598 29907 raft_consensus.cc:515] T 1e6ab3115d1a441f9846290a79e92870 P d62d2a5387e54030a7f581c974015120 [term 1 FOLLOWER]: Starting leader election with config: opid_index: -1 OBSOLETE_local: false peers { permanent_uuid: "d62d2a5387e54030a7f581c974015120" member_type: VOTER last_known_addr { host: "127.27.230.65" port: 35783 } } peers { permanent_uuid: "db7ae227c75a4851813d362a232a5703" member_type: VOTER last_known_addr { host: "127.27.230.66" port: 45771 } } peers { permanent_uuid: "4fedd45fc6ae41c4b0b7df320864b6a8" member_type: VOTER last_known_addr { host: "127.27.230.67" port: 38435 } }
I20260709 13:10:00.328287 29843 ts_tablet_manager.cc:1403] T 8b22c560f2b948f68869b08b51960723 P 4fedd45fc6ae41c4b0b7df320864b6a8: Time spent bootstrapping tablet: real 0.084s	user 0.028s	sys 0.022s
I20260709 13:10:00.330365 29726 tablet_service.cc:1917] Received RequestConsensusVote() RPC: tablet_id: "1e6ab3115d1a441f9846290a79e92870" candidate_uuid: "d62d2a5387e54030a7f581c974015120" candidate_term: 1 candidate_status { last_received { term: 0 index: 0 } } ignore_live_leader: false dest_uuid: "db7ae227c75a4851813d362a232a5703"
W20260709 13:10:00.331045 29767 leader_election.cc:343] T d8db442c283445dda3512ecfe3a36c3d P 4fedd45fc6ae41c4b0b7df320864b6a8 [CANDIDATE]: Term 1 pre-election: Tablet error from VoteRequest() call to peer db7ae227c75a4851813d362a232a5703 (127.27.230.66:45771): Illegal state: must be running to vote when last-logged opid is not known
W20260709 13:10:00.331453 29618 leader_election.cc:343] T 1e6ab3115d1a441f9846290a79e92870 P d62d2a5387e54030a7f581c974015120 [CANDIDATE]: Term 1 election: Tablet error from VoteRequest() call to peer db7ae227c75a4851813d362a232a5703 (127.27.230.66:45771): Illegal state: must be running to vote when last-logged opid is not known
I20260709 13:10:00.331760 29863 raft_consensus.cc:515] T d8db442c283445dda3512ecfe3a36c3d P 4fedd45fc6ae41c4b0b7df320864b6a8 [term 1 FOLLOWER]: Starting leader election with config: opid_index: -1 OBSOLETE_local: false peers { permanent_uuid: "d62d2a5387e54030a7f581c974015120" member_type: VOTER last_known_addr { host: "127.27.230.65" port: 35783 } } peers { permanent_uuid: "db7ae227c75a4851813d362a232a5703" member_type: VOTER last_known_addr { host: "127.27.230.66" port: 45771 } } peers { permanent_uuid: "4fedd45fc6ae41c4b0b7df320864b6a8" member_type: VOTER last_known_addr { host: "127.27.230.67" port: 38435 } }
I20260709 13:10:00.332250 29843 raft_consensus.cc:359] T 8b22c560f2b948f68869b08b51960723 P 4fedd45fc6ae41c4b0b7df320864b6a8 [term 0 FOLLOWER]: Replica starting. Triggering 0 pending ops. Active config: opid_index: -1 OBSOLETE_local: false peers { permanent_uuid: "d62d2a5387e54030a7f581c974015120" member_type: VOTER last_known_addr { host: "127.27.230.65" port: 35783 } } peers { permanent_uuid: "db7ae227c75a4851813d362a232a5703" member_type: VOTER last_known_addr { host: "127.27.230.66" port: 45771 } } peers { permanent_uuid: "4fedd45fc6ae41c4b0b7df320864b6a8" member_type: VOTER last_known_addr { host: "127.27.230.67" port: 38435 } }
I20260709 13:10:00.332901 29843 raft_consensus.cc:385] T 8b22c560f2b948f68869b08b51960723 P 4fedd45fc6ae41c4b0b7df320864b6a8 [term 0 FOLLOWER]: Consensus starting up: Expiring failure detector timer to make a prompt election more likely
I20260709 13:10:00.333169 29843 raft_consensus.cc:740] T 8b22c560f2b948f68869b08b51960723 P 4fedd45fc6ae41c4b0b7df320864b6a8 [term 0 FOLLOWER]: Becoming Follower/Learner. State: Replica: 4fedd45fc6ae41c4b0b7df320864b6a8, State: Initialized, Role: FOLLOWER
I20260709 13:10:00.333777 29843 consensus_queue.cc:260] T 8b22c560f2b948f68869b08b51960723 P 4fedd45fc6ae41c4b0b7df320864b6a8 [NON_LEADER]: Queue going to NON_LEADER mode. State: All replicated index: 0, Majority replicated index: 0, Committed index: 0, Last appended: 0.0, Last appended by leader: 0, Current term: 0, Majority size: -1, State: 0, Mode: NON_LEADER, active raft config: opid_index: -1 OBSOLETE_local: false peers { permanent_uuid: "d62d2a5387e54030a7f581c974015120" member_type: VOTER last_known_addr { host: "127.27.230.65" port: 35783 } } peers { permanent_uuid: "db7ae227c75a4851813d362a232a5703" member_type: VOTER last_known_addr { host: "127.27.230.66" port: 45771 } } peers { permanent_uuid: "4fedd45fc6ae41c4b0b7df320864b6a8" member_type: VOTER last_known_addr { host: "127.27.230.67" port: 38435 } }
I20260709 13:10:00.333788 29863 leader_election.cc:290] T d8db442c283445dda3512ecfe3a36c3d P 4fedd45fc6ae41c4b0b7df320864b6a8 [CANDIDATE]: Term 1 election: Requested vote from peers d62d2a5387e54030a7f581c974015120 (127.27.230.65:35783), db7ae227c75a4851813d362a232a5703 (127.27.230.66:45771)
I20260709 13:10:00.336431 29843 ts_tablet_manager.cc:1434] T 8b22c560f2b948f68869b08b51960723 P 4fedd45fc6ae41c4b0b7df320864b6a8: Time spent starting tablet: real 0.008s	user 0.005s	sys 0.000s
I20260709 13:10:00.336084 29844 raft_consensus.cc:359] T 29dcac6435bc441fba0bfd646bcd20ed P db7ae227c75a4851813d362a232a5703 [term 0 FOLLOWER]: Replica starting. Triggering 0 pending ops. Active config: opid_index: -1 OBSOLETE_local: false peers { permanent_uuid: "d62d2a5387e54030a7f581c974015120" member_type: VOTER last_known_addr { host: "127.27.230.65" port: 35783 } } peers { permanent_uuid: "db7ae227c75a4851813d362a232a5703" member_type: VOTER last_known_addr { host: "127.27.230.66" port: 45771 } } peers { permanent_uuid: "4fedd45fc6ae41c4b0b7df320864b6a8" member_type: VOTER last_known_addr { host: "127.27.230.67" port: 38435 } }
I20260709 13:10:00.336810 29844 raft_consensus.cc:385] T 29dcac6435bc441fba0bfd646bcd20ed P db7ae227c75a4851813d362a232a5703 [term 0 FOLLOWER]: Consensus starting up: Expiring failure detector timer to make a prompt election more likely
I20260709 13:10:00.337090 29844 raft_consensus.cc:740] T 29dcac6435bc441fba0bfd646bcd20ed P db7ae227c75a4851813d362a232a5703 [term 0 FOLLOWER]: Becoming Follower/Learner. State: Replica: db7ae227c75a4851813d362a232a5703, State: Initialized, Role: FOLLOWER
I20260709 13:10:00.337312 29843 tablet_bootstrap.cc:492] T 29dcac6435bc441fba0bfd646bcd20ed P 4fedd45fc6ae41c4b0b7df320864b6a8: Bootstrap starting.
I20260709 13:10:00.337710 29844 consensus_queue.cc:260] T 29dcac6435bc441fba0bfd646bcd20ed P db7ae227c75a4851813d362a232a5703 [NON_LEADER]: Queue going to NON_LEADER mode. State: All replicated index: 0, Majority replicated index: 0, Committed index: 0, Last appended: 0.0, Last appended by leader: 0, Current term: 0, Majority size: -1, State: 0, Mode: NON_LEADER, active raft config: opid_index: -1 OBSOLETE_local: false peers { permanent_uuid: "d62d2a5387e54030a7f581c974015120" member_type: VOTER last_known_addr { host: "127.27.230.65" port: 35783 } } peers { permanent_uuid: "db7ae227c75a4851813d362a232a5703" member_type: VOTER last_known_addr { host: "127.27.230.66" port: 45771 } } peers { permanent_uuid: "4fedd45fc6ae41c4b0b7df320864b6a8" member_type: VOTER last_known_addr { host: "127.27.230.67" port: 38435 } }
I20260709 13:10:00.340055 29844 ts_tablet_manager.cc:1434] T 29dcac6435bc441fba0bfd646bcd20ed P db7ae227c75a4851813d362a232a5703: Time spent starting tablet: real 0.013s	user 0.004s	sys 0.000s
I20260709 13:10:00.340952 29844 tablet_bootstrap.cc:492] T 17081a11a7024ec6ab33f3af0df9b804 P db7ae227c75a4851813d362a232a5703: Bootstrap starting.
I20260709 13:10:00.341307 29650 tablet_service.cc:1917] Received RequestConsensusVote() RPC: tablet_id: "d8db442c283445dda3512ecfe3a36c3d" candidate_uuid: "4fedd45fc6ae41c4b0b7df320864b6a8" candidate_term: 1 candidate_status { last_received { term: 0 index: 0 } } ignore_live_leader: false dest_uuid: "d62d2a5387e54030a7f581c974015120"
I20260709 13:10:00.344215 29843 tablet_bootstrap.cc:654] T 29dcac6435bc441fba0bfd646bcd20ed P 4fedd45fc6ae41c4b0b7df320864b6a8: Neither blocks nor log segments found. Creating new log.
I20260709 13:10:00.341882 29650 raft_consensus.cc:3060] T d8db442c283445dda3512ecfe3a36c3d P d62d2a5387e54030a7f581c974015120 [term 0 FOLLOWER]: Advancing to term 1
I20260709 13:10:00.346516 29923 consensus_queue.cc:1048] T b40867f019584ed699b6fbe4482a9613 P db7ae227c75a4851813d362a232a5703 [LEADER]: Connected to new peer: Peer: permanent_uuid: "d62d2a5387e54030a7f581c974015120" member_type: VOTER last_known_addr { host: "127.27.230.65" port: 35783 }, Status: LMP_MISMATCH, Last received: 0.0, Next index: 1, Last known committed idx: 0, Time since last communication: 0.000s
I20260709 13:10:00.347595 29844 tablet_bootstrap.cc:654] T 17081a11a7024ec6ab33f3af0df9b804 P db7ae227c75a4851813d362a232a5703: Neither blocks nor log segments found. Creating new log.
I20260709 13:10:00.352182 29726 tablet_service.cc:1917] Received RequestConsensusVote() RPC: tablet_id: "d8db442c283445dda3512ecfe3a36c3d" candidate_uuid: "4fedd45fc6ae41c4b0b7df320864b6a8" candidate_term: 1 candidate_status { last_received { term: 0 index: 0 } } ignore_live_leader: false dest_uuid: "db7ae227c75a4851813d362a232a5703"
I20260709 13:10:00.354017 29650 raft_consensus.cc:2468] T d8db442c283445dda3512ecfe3a36c3d P d62d2a5387e54030a7f581c974015120 [term 1 FOLLOWER]: Leader election vote request: Granting yes vote for candidate 4fedd45fc6ae41c4b0b7df320864b6a8 in term 1.
I20260709 13:10:00.355345 29768 leader_election.cc:304] T d8db442c283445dda3512ecfe3a36c3d P 4fedd45fc6ae41c4b0b7df320864b6a8 [CANDIDATE]: Term 1 election: Election decided. Result: candidate won. Election summary: received 2 responses out of 3 voters: 2 yes votes; 0 no votes. yes voters: 4fedd45fc6ae41c4b0b7df320864b6a8, d62d2a5387e54030a7f581c974015120; no voters: 
I20260709 13:10:00.356215 29898 raft_consensus.cc:2804] T d8db442c283445dda3512ecfe3a36c3d P 4fedd45fc6ae41c4b0b7df320864b6a8 [term 1 FOLLOWER]: Leader election won for term 1
I20260709 13:10:00.356700 29898 raft_consensus.cc:697] T d8db442c283445dda3512ecfe3a36c3d P 4fedd45fc6ae41c4b0b7df320864b6a8 [term 1 LEADER]: Becoming Leader. State: Replica: 4fedd45fc6ae41c4b0b7df320864b6a8, State: Running, Role: LEADER
I20260709 13:10:00.357553 29898 consensus_queue.cc:237] T d8db442c283445dda3512ecfe3a36c3d P 4fedd45fc6ae41c4b0b7df320864b6a8 [LEADER]: Queue going to LEADER mode. State: All replicated index: 0, Majority replicated index: 0, Committed index: 0, Last appended: 0.0, Last appended by leader: 0, Current term: 1, Majority size: 2, State: 0, Mode: LEADER, active raft config: opid_index: -1 OBSOLETE_local: false peers { permanent_uuid: "d62d2a5387e54030a7f581c974015120" member_type: VOTER last_known_addr { host: "127.27.230.65" port: 35783 } } peers { permanent_uuid: "db7ae227c75a4851813d362a232a5703" member_type: VOTER last_known_addr { host: "127.27.230.66" port: 45771 } } peers { permanent_uuid: "4fedd45fc6ae41c4b0b7df320864b6a8" member_type: VOTER last_known_addr { host: "127.27.230.67" port: 38435 } }
I20260709 13:10:00.367511 29844 tablet_bootstrap.cc:492] T 17081a11a7024ec6ab33f3af0df9b804 P db7ae227c75a4851813d362a232a5703: No bootstrap required, opened a new log
I20260709 13:10:00.367985 29844 ts_tablet_manager.cc:1403] T 17081a11a7024ec6ab33f3af0df9b804 P db7ae227c75a4851813d362a232a5703: Time spent bootstrapping tablet: real 0.027s	user 0.003s	sys 0.011s
I20260709 13:10:00.370708 29844 raft_consensus.cc:359] T 17081a11a7024ec6ab33f3af0df9b804 P db7ae227c75a4851813d362a232a5703 [term 0 FOLLOWER]: Replica starting. Triggering 0 pending ops. Active config: opid_index: -1 OBSOLETE_local: false peers { permanent_uuid: "d62d2a5387e54030a7f581c974015120" member_type: VOTER last_known_addr { host: "127.27.230.65" port: 35783 } } peers { permanent_uuid: "db7ae227c75a4851813d362a232a5703" member_type: VOTER last_known_addr { host: "127.27.230.66" port: 45771 } } peers { permanent_uuid: "4fedd45fc6ae41c4b0b7df320864b6a8" member_type: VOTER last_known_addr { host: "127.27.230.67" port: 38435 } }
I20260709 13:10:00.371397 29844 raft_consensus.cc:385] T 17081a11a7024ec6ab33f3af0df9b804 P db7ae227c75a4851813d362a232a5703 [term 0 FOLLOWER]: Consensus starting up: Expiring failure detector timer to make a prompt election more likely
I20260709 13:10:00.371660 29844 raft_consensus.cc:740] T 17081a11a7024ec6ab33f3af0df9b804 P db7ae227c75a4851813d362a232a5703 [term 0 FOLLOWER]: Becoming Follower/Learner. State: Replica: db7ae227c75a4851813d362a232a5703, State: Initialized, Role: FOLLOWER
I20260709 13:10:00.372485 29844 consensus_queue.cc:260] T 17081a11a7024ec6ab33f3af0df9b804 P db7ae227c75a4851813d362a232a5703 [NON_LEADER]: Queue going to NON_LEADER mode. State: All replicated index: 0, Majority replicated index: 0, Committed index: 0, Last appended: 0.0, Last appended by leader: 0, Current term: 0, Majority size: -1, State: 0, Mode: NON_LEADER, active raft config: opid_index: -1 OBSOLETE_local: false peers { permanent_uuid: "d62d2a5387e54030a7f581c974015120" member_type: VOTER last_known_addr { host: "127.27.230.65" port: 35783 } } peers { permanent_uuid: "db7ae227c75a4851813d362a232a5703" member_type: VOTER last_known_addr { host: "127.27.230.66" port: 45771 } } peers { permanent_uuid: "4fedd45fc6ae41c4b0b7df320864b6a8" member_type: VOTER last_known_addr { host: "127.27.230.67" port: 38435 } }
I20260709 13:10:00.373207 29863 consensus_queue.cc:1048] T 243cc04b339d4f6588c33ceec2a88ead P 4fedd45fc6ae41c4b0b7df320864b6a8 [LEADER]: Connected to new peer: Peer: permanent_uuid: "d62d2a5387e54030a7f581c974015120" member_type: VOTER last_known_addr { host: "127.27.230.65" port: 35783 }, Status: LMP_MISMATCH, Last received: 0.0, Next index: 1, Last known committed idx: 0, Time since last communication: 0.000s
I20260709 13:10:00.375006 29844 ts_tablet_manager.cc:1434] T 17081a11a7024ec6ab33f3af0df9b804 P db7ae227c75a4851813d362a232a5703: Time spent starting tablet: real 0.007s	user 0.006s	sys 0.001s
I20260709 13:10:00.375970 29844 tablet_bootstrap.cc:492] T d8db442c283445dda3512ecfe3a36c3d P db7ae227c75a4851813d362a232a5703: Bootstrap starting.
I20260709 13:10:00.381006 29923 raft_consensus.cc:493] T 29dcac6435bc441fba0bfd646bcd20ed P db7ae227c75a4851813d362a232a5703 [term 0 FOLLOWER]: Starting pre-election (no leader contacted us within the election timeout)
W20260709 13:10:00.381006 29767 leader_election.cc:343] T d8db442c283445dda3512ecfe3a36c3d P 4fedd45fc6ae41c4b0b7df320864b6a8 [CANDIDATE]: Term 1 election: Tablet error from VoteRequest() call to peer db7ae227c75a4851813d362a232a5703 (127.27.230.66:45771): Illegal state: must be running to vote when last-logged opid is not known
I20260709 13:10:00.382562 29923 raft_consensus.cc:515] T 29dcac6435bc441fba0bfd646bcd20ed P db7ae227c75a4851813d362a232a5703 [term 0 FOLLOWER]: Starting pre-election with config: opid_index: -1 OBSOLETE_local: false peers { permanent_uuid: "d62d2a5387e54030a7f581c974015120" member_type: VOTER last_known_addr { host: "127.27.230.65" port: 35783 } } peers { permanent_uuid: "db7ae227c75a4851813d362a232a5703" member_type: VOTER last_known_addr { host: "127.27.230.66" port: 45771 } } peers { permanent_uuid: "4fedd45fc6ae41c4b0b7df320864b6a8" member_type: VOTER last_known_addr { host: "127.27.230.67" port: 38435 } }
I20260709 13:10:00.384130 29549 catalog_manager.cc:5697] T 1c6ef3d0910f4c95af8c19a7dd0df507 P db7ae227c75a4851813d362a232a5703 reported cstate change: term changed from 0 to 1, leader changed from <none> to db7ae227c75a4851813d362a232a5703 (127.27.230.66). New cstate: current_term: 1 leader_uuid: "db7ae227c75a4851813d362a232a5703" committed_config { opid_index: -1 OBSOLETE_local: false peers { permanent_uuid: "d62d2a5387e54030a7f581c974015120" member_type: VOTER last_known_addr { host: "127.27.230.65" port: 35783 } health_report { overall_health: UNKNOWN } } peers { permanent_uuid: "db7ae227c75a4851813d362a232a5703" member_type: VOTER last_known_addr { host: "127.27.230.66" port: 45771 } health_report { overall_health: HEALTHY } } peers { permanent_uuid: "4fedd45fc6ae41c4b0b7df320864b6a8" member_type: VOTER last_known_addr { host: "127.27.230.67" port: 38435 } health_report { overall_health: UNKNOWN } } }
I20260709 13:10:00.392966 29907 leader_election.cc:290] T 1e6ab3115d1a441f9846290a79e92870 P d62d2a5387e54030a7f581c974015120 [CANDIDATE]: Term 1 election: Requested vote from peers db7ae227c75a4851813d362a232a5703 (127.27.230.66:45771), 4fedd45fc6ae41c4b0b7df320864b6a8 (127.27.230.67:38435)
I20260709 13:10:00.395620 29801 tablet_service.cc:1917] Received RequestConsensusVote() RPC: tablet_id: "1e6ab3115d1a441f9846290a79e92870" candidate_uuid: "d62d2a5387e54030a7f581c974015120" candidate_term: 1 candidate_status { last_received { term: 0 index: 0 } } ignore_live_leader: false dest_uuid: "4fedd45fc6ae41c4b0b7df320864b6a8"
I20260709 13:10:00.395959 29923 leader_election.cc:290] T 29dcac6435bc441fba0bfd646bcd20ed P db7ae227c75a4851813d362a232a5703 [CANDIDATE]: Term 1 pre-election: Requested pre-vote from peers d62d2a5387e54030a7f581c974015120 (127.27.230.65:35783), 4fedd45fc6ae41c4b0b7df320864b6a8 (127.27.230.67:38435)
I20260709 13:10:00.395759 29935 consensus_queue.cc:1048] T b40867f019584ed699b6fbe4482a9613 P db7ae227c75a4851813d362a232a5703 [LEADER]: Connected to new peer: Peer: permanent_uuid: "4fedd45fc6ae41c4b0b7df320864b6a8" member_type: VOTER last_known_addr { host: "127.27.230.67" port: 38435 }, Status: LMP_MISMATCH, Last received: 0.0, Next index: 1, Last known committed idx: 0, Time since last communication: 0.000s
I20260709 13:10:00.397490 29802 tablet_service.cc:1917] Received RequestConsensusVote() RPC: tablet_id: "29dcac6435bc441fba0bfd646bcd20ed" candidate_uuid: "db7ae227c75a4851813d362a232a5703" candidate_term: 1 candidate_status { last_received { term: 0 index: 0 } } ignore_live_leader: false dest_uuid: "4fedd45fc6ae41c4b0b7df320864b6a8" is_pre_election: true
I20260709 13:10:00.396195 29801 raft_consensus.cc:3060] T 1e6ab3115d1a441f9846290a79e92870 P 4fedd45fc6ae41c4b0b7df320864b6a8 [term 0 FOLLOWER]: Advancing to term 1
W20260709 13:10:00.401748 29599 auto_rebalancer.cc:288] Could not retrieve cluster info: Service unavailable: Tablet not running
I20260709 13:10:00.404836 29801 raft_consensus.cc:2468] T 1e6ab3115d1a441f9846290a79e92870 P 4fedd45fc6ae41c4b0b7df320864b6a8 [term 1 FOLLOWER]: Leader election vote request: Granting yes vote for candidate d62d2a5387e54030a7f581c974015120 in term 1.
I20260709 13:10:00.404925 29843 tablet_bootstrap.cc:492] T 29dcac6435bc441fba0bfd646bcd20ed P 4fedd45fc6ae41c4b0b7df320864b6a8: No bootstrap required, opened a new log
I20260709 13:10:00.405417 29843 ts_tablet_manager.cc:1403] T 29dcac6435bc441fba0bfd646bcd20ed P 4fedd45fc6ae41c4b0b7df320864b6a8: Time spent bootstrapping tablet: real 0.068s	user 0.039s	sys 0.016s
I20260709 13:10:00.405973 29617 leader_election.cc:304] T 1e6ab3115d1a441f9846290a79e92870 P d62d2a5387e54030a7f581c974015120 [CANDIDATE]: Term 1 election: Election decided. Result: candidate won. Election summary: received 3 responses out of 3 voters: 2 yes votes; 1 no votes. yes voters: 4fedd45fc6ae41c4b0b7df320864b6a8, d62d2a5387e54030a7f581c974015120; no voters: db7ae227c75a4851813d362a232a5703
I20260709 13:10:00.397397 29650 tablet_service.cc:1917] Received RequestConsensusVote() RPC: tablet_id: "29dcac6435bc441fba0bfd646bcd20ed" candidate_uuid: "db7ae227c75a4851813d362a232a5703" candidate_term: 1 candidate_status { last_received { term: 0 index: 0 } } ignore_live_leader: false dest_uuid: "d62d2a5387e54030a7f581c974015120" is_pre_election: true
I20260709 13:10:00.408059 29843 raft_consensus.cc:359] T 29dcac6435bc441fba0bfd646bcd20ed P 4fedd45fc6ae41c4b0b7df320864b6a8 [term 0 FOLLOWER]: Replica starting. Triggering 0 pending ops. Active config: opid_index: -1 OBSOLETE_local: false peers { permanent_uuid: "d62d2a5387e54030a7f581c974015120" member_type: VOTER last_known_addr { host: "127.27.230.65" port: 35783 } } peers { permanent_uuid: "db7ae227c75a4851813d362a232a5703" member_type: VOTER last_known_addr { host: "127.27.230.66" port: 45771 } } peers { permanent_uuid: "4fedd45fc6ae41c4b0b7df320864b6a8" member_type: VOTER last_known_addr { host: "127.27.230.67" port: 38435 } }
I20260709 13:10:00.408701 29843 raft_consensus.cc:385] T 29dcac6435bc441fba0bfd646bcd20ed P 4fedd45fc6ae41c4b0b7df320864b6a8 [term 0 FOLLOWER]: Consensus starting up: Expiring failure detector timer to make a prompt election more likely
I20260709 13:10:00.408933 29843 raft_consensus.cc:740] T 29dcac6435bc441fba0bfd646bcd20ed P 4fedd45fc6ae41c4b0b7df320864b6a8 [term 0 FOLLOWER]: Becoming Follower/Learner. State: Replica: 4fedd45fc6ae41c4b0b7df320864b6a8, State: Initialized, Role: FOLLOWER
W20260709 13:10:00.409740 29694 leader_election.cc:343] T 29dcac6435bc441fba0bfd646bcd20ed P db7ae227c75a4851813d362a232a5703 [CANDIDATE]: Term 1 pre-election: Tablet error from VoteRequest() call to peer d62d2a5387e54030a7f581c974015120 (127.27.230.65:35783): Illegal state: must be running to vote when last-logged opid is not known
I20260709 13:10:00.409633 29843 consensus_queue.cc:260] T 29dcac6435bc441fba0bfd646bcd20ed P 4fedd45fc6ae41c4b0b7df320864b6a8 [NON_LEADER]: Queue going to NON_LEADER mode. State: All replicated index: 0, Majority replicated index: 0, Committed index: 0, Last appended: 0.0, Last appended by leader: 0, Current term: 0, Majority size: -1, State: 0, Mode: NON_LEADER, active raft config: opid_index: -1 OBSOLETE_local: false peers { permanent_uuid: "d62d2a5387e54030a7f581c974015120" member_type: VOTER last_known_addr { host: "127.27.230.65" port: 35783 } } peers { permanent_uuid: "db7ae227c75a4851813d362a232a5703" member_type: VOTER last_known_addr { host: "127.27.230.66" port: 45771 } } peers { permanent_uuid: "4fedd45fc6ae41c4b0b7df320864b6a8" member_type: VOTER last_known_addr { host: "127.27.230.67" port: 38435 } }
I20260709 13:10:00.410369 29907 raft_consensus.cc:2804] T 1e6ab3115d1a441f9846290a79e92870 P d62d2a5387e54030a7f581c974015120 [term 1 FOLLOWER]: Leader election won for term 1
I20260709 13:10:00.410538 29935 raft_consensus.cc:493] T 17081a11a7024ec6ab33f3af0df9b804 P db7ae227c75a4851813d362a232a5703 [term 0 FOLLOWER]: Starting pre-election (no leader contacted us within the election timeout)
I20260709 13:10:00.410672 29844 tablet_bootstrap.cc:654] T d8db442c283445dda3512ecfe3a36c3d P db7ae227c75a4851813d362a232a5703: Neither blocks nor log segments found. Creating new log.
I20260709 13:10:00.411051 29935 raft_consensus.cc:515] T 17081a11a7024ec6ab33f3af0df9b804 P db7ae227c75a4851813d362a232a5703 [term 0 FOLLOWER]: Starting pre-election with config: opid_index: -1 OBSOLETE_local: false peers { permanent_uuid: "d62d2a5387e54030a7f581c974015120" member_type: VOTER last_known_addr { host: "127.27.230.65" port: 35783 } } peers { permanent_uuid: "db7ae227c75a4851813d362a232a5703" member_type: VOTER last_known_addr { host: "127.27.230.66" port: 45771 } } peers { permanent_uuid: "4fedd45fc6ae41c4b0b7df320864b6a8" member_type: VOTER last_known_addr { host: "127.27.230.67" port: 38435 } }
I20260709 13:10:00.411583 29843 ts_tablet_manager.cc:1434] T 29dcac6435bc441fba0bfd646bcd20ed P 4fedd45fc6ae41c4b0b7df320864b6a8: Time spent starting tablet: real 0.006s	user 0.005s	sys 0.000s
W20260709 13:10:00.411618 29692 leader_election.cc:343] T 29dcac6435bc441fba0bfd646bcd20ed P db7ae227c75a4851813d362a232a5703 [CANDIDATE]: Term 1 pre-election: Tablet error from VoteRequest() call to peer 4fedd45fc6ae41c4b0b7df320864b6a8 (127.27.230.67:38435): Illegal state: must be running to vote when last-logged opid is not known
I20260709 13:10:00.412139 29692 leader_election.cc:304] T 29dcac6435bc441fba0bfd646bcd20ed P db7ae227c75a4851813d362a232a5703 [CANDIDATE]: Term 1 pre-election: Election decided. Result: candidate lost. Election summary: received 3 responses out of 3 voters: 1 yes votes; 2 no votes. yes voters: db7ae227c75a4851813d362a232a5703; no voters: 4fedd45fc6ae41c4b0b7df320864b6a8, d62d2a5387e54030a7f581c974015120
I20260709 13:10:00.412480 29843 tablet_bootstrap.cc:492] T 1c6ef3d0910f4c95af8c19a7dd0df507 P 4fedd45fc6ae41c4b0b7df320864b6a8: Bootstrap starting.
I20260709 13:10:00.412977 29935 leader_election.cc:290] T 17081a11a7024ec6ab33f3af0df9b804 P db7ae227c75a4851813d362a232a5703 [CANDIDATE]: Term 1 pre-election: Requested pre-vote from peers d62d2a5387e54030a7f581c974015120 (127.27.230.65:35783), 4fedd45fc6ae41c4b0b7df320864b6a8 (127.27.230.67:38435)
I20260709 13:10:00.413795 29935 raft_consensus.cc:2749] T 29dcac6435bc441fba0bfd646bcd20ed P db7ae227c75a4851813d362a232a5703 [term 0 FOLLOWER]: Leader pre-election lost for term 1. Reason: could not achieve majority
I20260709 13:10:00.414399 29802 tablet_service.cc:1917] Received RequestConsensusVote() RPC: tablet_id: "17081a11a7024ec6ab33f3af0df9b804" candidate_uuid: "db7ae227c75a4851813d362a232a5703" candidate_term: 1 candidate_status { last_received { term: 0 index: 0 } } ignore_live_leader: false dest_uuid: "4fedd45fc6ae41c4b0b7df320864b6a8" is_pre_election: true
I20260709 13:10:00.418447 29802 raft_consensus.cc:2393] T 17081a11a7024ec6ab33f3af0df9b804 P 4fedd45fc6ae41c4b0b7df320864b6a8 [term 1 FOLLOWER]: Leader pre-election vote request: Denying vote to candidate db7ae227c75a4851813d362a232a5703 in current term 1: Already voted for candidate d62d2a5387e54030a7f581c974015120 in this term.
I20260709 13:10:00.410890 29907 raft_consensus.cc:697] T 1e6ab3115d1a441f9846290a79e92870 P d62d2a5387e54030a7f581c974015120 [term 1 LEADER]: Becoming Leader. State: Replica: d62d2a5387e54030a7f581c974015120, State: Running, Role: LEADER
I20260709 13:10:00.419237 29548 catalog_manager.cc:5697] T d8db442c283445dda3512ecfe3a36c3d P 4fedd45fc6ae41c4b0b7df320864b6a8 reported cstate change: term changed from 0 to 1, leader changed from <none> to 4fedd45fc6ae41c4b0b7df320864b6a8 (127.27.230.67). New cstate: current_term: 1 leader_uuid: "4fedd45fc6ae41c4b0b7df320864b6a8" committed_config { opid_index: -1 OBSOLETE_local: false peers { permanent_uuid: "d62d2a5387e54030a7f581c974015120" member_type: VOTER last_known_addr { host: "127.27.230.65" port: 35783 } health_report { overall_health: UNKNOWN } } peers { permanent_uuid: "db7ae227c75a4851813d362a232a5703" member_type: VOTER last_known_addr { host: "127.27.230.66" port: 45771 } health_report { overall_health: UNKNOWN } } peers { permanent_uuid: "4fedd45fc6ae41c4b0b7df320864b6a8" member_type: VOTER last_known_addr { host: "127.27.230.67" port: 38435 } health_report { overall_health: HEALTHY } } }
I20260709 13:10:00.420172 29907 consensus_queue.cc:237] T 1e6ab3115d1a441f9846290a79e92870 P d62d2a5387e54030a7f581c974015120 [LEADER]: Queue going to LEADER mode. State: All replicated index: 0, Majority replicated index: 0, Committed index: 0, Last appended: 0.0, Last appended by leader: 0, Current term: 1, Majority size: 2, State: 0, Mode: LEADER, active raft config: opid_index: -1 OBSOLETE_local: false peers { permanent_uuid: "d62d2a5387e54030a7f581c974015120" member_type: VOTER last_known_addr { host: "127.27.230.65" port: 35783 } } peers { permanent_uuid: "db7ae227c75a4851813d362a232a5703" member_type: VOTER last_known_addr { host: "127.27.230.66" port: 45771 } } peers { permanent_uuid: "4fedd45fc6ae41c4b0b7df320864b6a8" member_type: VOTER last_known_addr { host: "127.27.230.67" port: 38435 } }
I20260709 13:10:00.421058 29906 raft_consensus.cc:493] T 8b22c560f2b948f68869b08b51960723 P d62d2a5387e54030a7f581c974015120 [term 0 FOLLOWER]: Starting pre-election (no leader contacted us within the election timeout)
I20260709 13:10:00.421415 29906 raft_consensus.cc:515] T 8b22c560f2b948f68869b08b51960723 P d62d2a5387e54030a7f581c974015120 [term 0 FOLLOWER]: Starting pre-election with config: opid_index: -1 OBSOLETE_local: false peers { permanent_uuid: "d62d2a5387e54030a7f581c974015120" member_type: VOTER last_known_addr { host: "127.27.230.65" port: 35783 } } peers { permanent_uuid: "db7ae227c75a4851813d362a232a5703" member_type: VOTER last_known_addr { host: "127.27.230.66" port: 45771 } } peers { permanent_uuid: "4fedd45fc6ae41c4b0b7df320864b6a8" member_type: VOTER last_known_addr { host: "127.27.230.67" port: 38435 } }
I20260709 13:10:00.423273 29906 leader_election.cc:290] T 8b22c560f2b948f68869b08b51960723 P d62d2a5387e54030a7f581c974015120 [CANDIDATE]: Term 1 pre-election: Requested pre-vote from peers db7ae227c75a4851813d362a232a5703 (127.27.230.66:45771), 4fedd45fc6ae41c4b0b7df320864b6a8 (127.27.230.67:38435)
I20260709 13:10:00.423223 29650 tablet_service.cc:1917] Received RequestConsensusVote() RPC: tablet_id: "17081a11a7024ec6ab33f3af0df9b804" candidate_uuid: "db7ae227c75a4851813d362a232a5703" candidate_term: 1 candidate_status { last_received { term: 0 index: 0 } } ignore_live_leader: false dest_uuid: "d62d2a5387e54030a7f581c974015120" is_pre_election: true
I20260709 13:10:00.427285 29864 raft_consensus.cc:493] T 229b99ccddd14f4b9df547808b4caea4 P 4fedd45fc6ae41c4b0b7df320864b6a8 [term 0 FOLLOWER]: Starting pre-election (no leader contacted us within the election timeout)
I20260709 13:10:00.427803 29864 raft_consensus.cc:515] T 229b99ccddd14f4b9df547808b4caea4 P 4fedd45fc6ae41c4b0b7df320864b6a8 [term 0 FOLLOWER]: Starting pre-election with config: opid_index: -1 OBSOLETE_local: false peers { permanent_uuid: "d62d2a5387e54030a7f581c974015120" member_type: VOTER last_known_addr { host: "127.27.230.65" port: 35783 } } peers { permanent_uuid: "db7ae227c75a4851813d362a232a5703" member_type: VOTER last_known_addr { host: "127.27.230.66" port: 45771 } } peers { permanent_uuid: "4fedd45fc6ae41c4b0b7df320864b6a8" member_type: VOTER last_known_addr { host: "127.27.230.67" port: 38435 } }
I20260709 13:10:00.426397 29849 consensus_queue.cc:1048] T 243cc04b339d4f6588c33ceec2a88ead P 4fedd45fc6ae41c4b0b7df320864b6a8 [LEADER]: Connected to new peer: Peer: permanent_uuid: "db7ae227c75a4851813d362a232a5703" member_type: VOTER last_known_addr { host: "127.27.230.66" port: 45771 }, Status: LMP_MISMATCH, Last received: 0.0, Next index: 1, Last known committed idx: 0, Time since last communication: 0.001s
I20260709 13:10:00.429684 29842 tablet_bootstrap.cc:492] T a3c9560c0100457f9c2a6c1ad2f981d4 P d62d2a5387e54030a7f581c974015120: No bootstrap required, opened a new log
I20260709 13:10:00.430097 29842 ts_tablet_manager.cc:1403] T a3c9560c0100457f9c2a6c1ad2f981d4 P d62d2a5387e54030a7f581c974015120: Time spent bootstrapping tablet: real 0.170s	user 0.016s	sys 0.001s
I20260709 13:10:00.430238 29802 tablet_service.cc:1917] Received RequestConsensusVote() RPC: tablet_id: "8b22c560f2b948f68869b08b51960723" candidate_uuid: "d62d2a5387e54030a7f581c974015120" candidate_term: 1 candidate_status { last_received { term: 0 index: 0 } } ignore_live_leader: false dest_uuid: "4fedd45fc6ae41c4b0b7df320864b6a8" is_pre_election: true
I20260709 13:10:00.430914 29802 raft_consensus.cc:2468] T 8b22c560f2b948f68869b08b51960723 P 4fedd45fc6ae41c4b0b7df320864b6a8 [term 0 FOLLOWER]: Leader pre-election vote request: Granting yes vote for candidate d62d2a5387e54030a7f581c974015120 in term 0.
I20260709 13:10:00.431962 29617 leader_election.cc:304] T 8b22c560f2b948f68869b08b51960723 P d62d2a5387e54030a7f581c974015120 [CANDIDATE]: Term 1 pre-election: Election decided. Result: candidate won. Election summary: received 2 responses out of 3 voters: 2 yes votes; 0 no votes. yes voters: 4fedd45fc6ae41c4b0b7df320864b6a8, d62d2a5387e54030a7f581c974015120; no voters: 
I20260709 13:10:00.432782 29906 raft_consensus.cc:2804] T 8b22c560f2b948f68869b08b51960723 P d62d2a5387e54030a7f581c974015120 [term 0 FOLLOWER]: Leader pre-election won for term 1
I20260709 13:10:00.433127 29906 raft_consensus.cc:493] T 8b22c560f2b948f68869b08b51960723 P d62d2a5387e54030a7f581c974015120 [term 0 FOLLOWER]: Starting leader election (no leader contacted us within the election timeout)
I20260709 13:10:00.433439 29906 raft_consensus.cc:3060] T 8b22c560f2b948f68869b08b51960723 P d62d2a5387e54030a7f581c974015120 [term 0 FOLLOWER]: Advancing to term 1
I20260709 13:10:00.434245 29844 tablet_bootstrap.cc:492] T d8db442c283445dda3512ecfe3a36c3d P db7ae227c75a4851813d362a232a5703: No bootstrap required, opened a new log
I20260709 13:10:00.434719 29844 ts_tablet_manager.cc:1403] T d8db442c283445dda3512ecfe3a36c3d P db7ae227c75a4851813d362a232a5703: Time spent bootstrapping tablet: real 0.059s	user 0.013s	sys 0.002s
I20260709 13:10:00.441711 29906 raft_consensus.cc:515] T 8b22c560f2b948f68869b08b51960723 P d62d2a5387e54030a7f581c974015120 [term 1 FOLLOWER]: Starting leader election with config: opid_index: -1 OBSOLETE_local: false peers { permanent_uuid: "d62d2a5387e54030a7f581c974015120" member_type: VOTER last_known_addr { host: "127.27.230.65" port: 35783 } } peers { permanent_uuid: "db7ae227c75a4851813d362a232a5703" member_type: VOTER last_known_addr { host: "127.27.230.66" port: 45771 } } peers { permanent_uuid: "4fedd45fc6ae41c4b0b7df320864b6a8" member_type: VOTER last_known_addr { host: "127.27.230.67" port: 38435 } }
I20260709 13:10:00.443007 29864 leader_election.cc:290] T 229b99ccddd14f4b9df547808b4caea4 P 4fedd45fc6ae41c4b0b7df320864b6a8 [CANDIDATE]: Term 1 pre-election: Requested pre-vote from peers d62d2a5387e54030a7f581c974015120 (127.27.230.65:35783), db7ae227c75a4851813d362a232a5703 (127.27.230.66:45771)
I20260709 13:10:00.443640 29906 leader_election.cc:290] T 8b22c560f2b948f68869b08b51960723 P d62d2a5387e54030a7f581c974015120 [CANDIDATE]: Term 1 election: Requested vote from peers db7ae227c75a4851813d362a232a5703 (127.27.230.66:45771), 4fedd45fc6ae41c4b0b7df320864b6a8 (127.27.230.67:38435)
I20260709 13:10:00.447543 29650 tablet_service.cc:1917] Received RequestConsensusVote() RPC: tablet_id: "229b99ccddd14f4b9df547808b4caea4" candidate_uuid: "4fedd45fc6ae41c4b0b7df320864b6a8" candidate_term: 1 candidate_status { last_received { term: 0 index: 0 } } ignore_live_leader: false dest_uuid: "d62d2a5387e54030a7f581c974015120" is_pre_election: true
I20260709 13:10:00.450133 29650 raft_consensus.cc:2468] T 229b99ccddd14f4b9df547808b4caea4 P d62d2a5387e54030a7f581c974015120 [term 0 FOLLOWER]: Leader pre-election vote request: Granting yes vote for candidate 4fedd45fc6ae41c4b0b7df320864b6a8 in term 0.
I20260709 13:10:00.451938 29728 tablet_service.cc:1917] Received RequestConsensusVote() RPC: tablet_id: "229b99ccddd14f4b9df547808b4caea4" candidate_uuid: "4fedd45fc6ae41c4b0b7df320864b6a8" candidate_term: 1 candidate_status { last_received { term: 0 index: 0 } } ignore_live_leader: false dest_uuid: "db7ae227c75a4851813d362a232a5703" is_pre_election: true
I20260709 13:10:00.452054 29802 tablet_service.cc:1917] Received RequestConsensusVote() RPC: tablet_id: "8b22c560f2b948f68869b08b51960723" candidate_uuid: "d62d2a5387e54030a7f581c974015120" candidate_term: 1 candidate_status { last_received { term: 0 index: 0 } } ignore_live_leader: false dest_uuid: "4fedd45fc6ae41c4b0b7df320864b6a8"
I20260709 13:10:00.452744 29802 raft_consensus.cc:3060] T 8b22c560f2b948f68869b08b51960723 P 4fedd45fc6ae41c4b0b7df320864b6a8 [term 0 FOLLOWER]: Advancing to term 1
I20260709 13:10:00.453199 29725 tablet_service.cc:1917] Received RequestConsensusVote() RPC: tablet_id: "8b22c560f2b948f68869b08b51960723" candidate_uuid: "d62d2a5387e54030a7f581c974015120" candidate_term: 1 candidate_status { last_received { term: 0 index: 0 } } ignore_live_leader: false dest_uuid: "db7ae227c75a4851813d362a232a5703"
I20260709 13:10:00.450270 29726 tablet_service.cc:1917] Received RequestConsensusVote() RPC: tablet_id: "8b22c560f2b948f68869b08b51960723" candidate_uuid: "d62d2a5387e54030a7f581c974015120" candidate_term: 1 candidate_status { last_received { term: 0 index: 0 } } ignore_live_leader: false dest_uuid: "db7ae227c75a4851813d362a232a5703" is_pre_election: true
I20260709 13:10:00.455863 29768 leader_election.cc:304] T 229b99ccddd14f4b9df547808b4caea4 P 4fedd45fc6ae41c4b0b7df320864b6a8 [CANDIDATE]: Term 1 pre-election: Election decided. Result: candidate won. Election summary: received 2 responses out of 3 voters: 2 yes votes; 0 no votes. yes voters: 4fedd45fc6ae41c4b0b7df320864b6a8, d62d2a5387e54030a7f581c974015120; no voters: 
I20260709 13:10:00.456748 29849 raft_consensus.cc:2804] T 229b99ccddd14f4b9df547808b4caea4 P 4fedd45fc6ae41c4b0b7df320864b6a8 [term 0 FOLLOWER]: Leader pre-election won for term 1
I20260709 13:10:00.457108 29849 raft_consensus.cc:493] T 229b99ccddd14f4b9df547808b4caea4 P 4fedd45fc6ae41c4b0b7df320864b6a8 [term 0 FOLLOWER]: Starting leader election (no leader contacted us within the election timeout)
I20260709 13:10:00.457432 29849 raft_consensus.cc:3060] T 229b99ccddd14f4b9df547808b4caea4 P 4fedd45fc6ae41c4b0b7df320864b6a8 [term 0 FOLLOWER]: Advancing to term 1
W20260709 13:10:00.460227 29618 leader_election.cc:343] T 8b22c560f2b948f68869b08b51960723 P d62d2a5387e54030a7f581c974015120 [CANDIDATE]: Term 1 election: Tablet error from VoteRequest() call to peer db7ae227c75a4851813d362a232a5703 (127.27.230.66:45771): Illegal state: must be running to vote when last-logged opid is not known
W20260709 13:10:00.460886 29618 leader_election.cc:343] T 8b22c560f2b948f68869b08b51960723 P d62d2a5387e54030a7f581c974015120 [CANDIDATE]: Term 1 pre-election: Tablet error from VoteRequest() call to peer db7ae227c75a4851813d362a232a5703 (127.27.230.66:45771): Illegal state: must be running to vote when last-logged opid is not known
