I20260709 12:58:12.008481  1739 raft_consensus.cc:385] T 1359f1b4c9a2404399cf8958a18fa09d P 9005fafade0a437cae23b5740a47cc84 [term 0 FOLLOWER]: Consensus starting up: Expiring failure detector timer to make a prompt election more likely
I20260709 12:58:12.008450  1951 raft_consensus.cc:515] T a97f0a78a990432a90fbec8f2bb145fa P 29dc57a304404514b29c89f7d89f08ff [term 0 FOLLOWER]: Starting pre-election with config: opid_index: -1 OBSOLETE_local: false peers { permanent_uuid: "29dc57a304404514b29c89f7d89f08ff" member_type: VOTER last_known_addr { host: "127.0.107.193" port: 36291 } } peers { permanent_uuid: "ae9b8ec270bc4dc4ba3c182f0b7585a8" member_type: VOTER last_known_addr { host: "127.0.107.194" port: 41027 } } peers { permanent_uuid: "9005fafade0a437cae23b5740a47cc84" member_type: VOTER last_known_addr { host: "127.0.107.195" port: 41113 } }
I20260709 12:58:12.008924  1739 raft_consensus.cc:740] T 1359f1b4c9a2404399cf8958a18fa09d P 9005fafade0a437cae23b5740a47cc84 [term 0 FOLLOWER]: Becoming Follower/Learner. State: Replica: 9005fafade0a437cae23b5740a47cc84, State: Initialized, Role: FOLLOWER
I20260709 12:58:12.009810  1739 consensus_queue.cc:260] T 1359f1b4c9a2404399cf8958a18fa09d P 9005fafade0a437cae23b5740a47cc84 [NON_LEADER]: Queue going to NON_LEADER mode. State: All replicated index: 0, Majority replicated index: 0, Committed index: 0, Last appended: 0.0, Last appended by leader: 0, Current term: 0, Majority size: -1, State: 0, Mode: NON_LEADER, active raft config: opid_index: -1 OBSOLETE_local: false peers { permanent_uuid: "29dc57a304404514b29c89f7d89f08ff" member_type: VOTER last_known_addr { host: "127.0.107.193" port: 36291 } } peers { permanent_uuid: "ae9b8ec270bc4dc4ba3c182f0b7585a8" member_type: VOTER last_known_addr { host: "127.0.107.194" port: 41027 } } peers { permanent_uuid: "9005fafade0a437cae23b5740a47cc84" member_type: VOTER last_known_addr { host: "127.0.107.195" port: 41113 } }
I20260709 12:58:12.010501  1951 leader_election.cc:290] T a97f0a78a990432a90fbec8f2bb145fa P 29dc57a304404514b29c89f7d89f08ff [CANDIDATE]: Term 1 pre-election: Requested pre-vote from peers ae9b8ec270bc4dc4ba3c182f0b7585a8 (127.0.107.194:41027), 9005fafade0a437cae23b5740a47cc84 (127.0.107.195:41113)
I20260709 12:58:12.011917  1739 ts_tablet_manager.cc:1434] T 1359f1b4c9a2404399cf8958a18fa09d P 9005fafade0a437cae23b5740a47cc84: Time spent starting tablet: real 0.007s	user 0.005s	sys 0.000s
I20260709 12:58:12.012022  1692 tablet_service.cc:1917] Received RequestConsensusVote() RPC: tablet_id: "a97f0a78a990432a90fbec8f2bb145fa" candidate_uuid: "29dc57a304404514b29c89f7d89f08ff" candidate_term: 1 candidate_status { last_received { term: 0 index: 0 } } ignore_live_leader: false dest_uuid: "9005fafade0a437cae23b5740a47cc84" is_pre_election: true
I20260709 12:58:12.012673  1692 raft_consensus.cc:2468] T a97f0a78a990432a90fbec8f2bb145fa P 9005fafade0a437cae23b5740a47cc84 [term 0 FOLLOWER]: Leader pre-election vote request: Granting yes vote for candidate 29dc57a304404514b29c89f7d89f08ff in term 0.
I20260709 12:58:12.013582  1619 tablet_service.cc:1917] Received RequestConsensusVote() RPC: tablet_id: "a97f0a78a990432a90fbec8f2bb145fa" candidate_uuid: "29dc57a304404514b29c89f7d89f08ff" candidate_term: 1 candidate_status { last_received { term: 0 index: 0 } } ignore_live_leader: false dest_uuid: "ae9b8ec270bc4dc4ba3c182f0b7585a8" is_pre_election: true
I20260709 12:58:12.014178  1619 raft_consensus.cc:2468] T a97f0a78a990432a90fbec8f2bb145fa P ae9b8ec270bc4dc4ba3c182f0b7585a8 [term 0 FOLLOWER]: Leader pre-election vote request: Granting yes vote for candidate 29dc57a304404514b29c89f7d89f08ff in term 0.
I20260709 12:58:12.014233  1513 leader_election.cc:304] T a97f0a78a990432a90fbec8f2bb145fa P 29dc57a304404514b29c89f7d89f08ff [CANDIDATE]: Term 1 pre-election: Election decided. Result: candidate won. Election summary: received 2 responses out of 3 voters: 2 yes votes; 0 no votes. yes voters: 29dc57a304404514b29c89f7d89f08ff, 9005fafade0a437cae23b5740a47cc84; no voters: 
I20260709 12:58:12.015067  1951 raft_consensus.cc:2804] T a97f0a78a990432a90fbec8f2bb145fa P 29dc57a304404514b29c89f7d89f08ff [term 0 FOLLOWER]: Leader pre-election won for term 1
I20260709 12:58:12.015419  1951 raft_consensus.cc:493] T a97f0a78a990432a90fbec8f2bb145fa P 29dc57a304404514b29c89f7d89f08ff [term 0 FOLLOWER]: Starting leader election (no leader contacted us within the election timeout)
I20260709 12:58:12.015717  1951 raft_consensus.cc:3060] T a97f0a78a990432a90fbec8f2bb145fa P 29dc57a304404514b29c89f7d89f08ff [term 0 FOLLOWER]: Advancing to term 1
I20260709 12:58:12.015861  1739 tablet_bootstrap.cc:492] T 8d1fca321c854822b475ff08d8b053fa P 9005fafade0a437cae23b5740a47cc84: Bootstrap starting.
I20260709 12:58:12.021059  1804 consensus_queue.cc:1048] T 483e7016f6a24894b052556a0a715fc3 P 9005fafade0a437cae23b5740a47cc84 [LEADER]: Connected to new peer: Peer: permanent_uuid: "ae9b8ec270bc4dc4ba3c182f0b7585a8" member_type: VOTER last_known_addr { host: "127.0.107.194" port: 41027 }, Status: LMP_MISMATCH, Last received: 0.0, Next index: 1, Last known committed idx: 0, Time since last communication: 0.000s
I20260709 12:58:12.022455  1951 raft_consensus.cc:515] T a97f0a78a990432a90fbec8f2bb145fa P 29dc57a304404514b29c89f7d89f08ff [term 1 FOLLOWER]: Starting leader election with config: opid_index: -1 OBSOLETE_local: false peers { permanent_uuid: "29dc57a304404514b29c89f7d89f08ff" member_type: VOTER last_known_addr { host: "127.0.107.193" port: 36291 } } peers { permanent_uuid: "ae9b8ec270bc4dc4ba3c182f0b7585a8" member_type: VOTER last_known_addr { host: "127.0.107.194" port: 41027 } } peers { permanent_uuid: "9005fafade0a437cae23b5740a47cc84" member_type: VOTER last_known_addr { host: "127.0.107.195" port: 41113 } }
I20260709 12:58:12.023797  1739 tablet_bootstrap.cc:654] T 8d1fca321c854822b475ff08d8b053fa P 9005fafade0a437cae23b5740a47cc84: Neither blocks nor log segments found. Creating new log.
I20260709 12:58:12.025215  1620 tablet_service.cc:1917] Received RequestConsensusVote() RPC: tablet_id: "a97f0a78a990432a90fbec8f2bb145fa" candidate_uuid: "29dc57a304404514b29c89f7d89f08ff" candidate_term: 1 candidate_status { last_received { term: 0 index: 0 } } ignore_live_leader: false dest_uuid: "ae9b8ec270bc4dc4ba3c182f0b7585a8"
I20260709 12:58:12.025925  1620 raft_consensus.cc:3060] T a97f0a78a990432a90fbec8f2bb145fa P ae9b8ec270bc4dc4ba3c182f0b7585a8 [term 0 FOLLOWER]: Advancing to term 1
I20260709 12:58:12.029066  1738 tablet_bootstrap.cc:654] T 8d1fca321c854822b475ff08d8b053fa P 29dc57a304404514b29c89f7d89f08ff: Neither blocks nor log segments found. Creating new log.
I20260709 12:58:12.030032  1768 raft_consensus.cc:493] T c95af60c75df49449fd8378f47ec93d6 P 29dc57a304404514b29c89f7d89f08ff [term 0 FOLLOWER]: Starting pre-election (no leader contacted us within the election timeout)
I20260709 12:58:12.030548  1951 leader_election.cc:290] T a97f0a78a990432a90fbec8f2bb145fa P 29dc57a304404514b29c89f7d89f08ff [CANDIDATE]: Term 1 election: Requested vote from peers ae9b8ec270bc4dc4ba3c182f0b7585a8 (127.0.107.194:41027), 9005fafade0a437cae23b5740a47cc84 (127.0.107.195:41113)
I20260709 12:58:12.030740  1768 raft_consensus.cc:515] T c95af60c75df49449fd8378f47ec93d6 P 29dc57a304404514b29c89f7d89f08ff [term 0 FOLLOWER]: Starting pre-election with config: opid_index: -1 OBSOLETE_local: false peers { permanent_uuid: "29dc57a304404514b29c89f7d89f08ff" member_type: VOTER last_known_addr { host: "127.0.107.193" port: 36291 } } peers { permanent_uuid: "ae9b8ec270bc4dc4ba3c182f0b7585a8" member_type: VOTER last_known_addr { host: "127.0.107.194" port: 41027 } } peers { permanent_uuid: "9005fafade0a437cae23b5740a47cc84" member_type: VOTER last_known_addr { host: "127.0.107.195" port: 41113 } }
I20260709 12:58:12.034530  1623 tablet_service.cc:1917] Received RequestConsensusVote() RPC: tablet_id: "c95af60c75df49449fd8378f47ec93d6" candidate_uuid: "29dc57a304404514b29c89f7d89f08ff" candidate_term: 1 candidate_status { last_received { term: 0 index: 0 } } ignore_live_leader: false dest_uuid: "ae9b8ec270bc4dc4ba3c182f0b7585a8" is_pre_election: true
I20260709 12:58:12.037487  1692 tablet_service.cc:1917] Received RequestConsensusVote() RPC: tablet_id: "a97f0a78a990432a90fbec8f2bb145fa" candidate_uuid: "29dc57a304404514b29c89f7d89f08ff" candidate_term: 1 candidate_status { last_received { term: 0 index: 0 } } ignore_live_leader: false dest_uuid: "9005fafade0a437cae23b5740a47cc84"
W20260709 12:58:12.037961  1512 leader_election.cc:343] T c95af60c75df49449fd8378f47ec93d6 P 29dc57a304404514b29c89f7d89f08ff [CANDIDATE]: Term 1 pre-election: Tablet error from VoteRequest() call to peer ae9b8ec270bc4dc4ba3c182f0b7585a8 (127.0.107.194:41027): Illegal state: must be running to vote when last-logged opid is not known
I20260709 12:58:12.038134  1692 raft_consensus.cc:3060] T a97f0a78a990432a90fbec8f2bb145fa P 9005fafade0a437cae23b5740a47cc84 [term 0 FOLLOWER]: Advancing to term 1
I20260709 12:58:12.038285  1768 leader_election.cc:290] T c95af60c75df49449fd8378f47ec93d6 P 29dc57a304404514b29c89f7d89f08ff [CANDIDATE]: Term 1 pre-election: Requested pre-vote from peers ae9b8ec270bc4dc4ba3c182f0b7585a8 (127.0.107.194:41027), 9005fafade0a437cae23b5740a47cc84 (127.0.107.195:41113)
I20260709 12:58:12.043320  1691 tablet_service.cc:1917] Received RequestConsensusVote() RPC: tablet_id: "c95af60c75df49449fd8378f47ec93d6" candidate_uuid: "29dc57a304404514b29c89f7d89f08ff" candidate_term: 1 candidate_status { last_received { term: 0 index: 0 } } ignore_live_leader: false dest_uuid: "9005fafade0a437cae23b5740a47cc84" is_pre_election: true
I20260709 12:58:12.044020  1691 raft_consensus.cc:2468] T c95af60c75df49449fd8378f47ec93d6 P 9005fafade0a437cae23b5740a47cc84 [term 0 FOLLOWER]: Leader pre-election vote request: Granting yes vote for candidate 29dc57a304404514b29c89f7d89f08ff in term 0.
I20260709 12:58:12.046684  1513 leader_election.cc:304] T c95af60c75df49449fd8378f47ec93d6 P 29dc57a304404514b29c89f7d89f08ff [CANDIDATE]: Term 1 pre-election: Election decided. Result: candidate won. Election summary: received 3 responses out of 3 voters: 2 yes votes; 1 no votes. yes voters: 29dc57a304404514b29c89f7d89f08ff, 9005fafade0a437cae23b5740a47cc84; no voters: ae9b8ec270bc4dc4ba3c182f0b7585a8
I20260709 12:58:12.050264  1804 raft_consensus.cc:493] T bfcf6dd97c8b41f28c4314b57a230896 P 9005fafade0a437cae23b5740a47cc84 [term 0 FOLLOWER]: Starting pre-election (no leader contacted us within the election timeout)
I20260709 12:58:12.050916  1804 raft_consensus.cc:515] T bfcf6dd97c8b41f28c4314b57a230896 P 9005fafade0a437cae23b5740a47cc84 [term 0 FOLLOWER]: Starting pre-election with config: opid_index: -1 OBSOLETE_local: false peers { permanent_uuid: "29dc57a304404514b29c89f7d89f08ff" member_type: VOTER last_known_addr { host: "127.0.107.193" port: 36291 } } peers { permanent_uuid: "ae9b8ec270bc4dc4ba3c182f0b7585a8" member_type: VOTER last_known_addr { host: "127.0.107.194" port: 41027 } } peers { permanent_uuid: "9005fafade0a437cae23b5740a47cc84" member_type: VOTER last_known_addr { host: "127.0.107.195" port: 41113 } }
I20260709 12:58:12.051832  1950 raft_consensus.cc:2804] T c95af60c75df49449fd8378f47ec93d6 P 29dc57a304404514b29c89f7d89f08ff [term 0 FOLLOWER]: Leader pre-election won for term 1
I20260709 12:58:12.052402  1950 raft_consensus.cc:493] T c95af60c75df49449fd8378f47ec93d6 P 29dc57a304404514b29c89f7d89f08ff [term 0 FOLLOWER]: Starting leader election (no leader contacted us within the election timeout)
I20260709 12:58:12.052881  1950 raft_consensus.cc:3060] T c95af60c75df49449fd8378f47ec93d6 P 29dc57a304404514b29c89f7d89f08ff [term 0 FOLLOWER]: Advancing to term 1
I20260709 12:58:12.068332  1932 raft_consensus.cc:493] T 70e5c43921bc49b5bfa98c75d8fac3ae P ae9b8ec270bc4dc4ba3c182f0b7585a8 [term 0 FOLLOWER]: Starting pre-election (no leader contacted us within the election timeout)
I20260709 12:58:12.068462  1623 tablet_service.cc:1917] Received RequestConsensusVote() RPC: tablet_id: "bfcf6dd97c8b41f28c4314b57a230896" candidate_uuid: "9005fafade0a437cae23b5740a47cc84" candidate_term: 1 candidate_status { last_received { term: 0 index: 0 } } ignore_live_leader: false dest_uuid: "ae9b8ec270bc4dc4ba3c182f0b7585a8" is_pre_election: true
I20260709 12:58:12.068899  1932 raft_consensus.cc:515] T 70e5c43921bc49b5bfa98c75d8fac3ae P ae9b8ec270bc4dc4ba3c182f0b7585a8 [term 0 FOLLOWER]: Starting pre-election with config: opid_index: -1 OBSOLETE_local: false peers { permanent_uuid: "29dc57a304404514b29c89f7d89f08ff" member_type: VOTER last_known_addr { host: "127.0.107.193" port: 36291 } } peers { permanent_uuid: "ae9b8ec270bc4dc4ba3c182f0b7585a8" member_type: VOTER last_known_addr { host: "127.0.107.194" port: 41027 } } peers { permanent_uuid: "9005fafade0a437cae23b5740a47cc84" member_type: VOTER last_known_addr { host: "127.0.107.195" port: 41113 } }
W20260709 12:58:12.070196  1661 leader_election.cc:343] T bfcf6dd97c8b41f28c4314b57a230896 P 9005fafade0a437cae23b5740a47cc84 [CANDIDATE]: Term 1 pre-election: Tablet error from VoteRequest() call to peer ae9b8ec270bc4dc4ba3c182f0b7585a8 (127.0.107.194:41027): Illegal state: must be running to vote when last-logged opid is not known
I20260709 12:58:12.070966  1932 leader_election.cc:290] T 70e5c43921bc49b5bfa98c75d8fac3ae P ae9b8ec270bc4dc4ba3c182f0b7585a8 [CANDIDATE]: Term 1 pre-election: Requested pre-vote from peers 29dc57a304404514b29c89f7d89f08ff (127.0.107.193:36291), 9005fafade0a437cae23b5740a47cc84 (127.0.107.195:41113)
I20260709 12:58:12.065658  1545 tablet_service.cc:1917] Received RequestConsensusVote() RPC: tablet_id: "bfcf6dd97c8b41f28c4314b57a230896" candidate_uuid: "9005fafade0a437cae23b5740a47cc84" candidate_term: 1 candidate_status { last_received { term: 0 index: 0 } } ignore_live_leader: false dest_uuid: "29dc57a304404514b29c89f7d89f08ff" is_pre_election: true
I20260709 12:58:12.072062  1545 raft_consensus.cc:2468] T bfcf6dd97c8b41f28c4314b57a230896 P 29dc57a304404514b29c89f7d89f08ff [term 0 FOLLOWER]: Leader pre-election vote request: Granting yes vote for candidate 9005fafade0a437cae23b5740a47cc84 in term 0.
I20260709 12:58:12.074720  1692 raft_consensus.cc:2468] T a97f0a78a990432a90fbec8f2bb145fa P 9005fafade0a437cae23b5740a47cc84 [term 1 FOLLOWER]: Leader election vote request: Granting yes vote for candidate 29dc57a304404514b29c89f7d89f08ff in term 1.
I20260709 12:58:12.074764  1663 leader_election.cc:304] T bfcf6dd97c8b41f28c4314b57a230896 P 9005fafade0a437cae23b5740a47cc84 [CANDIDATE]: Term 1 pre-election: Election decided. Result: candidate won. Election summary: received 3 responses out of 3 voters: 2 yes votes; 1 no votes. yes voters: 29dc57a304404514b29c89f7d89f08ff, 9005fafade0a437cae23b5740a47cc84; no voters: ae9b8ec270bc4dc4ba3c182f0b7585a8
I20260709 12:58:12.075134  1546 tablet_service.cc:1917] Received RequestConsensusVote() RPC: tablet_id: "70e5c43921bc49b5bfa98c75d8fac3ae" candidate_uuid: "ae9b8ec270bc4dc4ba3c182f0b7585a8" candidate_term: 1 candidate_status { last_received { term: 0 index: 0 } } ignore_live_leader: false dest_uuid: "29dc57a304404514b29c89f7d89f08ff" is_pre_election: true
I20260709 12:58:12.075462  1790 consensus_queue.cc:1048] T 483e7016f6a24894b052556a0a715fc3 P 9005fafade0a437cae23b5740a47cc84 [LEADER]: Connected to new peer: Peer: permanent_uuid: "29dc57a304404514b29c89f7d89f08ff" member_type: VOTER last_known_addr { host: "127.0.107.193" port: 36291 }, Status: LMP_MISMATCH, Last received: 0.0, Next index: 1, Last known committed idx: 0, Time since last communication: 0.002s
I20260709 12:58:12.078640  1847 raft_consensus.cc:2804] T bfcf6dd97c8b41f28c4314b57a230896 P 9005fafade0a437cae23b5740a47cc84 [term 0 FOLLOWER]: Leader pre-election won for term 1
I20260709 12:58:12.080585  1692 tablet_service.cc:1917] Received RequestConsensusVote() RPC: tablet_id: "70e5c43921bc49b5bfa98c75d8fac3ae" candidate_uuid: "ae9b8ec270bc4dc4ba3c182f0b7585a8" candidate_term: 1 candidate_status { last_received { term: 0 index: 0 } } ignore_live_leader: false dest_uuid: "9005fafade0a437cae23b5740a47cc84" is_pre_election: true
I20260709 12:58:12.079025  1847 raft_consensus.cc:493] T bfcf6dd97c8b41f28c4314b57a230896 P 9005fafade0a437cae23b5740a47cc84 [term 0 FOLLOWER]: Starting leader election (no leader contacted us within the election timeout)
I20260709 12:58:12.081642  1847 raft_consensus.cc:3060] T bfcf6dd97c8b41f28c4314b57a230896 P 9005fafade0a437cae23b5740a47cc84 [term 0 FOLLOWER]: Advancing to term 1
I20260709 12:58:12.065145  1804 leader_election.cc:290] T bfcf6dd97c8b41f28c4314b57a230896 P 9005fafade0a437cae23b5740a47cc84 [CANDIDATE]: Term 1 pre-election: Requested pre-vote from peers 29dc57a304404514b29c89f7d89f08ff (127.0.107.193:36291), ae9b8ec270bc4dc4ba3c182f0b7585a8 (127.0.107.194:41027)
I20260709 12:58:12.084483  1692 raft_consensus.cc:2393] T 70e5c43921bc49b5bfa98c75d8fac3ae P 9005fafade0a437cae23b5740a47cc84 [term 1 FOLLOWER]: Leader pre-election vote request: Denying vote to candidate ae9b8ec270bc4dc4ba3c182f0b7585a8 in current term 1: Already voted for candidate 29dc57a304404514b29c89f7d89f08ff in this term.
I20260709 12:58:12.087589  1588 leader_election.cc:304] T 70e5c43921bc49b5bfa98c75d8fac3ae P ae9b8ec270bc4dc4ba3c182f0b7585a8 [CANDIDATE]: Term 1 pre-election: Election decided. Result: candidate lost. Election summary: received 3 responses out of 3 voters: 1 yes votes; 2 no votes. yes voters: ae9b8ec270bc4dc4ba3c182f0b7585a8; no voters: 29dc57a304404514b29c89f7d89f08ff, 9005fafade0a437cae23b5740a47cc84
I20260709 12:58:12.088876  1932 raft_consensus.cc:3060] T 70e5c43921bc49b5bfa98c75d8fac3ae P ae9b8ec270bc4dc4ba3c182f0b7585a8 [term 0 FOLLOWER]: Advancing to term 1
I20260709 12:58:12.095749  1790 consensus_queue.cc:1048] T 774ce98bf29b4e43888f03d7d7255b75 P 9005fafade0a437cae23b5740a47cc84 [LEADER]: Connected to new peer: Peer: permanent_uuid: "29dc57a304404514b29c89f7d89f08ff" member_type: VOTER last_known_addr { host: "127.0.107.193" port: 36291 }, Status: LMP_MISMATCH, Last received: 0.0, Next index: 1, Last known committed idx: 0, Time since last communication: 0.000s
I20260709 12:58:12.099205  1936 raft_consensus.cc:493] T 1359f1b4c9a2404399cf8958a18fa09d P 9005fafade0a437cae23b5740a47cc84 [term 0 FOLLOWER]: Starting pre-election (no leader contacted us within the election timeout)
I20260709 12:58:12.100514  1936 raft_consensus.cc:515] T 1359f1b4c9a2404399cf8958a18fa09d P 9005fafade0a437cae23b5740a47cc84 [term 0 FOLLOWER]: Starting pre-election with config: opid_index: -1 OBSOLETE_local: false peers { permanent_uuid: "29dc57a304404514b29c89f7d89f08ff" member_type: VOTER last_known_addr { host: "127.0.107.193" port: 36291 } } peers { permanent_uuid: "ae9b8ec270bc4dc4ba3c182f0b7585a8" member_type: VOTER last_known_addr { host: "127.0.107.194" port: 41027 } } peers { permanent_uuid: "9005fafade0a437cae23b5740a47cc84" member_type: VOTER last_known_addr { host: "127.0.107.195" port: 41113 } }
I20260709 12:58:12.102648  1936 leader_election.cc:290] T 1359f1b4c9a2404399cf8958a18fa09d P 9005fafade0a437cae23b5740a47cc84 [CANDIDATE]: Term 1 pre-election: Requested pre-vote from peers 29dc57a304404514b29c89f7d89f08ff (127.0.107.193:36291), ae9b8ec270bc4dc4ba3c182f0b7585a8 (127.0.107.194:41027)
I20260709 12:58:12.109819  1618 tablet_service.cc:1917] Received RequestConsensusVote() RPC: tablet_id: "1359f1b4c9a2404399cf8958a18fa09d" candidate_uuid: "9005fafade0a437cae23b5740a47cc84" candidate_term: 1 candidate_status { last_received { term: 0 index: 0 } } ignore_live_leader: false dest_uuid: "ae9b8ec270bc4dc4ba3c182f0b7585a8" is_pre_election: true
I20260709 12:58:12.116323  1548 tablet_service.cc:1917] Received RequestConsensusVote() RPC: tablet_id: "1359f1b4c9a2404399cf8958a18fa09d" candidate_uuid: "9005fafade0a437cae23b5740a47cc84" candidate_term: 1 candidate_status { last_received { term: 0 index: 0 } } ignore_live_leader: false dest_uuid: "29dc57a304404514b29c89f7d89f08ff" is_pre_election: true
I20260709 12:58:12.133256  1932 raft_consensus.cc:2749] T 70e5c43921bc49b5bfa98c75d8fac3ae P ae9b8ec270bc4dc4ba3c182f0b7585a8 [term 1 FOLLOWER]: Leader pre-election lost for term 1. Reason: could not achieve majority
I20260709 12:58:12.139418  1620 raft_consensus.cc:2468] T a97f0a78a990432a90fbec8f2bb145fa P ae9b8ec270bc4dc4ba3c182f0b7585a8 [term 1 FOLLOWER]: Leader election vote request: Granting yes vote for candidate 29dc57a304404514b29c89f7d89f08ff in term 1.
W20260709 12:58:12.115091  1661 leader_election.cc:343] T 1359f1b4c9a2404399cf8958a18fa09d P 9005fafade0a437cae23b5740a47cc84 [CANDIDATE]: Term 1 pre-election: Tablet error from VoteRequest() call to peer ae9b8ec270bc4dc4ba3c182f0b7585a8 (127.0.107.194:41027): Illegal state: must be running to vote when last-logged opid is not known
I20260709 12:58:12.117043  1548 raft_consensus.cc:2468] T 1359f1b4c9a2404399cf8958a18fa09d P 29dc57a304404514b29c89f7d89f08ff [term 0 FOLLOWER]: Leader pre-election vote request: Granting yes vote for candidate 9005fafade0a437cae23b5740a47cc84 in term 0.
I20260709 12:58:12.107616  1513 leader_election.cc:304] T a97f0a78a990432a90fbec8f2bb145fa P 29dc57a304404514b29c89f7d89f08ff [CANDIDATE]: Term 1 election: Election decided. Result: candidate won. Election summary: received 2 responses out of 3 voters: 2 yes votes; 0 no votes. yes voters: 29dc57a304404514b29c89f7d89f08ff, 9005fafade0a437cae23b5740a47cc84; no voters: 
I20260709 12:58:12.163779  1663 leader_election.cc:304] T 1359f1b4c9a2404399cf8958a18fa09d P 9005fafade0a437cae23b5740a47cc84 [CANDIDATE]: Term 1 pre-election: Election decided. Result: candidate won. Election summary: received 3 responses out of 3 voters: 2 yes votes; 1 no votes. yes voters: 29dc57a304404514b29c89f7d89f08ff, 9005fafade0a437cae23b5740a47cc84; no voters: ae9b8ec270bc4dc4ba3c182f0b7585a8
I20260709 12:58:12.168120  1790 raft_consensus.cc:2804] T 1359f1b4c9a2404399cf8958a18fa09d P 9005fafade0a437cae23b5740a47cc84 [term 0 FOLLOWER]: Leader pre-election won for term 1
I20260709 12:58:12.168630  1790 raft_consensus.cc:493] T 1359f1b4c9a2404399cf8958a18fa09d P 9005fafade0a437cae23b5740a47cc84 [term 0 FOLLOWER]: Starting leader election (no leader contacted us within the election timeout)
I20260709 12:58:12.169030  1790 raft_consensus.cc:3060] T 1359f1b4c9a2404399cf8958a18fa09d P 9005fafade0a437cae23b5740a47cc84 [term 0 FOLLOWER]: Advancing to term 1
I20260709 12:58:12.176949  1932 raft_consensus.cc:493] T c09a50047b494dd5b413401c050b7ac0 P ae9b8ec270bc4dc4ba3c182f0b7585a8 [term 0 FOLLOWER]: Starting pre-election (no leader contacted us within the election timeout)
I20260709 12:58:12.177858  1932 raft_consensus.cc:515] T c09a50047b494dd5b413401c050b7ac0 P ae9b8ec270bc4dc4ba3c182f0b7585a8 [term 0 FOLLOWER]: Starting pre-election with config: opid_index: -1 OBSOLETE_local: false peers { permanent_uuid: "29dc57a304404514b29c89f7d89f08ff" member_type: VOTER last_known_addr { host: "127.0.107.193" port: 36291 } } peers { permanent_uuid: "ae9b8ec270bc4dc4ba3c182f0b7585a8" member_type: VOTER last_known_addr { host: "127.0.107.194" port: 41027 } } peers { permanent_uuid: "9005fafade0a437cae23b5740a47cc84" member_type: VOTER last_known_addr { host: "127.0.107.195" port: 41113 } }
I20260709 12:58:12.184984  1623 raft_consensus.cc:3060] T c09a50047b494dd5b413401c050b7ac0 P ae9b8ec270bc4dc4ba3c182f0b7585a8 [term 0 FOLLOWER]: Advancing to term 1
I20260709 12:58:12.185344  1932 leader_election.cc:290] T c09a50047b494dd5b413401c050b7ac0 P ae9b8ec270bc4dc4ba3c182f0b7585a8 [CANDIDATE]: Term 1 pre-election: Requested pre-vote from peers 29dc57a304404514b29c89f7d89f08ff (127.0.107.193:36291), 9005fafade0a437cae23b5740a47cc84 (127.0.107.195:41113)
I20260709 12:58:12.189821  1738 tablet_bootstrap.cc:492] T 8d1fca321c854822b475ff08d8b053fa P 29dc57a304404514b29c89f7d89f08ff: No bootstrap required, opened a new log
I20260709 12:58:12.191406  1738 ts_tablet_manager.cc:1403] T 8d1fca321c854822b475ff08d8b053fa P 29dc57a304404514b29c89f7d89f08ff: Time spent bootstrapping tablet: real 0.188s	user 0.015s	sys 0.031s
I20260709 12:58:12.215112  1951 raft_consensus.cc:493] T 00b1c703dd2c4975ad071cce7d1f7124 P 29dc57a304404514b29c89f7d89f08ff [term 0 FOLLOWER]: Starting pre-election (no leader contacted us within the election timeout)
I20260709 12:58:12.215791  1951 raft_consensus.cc:515] T 00b1c703dd2c4975ad071cce7d1f7124 P 29dc57a304404514b29c89f7d89f08ff [term 0 FOLLOWER]: Starting pre-election with config: opid_index: -1 OBSOLETE_local: false peers { permanent_uuid: "29dc57a304404514b29c89f7d89f08ff" member_type: VOTER last_known_addr { host: "127.0.107.193" port: 36291 } } peers { permanent_uuid: "ae9b8ec270bc4dc4ba3c182f0b7585a8" member_type: VOTER last_known_addr { host: "127.0.107.194" port: 41027 } } peers { permanent_uuid: "9005fafade0a437cae23b5740a47cc84" member_type: VOTER last_known_addr { host: "127.0.107.195" port: 41113 } }
I20260709 12:58:12.218360  1951 leader_election.cc:290] T 00b1c703dd2c4975ad071cce7d1f7124 P 29dc57a304404514b29c89f7d89f08ff [CANDIDATE]: Term 1 pre-election: Requested pre-vote from peers ae9b8ec270bc4dc4ba3c182f0b7585a8 (127.0.107.194:41027), 9005fafade0a437cae23b5740a47cc84 (127.0.107.195:41113)
I20260709 12:58:12.198973  1832 raft_consensus.cc:2804] T a97f0a78a990432a90fbec8f2bb145fa P 29dc57a304404514b29c89f7d89f08ff [term 1 FOLLOWER]: Leader election won for term 1
W20260709 12:58:12.197675  1513 outbound_call.cc:321] RPC callback for RPC call kudu.consensus.ConsensusService.RequestConsensusVote -> {remote=127.0.107.195:41113, user_credentials={real_user=slave}} blocked reactor thread for 92348.5us
W20260709 12:58:12.236011  1663 outbound_call.cc:321] RPC callback for RPC call kudu.consensus.ConsensusService.UpdateConsensus -> {remote=127.0.107.193:36291, user_credentials={real_user=slave}} blocked reactor thread for 45540.7us
I20260709 12:58:12.236563  1832 raft_consensus.cc:697] T a97f0a78a990432a90fbec8f2bb145fa P 29dc57a304404514b29c89f7d89f08ff [term 1 LEADER]: Becoming Leader. State: Replica: 29dc57a304404514b29c89f7d89f08ff, State: Running, Role: LEADER
I20260709 12:58:12.238984  1936 consensus_queue.cc:1048] T 774ce98bf29b4e43888f03d7d7255b75 P 9005fafade0a437cae23b5740a47cc84 [LEADER]: Connected to new peer: Peer: permanent_uuid: "ae9b8ec270bc4dc4ba3c182f0b7585a8" member_type: VOTER last_known_addr { host: "127.0.107.194" port: 41027 }, Status: LMP_MISMATCH, Last received: 0.0, Next index: 1, Last known committed idx: 0, Time since last communication: 0.011s
I20260709 12:58:12.235147  1847 raft_consensus.cc:515] T bfcf6dd97c8b41f28c4314b57a230896 P 9005fafade0a437cae23b5740a47cc84 [term 1 FOLLOWER]: Starting leader election with config: opid_index: -1 OBSOLETE_local: false peers { permanent_uuid: "29dc57a304404514b29c89f7d89f08ff" member_type: VOTER last_known_addr { host: "127.0.107.193" port: 36291 } } peers { permanent_uuid: "ae9b8ec270bc4dc4ba3c182f0b7585a8" member_type: VOTER last_known_addr { host: "127.0.107.194" port: 41027 } } peers { permanent_uuid: "9005fafade0a437cae23b5740a47cc84" member_type: VOTER last_known_addr { host: "127.0.107.195" port: 41113 } }
I20260709 12:58:12.239490  1950 raft_consensus.cc:515] T c95af60c75df49449fd8378f47ec93d6 P 29dc57a304404514b29c89f7d89f08ff [term 1 FOLLOWER]: Starting leader election with config: opid_index: -1 OBSOLETE_local: false peers { permanent_uuid: "29dc57a304404514b29c89f7d89f08ff" member_type: VOTER last_known_addr { host: "127.0.107.193" port: 36291 } } peers { permanent_uuid: "ae9b8ec270bc4dc4ba3c182f0b7585a8" member_type: VOTER last_known_addr { host: "127.0.107.194" port: 41027 } } peers { permanent_uuid: "9005fafade0a437cae23b5740a47cc84" member_type: VOTER last_known_addr { host: "127.0.107.195" port: 41113 } }
I20260709 12:58:12.256628  1737 tablet_bootstrap.cc:654] T 3fa382649a484c13befb446cf442181a P ae9b8ec270bc4dc4ba3c182f0b7585a8: Neither blocks nor log segments found. Creating new log.
I20260709 12:58:12.262498  1739 tablet_bootstrap.cc:492] T 8d1fca321c854822b475ff08d8b053fa P 9005fafade0a437cae23b5740a47cc84: No bootstrap required, opened a new log
I20260709 12:58:12.262984  1739 ts_tablet_manager.cc:1403] T 8d1fca321c854822b475ff08d8b053fa P 9005fafade0a437cae23b5740a47cc84: Time spent bootstrapping tablet: real 0.247s	user 0.062s	sys 0.075s
I20260709 12:58:12.263489  1832 consensus_queue.cc:237] T a97f0a78a990432a90fbec8f2bb145fa P 29dc57a304404514b29c89f7d89f08ff [LEADER]: Queue going to LEADER mode. State: All replicated index: 0, Majority replicated index: 0, Committed index: 0, Last appended: 0.0, Last appended by leader: 0, Current term: 1, Majority size: 2, State: 0, Mode: LEADER, active raft config: opid_index: -1 OBSOLETE_local: false peers { permanent_uuid: "29dc57a304404514b29c89f7d89f08ff" member_type: VOTER last_known_addr { host: "127.0.107.193" port: 36291 } } peers { permanent_uuid: "ae9b8ec270bc4dc4ba3c182f0b7585a8" member_type: VOTER last_known_addr { host: "127.0.107.194" port: 41027 } } peers { permanent_uuid: "9005fafade0a437cae23b5740a47cc84" member_type: VOTER last_known_addr { host: "127.0.107.195" port: 41113 } }
I20260709 12:58:12.265105  1739 raft_consensus.cc:359] T 8d1fca321c854822b475ff08d8b053fa P 9005fafade0a437cae23b5740a47cc84 [term 0 FOLLOWER]: Replica starting. Triggering 0 pending ops. Active config: opid_index: -1 OBSOLETE_local: false peers { permanent_uuid: "29dc57a304404514b29c89f7d89f08ff" member_type: VOTER last_known_addr { host: "127.0.107.193" port: 36291 } } peers { permanent_uuid: "ae9b8ec270bc4dc4ba3c182f0b7585a8" member_type: VOTER last_known_addr { host: "127.0.107.194" port: 41027 } } peers { permanent_uuid: "9005fafade0a437cae23b5740a47cc84" member_type: VOTER last_known_addr { host: "127.0.107.195" port: 41113 } }
I20260709 12:58:12.265777  1739 raft_consensus.cc:385] T 8d1fca321c854822b475ff08d8b053fa P 9005fafade0a437cae23b5740a47cc84 [term 0 FOLLOWER]: Consensus starting up: Expiring failure detector timer to make a prompt election more likely
I20260709 12:58:12.266147  1739 raft_consensus.cc:740] T 8d1fca321c854822b475ff08d8b053fa P 9005fafade0a437cae23b5740a47cc84 [term 0 FOLLOWER]: Becoming Follower/Learner. State: Replica: 9005fafade0a437cae23b5740a47cc84, State: Initialized, Role: FOLLOWER
I20260709 12:58:12.265846  1738 raft_consensus.cc:359] T 8d1fca321c854822b475ff08d8b053fa P 29dc57a304404514b29c89f7d89f08ff [term 0 FOLLOWER]: Replica starting. Triggering 0 pending ops. Active config: opid_index: -1 OBSOLETE_local: false peers { permanent_uuid: "29dc57a304404514b29c89f7d89f08ff" member_type: VOTER last_known_addr { host: "127.0.107.193" port: 36291 } } peers { permanent_uuid: "ae9b8ec270bc4dc4ba3c182f0b7585a8" member_type: VOTER last_known_addr { host: "127.0.107.194" port: 41027 } } peers { permanent_uuid: "9005fafade0a437cae23b5740a47cc84" member_type: VOTER last_known_addr { host: "127.0.107.195" port: 41113 } }
I20260709 12:58:12.266592  1738 raft_consensus.cc:385] T 8d1fca321c854822b475ff08d8b053fa P 29dc57a304404514b29c89f7d89f08ff [term 0 FOLLOWER]: Consensus starting up: Expiring failure detector timer to make a prompt election more likely
I20260709 12:58:12.266881  1738 raft_consensus.cc:740] T 8d1fca321c854822b475ff08d8b053fa P 29dc57a304404514b29c89f7d89f08ff [term 0 FOLLOWER]: Becoming Follower/Learner. State: Replica: 29dc57a304404514b29c89f7d89f08ff, State: Initialized, Role: FOLLOWER
I20260709 12:58:12.266855  1739 consensus_queue.cc:260] T 8d1fca321c854822b475ff08d8b053fa P 9005fafade0a437cae23b5740a47cc84 [NON_LEADER]: Queue going to NON_LEADER mode. State: All replicated index: 0, Majority replicated index: 0, Committed index: 0, Last appended: 0.0, Last appended by leader: 0, Current term: 0, Majority size: -1, State: 0, Mode: NON_LEADER, active raft config: opid_index: -1 OBSOLETE_local: false peers { permanent_uuid: "29dc57a304404514b29c89f7d89f08ff" member_type: VOTER last_known_addr { host: "127.0.107.193" port: 36291 } } peers { permanent_uuid: "ae9b8ec270bc4dc4ba3c182f0b7585a8" member_type: VOTER last_known_addr { host: "127.0.107.194" port: 41027 } } peers { permanent_uuid: "9005fafade0a437cae23b5740a47cc84" member_type: VOTER last_known_addr { host: "127.0.107.195" port: 41113 } }
I20260709 12:58:12.327409  1547 tablet_service.cc:1917] Received RequestConsensusVote() RPC: tablet_id: "c09a50047b494dd5b413401c050b7ac0" candidate_uuid: "ae9b8ec270bc4dc4ba3c182f0b7585a8" candidate_term: 1 candidate_status { last_received { term: 0 index: 0 } } ignore_live_leader: false dest_uuid: "29dc57a304404514b29c89f7d89f08ff" is_pre_election: true
I20260709 12:58:12.347623  1547 raft_consensus.cc:2393] T c09a50047b494dd5b413401c050b7ac0 P 29dc57a304404514b29c89f7d89f08ff [term 1 FOLLOWER]: Leader pre-election vote request: Denying vote to candidate ae9b8ec270bc4dc4ba3c182f0b7585a8 in current term 1: Already voted for candidate 9005fafade0a437cae23b5740a47cc84 in this term.
I20260709 12:58:12.348858  1739 ts_tablet_manager.cc:1434] T 8d1fca321c854822b475ff08d8b053fa P 9005fafade0a437cae23b5740a47cc84: Time spent starting tablet: real 0.085s	user 0.007s	sys 0.000s
I20260709 12:58:12.268303  1738 consensus_queue.cc:260] T 8d1fca321c854822b475ff08d8b053fa P 29dc57a304404514b29c89f7d89f08ff [NON_LEADER]: Queue going to NON_LEADER mode. State: All replicated index: 0, Majority replicated index: 0, Committed index: 0, Last appended: 0.0, Last appended by leader: 0, Current term: 0, Majority size: -1, State: 0, Mode: NON_LEADER, active raft config: opid_index: -1 OBSOLETE_local: false peers { permanent_uuid: "29dc57a304404514b29c89f7d89f08ff" member_type: VOTER last_known_addr { host: "127.0.107.193" port: 36291 } } peers { permanent_uuid: "ae9b8ec270bc4dc4ba3c182f0b7585a8" member_type: VOTER last_known_addr { host: "127.0.107.194" port: 41027 } } peers { permanent_uuid: "9005fafade0a437cae23b5740a47cc84" member_type: VOTER last_known_addr { host: "127.0.107.195" port: 41113 } }
I20260709 12:58:12.351125  1738 ts_tablet_manager.cc:1434] T 8d1fca321c854822b475ff08d8b053fa P 29dc57a304404514b29c89f7d89f08ff: Time spent starting tablet: real 0.159s	user 0.005s	sys 0.004s
I20260709 12:58:12.353055  1738 tablet_bootstrap.cc:492] T 3c0069f6a39246baad9643dfca499bce P 29dc57a304404514b29c89f7d89f08ff: Bootstrap starting.
I20260709 12:58:12.355064  1739 tablet_bootstrap.cc:492] T 3dace08f1c2f469cbc73995443dfead3 P 9005fafade0a437cae23b5740a47cc84: Bootstrap starting.
I20260709 12:58:12.334699  1620 tablet_service.cc:1917] Received RequestConsensusVote() RPC: tablet_id: "00b1c703dd2c4975ad071cce7d1f7124" candidate_uuid: "29dc57a304404514b29c89f7d89f08ff" candidate_term: 1 candidate_status { last_received { term: 0 index: 0 } } ignore_live_leader: false dest_uuid: "ae9b8ec270bc4dc4ba3c182f0b7585a8" is_pre_election: true
I20260709 12:58:12.364307  1804 raft_consensus.cc:493] T 5906d6d393794eb5847afda96709adc5 P 9005fafade0a437cae23b5740a47cc84 [term 0 FOLLOWER]: Starting pre-election (no leader contacted us within the election timeout)
I20260709 12:58:12.365540  1804 raft_consensus.cc:515] T 5906d6d393794eb5847afda96709adc5 P 9005fafade0a437cae23b5740a47cc84 [term 0 FOLLOWER]: Starting pre-election with config: opid_index: -1 OBSOLETE_local: false peers { permanent_uuid: "29dc57a304404514b29c89f7d89f08ff" member_type: VOTER last_known_addr { host: "127.0.107.193" port: 36291 } } peers { permanent_uuid: "ae9b8ec270bc4dc4ba3c182f0b7585a8" member_type: VOTER last_known_addr { host: "127.0.107.194" port: 41027 } } peers { permanent_uuid: "9005fafade0a437cae23b5740a47cc84" member_type: VOTER last_known_addr { host: "127.0.107.195" port: 41113 } }
W20260709 12:58:12.333110  1494 auto_rebalancer.cc:288] Could not retrieve cluster info: Service unavailable: Tablet not running
W20260709 12:58:12.337872  1512 consensus_peers.cc:597] T 4c72987704f94c068619acb597eda30a P 29dc57a304404514b29c89f7d89f08ff -> Peer ae9b8ec270bc4dc4ba3c182f0b7585a8 (127.0.107.194:41027): Couldn't send request to peer ae9b8ec270bc4dc4ba3c182f0b7585a8. Error code: TABLET_NOT_RUNNING (12). Status: Illegal state: Tablet not RUNNING: INITIALIZED. This is attempt 1: this message will repeat every 5th retry.
I20260709 12:58:12.420594  1737 tablet_bootstrap.cc:492] T 3fa382649a484c13befb446cf442181a P ae9b8ec270bc4dc4ba3c182f0b7585a8: No bootstrap required, opened a new log
I20260709 12:58:12.423064  1951 consensus_queue.cc:1048] T 70e5c43921bc49b5bfa98c75d8fac3ae P 29dc57a304404514b29c89f7d89f08ff [LEADER]: Connected to new peer: Peer: permanent_uuid: "ae9b8ec270bc4dc4ba3c182f0b7585a8" member_type: VOTER last_known_addr { host: "127.0.107.194" port: 41027 }, Status: LMP_MISMATCH, Last received: 0.0, Next index: 1, Last known committed idx: 0, Time since last communication: 0.001s
W20260709 12:58:12.433367  1661 outbound_call.cc:321] RPC callback for RPC call kudu.consensus.ConsensusService.UpdateConsensus -> {remote=127.0.107.194:41027, user_credentials={real_user=slave}} blocked reactor thread for 232233us
I20260709 12:58:12.433943  1790 raft_consensus.cc:515] T 1359f1b4c9a2404399cf8958a18fa09d P 9005fafade0a437cae23b5740a47cc84 [term 1 FOLLOWER]: Starting leader election with config: opid_index: -1 OBSOLETE_local: false peers { permanent_uuid: "29dc57a304404514b29c89f7d89f08ff" member_type: VOTER last_known_addr { host: "127.0.107.193" port: 36291 } } peers { permanent_uuid: "ae9b8ec270bc4dc4ba3c182f0b7585a8" member_type: VOTER last_known_addr { host: "127.0.107.194" port: 41027 } } peers { permanent_uuid: "9005fafade0a437cae23b5740a47cc84" member_type: VOTER last_known_addr { host: "127.0.107.195" port: 41113 } }
W20260709 12:58:12.425814  1512 outbound_call.cc:321] RPC callback for RPC call kudu.consensus.ConsensusService.UpdateConsensus -> {remote=127.0.107.194:41027, user_credentials={real_user=slave}} blocked reactor thread for 68662.7us
W20260709 12:58:12.401327  1974 log.cc:927] Time spent T 774ce98bf29b4e43888f03d7d7255b75 P 29dc57a304404514b29c89f7d89f08ff: Append to log took a long time: real 0.131s	user 0.000s	sys 0.001s
I20260709 12:58:12.341957  1979 consensus_queue.cc:1048] T 82d3fedbcb5b4f99b4113d2ce716b9af P 29dc57a304404514b29c89f7d89f08ff [LEADER]: Connected to new peer: Peer: permanent_uuid: "ae9b8ec270bc4dc4ba3c182f0b7585a8" member_type: VOTER last_known_addr { host: "127.0.107.194" port: 41027 }, Status: LMP_MISMATCH, Last received: 0.0, Next index: 1, Last known committed idx: 0, Time since last communication: 0.109s
I20260709 12:58:12.508531  1738 tablet_bootstrap.cc:654] T 3c0069f6a39246baad9643dfca499bce P 29dc57a304404514b29c89f7d89f08ff: Neither blocks nor log segments found. Creating new log.
I20260709 12:58:12.515205  1737 ts_tablet_manager.cc:1403] T 3fa382649a484c13befb446cf442181a P ae9b8ec270bc4dc4ba3c182f0b7585a8: Time spent bootstrapping tablet: real 0.523s	user 0.016s	sys 0.013s
I20260709 12:58:12.436865  1790 leader_election.cc:290] T 1359f1b4c9a2404399cf8958a18fa09d P 9005fafade0a437cae23b5740a47cc84 [CANDIDATE]: Term 1 election: Requested vote from peers 29dc57a304404514b29c89f7d89f08ff (127.0.107.193:36291), ae9b8ec270bc4dc4ba3c182f0b7585a8 (127.0.107.194:41027)
I20260709 12:58:12.444118  1804 leader_election.cc:290] T 5906d6d393794eb5847afda96709adc5 P 9005fafade0a437cae23b5740a47cc84 [CANDIDATE]: Term 1 pre-election: Requested pre-vote from peers 29dc57a304404514b29c89f7d89f08ff (127.0.107.193:36291), ae9b8ec270bc4dc4ba3c182f0b7585a8 (127.0.107.194:41027)
I20260709 12:58:12.488575  1951 raft_consensus.cc:493] T 5906d6d393794eb5847afda96709adc5 P 29dc57a304404514b29c89f7d89f08ff [term 0 FOLLOWER]: Starting pre-election (no leader contacted us within the election timeout)
I20260709 12:58:12.525871  1620 tablet_service.cc:1917] Received RequestConsensusVote() RPC: tablet_id: "c95af60c75df49449fd8378f47ec93d6" candidate_uuid: "29dc57a304404514b29c89f7d89f08ff" candidate_term: 1 candidate_status { last_received { term: 0 index: 0 } } ignore_live_leader: false dest_uuid: "ae9b8ec270bc4dc4ba3c182f0b7585a8"
I20260709 12:58:12.437234  1950 leader_election.cc:290] T c95af60c75df49449fd8378f47ec93d6 P 29dc57a304404514b29c89f7d89f08ff [CANDIDATE]: Term 1 election: Requested vote from peers ae9b8ec270bc4dc4ba3c182f0b7585a8 (127.0.107.194:41027), 9005fafade0a437cae23b5740a47cc84 (127.0.107.195:41113)
I20260709 12:58:12.535173  1847 leader_election.cc:290] T bfcf6dd97c8b41f28c4314b57a230896 P 9005fafade0a437cae23b5740a47cc84 [CANDIDATE]: Term 1 election: Requested vote from peers 29dc57a304404514b29c89f7d89f08ff (127.0.107.193:36291), ae9b8ec270bc4dc4ba3c182f0b7585a8 (127.0.107.194:41027)
I20260709 12:58:12.537222  1951 raft_consensus.cc:515] T 5906d6d393794eb5847afda96709adc5 P 29dc57a304404514b29c89f7d89f08ff [term 0 FOLLOWER]: Starting pre-election with config: opid_index: -1 OBSOLETE_local: false peers { permanent_uuid: "29dc57a304404514b29c89f7d89f08ff" member_type: VOTER last_known_addr { host: "127.0.107.193" port: 36291 } } peers { permanent_uuid: "ae9b8ec270bc4dc4ba3c182f0b7585a8" member_type: VOTER last_known_addr { host: "127.0.107.194" port: 41027 } } peers { permanent_uuid: "9005fafade0a437cae23b5740a47cc84" member_type: VOTER last_known_addr { host: "127.0.107.195" port: 41113 } }
I20260709 12:58:12.540001  1951 leader_election.cc:290] T 5906d6d393794eb5847afda96709adc5 P 29dc57a304404514b29c89f7d89f08ff [CANDIDATE]: Term 1 pre-election: Requested pre-vote from peers ae9b8ec270bc4dc4ba3c182f0b7585a8 (127.0.107.194:41027), 9005fafade0a437cae23b5740a47cc84 (127.0.107.195:41113)
W20260709 12:58:12.573634  1589 outbound_call.cc:321] RPC callback for RPC call kudu.consensus.ConsensusService.UpdateConsensus -> {remote=127.0.107.193:36291, user_credentials={real_user=slave}} blocked reactor thread for 190181us
W20260709 12:58:12.574265  1512 leader_election.cc:343] T 00b1c703dd2c4975ad071cce7d1f7124 P 29dc57a304404514b29c89f7d89f08ff [CANDIDATE]: Term 1 pre-election: Tablet error from VoteRequest() call to peer ae9b8ec270bc4dc4ba3c182f0b7585a8 (127.0.107.194:41027): Illegal state: must be running to vote when last-logged opid is not known
I20260709 12:58:12.581328  1976 raft_consensus.cc:493] T 2b29564082134ff2af212047cfc3457b P 9005fafade0a437cae23b5740a47cc84 [term 0 FOLLOWER]: Starting pre-election (no leader contacted us within the election timeout)
I20260709 12:58:12.582104  1976 raft_consensus.cc:515] T 2b29564082134ff2af212047cfc3457b P 9005fafade0a437cae23b5740a47cc84 [term 0 FOLLOWER]: Starting pre-election with config: opid_index: -1 OBSOLETE_local: false peers { permanent_uuid: "29dc57a304404514b29c89f7d89f08ff" member_type: VOTER last_known_addr { host: "127.0.107.193" port: 36291 } } peers { permanent_uuid: "ae9b8ec270bc4dc4ba3c182f0b7585a8" member_type: VOTER last_known_addr { host: "127.0.107.194" port: 41027 } } peers { permanent_uuid: "9005fafade0a437cae23b5740a47cc84" member_type: VOTER last_known_addr { host: "127.0.107.195" port: 41113 } }
I20260709 12:58:12.585320  1692 tablet_service.cc:1917] Received RequestConsensusVote() RPC: tablet_id: "c09a50047b494dd5b413401c050b7ac0" candidate_uuid: "ae9b8ec270bc4dc4ba3c182f0b7585a8" candidate_term: 1 candidate_status { last_received { term: 0 index: 0 } } ignore_live_leader: false dest_uuid: "9005fafade0a437cae23b5740a47cc84" is_pre_election: true
I20260709 12:58:12.588229  1739 tablet_bootstrap.cc:654] T 3dace08f1c2f469cbc73995443dfead3 P 9005fafade0a437cae23b5740a47cc84: Neither blocks nor log segments found. Creating new log.
W20260709 12:58:12.589893  1512 leader_election.cc:343] T c95af60c75df49449fd8378f47ec93d6 P 29dc57a304404514b29c89f7d89f08ff [CANDIDATE]: Term 1 election: Tablet error from VoteRequest() call to peer ae9b8ec270bc4dc4ba3c182f0b7585a8 (127.0.107.194:41027): Illegal state: must be running to vote when last-logged opid is not known
I20260709 12:58:12.592818  1738 tablet_bootstrap.cc:492] T 3c0069f6a39246baad9643dfca499bce P 29dc57a304404514b29c89f7d89f08ff: No bootstrap required, opened a new log
I20260709 12:58:12.593324  1738 ts_tablet_manager.cc:1403] T 3c0069f6a39246baad9643dfca499bce P 29dc57a304404514b29c89f7d89f08ff: Time spent bootstrapping tablet: real 0.241s	user 0.010s	sys 0.011s
I20260709 12:58:12.595263  1976 leader_election.cc:290] T 2b29564082134ff2af212047cfc3457b P 9005fafade0a437cae23b5740a47cc84 [CANDIDATE]: Term 1 pre-election: Requested pre-vote from peers 29dc57a304404514b29c89f7d89f08ff (127.0.107.193:36291), ae9b8ec270bc4dc4ba3c182f0b7585a8 (127.0.107.194:41027)
I20260709 12:58:12.595839  1976 raft_consensus.cc:493] T 00b1c703dd2c4975ad071cce7d1f7124 P 9005fafade0a437cae23b5740a47cc84 [term 0 FOLLOWER]: Starting pre-election (no leader contacted us within the election timeout)
I20260709 12:58:12.596406  1976 raft_consensus.cc:515] T 00b1c703dd2c4975ad071cce7d1f7124 P 9005fafade0a437cae23b5740a47cc84 [term 0 FOLLOWER]: Starting pre-election with config: opid_index: -1 OBSOLETE_local: false peers { permanent_uuid: "29dc57a304404514b29c89f7d89f08ff" member_type: VOTER last_known_addr { host: "127.0.107.193" port: 36291 } } peers { permanent_uuid: "ae9b8ec270bc4dc4ba3c182f0b7585a8" member_type: VOTER last_known_addr { host: "127.0.107.194" port: 41027 } } peers { permanent_uuid: "9005fafade0a437cae23b5740a47cc84" member_type: VOTER last_known_addr { host: "127.0.107.195" port: 41113 } }
I20260709 12:58:12.601655  1694 tablet_service.cc:1917] Received RequestConsensusVote() RPC: tablet_id: "5906d6d393794eb5847afda96709adc5" candidate_uuid: "29dc57a304404514b29c89f7d89f08ff" candidate_term: 1 candidate_status { last_received { term: 0 index: 0 } } ignore_live_leader: false dest_uuid: "9005fafade0a437cae23b5740a47cc84" is_pre_election: true
I20260709 12:58:12.602437  1694 raft_consensus.cc:2468] T 5906d6d393794eb5847afda96709adc5 P 9005fafade0a437cae23b5740a47cc84 [term 0 FOLLOWER]: Leader pre-election vote request: Granting yes vote for candidate 29dc57a304404514b29c89f7d89f08ff in term 0.
I20260709 12:58:12.602536  1696 tablet_service.cc:1917] Received RequestConsensusVote() RPC: tablet_id: "c95af60c75df49449fd8378f47ec93d6" candidate_uuid: "29dc57a304404514b29c89f7d89f08ff" candidate_term: 1 candidate_status { last_received { term: 0 index: 0 } } ignore_live_leader: false dest_uuid: "9005fafade0a437cae23b5740a47cc84"
I20260709 12:58:12.604408  1696 raft_consensus.cc:3060] T c95af60c75df49449fd8378f47ec93d6 P 9005fafade0a437cae23b5740a47cc84 [term 0 FOLLOWER]: Advancing to term 1
I20260709 12:58:12.605417  1692 tablet_service.cc:1917] Received RequestConsensusVote() RPC: tablet_id: "00b1c703dd2c4975ad071cce7d1f7124" candidate_uuid: "29dc57a304404514b29c89f7d89f08ff" candidate_term: 1 candidate_status { last_received { term: 0 index: 0 } } ignore_live_leader: false dest_uuid: "9005fafade0a437cae23b5740a47cc84" is_pre_election: true
I20260709 12:58:12.606150  1692 raft_consensus.cc:2468] T 00b1c703dd2c4975ad071cce7d1f7124 P 9005fafade0a437cae23b5740a47cc84 [term 0 FOLLOWER]: Leader pre-election vote request: Granting yes vote for candidate 29dc57a304404514b29c89f7d89f08ff in term 0.
I20260709 12:58:12.606689  1446 catalog_manager.cc:5697] T a97f0a78a990432a90fbec8f2bb145fa P 29dc57a304404514b29c89f7d89f08ff reported cstate change: term changed from 0 to 1, leader changed from <none> to 29dc57a304404514b29c89f7d89f08ff (127.0.107.193). New cstate: current_term: 1 leader_uuid: "29dc57a304404514b29c89f7d89f08ff" committed_config { opid_index: -1 OBSOLETE_local: false peers { permanent_uuid: "29dc57a304404514b29c89f7d89f08ff" member_type: VOTER last_known_addr { host: "127.0.107.193" port: 36291 } health_report { overall_health: HEALTHY } } peers { permanent_uuid: "ae9b8ec270bc4dc4ba3c182f0b7585a8" member_type: VOTER last_known_addr { host: "127.0.107.194" port: 41027 } health_report { overall_health: UNKNOWN } } peers { permanent_uuid: "9005fafade0a437cae23b5740a47cc84" member_type: VOTER last_known_addr { host: "127.0.107.195" port: 41113 } health_report { overall_health: UNKNOWN } } }
I20260709 12:58:12.614028  1588 leader_election.cc:304] T c09a50047b494dd5b413401c050b7ac0 P ae9b8ec270bc4dc4ba3c182f0b7585a8 [CANDIDATE]: Term 1 pre-election: Election decided. Result: candidate lost. Election summary: received 3 responses out of 3 voters: 1 yes votes; 2 no votes. yes voters: ae9b8ec270bc4dc4ba3c182f0b7585a8; no voters: 29dc57a304404514b29c89f7d89f08ff, 9005fafade0a437cae23b5740a47cc84
I20260709 12:58:12.615999  1972 raft_consensus.cc:2749] T c09a50047b494dd5b413401c050b7ac0 P ae9b8ec270bc4dc4ba3c182f0b7585a8 [term 1 FOLLOWER]: Leader pre-election lost for term 1. Reason: could not achieve majority
I20260709 12:58:12.610735  1976 leader_election.cc:290] T 00b1c703dd2c4975ad071cce7d1f7124 P 9005fafade0a437cae23b5740a47cc84 [CANDIDATE]: Term 1 pre-election: Requested pre-vote from peers 29dc57a304404514b29c89f7d89f08ff (127.0.107.193:36291), ae9b8ec270bc4dc4ba3c182f0b7585a8 (127.0.107.194:41027)
I20260709 12:58:12.613626  1737 raft_consensus.cc:359] T 3fa382649a484c13befb446cf442181a P ae9b8ec270bc4dc4ba3c182f0b7585a8 [term 0 FOLLOWER]: Replica starting. Triggering 0 pending ops. Active config: opid_index: -1 OBSOLETE_local: false peers { permanent_uuid: "29dc57a304404514b29c89f7d89f08ff" member_type: VOTER last_known_addr { host: "127.0.107.193" port: 36291 } } peers { permanent_uuid: "ae9b8ec270bc4dc4ba3c182f0b7585a8" member_type: VOTER last_known_addr { host: "127.0.107.194" port: 41027 } } peers { permanent_uuid: "9005fafade0a437cae23b5740a47cc84" member_type: VOTER last_known_addr { host: "127.0.107.195" port: 41113 } }
I20260709 12:58:12.623704  1737 raft_consensus.cc:385] T 3fa382649a484c13befb446cf442181a P ae9b8ec270bc4dc4ba3c182f0b7585a8 [term 0 FOLLOWER]: Consensus starting up: Expiring failure detector timer to make a prompt election more likely
I20260709 12:58:12.632355  1737 raft_consensus.cc:740] T 3fa382649a484c13befb446cf442181a P ae9b8ec270bc4dc4ba3c182f0b7585a8 [term 0 FOLLOWER]: Becoming Follower/Learner. State: Replica: ae9b8ec270bc4dc4ba3c182f0b7585a8, State: Initialized, Role: FOLLOWER
