I20260709 12:57:56.427155  1255 consensus_queue.cc:260] T 7b42f82324054935afd649fecb8ff90b P 1c4a81d9eb55452e8a0e142b5004406e [NON_LEADER]: Queue going to NON_LEADER mode. State: All replicated index: 0, Majority replicated index: 0, Committed index: 0, Last appended: 0.0, Last appended by leader: 0, Current term: 0, Majority size: -1, State: 0, Mode: NON_LEADER, active raft config: opid_index: -1 OBSOLETE_local: false peers { permanent_uuid: "1c4a81d9eb55452e8a0e142b5004406e" member_type: VOTER last_known_addr { host: "127.0.107.193" port: 35669 } } peers { permanent_uuid: "751b69b8a6224ab6976389d5d4f59630" member_type: VOTER last_known_addr { host: "127.0.107.194" port: 38125 } } peers { permanent_uuid: "80fce5d30bb542878fca7e15ce3dc9c8" member_type: VOTER last_known_addr { host: "127.0.107.195" port: 41811 } }
I20260709 12:57:56.433379  1140 tablet_service.cc:1917] Received RequestConsensusVote() RPC: tablet_id: "2c26b303405a44ebad543e3704981cd7" candidate_uuid: "80fce5d30bb542878fca7e15ce3dc9c8" candidate_term: 1 candidate_status { last_received { term: 0 index: 0 } } ignore_live_leader: false dest_uuid: "751b69b8a6224ab6976389d5d4f59630" is_pre_election: true
I20260709 12:57:56.438185  1255 ts_tablet_manager.cc:1434] T 7b42f82324054935afd649fecb8ff90b P 1c4a81d9eb55452e8a0e142b5004406e: Time spent starting tablet: real 0.016s	user 0.007s	sys 0.000s
I20260709 12:57:56.439224  1255 tablet_bootstrap.cc:492] T 2c26b303405a44ebad543e3704981cd7 P 1c4a81d9eb55452e8a0e142b5004406e: Bootstrap starting.
W20260709 12:57:56.437709  1180 leader_election.cc:343] T 2c26b303405a44ebad543e3704981cd7 P 80fce5d30bb542878fca7e15ce3dc9c8 [CANDIDATE]: Term 1 pre-election: Tablet error from VoteRequest() call to peer 1c4a81d9eb55452e8a0e142b5004406e (127.0.107.193:35669): Illegal state: must be running to vote when last-logged opid is not known
W20260709 12:57:56.442080  1179 leader_election.cc:343] T 2c26b303405a44ebad543e3704981cd7 P 80fce5d30bb542878fca7e15ce3dc9c8 [CANDIDATE]: Term 1 pre-election: Tablet error from VoteRequest() call to peer 751b69b8a6224ab6976389d5d4f59630 (127.0.107.194:38125): Illegal state: must be running to vote when last-logged opid is not known
I20260709 12:57:56.430172  1272 leader_election.cc:290] T 2c26b303405a44ebad543e3704981cd7 P 80fce5d30bb542878fca7e15ce3dc9c8 [CANDIDATE]: Term 1 pre-election: Requested pre-vote from peers 1c4a81d9eb55452e8a0e142b5004406e (127.0.107.193:35669), 751b69b8a6224ab6976389d5d4f59630 (127.0.107.194:38125)
I20260709 12:57:56.442622  1263 leader_election.cc:290] T 7b42f82324054935afd649fecb8ff90b P 751b69b8a6224ab6976389d5d4f59630 [CANDIDATE]: Term 1 pre-election: Requested pre-vote from peers 1c4a81d9eb55452e8a0e142b5004406e (127.0.107.193:35669), 80fce5d30bb542878fca7e15ce3dc9c8 (127.0.107.195:41811)
I20260709 12:57:56.442619  1179 leader_election.cc:304] T 2c26b303405a44ebad543e3704981cd7 P 80fce5d30bb542878fca7e15ce3dc9c8 [CANDIDATE]: Term 1 pre-election: Election decided. Result: candidate lost. Election summary: received 3 responses out of 3 voters: 1 yes votes; 2 no votes. yes voters: 80fce5d30bb542878fca7e15ce3dc9c8; no voters: 1c4a81d9eb55452e8a0e142b5004406e, 751b69b8a6224ab6976389d5d4f59630
I20260709 12:57:56.447027  1258 tablet_bootstrap.cc:492] T f3a7c8af9185472692061ab7a25824ab P 751b69b8a6224ab6976389d5d4f59630: No bootstrap required, opened a new log
I20260709 12:57:56.447243  1272 raft_consensus.cc:2749] T 2c26b303405a44ebad543e3704981cd7 P 80fce5d30bb542878fca7e15ce3dc9c8 [term 0 FOLLOWER]: Leader pre-election lost for term 1. Reason: could not achieve majority
I20260709 12:57:56.447516  1258 ts_tablet_manager.cc:1403] T f3a7c8af9185472692061ab7a25824ab P 751b69b8a6224ab6976389d5d4f59630: Time spent bootstrapping tablet: real 0.025s	user 0.010s	sys 0.008s
I20260709 12:57:56.449753  1255 tablet_bootstrap.cc:654] T 2c26b303405a44ebad543e3704981cd7 P 1c4a81d9eb55452e8a0e142b5004406e: Neither blocks nor log segments found. Creating new log.
I20260709 12:57:56.451596  1258 raft_consensus.cc:359] T f3a7c8af9185472692061ab7a25824ab P 751b69b8a6224ab6976389d5d4f59630 [term 0 FOLLOWER]: Replica starting. Triggering 0 pending ops. Active config: opid_index: -1 OBSOLETE_local: false peers { permanent_uuid: "1c4a81d9eb55452e8a0e142b5004406e" member_type: VOTER last_known_addr { host: "127.0.107.193" port: 35669 } } peers { permanent_uuid: "751b69b8a6224ab6976389d5d4f59630" member_type: VOTER last_known_addr { host: "127.0.107.194" port: 38125 } } peers { permanent_uuid: "80fce5d30bb542878fca7e15ce3dc9c8" member_type: VOTER last_known_addr { host: "127.0.107.195" port: 41811 } }
I20260709 12:57:56.452535  1258 raft_consensus.cc:385] T f3a7c8af9185472692061ab7a25824ab P 751b69b8a6224ab6976389d5d4f59630 [term 0 FOLLOWER]: Consensus starting up: Expiring failure detector timer to make a prompt election more likely
I20260709 12:57:56.452855  1258 raft_consensus.cc:740] T f3a7c8af9185472692061ab7a25824ab P 751b69b8a6224ab6976389d5d4f59630 [term 0 FOLLOWER]: Becoming Follower/Learner. State: Replica: 751b69b8a6224ab6976389d5d4f59630, State: Initialized, Role: FOLLOWER
I20260709 12:57:56.455657  1258 consensus_queue.cc:260] T f3a7c8af9185472692061ab7a25824ab P 751b69b8a6224ab6976389d5d4f59630 [NON_LEADER]: Queue going to NON_LEADER mode. State: All replicated index: 0, Majority replicated index: 0, Committed index: 0, Last appended: 0.0, Last appended by leader: 0, Current term: 0, Majority size: -1, State: 0, Mode: NON_LEADER, active raft config: opid_index: -1 OBSOLETE_local: false peers { permanent_uuid: "1c4a81d9eb55452e8a0e142b5004406e" member_type: VOTER last_known_addr { host: "127.0.107.193" port: 35669 } } peers { permanent_uuid: "751b69b8a6224ab6976389d5d4f59630" member_type: VOTER last_known_addr { host: "127.0.107.194" port: 38125 } } peers { permanent_uuid: "80fce5d30bb542878fca7e15ce3dc9c8" member_type: VOTER last_known_addr { host: "127.0.107.195" port: 41811 } }
I20260709 12:57:56.457437  1256 tablet_bootstrap.cc:492] T 2e3064ab36ae4ef5a00a5002fe9e613a P 80fce5d30bb542878fca7e15ce3dc9c8: No bootstrap required, opened a new log
I20260709 12:57:56.457969  1256 ts_tablet_manager.cc:1403] T 2e3064ab36ae4ef5a00a5002fe9e613a P 80fce5d30bb542878fca7e15ce3dc9c8: Time spent bootstrapping tablet: real 0.045s	user 0.014s	sys 0.008s
I20260709 12:57:56.458086  1258 ts_tablet_manager.cc:1434] T f3a7c8af9185472692061ab7a25824ab P 751b69b8a6224ab6976389d5d4f59630: Time spent starting tablet: real 0.010s	user 0.008s	sys 0.001s
I20260709 12:57:56.460268  1258 tablet_bootstrap.cc:492] T 2c26b303405a44ebad543e3704981cd7 P 751b69b8a6224ab6976389d5d4f59630: Bootstrap starting.
I20260709 12:57:56.462728  1255 tablet_bootstrap.cc:492] T 2c26b303405a44ebad543e3704981cd7 P 1c4a81d9eb55452e8a0e142b5004406e: No bootstrap required, opened a new log
I20260709 12:57:56.463313  1255 ts_tablet_manager.cc:1403] T 2c26b303405a44ebad543e3704981cd7 P 1c4a81d9eb55452e8a0e142b5004406e: Time spent bootstrapping tablet: real 0.024s	user 0.009s	sys 0.006s
I20260709 12:57:56.465071  1256 raft_consensus.cc:359] T 2e3064ab36ae4ef5a00a5002fe9e613a P 80fce5d30bb542878fca7e15ce3dc9c8 [term 0 FOLLOWER]: Replica starting. Triggering 0 pending ops. Active config: opid_index: -1 OBSOLETE_local: false peers { permanent_uuid: "1c4a81d9eb55452e8a0e142b5004406e" member_type: VOTER last_known_addr { host: "127.0.107.193" port: 35669 } } peers { permanent_uuid: "751b69b8a6224ab6976389d5d4f59630" member_type: VOTER last_known_addr { host: "127.0.107.194" port: 38125 } } peers { permanent_uuid: "80fce5d30bb542878fca7e15ce3dc9c8" member_type: VOTER last_known_addr { host: "127.0.107.195" port: 41811 } }
I20260709 12:57:56.465875  1256 raft_consensus.cc:385] T 2e3064ab36ae4ef5a00a5002fe9e613a P 80fce5d30bb542878fca7e15ce3dc9c8 [term 0 FOLLOWER]: Consensus starting up: Expiring failure detector timer to make a prompt election more likely
I20260709 12:57:56.466171  1256 raft_consensus.cc:740] T 2e3064ab36ae4ef5a00a5002fe9e613a P 80fce5d30bb542878fca7e15ce3dc9c8 [term 0 FOLLOWER]: Becoming Follower/Learner. State: Replica: 80fce5d30bb542878fca7e15ce3dc9c8, State: Initialized, Role: FOLLOWER
I20260709 12:57:56.466156  1255 raft_consensus.cc:359] T 2c26b303405a44ebad543e3704981cd7 P 1c4a81d9eb55452e8a0e142b5004406e [term 0 FOLLOWER]: Replica starting. Triggering 0 pending ops. Active config: opid_index: -1 OBSOLETE_local: false peers { permanent_uuid: "1c4a81d9eb55452e8a0e142b5004406e" member_type: VOTER last_known_addr { host: "127.0.107.193" port: 35669 } } peers { permanent_uuid: "751b69b8a6224ab6976389d5d4f59630" member_type: VOTER last_known_addr { host: "127.0.107.194" port: 38125 } } peers { permanent_uuid: "80fce5d30bb542878fca7e15ce3dc9c8" member_type: VOTER last_known_addr { host: "127.0.107.195" port: 41811 } }
I20260709 12:57:56.466985  1255 raft_consensus.cc:385] T 2c26b303405a44ebad543e3704981cd7 P 1c4a81d9eb55452e8a0e142b5004406e [term 0 FOLLOWER]: Consensus starting up: Expiring failure detector timer to make a prompt election more likely
I20260709 12:57:56.467270  1255 raft_consensus.cc:740] T 2c26b303405a44ebad543e3704981cd7 P 1c4a81d9eb55452e8a0e142b5004406e [term 0 FOLLOWER]: Becoming Follower/Learner. State: Replica: 1c4a81d9eb55452e8a0e142b5004406e, State: Initialized, Role: FOLLOWER
I20260709 12:57:56.468111  1255 consensus_queue.cc:260] T 2c26b303405a44ebad543e3704981cd7 P 1c4a81d9eb55452e8a0e142b5004406e [NON_LEADER]: Queue going to NON_LEADER mode. State: All replicated index: 0, Majority replicated index: 0, Committed index: 0, Last appended: 0.0, Last appended by leader: 0, Current term: 0, Majority size: -1, State: 0, Mode: NON_LEADER, active raft config: opid_index: -1 OBSOLETE_local: false peers { permanent_uuid: "1c4a81d9eb55452e8a0e142b5004406e" member_type: VOTER last_known_addr { host: "127.0.107.193" port: 35669 } } peers { permanent_uuid: "751b69b8a6224ab6976389d5d4f59630" member_type: VOTER last_known_addr { host: "127.0.107.194" port: 38125 } } peers { permanent_uuid: "80fce5d30bb542878fca7e15ce3dc9c8" member_type: VOTER last_known_addr { host: "127.0.107.195" port: 41811 } }
I20260709 12:57:56.470338  1255 ts_tablet_manager.cc:1434] T 2c26b303405a44ebad543e3704981cd7 P 1c4a81d9eb55452e8a0e142b5004406e: Time spent starting tablet: real 0.007s	user 0.006s	sys 0.000s
I20260709 12:57:56.470862  1066 raft_consensus.cc:2468] T ad9cc7e1cd1c4c89a25983313c78b595 P 1c4a81d9eb55452e8a0e142b5004406e [term 1 FOLLOWER]: Leader election vote request: Granting yes vote for candidate 80fce5d30bb542878fca7e15ce3dc9c8 in term 1.
I20260709 12:57:56.471966  1141 raft_consensus.cc:2468] T ad9cc7e1cd1c4c89a25983313c78b595 P 751b69b8a6224ab6976389d5d4f59630 [term 1 FOLLOWER]: Leader election vote request: Granting yes vote for candidate 80fce5d30bb542878fca7e15ce3dc9c8 in term 1.
I20260709 12:57:56.472820  1180 leader_election.cc:304] T ad9cc7e1cd1c4c89a25983313c78b595 P 80fce5d30bb542878fca7e15ce3dc9c8 [CANDIDATE]: Term 1 election: Election decided. Result: candidate won. Election summary: received 2 responses out of 3 voters: 2 yes votes; 0 no votes. yes voters: 1c4a81d9eb55452e8a0e142b5004406e, 80fce5d30bb542878fca7e15ce3dc9c8; no voters: 
I20260709 12:57:56.473516  1255 tablet_bootstrap.cc:492] T f3a7c8af9185472692061ab7a25824ab P 1c4a81d9eb55452e8a0e142b5004406e: Bootstrap starting.
I20260709 12:57:56.473766  1272 raft_consensus.cc:2804] T ad9cc7e1cd1c4c89a25983313c78b595 P 80fce5d30bb542878fca7e15ce3dc9c8 [term 1 FOLLOWER]: Leader election won for term 1
I20260709 12:57:56.475222  1272 raft_consensus.cc:697] T ad9cc7e1cd1c4c89a25983313c78b595 P 80fce5d30bb542878fca7e15ce3dc9c8 [term 1 LEADER]: Becoming Leader. State: Replica: 80fce5d30bb542878fca7e15ce3dc9c8, State: Running, Role: LEADER
I20260709 12:57:56.476107  1258 tablet_bootstrap.cc:654] T 2c26b303405a44ebad543e3704981cd7 P 751b69b8a6224ab6976389d5d4f59630: Neither blocks nor log segments found. Creating new log.
I20260709 12:57:56.476080  1272 consensus_queue.cc:237] T ad9cc7e1cd1c4c89a25983313c78b595 P 80fce5d30bb542878fca7e15ce3dc9c8 [LEADER]: Queue going to LEADER mode. State: All replicated index: 0, Majority replicated index: 0, Committed index: 0, Last appended: 0.0, Last appended by leader: 0, Current term: 1, Majority size: 2, State: 0, Mode: LEADER, active raft config: opid_index: -1 OBSOLETE_local: false peers { permanent_uuid: "1c4a81d9eb55452e8a0e142b5004406e" member_type: VOTER last_known_addr { host: "127.0.107.193" port: 35669 } } peers { permanent_uuid: "751b69b8a6224ab6976389d5d4f59630" member_type: VOTER last_known_addr { host: "127.0.107.194" port: 38125 } } peers { permanent_uuid: "80fce5d30bb542878fca7e15ce3dc9c8" member_type: VOTER last_known_addr { host: "127.0.107.195" port: 41811 } }
I20260709 12:57:56.483328  1215 tablet_service.cc:1917] Received RequestConsensusVote() RPC: tablet_id: "7b42f82324054935afd649fecb8ff90b" candidate_uuid: "751b69b8a6224ab6976389d5d4f59630" candidate_term: 1 candidate_status { last_received { term: 0 index: 0 } } ignore_live_leader: false dest_uuid: "80fce5d30bb542878fca7e15ce3dc9c8" is_pre_election: true
W20260709 12:57:56.484277  1012 auto_rebalancer.cc:288] Could not retrieve cluster info: Service unavailable: Tablet not running
W20260709 12:57:56.485360  1107 leader_election.cc:343] T 7b42f82324054935afd649fecb8ff90b P 751b69b8a6224ab6976389d5d4f59630 [CANDIDATE]: Term 1 pre-election: Tablet error from VoteRequest() call to peer 80fce5d30bb542878fca7e15ce3dc9c8 (127.0.107.195:41811): Illegal state: must be running to vote when last-logged opid is not known
I20260709 12:57:56.482878  1255 tablet_bootstrap.cc:654] T f3a7c8af9185472692061ab7a25824ab P 1c4a81d9eb55452e8a0e142b5004406e: Neither blocks nor log segments found. Creating new log.
I20260709 12:57:56.486387  1256 consensus_queue.cc:260] T 2e3064ab36ae4ef5a00a5002fe9e613a P 80fce5d30bb542878fca7e15ce3dc9c8 [NON_LEADER]: Queue going to NON_LEADER mode. State: All replicated index: 0, Majority replicated index: 0, Committed index: 0, Last appended: 0.0, Last appended by leader: 0, Current term: 0, Majority size: -1, State: 0, Mode: NON_LEADER, active raft config: opid_index: -1 OBSOLETE_local: false peers { permanent_uuid: "1c4a81d9eb55452e8a0e142b5004406e" member_type: VOTER last_known_addr { host: "127.0.107.193" port: 35669 } } peers { permanent_uuid: "751b69b8a6224ab6976389d5d4f59630" member_type: VOTER last_known_addr { host: "127.0.107.194" port: 38125 } } peers { permanent_uuid: "80fce5d30bb542878fca7e15ce3dc9c8" member_type: VOTER last_known_addr { host: "127.0.107.195" port: 41811 } }
I20260709 12:57:56.491274  1066 tablet_service.cc:1917] Received RequestConsensusVote() RPC: tablet_id: "7b42f82324054935afd649fecb8ff90b" candidate_uuid: "751b69b8a6224ab6976389d5d4f59630" candidate_term: 1 candidate_status { last_received { term: 0 index: 0 } } ignore_live_leader: false dest_uuid: "1c4a81d9eb55452e8a0e142b5004406e" is_pre_election: true
I20260709 12:57:56.491994  1066 raft_consensus.cc:2468] T 7b42f82324054935afd649fecb8ff90b P 1c4a81d9eb55452e8a0e142b5004406e [term 0 FOLLOWER]: Leader pre-election vote request: Granting yes vote for candidate 751b69b8a6224ab6976389d5d4f59630 in term 0.
I20260709 12:57:56.493345  1258 tablet_bootstrap.cc:492] T 2c26b303405a44ebad543e3704981cd7 P 751b69b8a6224ab6976389d5d4f59630: No bootstrap required, opened a new log
I20260709 12:57:56.493935  1258 ts_tablet_manager.cc:1403] T 2c26b303405a44ebad543e3704981cd7 P 751b69b8a6224ab6976389d5d4f59630: Time spent bootstrapping tablet: real 0.034s	user 0.009s	sys 0.006s
I20260709 12:57:56.496395  1256 ts_tablet_manager.cc:1434] T 2e3064ab36ae4ef5a00a5002fe9e613a P 80fce5d30bb542878fca7e15ce3dc9c8: Time spent starting tablet: real 0.038s	user 0.007s	sys 0.001s
I20260709 12:57:56.495966   964 catalog_manager.cc:5697] T ad9cc7e1cd1c4c89a25983313c78b595 P 80fce5d30bb542878fca7e15ce3dc9c8 reported cstate change: term changed from 0 to 1, leader changed from <none> to 80fce5d30bb542878fca7e15ce3dc9c8 (127.0.107.195). New cstate: current_term: 1 leader_uuid: "80fce5d30bb542878fca7e15ce3dc9c8" committed_config { opid_index: -1 OBSOLETE_local: false peers { permanent_uuid: "1c4a81d9eb55452e8a0e142b5004406e" member_type: VOTER last_known_addr { host: "127.0.107.193" port: 35669 } health_report { overall_health: UNKNOWN } } peers { permanent_uuid: "751b69b8a6224ab6976389d5d4f59630" member_type: VOTER last_known_addr { host: "127.0.107.194" port: 38125 } health_report { overall_health: UNKNOWN } } peers { permanent_uuid: "80fce5d30bb542878fca7e15ce3dc9c8" member_type: VOTER last_known_addr { host: "127.0.107.195" port: 41811 } health_report { overall_health: HEALTHY } } }
I20260709 12:57:56.497483  1256 tablet_bootstrap.cc:492] T f3a7c8af9185472692061ab7a25824ab P 80fce5d30bb542878fca7e15ce3dc9c8: Bootstrap starting.
I20260709 12:57:56.497051  1258 raft_consensus.cc:359] T 2c26b303405a44ebad543e3704981cd7 P 751b69b8a6224ab6976389d5d4f59630 [term 0 FOLLOWER]: Replica starting. Triggering 0 pending ops. Active config: opid_index: -1 OBSOLETE_local: false peers { permanent_uuid: "1c4a81d9eb55452e8a0e142b5004406e" member_type: VOTER last_known_addr { host: "127.0.107.193" port: 35669 } } peers { permanent_uuid: "751b69b8a6224ab6976389d5d4f59630" member_type: VOTER last_known_addr { host: "127.0.107.194" port: 38125 } } peers { permanent_uuid: "80fce5d30bb542878fca7e15ce3dc9c8" member_type: VOTER last_known_addr { host: "127.0.107.195" port: 41811 } }
I20260709 12:57:56.497854  1258 raft_consensus.cc:385] T 2c26b303405a44ebad543e3704981cd7 P 751b69b8a6224ab6976389d5d4f59630 [term 0 FOLLOWER]: Consensus starting up: Expiring failure detector timer to make a prompt election more likely
I20260709 12:57:56.498159  1258 raft_consensus.cc:740] T 2c26b303405a44ebad543e3704981cd7 P 751b69b8a6224ab6976389d5d4f59630 [term 0 FOLLOWER]: Becoming Follower/Learner. State: Replica: 751b69b8a6224ab6976389d5d4f59630, State: Initialized, Role: FOLLOWER
I20260709 12:57:56.499150  1258 consensus_queue.cc:260] T 2c26b303405a44ebad543e3704981cd7 P 751b69b8a6224ab6976389d5d4f59630 [NON_LEADER]: Queue going to NON_LEADER mode. State: All replicated index: 0, Majority replicated index: 0, Committed index: 0, Last appended: 0.0, Last appended by leader: 0, Current term: 0, Majority size: -1, State: 0, Mode: NON_LEADER, active raft config: opid_index: -1 OBSOLETE_local: false peers { permanent_uuid: "1c4a81d9eb55452e8a0e142b5004406e" member_type: VOTER last_known_addr { host: "127.0.107.193" port: 35669 } } peers { permanent_uuid: "751b69b8a6224ab6976389d5d4f59630" member_type: VOTER last_known_addr { host: "127.0.107.194" port: 38125 } } peers { permanent_uuid: "80fce5d30bb542878fca7e15ce3dc9c8" member_type: VOTER last_known_addr { host: "127.0.107.195" port: 41811 } }
I20260709 12:57:56.493335  1106 leader_election.cc:304] T 7b42f82324054935afd649fecb8ff90b P 751b69b8a6224ab6976389d5d4f59630 [CANDIDATE]: Term 1 pre-election: Election decided. Result: candidate won. Election summary: received 3 responses out of 3 voters: 2 yes votes; 1 no votes. yes voters: 1c4a81d9eb55452e8a0e142b5004406e, 751b69b8a6224ab6976389d5d4f59630; no voters: 80fce5d30bb542878fca7e15ce3dc9c8
I20260709 12:57:56.501536  1263 raft_consensus.cc:2804] T 7b42f82324054935afd649fecb8ff90b P 751b69b8a6224ab6976389d5d4f59630 [term 0 FOLLOWER]: Leader pre-election won for term 1
I20260709 12:57:56.501729  1258 ts_tablet_manager.cc:1434] T 2c26b303405a44ebad543e3704981cd7 P 751b69b8a6224ab6976389d5d4f59630: Time spent starting tablet: real 0.007s	user 0.006s	sys 0.002s
I20260709 12:57:56.502027  1263 raft_consensus.cc:493] T 7b42f82324054935afd649fecb8ff90b P 751b69b8a6224ab6976389d5d4f59630 [term 0 FOLLOWER]: Starting leader election (no leader contacted us within the election timeout)
I20260709 12:57:56.502502  1263 raft_consensus.cc:3060] T 7b42f82324054935afd649fecb8ff90b P 751b69b8a6224ab6976389d5d4f59630 [term 0 FOLLOWER]: Advancing to term 1
I20260709 12:57:56.502905  1258 tablet_bootstrap.cc:492] T 410cc12489b34403ade1e684c0c39e89 P 751b69b8a6224ab6976389d5d4f59630: Bootstrap starting.
I20260709 12:57:56.504884  1256 tablet_bootstrap.cc:654] T f3a7c8af9185472692061ab7a25824ab P 80fce5d30bb542878fca7e15ce3dc9c8: Neither blocks nor log segments found. Creating new log.
I20260709 12:57:56.511263  1258 tablet_bootstrap.cc:654] T 410cc12489b34403ade1e684c0c39e89 P 751b69b8a6224ab6976389d5d4f59630: Neither blocks nor log segments found. Creating new log.
I20260709 12:57:56.518988  1256 tablet_bootstrap.cc:492] T f3a7c8af9185472692061ab7a25824ab P 80fce5d30bb542878fca7e15ce3dc9c8: No bootstrap required, opened a new log
I20260709 12:57:56.519701  1256 ts_tablet_manager.cc:1403] T f3a7c8af9185472692061ab7a25824ab P 80fce5d30bb542878fca7e15ce3dc9c8: Time spent bootstrapping tablet: real 0.022s	user 0.009s	sys 0.011s
I20260709 12:57:56.523296  1258 tablet_bootstrap.cc:492] T 410cc12489b34403ade1e684c0c39e89 P 751b69b8a6224ab6976389d5d4f59630: No bootstrap required, opened a new log
I20260709 12:57:56.523885  1258 ts_tablet_manager.cc:1403] T 410cc12489b34403ade1e684c0c39e89 P 751b69b8a6224ab6976389d5d4f59630: Time spent bootstrapping tablet: real 0.021s	user 0.016s	sys 0.001s
I20260709 12:57:56.523236  1256 raft_consensus.cc:359] T f3a7c8af9185472692061ab7a25824ab P 80fce5d30bb542878fca7e15ce3dc9c8 [term 0 FOLLOWER]: Replica starting. Triggering 0 pending ops. Active config: opid_index: -1 OBSOLETE_local: false peers { permanent_uuid: "1c4a81d9eb55452e8a0e142b5004406e" member_type: VOTER last_known_addr { host: "127.0.107.193" port: 35669 } } peers { permanent_uuid: "751b69b8a6224ab6976389d5d4f59630" member_type: VOTER last_known_addr { host: "127.0.107.194" port: 38125 } } peers { permanent_uuid: "80fce5d30bb542878fca7e15ce3dc9c8" member_type: VOTER last_known_addr { host: "127.0.107.195" port: 41811 } }
I20260709 12:57:56.524325  1256 raft_consensus.cc:385] T f3a7c8af9185472692061ab7a25824ab P 80fce5d30bb542878fca7e15ce3dc9c8 [term 0 FOLLOWER]: Consensus starting up: Expiring failure detector timer to make a prompt election more likely
I20260709 12:57:56.524729  1256 raft_consensus.cc:740] T f3a7c8af9185472692061ab7a25824ab P 80fce5d30bb542878fca7e15ce3dc9c8 [term 0 FOLLOWER]: Becoming Follower/Learner. State: Replica: 80fce5d30bb542878fca7e15ce3dc9c8, State: Initialized, Role: FOLLOWER
I20260709 12:57:56.525875  1256 consensus_queue.cc:260] T f3a7c8af9185472692061ab7a25824ab P 80fce5d30bb542878fca7e15ce3dc9c8 [NON_LEADER]: Queue going to NON_LEADER mode. State: All replicated index: 0, Majority replicated index: 0, Committed index: 0, Last appended: 0.0, Last appended by leader: 0, Current term: 0, Majority size: -1, State: 0, Mode: NON_LEADER, active raft config: opid_index: -1 OBSOLETE_local: false peers { permanent_uuid: "1c4a81d9eb55452e8a0e142b5004406e" member_type: VOTER last_known_addr { host: "127.0.107.193" port: 35669 } } peers { permanent_uuid: "751b69b8a6224ab6976389d5d4f59630" member_type: VOTER last_known_addr { host: "127.0.107.194" port: 38125 } } peers { permanent_uuid: "80fce5d30bb542878fca7e15ce3dc9c8" member_type: VOTER last_known_addr { host: "127.0.107.195" port: 41811 } }
I20260709 12:57:56.527297  1258 raft_consensus.cc:359] T 410cc12489b34403ade1e684c0c39e89 P 751b69b8a6224ab6976389d5d4f59630 [term 0 FOLLOWER]: Replica starting. Triggering 0 pending ops. Active config: opid_index: -1 OBSOLETE_local: false peers { permanent_uuid: "1c4a81d9eb55452e8a0e142b5004406e" member_type: VOTER last_known_addr { host: "127.0.107.193" port: 35669 } } peers { permanent_uuid: "751b69b8a6224ab6976389d5d4f59630" member_type: VOTER last_known_addr { host: "127.0.107.194" port: 38125 } } peers { permanent_uuid: "80fce5d30bb542878fca7e15ce3dc9c8" member_type: VOTER last_known_addr { host: "127.0.107.195" port: 41811 } }
I20260709 12:57:56.528103  1258 raft_consensus.cc:385] T 410cc12489b34403ade1e684c0c39e89 P 751b69b8a6224ab6976389d5d4f59630 [term 0 FOLLOWER]: Consensus starting up: Expiring failure detector timer to make a prompt election more likely
I20260709 12:57:56.528434  1258 raft_consensus.cc:740] T 410cc12489b34403ade1e684c0c39e89 P 751b69b8a6224ab6976389d5d4f59630 [term 0 FOLLOWER]: Becoming Follower/Learner. State: Replica: 751b69b8a6224ab6976389d5d4f59630, State: Initialized, Role: FOLLOWER
I20260709 12:57:56.528690  1256 ts_tablet_manager.cc:1434] T f3a7c8af9185472692061ab7a25824ab P 80fce5d30bb542878fca7e15ce3dc9c8: Time spent starting tablet: real 0.008s	user 0.006s	sys 0.001s
I20260709 12:57:56.529824  1256 tablet_bootstrap.cc:492] T 7b42f82324054935afd649fecb8ff90b P 80fce5d30bb542878fca7e15ce3dc9c8: Bootstrap starting.
I20260709 12:57:56.529537  1258 consensus_queue.cc:260] T 410cc12489b34403ade1e684c0c39e89 P 751b69b8a6224ab6976389d5d4f59630 [NON_LEADER]: Queue going to NON_LEADER mode. State: All replicated index: 0, Majority replicated index: 0, Committed index: 0, Last appended: 0.0, Last appended by leader: 0, Current term: 0, Majority size: -1, State: 0, Mode: NON_LEADER, active raft config: opid_index: -1 OBSOLETE_local: false peers { permanent_uuid: "1c4a81d9eb55452e8a0e142b5004406e" member_type: VOTER last_known_addr { host: "127.0.107.193" port: 35669 } } peers { permanent_uuid: "751b69b8a6224ab6976389d5d4f59630" member_type: VOTER last_known_addr { host: "127.0.107.194" port: 38125 } } peers { permanent_uuid: "80fce5d30bb542878fca7e15ce3dc9c8" member_type: VOTER last_known_addr { host: "127.0.107.195" port: 41811 } }
I20260709 12:57:56.531919  1258 ts_tablet_manager.cc:1434] T 410cc12489b34403ade1e684c0c39e89 P 751b69b8a6224ab6976389d5d4f59630: Time spent starting tablet: real 0.008s	user 0.006s	sys 0.000s
I20260709 12:57:56.533020  1258 tablet_bootstrap.cc:492] T 45337e47fdd34fae9e0ebfd85901f9a5 P 751b69b8a6224ab6976389d5d4f59630: Bootstrap starting.
I20260709 12:57:56.535574  1263 raft_consensus.cc:515] T 7b42f82324054935afd649fecb8ff90b P 751b69b8a6224ab6976389d5d4f59630 [term 1 FOLLOWER]: Starting leader election with config: opid_index: -1 OBSOLETE_local: false peers { permanent_uuid: "1c4a81d9eb55452e8a0e142b5004406e" member_type: VOTER last_known_addr { host: "127.0.107.193" port: 35669 } } peers { permanent_uuid: "751b69b8a6224ab6976389d5d4f59630" member_type: VOTER last_known_addr { host: "127.0.107.194" port: 38125 } } peers { permanent_uuid: "80fce5d30bb542878fca7e15ce3dc9c8" member_type: VOTER last_known_addr { host: "127.0.107.195" port: 41811 } }
I20260709 12:57:56.536988  1272 raft_consensus.cc:493] T 2e3064ab36ae4ef5a00a5002fe9e613a P 80fce5d30bb542878fca7e15ce3dc9c8 [term 0 FOLLOWER]: Starting pre-election (no leader contacted us within the election timeout)
I20260709 12:57:56.537577  1272 raft_consensus.cc:515] T 2e3064ab36ae4ef5a00a5002fe9e613a P 80fce5d30bb542878fca7e15ce3dc9c8 [term 0 FOLLOWER]: Starting pre-election with config: opid_index: -1 OBSOLETE_local: false peers { permanent_uuid: "1c4a81d9eb55452e8a0e142b5004406e" member_type: VOTER last_known_addr { host: "127.0.107.193" port: 35669 } } peers { permanent_uuid: "751b69b8a6224ab6976389d5d4f59630" member_type: VOTER last_known_addr { host: "127.0.107.194" port: 38125 } } peers { permanent_uuid: "80fce5d30bb542878fca7e15ce3dc9c8" member_type: VOTER last_known_addr { host: "127.0.107.195" port: 41811 } }
I20260709 12:57:56.539855  1258 tablet_bootstrap.cc:654] T 45337e47fdd34fae9e0ebfd85901f9a5 P 751b69b8a6224ab6976389d5d4f59630: Neither blocks nor log segments found. Creating new log.
I20260709 12:57:56.540069  1215 tablet_service.cc:1917] Received RequestConsensusVote() RPC: tablet_id: "7b42f82324054935afd649fecb8ff90b" candidate_uuid: "751b69b8a6224ab6976389d5d4f59630" candidate_term: 1 candidate_status { last_received { term: 0 index: 0 } } ignore_live_leader: false dest_uuid: "80fce5d30bb542878fca7e15ce3dc9c8"
I20260709 12:57:56.541782  1272 leader_election.cc:290] T 2e3064ab36ae4ef5a00a5002fe9e613a P 80fce5d30bb542878fca7e15ce3dc9c8 [CANDIDATE]: Term 1 pre-election: Requested pre-vote from peers 1c4a81d9eb55452e8a0e142b5004406e (127.0.107.193:35669), 751b69b8a6224ab6976389d5d4f59630 (127.0.107.194:38125)
I20260709 12:57:56.541965  1141 tablet_service.cc:1917] Received RequestConsensusVote() RPC: tablet_id: "2e3064ab36ae4ef5a00a5002fe9e613a" candidate_uuid: "80fce5d30bb542878fca7e15ce3dc9c8" candidate_term: 1 candidate_status { last_received { term: 0 index: 0 } } ignore_live_leader: false dest_uuid: "751b69b8a6224ab6976389d5d4f59630" is_pre_election: true
I20260709 12:57:56.542266  1066 tablet_service.cc:1917] Received RequestConsensusVote() RPC: tablet_id: "2e3064ab36ae4ef5a00a5002fe9e613a" candidate_uuid: "80fce5d30bb542878fca7e15ce3dc9c8" candidate_term: 1 candidate_status { last_received { term: 0 index: 0 } } ignore_live_leader: false dest_uuid: "1c4a81d9eb55452e8a0e142b5004406e" is_pre_election: true
I20260709 12:57:56.542634  1141 raft_consensus.cc:2468] T 2e3064ab36ae4ef5a00a5002fe9e613a P 751b69b8a6224ab6976389d5d4f59630 [term 0 FOLLOWER]: Leader pre-election vote request: Granting yes vote for candidate 80fce5d30bb542878fca7e15ce3dc9c8 in term 0.
I20260709 12:57:56.542840  1066 raft_consensus.cc:2468] T 2e3064ab36ae4ef5a00a5002fe9e613a P 1c4a81d9eb55452e8a0e142b5004406e [term 0 FOLLOWER]: Leader pre-election vote request: Granting yes vote for candidate 80fce5d30bb542878fca7e15ce3dc9c8 in term 0.
I20260709 12:57:56.544047  1180 leader_election.cc:304] T 2e3064ab36ae4ef5a00a5002fe9e613a P 80fce5d30bb542878fca7e15ce3dc9c8 [CANDIDATE]: Term 1 pre-election: Election decided. Result: candidate won. Election summary: received 2 responses out of 3 voters: 2 yes votes; 0 no votes. yes voters: 1c4a81d9eb55452e8a0e142b5004406e, 80fce5d30bb542878fca7e15ce3dc9c8; no voters: 
I20260709 12:57:56.544983  1272 raft_consensus.cc:2804] T 2e3064ab36ae4ef5a00a5002fe9e613a P 80fce5d30bb542878fca7e15ce3dc9c8 [term 0 FOLLOWER]: Leader pre-election won for term 1
I20260709 12:57:56.545548  1272 raft_consensus.cc:493] T 2e3064ab36ae4ef5a00a5002fe9e613a P 80fce5d30bb542878fca7e15ce3dc9c8 [term 0 FOLLOWER]: Starting leader election (no leader contacted us within the election timeout)
W20260709 12:57:56.541855  1107 leader_election.cc:343] T 7b42f82324054935afd649fecb8ff90b P 751b69b8a6224ab6976389d5d4f59630 [CANDIDATE]: Term 1 election: Tablet error from VoteRequest() call to peer 80fce5d30bb542878fca7e15ce3dc9c8 (127.0.107.195:41811): Illegal state: must be running to vote when last-logged opid is not known
I20260709 12:57:56.546108  1272 raft_consensus.cc:3060] T 2e3064ab36ae4ef5a00a5002fe9e613a P 80fce5d30bb542878fca7e15ce3dc9c8 [term 0 FOLLOWER]: Advancing to term 1
I20260709 12:57:56.553740  1258 tablet_bootstrap.cc:492] T 45337e47fdd34fae9e0ebfd85901f9a5 P 751b69b8a6224ab6976389d5d4f59630: No bootstrap required, opened a new log
W20260709 12:57:56.553575  1106 outbound_call.cc:321] RPC callback for RPC call kudu.consensus.ConsensusService.RequestConsensusVote -> {remote=127.0.107.193:35669, user_credentials={real_user=slave}} blocked reactor thread for 60333.8us
I20260709 12:57:56.554267  1258 ts_tablet_manager.cc:1403] T 45337e47fdd34fae9e0ebfd85901f9a5 P 751b69b8a6224ab6976389d5d4f59630: Time spent bootstrapping tablet: real 0.021s	user 0.014s	sys 0.003s
I20260709 12:57:56.555331  1066 tablet_service.cc:1917] Received RequestConsensusVote() RPC: tablet_id: "7b42f82324054935afd649fecb8ff90b" candidate_uuid: "751b69b8a6224ab6976389d5d4f59630" candidate_term: 1 candidate_status { last_received { term: 0 index: 0 } } ignore_live_leader: false dest_uuid: "1c4a81d9eb55452e8a0e142b5004406e"
I20260709 12:57:56.555531  1272 raft_consensus.cc:515] T 2e3064ab36ae4ef5a00a5002fe9e613a P 80fce5d30bb542878fca7e15ce3dc9c8 [term 1 FOLLOWER]: Starting leader election with config: opid_index: -1 OBSOLETE_local: false peers { permanent_uuid: "1c4a81d9eb55452e8a0e142b5004406e" member_type: VOTER last_known_addr { host: "127.0.107.193" port: 35669 } } peers { permanent_uuid: "751b69b8a6224ab6976389d5d4f59630" member_type: VOTER last_known_addr { host: "127.0.107.194" port: 38125 } } peers { permanent_uuid: "80fce5d30bb542878fca7e15ce3dc9c8" member_type: VOTER last_known_addr { host: "127.0.107.195" port: 41811 } }
I20260709 12:57:56.555930  1066 raft_consensus.cc:3060] T 7b42f82324054935afd649fecb8ff90b P 1c4a81d9eb55452e8a0e142b5004406e [term 0 FOLLOWER]: Advancing to term 1
I20260709 12:57:56.557057  1258 raft_consensus.cc:359] T 45337e47fdd34fae9e0ebfd85901f9a5 P 751b69b8a6224ab6976389d5d4f59630 [term 0 FOLLOWER]: Replica starting. Triggering 0 pending ops. Active config: opid_index: -1 OBSOLETE_local: false peers { permanent_uuid: "1c4a81d9eb55452e8a0e142b5004406e" member_type: VOTER last_known_addr { host: "127.0.107.193" port: 35669 } } peers { permanent_uuid: "751b69b8a6224ab6976389d5d4f59630" member_type: VOTER last_known_addr { host: "127.0.107.194" port: 38125 } } peers { permanent_uuid: "80fce5d30bb542878fca7e15ce3dc9c8" member_type: VOTER last_known_addr { host: "127.0.107.195" port: 41811 } }
I20260709 12:57:56.557812  1258 raft_consensus.cc:385] T 45337e47fdd34fae9e0ebfd85901f9a5 P 751b69b8a6224ab6976389d5d4f59630 [term 0 FOLLOWER]: Consensus starting up: Expiring failure detector timer to make a prompt election more likely
I20260709 12:57:56.558048  1256 tablet_bootstrap.cc:654] T 7b42f82324054935afd649fecb8ff90b P 80fce5d30bb542878fca7e15ce3dc9c8: Neither blocks nor log segments found. Creating new log.
I20260709 12:57:56.558148  1258 raft_consensus.cc:740] T 45337e47fdd34fae9e0ebfd85901f9a5 P 751b69b8a6224ab6976389d5d4f59630 [term 0 FOLLOWER]: Becoming Follower/Learner. State: Replica: 751b69b8a6224ab6976389d5d4f59630, State: Initialized, Role: FOLLOWER
I20260709 12:57:56.559183  1258 consensus_queue.cc:260] T 45337e47fdd34fae9e0ebfd85901f9a5 P 751b69b8a6224ab6976389d5d4f59630 [NON_LEADER]: Queue going to NON_LEADER mode. State: All replicated index: 0, Majority replicated index: 0, Committed index: 0, Last appended: 0.0, Last appended by leader: 0, Current term: 0, Majority size: -1, State: 0, Mode: NON_LEADER, active raft config: opid_index: -1 OBSOLETE_local: false peers { permanent_uuid: "1c4a81d9eb55452e8a0e142b5004406e" member_type: VOTER last_known_addr { host: "127.0.107.193" port: 35669 } } peers { permanent_uuid: "751b69b8a6224ab6976389d5d4f59630" member_type: VOTER last_known_addr { host: "127.0.107.194" port: 38125 } } peers { permanent_uuid: "80fce5d30bb542878fca7e15ce3dc9c8" member_type: VOTER last_known_addr { host: "127.0.107.195" port: 41811 } }
I20260709 12:57:56.561482  1258 ts_tablet_manager.cc:1434] T 45337e47fdd34fae9e0ebfd85901f9a5 P 751b69b8a6224ab6976389d5d4f59630: Time spent starting tablet: real 0.007s	user 0.008s	sys 0.000s
I20260709 12:57:56.562212  1272 leader_election.cc:290] T 2e3064ab36ae4ef5a00a5002fe9e613a P 80fce5d30bb542878fca7e15ce3dc9c8 [CANDIDATE]: Term 1 election: Requested vote from peers 1c4a81d9eb55452e8a0e142b5004406e (127.0.107.193:35669), 751b69b8a6224ab6976389d5d4f59630 (127.0.107.194:38125)
I20260709 12:57:56.562408  1258 tablet_bootstrap.cc:492] T 71538a38d436460f90627df685b70673 P 751b69b8a6224ab6976389d5d4f59630: Bootstrap starting.
I20260709 12:57:56.563859  1141 tablet_service.cc:1917] Received RequestConsensusVote() RPC: tablet_id: "2e3064ab36ae4ef5a00a5002fe9e613a" candidate_uuid: "80fce5d30bb542878fca7e15ce3dc9c8" candidate_term: 1 candidate_status { last_received { term: 0 index: 0 } } ignore_live_leader: false dest_uuid: "751b69b8a6224ab6976389d5d4f59630"
I20260709 12:57:56.564674  1141 raft_consensus.cc:3060] T 2e3064ab36ae4ef5a00a5002fe9e613a P 751b69b8a6224ab6976389d5d4f59630 [term 0 FOLLOWER]: Advancing to term 1
I20260709 12:57:56.568558  1256 tablet_bootstrap.cc:492] T 7b42f82324054935afd649fecb8ff90b P 80fce5d30bb542878fca7e15ce3dc9c8: No bootstrap required, opened a new log
I20260709 12:57:56.569096  1256 ts_tablet_manager.cc:1403] T 7b42f82324054935afd649fecb8ff90b P 80fce5d30bb542878fca7e15ce3dc9c8: Time spent bootstrapping tablet: real 0.039s	user 0.010s	sys 0.004s
I20260709 12:57:56.568827  1065 tablet_service.cc:1917] Received RequestConsensusVote() RPC: tablet_id: "2e3064ab36ae4ef5a00a5002fe9e613a" candidate_uuid: "80fce5d30bb542878fca7e15ce3dc9c8" candidate_term: 1 candidate_status { last_received { term: 0 index: 0 } } ignore_live_leader: false dest_uuid: "1c4a81d9eb55452e8a0e142b5004406e"
I20260709 12:57:56.569679  1065 raft_consensus.cc:3060] T 2e3064ab36ae4ef5a00a5002fe9e613a P 1c4a81d9eb55452e8a0e142b5004406e [term 0 FOLLOWER]: Advancing to term 1
I20260709 12:57:56.569681  1258 tablet_bootstrap.cc:654] T 71538a38d436460f90627df685b70673 P 751b69b8a6224ab6976389d5d4f59630: Neither blocks nor log segments found. Creating new log.
I20260709 12:57:56.572393  1256 raft_consensus.cc:359] T 7b42f82324054935afd649fecb8ff90b P 80fce5d30bb542878fca7e15ce3dc9c8 [term 0 FOLLOWER]: Replica starting. Triggering 0 pending ops. Active config: opid_index: -1 OBSOLETE_local: false peers { permanent_uuid: "1c4a81d9eb55452e8a0e142b5004406e" member_type: VOTER last_known_addr { host: "127.0.107.193" port: 35669 } } peers { permanent_uuid: "751b69b8a6224ab6976389d5d4f59630" member_type: VOTER last_known_addr { host: "127.0.107.194" port: 38125 } } peers { permanent_uuid: "80fce5d30bb542878fca7e15ce3dc9c8" member_type: VOTER last_known_addr { host: "127.0.107.195" port: 41811 } }
I20260709 12:57:56.573673  1256 raft_consensus.cc:385] T 7b42f82324054935afd649fecb8ff90b P 80fce5d30bb542878fca7e15ce3dc9c8 [term 0 FOLLOWER]: Consensus starting up: Expiring failure detector timer to make a prompt election more likely
I20260709 12:57:56.574122  1256 raft_consensus.cc:740] T 7b42f82324054935afd649fecb8ff90b P 80fce5d30bb542878fca7e15ce3dc9c8 [term 0 FOLLOWER]: Becoming Follower/Learner. State: Replica: 80fce5d30bb542878fca7e15ce3dc9c8, State: Initialized, Role: FOLLOWER
I20260709 12:57:56.575397  1256 consensus_queue.cc:260] T 7b42f82324054935afd649fecb8ff90b P 80fce5d30bb542878fca7e15ce3dc9c8 [NON_LEADER]: Queue going to NON_LEADER mode. State: All replicated index: 0, Majority replicated index: 0, Committed index: 0, Last appended: 0.0, Last appended by leader: 0, Current term: 0, Majority size: -1, State: 0, Mode: NON_LEADER, active raft config: opid_index: -1 OBSOLETE_local: false peers { permanent_uuid: "1c4a81d9eb55452e8a0e142b5004406e" member_type: VOTER last_known_addr { host: "127.0.107.193" port: 35669 } } peers { permanent_uuid: "751b69b8a6224ab6976389d5d4f59630" member_type: VOTER last_known_addr { host: "127.0.107.194" port: 38125 } } peers { permanent_uuid: "80fce5d30bb542878fca7e15ce3dc9c8" member_type: VOTER last_known_addr { host: "127.0.107.195" port: 41811 } }
I20260709 12:57:56.578980  1256 ts_tablet_manager.cc:1434] T 7b42f82324054935afd649fecb8ff90b P 80fce5d30bb542878fca7e15ce3dc9c8: Time spent starting tablet: real 0.009s	user 0.004s	sys 0.003s
I20260709 12:57:56.580183  1256 tablet_bootstrap.cc:492] T 7b14db9b98e04e0bac750a1e338ac30f P 80fce5d30bb542878fca7e15ce3dc9c8: Bootstrap starting.
I20260709 12:57:56.581475  1258 tablet_bootstrap.cc:492] T 71538a38d436460f90627df685b70673 P 751b69b8a6224ab6976389d5d4f59630: No bootstrap required, opened a new log
I20260709 12:57:56.581961  1258 ts_tablet_manager.cc:1403] T 71538a38d436460f90627df685b70673 P 751b69b8a6224ab6976389d5d4f59630: Time spent bootstrapping tablet: real 0.020s	user 0.006s	sys 0.012s
I20260709 12:57:56.584975  1258 raft_consensus.cc:359] T 71538a38d436460f90627df685b70673 P 751b69b8a6224ab6976389d5d4f59630 [term 0 FOLLOWER]: Replica starting. Triggering 0 pending ops. Active config: opid_index: -1 OBSOLETE_local: false peers { permanent_uuid: "1c4a81d9eb55452e8a0e142b5004406e" member_type: VOTER last_known_addr { host: "127.0.107.193" port: 35669 } } peers { permanent_uuid: "751b69b8a6224ab6976389d5d4f59630" member_type: VOTER last_known_addr { host: "127.0.107.194" port: 38125 } } peers { permanent_uuid: "80fce5d30bb542878fca7e15ce3dc9c8" member_type: VOTER last_known_addr { host: "127.0.107.195" port: 41811 } }
I20260709 12:57:56.595610  1272 raft_consensus.cc:493] T f3a7c8af9185472692061ab7a25824ab P 80fce5d30bb542878fca7e15ce3dc9c8 [term 0 FOLLOWER]: Starting pre-election (no leader contacted us within the election timeout)
I20260709 12:57:56.596956  1258 raft_consensus.cc:385] T 71538a38d436460f90627df685b70673 P 751b69b8a6224ab6976389d5d4f59630 [term 0 FOLLOWER]: Consensus starting up: Expiring failure detector timer to make a prompt election more likely
I20260709 12:57:56.585305  1141 raft_consensus.cc:2468] T 2e3064ab36ae4ef5a00a5002fe9e613a P 751b69b8a6224ab6976389d5d4f59630 [term 1 FOLLOWER]: Leader election vote request: Granting yes vote for candidate 80fce5d30bb542878fca7e15ce3dc9c8 in term 1.
I20260709 12:57:56.597525  1258 raft_consensus.cc:740] T 71538a38d436460f90627df685b70673 P 751b69b8a6224ab6976389d5d4f59630 [term 0 FOLLOWER]: Becoming Follower/Learner. State: Replica: 751b69b8a6224ab6976389d5d4f59630, State: Initialized, Role: FOLLOWER
I20260709 12:57:56.597579  1272 raft_consensus.cc:515] T f3a7c8af9185472692061ab7a25824ab P 80fce5d30bb542878fca7e15ce3dc9c8 [term 0 FOLLOWER]: Starting pre-election with config: opid_index: -1 OBSOLETE_local: false peers { permanent_uuid: "1c4a81d9eb55452e8a0e142b5004406e" member_type: VOTER last_known_addr { host: "127.0.107.193" port: 35669 } } peers { permanent_uuid: "751b69b8a6224ab6976389d5d4f59630" member_type: VOTER last_known_addr { host: "127.0.107.194" port: 38125 } } peers { permanent_uuid: "80fce5d30bb542878fca7e15ce3dc9c8" member_type: VOTER last_known_addr { host: "127.0.107.195" port: 41811 } }
I20260709 12:57:56.588513  1256 tablet_bootstrap.cc:654] T 7b14db9b98e04e0bac750a1e338ac30f P 80fce5d30bb542878fca7e15ce3dc9c8: Neither blocks nor log segments found. Creating new log.
I20260709 12:57:56.598718  1179 leader_election.cc:304] T 2e3064ab36ae4ef5a00a5002fe9e613a P 80fce5d30bb542878fca7e15ce3dc9c8 [CANDIDATE]: Term 1 election: Election decided. Result: candidate won. Election summary: received 2 responses out of 3 voters: 2 yes votes; 0 no votes. yes voters: 751b69b8a6224ab6976389d5d4f59630, 80fce5d30bb542878fca7e15ce3dc9c8; no voters: 
I20260709 12:57:56.600046  1262 raft_consensus.cc:2804] T 2e3064ab36ae4ef5a00a5002fe9e613a P 80fce5d30bb542878fca7e15ce3dc9c8 [term 1 FOLLOWER]: Leader election won for term 1
I20260709 12:57:56.600934  1064 tablet_service.cc:1917] Received RequestConsensusVote() RPC: tablet_id: "f3a7c8af9185472692061ab7a25824ab" candidate_uuid: "80fce5d30bb542878fca7e15ce3dc9c8" candidate_term: 1 candidate_status { last_received { term: 0 index: 0 } } ignore_live_leader: false dest_uuid: "1c4a81d9eb55452e8a0e142b5004406e" is_pre_election: true
I20260709 12:57:56.601774  1258 consensus_queue.cc:260] T 71538a38d436460f90627df685b70673 P 751b69b8a6224ab6976389d5d4f59630 [NON_LEADER]: Queue going to NON_LEADER mode. State: All replicated index: 0, Majority replicated index: 0, Committed index: 0, Last appended: 0.0, Last appended by leader: 0, Current term: 0, Majority size: -1, State: 0, Mode: NON_LEADER, active raft config: opid_index: -1 OBSOLETE_local: false peers { permanent_uuid: "1c4a81d9eb55452e8a0e142b5004406e" member_type: VOTER last_known_addr { host: "127.0.107.193" port: 35669 } } peers { permanent_uuid: "751b69b8a6224ab6976389d5d4f59630" member_type: VOTER last_known_addr { host: "127.0.107.194" port: 38125 } } peers { permanent_uuid: "80fce5d30bb542878fca7e15ce3dc9c8" member_type: VOTER last_known_addr { host: "127.0.107.195" port: 41811 } }
I20260709 12:57:56.602806  1140 tablet_service.cc:1917] Received RequestConsensusVote() RPC: tablet_id: "f3a7c8af9185472692061ab7a25824ab" candidate_uuid: "80fce5d30bb542878fca7e15ce3dc9c8" candidate_term: 1 candidate_status { last_received { term: 0 index: 0 } } ignore_live_leader: false dest_uuid: "751b69b8a6224ab6976389d5d4f59630" is_pre_election: true
I20260709 12:57:56.603466  1140 raft_consensus.cc:2468] T f3a7c8af9185472692061ab7a25824ab P 751b69b8a6224ab6976389d5d4f59630 [term 0 FOLLOWER]: Leader pre-election vote request: Granting yes vote for candidate 80fce5d30bb542878fca7e15ce3dc9c8 in term 0.
I20260709 12:57:56.604386  1258 ts_tablet_manager.cc:1434] T 71538a38d436460f90627df685b70673 P 751b69b8a6224ab6976389d5d4f59630: Time spent starting tablet: real 0.022s	user 0.013s	sys 0.005s
W20260709 12:57:56.604799  1180 leader_election.cc:343] T f3a7c8af9185472692061ab7a25824ab P 80fce5d30bb542878fca7e15ce3dc9c8 [CANDIDATE]: Term 1 pre-election: Tablet error from VoteRequest() call to peer 1c4a81d9eb55452e8a0e142b5004406e (127.0.107.193:35669): Illegal state: must be running to vote when last-logged opid is not known
I20260709 12:57:56.605341  1258 tablet_bootstrap.cc:492] T efd638d0f22c47c786f74fd3a3f3eccc P 751b69b8a6224ab6976389d5d4f59630: Bootstrap starting.
I20260709 12:57:56.605962  1179 leader_election.cc:304] T f3a7c8af9185472692061ab7a25824ab P 80fce5d30bb542878fca7e15ce3dc9c8 [CANDIDATE]: Term 1 pre-election: Election decided. Result: candidate won. Election summary: received 3 responses out of 3 voters: 2 yes votes; 1 no votes. yes voters: 751b69b8a6224ab6976389d5d4f59630, 80fce5d30bb542878fca7e15ce3dc9c8; no voters: 1c4a81d9eb55452e8a0e142b5004406e
I20260709 12:57:56.601109  1272 leader_election.cc:290] T f3a7c8af9185472692061ab7a25824ab P 80fce5d30bb542878fca7e15ce3dc9c8 [CANDIDATE]: Term 1 pre-election: Requested pre-vote from peers 1c4a81d9eb55452e8a0e142b5004406e (127.0.107.193:35669), 751b69b8a6224ab6976389d5d4f59630 (127.0.107.194:38125)
I20260709 12:57:56.607520  1272 raft_consensus.cc:2804] T f3a7c8af9185472692061ab7a25824ab P 80fce5d30bb542878fca7e15ce3dc9c8 [term 0 FOLLOWER]: Leader pre-election won for term 1
I20260709 12:57:56.607903  1272 raft_consensus.cc:493] T f3a7c8af9185472692061ab7a25824ab P 80fce5d30bb542878fca7e15ce3dc9c8 [term 0 FOLLOWER]: Starting leader election (no leader contacted us within the election timeout)
I20260709 12:57:56.608276  1272 raft_consensus.cc:3060] T f3a7c8af9185472692061ab7a25824ab P 80fce5d30bb542878fca7e15ce3dc9c8 [term 0 FOLLOWER]: Advancing to term 1
I20260709 12:57:56.596540  1065 raft_consensus.cc:2468] T 2e3064ab36ae4ef5a00a5002fe9e613a P 1c4a81d9eb55452e8a0e142b5004406e [term 1 FOLLOWER]: Leader election vote request: Granting yes vote for candidate 80fce5d30bb542878fca7e15ce3dc9c8 in term 1.
I20260709 12:57:56.611308  1283 raft_consensus.cc:493] T 7b14db9b98e04e0bac750a1e338ac30f P 751b69b8a6224ab6976389d5d4f59630 [term 0 FOLLOWER]: Starting pre-election (no leader contacted us within the election timeout)
I20260709 12:57:56.612031  1283 raft_consensus.cc:515] T 7b14db9b98e04e0bac750a1e338ac30f P 751b69b8a6224ab6976389d5d4f59630 [term 0 FOLLOWER]: Starting pre-election with config: opid_index: -1 OBSOLETE_local: false peers { permanent_uuid: "1c4a81d9eb55452e8a0e142b5004406e" member_type: VOTER last_known_addr { host: "127.0.107.193" port: 35669 } } peers { permanent_uuid: "751b69b8a6224ab6976389d5d4f59630" member_type: VOTER last_known_addr { host: "127.0.107.194" port: 38125 } } peers { permanent_uuid: "80fce5d30bb542878fca7e15ce3dc9c8" member_type: VOTER last_known_addr { host: "127.0.107.195" port: 41811 } }
I20260709 12:57:56.615607  1258 tablet_bootstrap.cc:654] T efd638d0f22c47c786f74fd3a3f3eccc P 751b69b8a6224ab6976389d5d4f59630: Neither blocks nor log segments found. Creating new log.
I20260709 12:57:56.617060  1215 tablet_service.cc:1917] Received RequestConsensusVote() RPC: tablet_id: "7b14db9b98e04e0bac750a1e338ac30f" candidate_uuid: "751b69b8a6224ab6976389d5d4f59630" candidate_term: 1 candidate_status { last_received { term: 0 index: 0 } } ignore_live_leader: false dest_uuid: "80fce5d30bb542878fca7e15ce3dc9c8" is_pre_election: true
W20260709 12:57:56.619377  1107 leader_election.cc:343] T 7b14db9b98e04e0bac750a1e338ac30f P 751b69b8a6224ab6976389d5d4f59630 [CANDIDATE]: Term 1 pre-election: Tablet error from VoteRequest() call to peer 80fce5d30bb542878fca7e15ce3dc9c8 (127.0.107.195:41811): Illegal state: must be running to vote when last-logged opid is not known
I20260709 12:57:56.620301  1283 leader_election.cc:290] T 7b14db9b98e04e0bac750a1e338ac30f P 751b69b8a6224ab6976389d5d4f59630 [CANDIDATE]: Term 1 pre-election: Requested pre-vote from peers 1c4a81d9eb55452e8a0e142b5004406e (127.0.107.193:35669), 80fce5d30bb542878fca7e15ce3dc9c8 (127.0.107.195:41811)
I20260709 12:57:56.622479  1064 tablet_service.cc:1917] Received RequestConsensusVote() RPC: tablet_id: "7b14db9b98e04e0bac750a1e338ac30f" candidate_uuid: "751b69b8a6224ab6976389d5d4f59630" candidate_term: 1 candidate_status { last_received { term: 0 index: 0 } } ignore_live_leader: false dest_uuid: "1c4a81d9eb55452e8a0e142b5004406e" is_pre_election: true
W20260709 12:57:56.624104  1106 leader_election.cc:343] T 7b14db9b98e04e0bac750a1e338ac30f P 751b69b8a6224ab6976389d5d4f59630 [CANDIDATE]: Term 1 pre-election: Tablet error from VoteRequest() call to peer 1c4a81d9eb55452e8a0e142b5004406e (127.0.107.193:35669): Illegal state: must be running to vote when last-logged opid is not known
I20260709 12:57:56.624814  1106 leader_election.cc:304] T 7b14db9b98e04e0bac750a1e338ac30f P 751b69b8a6224ab6976389d5d4f59630 [CANDIDATE]: Term 1 pre-election: Election decided. Result: candidate lost. Election summary: received 3 responses out of 3 voters: 1 yes votes; 2 no votes. yes voters: 751b69b8a6224ab6976389d5d4f59630; no voters: 1c4a81d9eb55452e8a0e142b5004406e, 80fce5d30bb542878fca7e15ce3dc9c8
I20260709 12:57:56.625850  1283 raft_consensus.cc:2749] T 7b14db9b98e04e0bac750a1e338ac30f P 751b69b8a6224ab6976389d5d4f59630 [term 0 FOLLOWER]: Leader pre-election lost for term 1. Reason: could not achieve majority
I20260709 12:57:56.624172  1066 raft_consensus.cc:2468] T 7b42f82324054935afd649fecb8ff90b P 1c4a81d9eb55452e8a0e142b5004406e [term 1 FOLLOWER]: Leader election vote request: Granting yes vote for candidate 751b69b8a6224ab6976389d5d4f59630 in term 1.
