I20260709 13:09:48.320031 10770 raft_consensus.cc:515] T fd9a37eb44bb4e0f9a430e8cc3ed165b P 7d9860787189446c822c54a220aeba88 [term 0 FOLLOWER]: Starting pre-election with config: opid_index: -1 OBSOLETE_local: false peers { permanent_uuid: "f563b0e7300c4751a800647ba4de5cfe" member_type: VOTER last_known_addr { host: "127.9.184.1" port: 41073 } } peers { permanent_uuid: "8d2137e817c446b6b5fcaf737240f95a" member_type: VOTER last_known_addr { host: "127.9.184.2" port: 40955 } } peers { permanent_uuid: "7d9860787189446c822c54a220aeba88" member_type: VOTER last_known_addr { host: "127.9.184.3" port: 36265 } }
I20260709 13:09:48.322292 10770 leader_election.cc:290] T fd9a37eb44bb4e0f9a430e8cc3ed165b P 7d9860787189446c822c54a220aeba88 [CANDIDATE]: Term 1 pre-election: Requested pre-vote from peers f563b0e7300c4751a800647ba4de5cfe (127.9.184.1:41073), 8d2137e817c446b6b5fcaf737240f95a (127.9.184.2:40955)
I20260709 13:09:48.328547 10720 tablet_service.cc:1917] Received RequestConsensusVote() RPC: tablet_id: "096f2b604a6c4d20afd0de7814640371" candidate_uuid: "8d2137e817c446b6b5fcaf737240f95a" candidate_term: 1 candidate_status { last_received { term: 0 index: 0 } } ignore_live_leader: false dest_uuid: "7d9860787189446c822c54a220aeba88"
I20260709 13:09:48.329121 10648 tablet_service.cc:1917] Received RequestConsensusVote() RPC: tablet_id: "fd9a37eb44bb4e0f9a430e8cc3ed165b" candidate_uuid: "7d9860787189446c822c54a220aeba88" candidate_term: 1 candidate_status { last_received { term: 0 index: 0 } } ignore_live_leader: false dest_uuid: "8d2137e817c446b6b5fcaf737240f95a" is_pre_election: true
I20260709 13:09:48.329434 10720 raft_consensus.cc:3060] T 096f2b604a6c4d20afd0de7814640371 P 7d9860787189446c822c54a220aeba88 [term 0 FOLLOWER]: Advancing to term 1
I20260709 13:09:48.330209 10648 raft_consensus.cc:2393] T fd9a37eb44bb4e0f9a430e8cc3ed165b P 8d2137e817c446b6b5fcaf737240f95a [term 1 FOLLOWER]: Leader pre-election vote request: Denying vote to candidate 7d9860787189446c822c54a220aeba88 in current term 1: Already voted for candidate f563b0e7300c4751a800647ba4de5cfe in this term.
I20260709 13:09:48.331653 10573 tablet_service.cc:1917] Received RequestConsensusVote() RPC: tablet_id: "fd9a37eb44bb4e0f9a430e8cc3ed165b" candidate_uuid: "7d9860787189446c822c54a220aeba88" candidate_term: 1 candidate_status { last_received { term: 0 index: 0 } } ignore_live_leader: false dest_uuid: "f563b0e7300c4751a800647ba4de5cfe" is_pre_election: true
I20260709 13:09:48.333436 10689 leader_election.cc:304] T fd9a37eb44bb4e0f9a430e8cc3ed165b P 7d9860787189446c822c54a220aeba88 [CANDIDATE]: Term 1 pre-election: Election decided. Result: candidate lost. Election summary: received 3 responses out of 3 voters: 1 yes votes; 2 no votes. yes voters: 7d9860787189446c822c54a220aeba88; no voters: 8d2137e817c446b6b5fcaf737240f95a, f563b0e7300c4751a800647ba4de5cfe
I20260709 13:09:48.326781 10809 leader_election.cc:290] T 096f2b604a6c4d20afd0de7814640371 P 8d2137e817c446b6b5fcaf737240f95a [CANDIDATE]: Term 1 election: Requested vote from peers f563b0e7300c4751a800647ba4de5cfe (127.9.184.1:41073), 7d9860787189446c822c54a220aeba88 (127.9.184.3:36265)
I20260709 13:09:48.334818 10770 raft_consensus.cc:3060] T fd9a37eb44bb4e0f9a430e8cc3ed165b P 7d9860787189446c822c54a220aeba88 [term 0 FOLLOWER]: Advancing to term 1
I20260709 13:09:48.335537 10764 ts_tablet_manager.cc:1434] T 947ee46b570c441384a8f4aaa17a4ee1 P f563b0e7300c4751a800647ba4de5cfe: Time spent starting tablet: real 0.111s	user 0.003s	sys 0.005s
I20260709 13:09:48.336611 10764 tablet_bootstrap.cc:492] T 096f2b604a6c4d20afd0de7814640371 P f563b0e7300c4751a800647ba4de5cfe: Bootstrap starting.
I20260709 13:09:48.351967 10770 raft_consensus.cc:2749] T fd9a37eb44bb4e0f9a430e8cc3ed165b P 7d9860787189446c822c54a220aeba88 [term 1 FOLLOWER]: Leader pre-election lost for term 1. Reason: could not achieve majority
I20260709 13:09:48.358263 10720 raft_consensus.cc:2468] T 096f2b604a6c4d20afd0de7814640371 P 7d9860787189446c822c54a220aeba88 [term 1 FOLLOWER]: Leader election vote request: Granting yes vote for candidate 8d2137e817c446b6b5fcaf737240f95a in term 1.
I20260709 13:09:48.359431 10615 leader_election.cc:304] T 096f2b604a6c4d20afd0de7814640371 P 8d2137e817c446b6b5fcaf737240f95a [CANDIDATE]: Term 1 election: Election decided. Result: candidate won. Election summary: received 3 responses out of 3 voters: 2 yes votes; 1 no votes. yes voters: 7d9860787189446c822c54a220aeba88, 8d2137e817c446b6b5fcaf737240f95a; no voters: f563b0e7300c4751a800647ba4de5cfe
I20260709 13:09:48.359706 10764 tablet_bootstrap.cc:654] T 096f2b604a6c4d20afd0de7814640371 P f563b0e7300c4751a800647ba4de5cfe: Neither blocks nor log segments found. Creating new log.
I20260709 13:09:48.360363 10809 raft_consensus.cc:2804] T 096f2b604a6c4d20afd0de7814640371 P 8d2137e817c446b6b5fcaf737240f95a [term 1 FOLLOWER]: Leader election won for term 1
I20260709 13:09:48.361485 10809 raft_consensus.cc:697] T 096f2b604a6c4d20afd0de7814640371 P 8d2137e817c446b6b5fcaf737240f95a [term 1 LEADER]: Becoming Leader. State: Replica: 8d2137e817c446b6b5fcaf737240f95a, State: Running, Role: LEADER
I20260709 13:09:48.362249 10809 consensus_queue.cc:237] T 096f2b604a6c4d20afd0de7814640371 P 8d2137e817c446b6b5fcaf737240f95a [LEADER]: Queue going to LEADER mode. State: All replicated index: 0, Majority replicated index: 0, Committed index: 0, Last appended: 0.0, Last appended by leader: 0, Current term: 1, Majority size: 2, State: 0, Mode: LEADER, active raft config: opid_index: -1 OBSOLETE_local: false peers { permanent_uuid: "f563b0e7300c4751a800647ba4de5cfe" member_type: VOTER last_known_addr { host: "127.9.184.1" port: 41073 } } peers { permanent_uuid: "8d2137e817c446b6b5fcaf737240f95a" member_type: VOTER last_known_addr { host: "127.9.184.2" port: 40955 } } peers { permanent_uuid: "7d9860787189446c822c54a220aeba88" member_type: VOTER last_known_addr { host: "127.9.184.3" port: 36265 } }
I20260709 13:09:48.362818 10763 tablet_bootstrap.cc:492] T c9b7012042084ae2b1744bdeed2c913e P 7d9860787189446c822c54a220aeba88: No bootstrap required, opened a new log
I20260709 13:09:48.363262 10763 ts_tablet_manager.cc:1403] T c9b7012042084ae2b1744bdeed2c913e P 7d9860787189446c822c54a220aeba88: Time spent bootstrapping tablet: real 0.069s	user 0.018s	sys 0.037s
I20260709 13:09:48.366519 10763 raft_consensus.cc:359] T c9b7012042084ae2b1744bdeed2c913e P 7d9860787189446c822c54a220aeba88 [term 0 FOLLOWER]: Replica starting. Triggering 0 pending ops. Active config: opid_index: -1 OBSOLETE_local: false peers { permanent_uuid: "f563b0e7300c4751a800647ba4de5cfe" member_type: VOTER last_known_addr { host: "127.9.184.1" port: 41073 } } peers { permanent_uuid: "8d2137e817c446b6b5fcaf737240f95a" member_type: VOTER last_known_addr { host: "127.9.184.2" port: 40955 } } peers { permanent_uuid: "7d9860787189446c822c54a220aeba88" member_type: VOTER last_known_addr { host: "127.9.184.3" port: 36265 } }
I20260709 13:09:48.367213 10763 raft_consensus.cc:385] T c9b7012042084ae2b1744bdeed2c913e P 7d9860787189446c822c54a220aeba88 [term 0 FOLLOWER]: Consensus starting up: Expiring failure detector timer to make a prompt election more likely
I20260709 13:09:48.367475 10763 raft_consensus.cc:740] T c9b7012042084ae2b1744bdeed2c913e P 7d9860787189446c822c54a220aeba88 [term 0 FOLLOWER]: Becoming Follower/Learner. State: Replica: 7d9860787189446c822c54a220aeba88, State: Initialized, Role: FOLLOWER
I20260709 13:09:48.368040 10797 raft_consensus.cc:515] T 29a8c77e77fe4dccb15e3e54223c43b3 P 7d9860787189446c822c54a220aeba88 [term 1 FOLLOWER]: Starting leader election with config: opid_index: -1 OBSOLETE_local: false peers { permanent_uuid: "f563b0e7300c4751a800647ba4de5cfe" member_type: VOTER last_known_addr { host: "127.9.184.1" port: 41073 } } peers { permanent_uuid: "8d2137e817c446b6b5fcaf737240f95a" member_type: VOTER last_known_addr { host: "127.9.184.2" port: 40955 } } peers { permanent_uuid: "7d9860787189446c822c54a220aeba88" member_type: VOTER last_known_addr { host: "127.9.184.3" port: 36265 } }
I20260709 13:09:48.368348 10763 consensus_queue.cc:260] T c9b7012042084ae2b1744bdeed2c913e P 7d9860787189446c822c54a220aeba88 [NON_LEADER]: Queue going to NON_LEADER mode. State: All replicated index: 0, Majority replicated index: 0, Committed index: 0, Last appended: 0.0, Last appended by leader: 0, Current term: 0, Majority size: -1, State: 0, Mode: NON_LEADER, active raft config: opid_index: -1 OBSOLETE_local: false peers { permanent_uuid: "f563b0e7300c4751a800647ba4de5cfe" member_type: VOTER last_known_addr { host: "127.9.184.1" port: 41073 } } peers { permanent_uuid: "8d2137e817c446b6b5fcaf737240f95a" member_type: VOTER last_known_addr { host: "127.9.184.2" port: 40955 } } peers { permanent_uuid: "7d9860787189446c822c54a220aeba88" member_type: VOTER last_known_addr { host: "127.9.184.3" port: 36265 } }
I20260709 13:09:48.368769 10469 catalog_manager.cc:5697] T 0795a5fc5c2144dfa2f7ee922c5c62fd P f563b0e7300c4751a800647ba4de5cfe reported cstate change: term changed from 0 to 1, leader changed from <none> to f563b0e7300c4751a800647ba4de5cfe (127.9.184.1). New cstate: current_term: 1 leader_uuid: "f563b0e7300c4751a800647ba4de5cfe" committed_config { opid_index: -1 OBSOLETE_local: false peers { permanent_uuid: "f563b0e7300c4751a800647ba4de5cfe" member_type: VOTER last_known_addr { host: "127.9.184.1" port: 41073 } health_report { overall_health: HEALTHY } } peers { permanent_uuid: "8d2137e817c446b6b5fcaf737240f95a" member_type: VOTER last_known_addr { host: "127.9.184.2" port: 40955 } health_report { overall_health: UNKNOWN } } peers { permanent_uuid: "7d9860787189446c822c54a220aeba88" member_type: VOTER last_known_addr { host: "127.9.184.3" port: 36265 } health_report { overall_health: UNKNOWN } } }
I20260709 13:09:48.370728 10763 ts_tablet_manager.cc:1434] T c9b7012042084ae2b1744bdeed2c913e P 7d9860787189446c822c54a220aeba88: Time spent starting tablet: real 0.007s	user 0.007s	sys 0.000s
I20260709 13:09:48.371567 10763 tablet_bootstrap.cc:492] T 03b0d857688947938526a5ae83c75cab P 7d9860787189446c822c54a220aeba88: Bootstrap starting.
I20260709 13:09:48.374215 10573 tablet_service.cc:1917] Received RequestConsensusVote() RPC: tablet_id: "29a8c77e77fe4dccb15e3e54223c43b3" candidate_uuid: "7d9860787189446c822c54a220aeba88" candidate_term: 1 candidate_status { last_received { term: 0 index: 0 } } ignore_live_leader: false dest_uuid: "f563b0e7300c4751a800647ba4de5cfe"
I20260709 13:09:48.375180 10573 raft_consensus.cc:3060] T 29a8c77e77fe4dccb15e3e54223c43b3 P f563b0e7300c4751a800647ba4de5cfe [term 0 FOLLOWER]: Advancing to term 1
I20260709 13:09:48.377429 10763 tablet_bootstrap.cc:654] T 03b0d857688947938526a5ae83c75cab P 7d9860787189446c822c54a220aeba88: Neither blocks nor log segments found. Creating new log.
I20260709 13:09:48.378960 10469 catalog_manager.cc:5697] T 84b3bc6cc30940b69589aff5782dceae P f563b0e7300c4751a800647ba4de5cfe reported cstate change: term changed from 0 to 1, leader changed from <none> to f563b0e7300c4751a800647ba4de5cfe (127.9.184.1). New cstate: current_term: 1 leader_uuid: "f563b0e7300c4751a800647ba4de5cfe" committed_config { opid_index: -1 OBSOLETE_local: false peers { permanent_uuid: "f563b0e7300c4751a800647ba4de5cfe" member_type: VOTER last_known_addr { host: "127.9.184.1" port: 41073 } health_report { overall_health: HEALTHY } } peers { permanent_uuid: "8d2137e817c446b6b5fcaf737240f95a" member_type: VOTER last_known_addr { host: "127.9.184.2" port: 40955 } health_report { overall_health: UNKNOWN } } peers { permanent_uuid: "7d9860787189446c822c54a220aeba88" member_type: VOTER last_known_addr { host: "127.9.184.3" port: 36265 } health_report { overall_health: UNKNOWN } } }
I20260709 13:09:48.385258 10648 tablet_service.cc:1917] Received RequestConsensusVote() RPC: tablet_id: "29a8c77e77fe4dccb15e3e54223c43b3" candidate_uuid: "7d9860787189446c822c54a220aeba88" candidate_term: 1 candidate_status { last_received { term: 0 index: 0 } } ignore_live_leader: false dest_uuid: "8d2137e817c446b6b5fcaf737240f95a"
I20260709 13:09:48.386174 10648 raft_consensus.cc:3060] T 29a8c77e77fe4dccb15e3e54223c43b3 P 8d2137e817c446b6b5fcaf737240f95a [term 0 FOLLOWER]: Advancing to term 1
I20260709 13:09:48.386929 10472 catalog_manager.cc:5697] T 096f2b604a6c4d20afd0de7814640371 P 8d2137e817c446b6b5fcaf737240f95a reported cstate change: term changed from 0 to 1, leader changed from <none> to 8d2137e817c446b6b5fcaf737240f95a (127.9.184.2). New cstate: current_term: 1 leader_uuid: "8d2137e817c446b6b5fcaf737240f95a" committed_config { opid_index: -1 OBSOLETE_local: false peers { permanent_uuid: "f563b0e7300c4751a800647ba4de5cfe" member_type: VOTER last_known_addr { host: "127.9.184.1" port: 41073 } health_report { overall_health: UNKNOWN } } peers { permanent_uuid: "8d2137e817c446b6b5fcaf737240f95a" member_type: VOTER last_known_addr { host: "127.9.184.2" port: 40955 } health_report { overall_health: HEALTHY } } peers { permanent_uuid: "7d9860787189446c822c54a220aeba88" member_type: VOTER last_known_addr { host: "127.9.184.3" port: 36265 } health_report { overall_health: UNKNOWN } } }
I20260709 13:09:48.386237 10573 raft_consensus.cc:2468] T 29a8c77e77fe4dccb15e3e54223c43b3 P f563b0e7300c4751a800647ba4de5cfe [term 1 FOLLOWER]: Leader election vote request: Granting yes vote for candidate 7d9860787189446c822c54a220aeba88 in term 1.
I20260709 13:09:48.402271 10764 tablet_bootstrap.cc:492] T 096f2b604a6c4d20afd0de7814640371 P f563b0e7300c4751a800647ba4de5cfe: No bootstrap required, opened a new log
I20260709 13:09:48.402505 10770 raft_consensus.cc:493] T c9b7012042084ae2b1744bdeed2c913e P 7d9860787189446c822c54a220aeba88 [term 0 FOLLOWER]: Starting pre-election (no leader contacted us within the election timeout)
I20260709 13:09:48.402870 10764 ts_tablet_manager.cc:1403] T 096f2b604a6c4d20afd0de7814640371 P f563b0e7300c4751a800647ba4de5cfe: Time spent bootstrapping tablet: real 0.067s	user 0.018s	sys 0.007s
I20260709 13:09:48.403316 10770 raft_consensus.cc:515] T c9b7012042084ae2b1744bdeed2c913e P 7d9860787189446c822c54a220aeba88 [term 0 FOLLOWER]: Starting pre-election with config: opid_index: -1 OBSOLETE_local: false peers { permanent_uuid: "f563b0e7300c4751a800647ba4de5cfe" member_type: VOTER last_known_addr { host: "127.9.184.1" port: 41073 } } peers { permanent_uuid: "8d2137e817c446b6b5fcaf737240f95a" member_type: VOTER last_known_addr { host: "127.9.184.2" port: 40955 } } peers { permanent_uuid: "7d9860787189446c822c54a220aeba88" member_type: VOTER last_known_addr { host: "127.9.184.3" port: 36265 } }
I20260709 13:09:48.405821 10764 raft_consensus.cc:359] T 096f2b604a6c4d20afd0de7814640371 P f563b0e7300c4751a800647ba4de5cfe [term 0 FOLLOWER]: Replica starting. Triggering 0 pending ops. Active config: opid_index: -1 OBSOLETE_local: false peers { permanent_uuid: "f563b0e7300c4751a800647ba4de5cfe" member_type: VOTER last_known_addr { host: "127.9.184.1" port: 41073 } } peers { permanent_uuid: "8d2137e817c446b6b5fcaf737240f95a" member_type: VOTER last_known_addr { host: "127.9.184.2" port: 40955 } } peers { permanent_uuid: "7d9860787189446c822c54a220aeba88" member_type: VOTER last_known_addr { host: "127.9.184.3" port: 36265 } }
I20260709 13:09:48.406944 10764 raft_consensus.cc:385] T 096f2b604a6c4d20afd0de7814640371 P f563b0e7300c4751a800647ba4de5cfe [term 0 FOLLOWER]: Consensus starting up: Expiring failure detector timer to make a prompt election more likely
I20260709 13:09:48.407231 10764 raft_consensus.cc:740] T 096f2b604a6c4d20afd0de7814640371 P f563b0e7300c4751a800647ba4de5cfe [term 0 FOLLOWER]: Becoming Follower/Learner. State: Replica: f563b0e7300c4751a800647ba4de5cfe, State: Initialized, Role: FOLLOWER
I20260709 13:09:48.407840 10764 consensus_queue.cc:260] T 096f2b604a6c4d20afd0de7814640371 P f563b0e7300c4751a800647ba4de5cfe [NON_LEADER]: Queue going to NON_LEADER mode. State: All replicated index: 0, Majority replicated index: 0, Committed index: 0, Last appended: 0.0, Last appended by leader: 0, Current term: 0, Majority size: -1, State: 0, Mode: NON_LEADER, active raft config: opid_index: -1 OBSOLETE_local: false peers { permanent_uuid: "f563b0e7300c4751a800647ba4de5cfe" member_type: VOTER last_known_addr { host: "127.9.184.1" port: 41073 } } peers { permanent_uuid: "8d2137e817c446b6b5fcaf737240f95a" member_type: VOTER last_known_addr { host: "127.9.184.2" port: 40955 } } peers { permanent_uuid: "7d9860787189446c822c54a220aeba88" member_type: VOTER last_known_addr { host: "127.9.184.3" port: 36265 } }
I20260709 13:09:48.408357 10574 tablet_service.cc:1917] Received RequestConsensusVote() RPC: tablet_id: "c9b7012042084ae2b1744bdeed2c913e" candidate_uuid: "7d9860787189446c822c54a220aeba88" candidate_term: 1 candidate_status { last_received { term: 0 index: 0 } } ignore_live_leader: false dest_uuid: "f563b0e7300c4751a800647ba4de5cfe" is_pre_election: true
W20260709 13:09:48.409627 10689 leader_election.cc:343] T c9b7012042084ae2b1744bdeed2c913e P 7d9860787189446c822c54a220aeba88 [CANDIDATE]: Term 1 pre-election: Tablet error from VoteRequest() call to peer f563b0e7300c4751a800647ba4de5cfe (127.9.184.1:41073): Illegal state: must be running to vote when last-logged opid is not known
I20260709 13:09:48.411731 10764 ts_tablet_manager.cc:1434] T 096f2b604a6c4d20afd0de7814640371 P f563b0e7300c4751a800647ba4de5cfe: Time spent starting tablet: real 0.008s	user 0.006s	sys 0.000s
I20260709 13:09:48.412649 10764 tablet_bootstrap.cc:492] T c9b7012042084ae2b1744bdeed2c913e P f563b0e7300c4751a800647ba4de5cfe: Bootstrap starting.
I20260709 13:09:48.414187 10468 catalog_manager.cc:5697] T 947ee46b570c441384a8f4aaa17a4ee1 P 7d9860787189446c822c54a220aeba88 reported cstate change: term changed from 0 to 1, leader changed from <none> to 7d9860787189446c822c54a220aeba88 (127.9.184.3). New cstate: current_term: 1 leader_uuid: "7d9860787189446c822c54a220aeba88" committed_config { opid_index: -1 OBSOLETE_local: false peers { permanent_uuid: "f563b0e7300c4751a800647ba4de5cfe" member_type: VOTER last_known_addr { host: "127.9.184.1" port: 41073 } health_report { overall_health: UNKNOWN } } peers { permanent_uuid: "8d2137e817c446b6b5fcaf737240f95a" member_type: VOTER last_known_addr { host: "127.9.184.2" port: 40955 } health_report { overall_health: UNKNOWN } } peers { permanent_uuid: "7d9860787189446c822c54a220aeba88" member_type: VOTER last_known_addr { host: "127.9.184.3" port: 36265 } health_report { overall_health: HEALTHY } } }
I20260709 13:09:48.418284 10649 tablet_service.cc:1917] Received RequestConsensusVote() RPC: tablet_id: "c9b7012042084ae2b1744bdeed2c913e" candidate_uuid: "7d9860787189446c822c54a220aeba88" candidate_term: 1 candidate_status { last_received { term: 0 index: 0 } } ignore_live_leader: false dest_uuid: "8d2137e817c446b6b5fcaf737240f95a" is_pre_election: true
I20260709 13:09:48.419234 10649 raft_consensus.cc:2468] T c9b7012042084ae2b1744bdeed2c913e P 8d2137e817c446b6b5fcaf737240f95a [term 0 FOLLOWER]: Leader pre-election vote request: Granting yes vote for candidate 7d9860787189446c822c54a220aeba88 in term 0.
I20260709 13:09:48.420433 10770 leader_election.cc:290] T c9b7012042084ae2b1744bdeed2c913e P 7d9860787189446c822c54a220aeba88 [CANDIDATE]: Term 1 pre-election: Requested pre-vote from peers f563b0e7300c4751a800647ba4de5cfe (127.9.184.1:41073), 8d2137e817c446b6b5fcaf737240f95a (127.9.184.2:40955)
I20260709 13:09:48.420785 10686 leader_election.cc:304] T c9b7012042084ae2b1744bdeed2c913e P 7d9860787189446c822c54a220aeba88 [CANDIDATE]: Term 1 pre-election: Election decided. Result: candidate won. Election summary: received 3 responses out of 3 voters: 2 yes votes; 1 no votes. yes voters: 7d9860787189446c822c54a220aeba88, 8d2137e817c446b6b5fcaf737240f95a; no voters: f563b0e7300c4751a800647ba4de5cfe
I20260709 13:09:48.422241 10764 tablet_bootstrap.cc:654] T c9b7012042084ae2b1744bdeed2c913e P f563b0e7300c4751a800647ba4de5cfe: Neither blocks nor log segments found. Creating new log.
I20260709 13:09:48.422137 10770 raft_consensus.cc:2804] T c9b7012042084ae2b1744bdeed2c913e P 7d9860787189446c822c54a220aeba88 [term 0 FOLLOWER]: Leader pre-election won for term 1
I20260709 13:09:48.422865 10770 raft_consensus.cc:493] T c9b7012042084ae2b1744bdeed2c913e P 7d9860787189446c822c54a220aeba88 [term 0 FOLLOWER]: Starting leader election (no leader contacted us within the election timeout)
I20260709 13:09:48.423481 10770 raft_consensus.cc:3060] T c9b7012042084ae2b1744bdeed2c913e P 7d9860787189446c822c54a220aeba88 [term 0 FOLLOWER]: Advancing to term 1
I20260709 13:09:48.434280 10764 tablet_bootstrap.cc:492] T c9b7012042084ae2b1744bdeed2c913e P f563b0e7300c4751a800647ba4de5cfe: No bootstrap required, opened a new log
I20260709 13:09:48.435063 10764 ts_tablet_manager.cc:1403] T c9b7012042084ae2b1744bdeed2c913e P f563b0e7300c4751a800647ba4de5cfe: Time spent bootstrapping tablet: real 0.023s	user 0.014s	sys 0.004s
I20260709 13:09:48.438915 10764 raft_consensus.cc:359] T c9b7012042084ae2b1744bdeed2c913e P f563b0e7300c4751a800647ba4de5cfe [term 0 FOLLOWER]: Replica starting. Triggering 0 pending ops. Active config: opid_index: -1 OBSOLETE_local: false peers { permanent_uuid: "f563b0e7300c4751a800647ba4de5cfe" member_type: VOTER last_known_addr { host: "127.9.184.1" port: 41073 } } peers { permanent_uuid: "8d2137e817c446b6b5fcaf737240f95a" member_type: VOTER last_known_addr { host: "127.9.184.2" port: 40955 } } peers { permanent_uuid: "7d9860787189446c822c54a220aeba88" member_type: VOTER last_known_addr { host: "127.9.184.3" port: 36265 } }
I20260709 13:09:48.440467 10797 leader_election.cc:290] T 29a8c77e77fe4dccb15e3e54223c43b3 P 7d9860787189446c822c54a220aeba88 [CANDIDATE]: Term 1 election: Requested vote from peers f563b0e7300c4751a800647ba4de5cfe (127.9.184.1:41073), 8d2137e817c446b6b5fcaf737240f95a (127.9.184.2:40955)
I20260709 13:09:48.440591 10689 leader_election.cc:304] T 29a8c77e77fe4dccb15e3e54223c43b3 P 7d9860787189446c822c54a220aeba88 [CANDIDATE]: Term 1 election: Election decided. Result: candidate won. Election summary: received 2 responses out of 3 voters: 2 yes votes; 0 no votes. yes voters: 7d9860787189446c822c54a220aeba88, f563b0e7300c4751a800647ba4de5cfe; no voters: 
I20260709 13:09:48.439903 10764 raft_consensus.cc:385] T c9b7012042084ae2b1744bdeed2c913e P f563b0e7300c4751a800647ba4de5cfe [term 0 FOLLOWER]: Consensus starting up: Expiring failure detector timer to make a prompt election more likely
I20260709 13:09:48.441354 10648 raft_consensus.cc:2468] T 29a8c77e77fe4dccb15e3e54223c43b3 P 8d2137e817c446b6b5fcaf737240f95a [term 1 FOLLOWER]: Leader election vote request: Granting yes vote for candidate 7d9860787189446c822c54a220aeba88 in term 1.
I20260709 13:09:48.441866 10764 raft_consensus.cc:740] T c9b7012042084ae2b1744bdeed2c913e P f563b0e7300c4751a800647ba4de5cfe [term 0 FOLLOWER]: Becoming Follower/Learner. State: Replica: f563b0e7300c4751a800647ba4de5cfe, State: Initialized, Role: FOLLOWER
I20260709 13:09:48.442977 10797 raft_consensus.cc:2804] T 29a8c77e77fe4dccb15e3e54223c43b3 P 7d9860787189446c822c54a220aeba88 [term 1 FOLLOWER]: Leader election won for term 1
I20260709 13:09:48.443553 10797 raft_consensus.cc:697] T 29a8c77e77fe4dccb15e3e54223c43b3 P 7d9860787189446c822c54a220aeba88 [term 1 LEADER]: Becoming Leader. State: Replica: 7d9860787189446c822c54a220aeba88, State: Running, Role: LEADER
I20260709 13:09:48.442993 10764 consensus_queue.cc:260] T c9b7012042084ae2b1744bdeed2c913e P f563b0e7300c4751a800647ba4de5cfe [NON_LEADER]: Queue going to NON_LEADER mode. State: All replicated index: 0, Majority replicated index: 0, Committed index: 0, Last appended: 0.0, Last appended by leader: 0, Current term: 0, Majority size: -1, State: 0, Mode: NON_LEADER, active raft config: opid_index: -1 OBSOLETE_local: false peers { permanent_uuid: "f563b0e7300c4751a800647ba4de5cfe" member_type: VOTER last_known_addr { host: "127.9.184.1" port: 41073 } } peers { permanent_uuid: "8d2137e817c446b6b5fcaf737240f95a" member_type: VOTER last_known_addr { host: "127.9.184.2" port: 40955 } } peers { permanent_uuid: "7d9860787189446c822c54a220aeba88" member_type: VOTER last_known_addr { host: "127.9.184.3" port: 36265 } }
I20260709 13:09:48.446249 10764 ts_tablet_manager.cc:1434] T c9b7012042084ae2b1744bdeed2c913e P f563b0e7300c4751a800647ba4de5cfe: Time spent starting tablet: real 0.011s	user 0.008s	sys 0.000s
I20260709 13:09:48.447575 10764 tablet_bootstrap.cc:492] T 03b0d857688947938526a5ae83c75cab P f563b0e7300c4751a800647ba4de5cfe: Bootstrap starting.
I20260709 13:09:48.449335 10770 raft_consensus.cc:515] T c9b7012042084ae2b1744bdeed2c913e P 7d9860787189446c822c54a220aeba88 [term 1 FOLLOWER]: Starting leader election with config: opid_index: -1 OBSOLETE_local: false peers { permanent_uuid: "f563b0e7300c4751a800647ba4de5cfe" member_type: VOTER last_known_addr { host: "127.9.184.1" port: 41073 } } peers { permanent_uuid: "8d2137e817c446b6b5fcaf737240f95a" member_type: VOTER last_known_addr { host: "127.9.184.2" port: 40955 } } peers { permanent_uuid: "7d9860787189446c822c54a220aeba88" member_type: VOTER last_known_addr { host: "127.9.184.3" port: 36265 } }
I20260709 13:09:48.450702 10797 consensus_queue.cc:237] T 29a8c77e77fe4dccb15e3e54223c43b3 P 7d9860787189446c822c54a220aeba88 [LEADER]: Queue going to LEADER mode. State: All replicated index: 0, Majority replicated index: 0, Committed index: 0, Last appended: 0.0, Last appended by leader: 0, Current term: 1, Majority size: 2, State: 0, Mode: LEADER, active raft config: opid_index: -1 OBSOLETE_local: false peers { permanent_uuid: "f563b0e7300c4751a800647ba4de5cfe" member_type: VOTER last_known_addr { host: "127.9.184.1" port: 41073 } } peers { permanent_uuid: "8d2137e817c446b6b5fcaf737240f95a" member_type: VOTER last_known_addr { host: "127.9.184.2" port: 40955 } } peers { permanent_uuid: "7d9860787189446c822c54a220aeba88" member_type: VOTER last_known_addr { host: "127.9.184.3" port: 36265 } }
I20260709 13:09:48.455782 10764 tablet_bootstrap.cc:654] T 03b0d857688947938526a5ae83c75cab P f563b0e7300c4751a800647ba4de5cfe: Neither blocks nor log segments found. Creating new log.
I20260709 13:09:48.463603 10764 tablet_bootstrap.cc:492] T 03b0d857688947938526a5ae83c75cab P f563b0e7300c4751a800647ba4de5cfe: No bootstrap required, opened a new log
I20260709 13:09:48.464262 10764 ts_tablet_manager.cc:1403] T 03b0d857688947938526a5ae83c75cab P f563b0e7300c4751a800647ba4de5cfe: Time spent bootstrapping tablet: real 0.017s	user 0.010s	sys 0.006s
I20260709 13:09:48.466363 10573 tablet_service.cc:1917] Received RequestConsensusVote() RPC: tablet_id: "c9b7012042084ae2b1744bdeed2c913e" candidate_uuid: "7d9860787189446c822c54a220aeba88" candidate_term: 1 candidate_status { last_received { term: 0 index: 0 } } ignore_live_leader: false dest_uuid: "f563b0e7300c4751a800647ba4de5cfe"
I20260709 13:09:48.466362 10648 tablet_service.cc:1917] Received RequestConsensusVote() RPC: tablet_id: "c9b7012042084ae2b1744bdeed2c913e" candidate_uuid: "7d9860787189446c822c54a220aeba88" candidate_term: 1 candidate_status { last_received { term: 0 index: 0 } } ignore_live_leader: false dest_uuid: "8d2137e817c446b6b5fcaf737240f95a"
I20260709 13:09:48.467310 10573 raft_consensus.cc:3060] T c9b7012042084ae2b1744bdeed2c913e P f563b0e7300c4751a800647ba4de5cfe [term 0 FOLLOWER]: Advancing to term 1
I20260709 13:09:48.467334 10648 raft_consensus.cc:3060] T c9b7012042084ae2b1744bdeed2c913e P 8d2137e817c446b6b5fcaf737240f95a [term 0 FOLLOWER]: Advancing to term 1
I20260709 13:09:48.473217 10764 raft_consensus.cc:359] T 03b0d857688947938526a5ae83c75cab P f563b0e7300c4751a800647ba4de5cfe [term 0 FOLLOWER]: Replica starting. Triggering 0 pending ops. Active config: opid_index: -1 OBSOLETE_local: false peers { permanent_uuid: "f563b0e7300c4751a800647ba4de5cfe" member_type: VOTER last_known_addr { host: "127.9.184.1" port: 41073 } } peers { permanent_uuid: "8d2137e817c446b6b5fcaf737240f95a" member_type: VOTER last_known_addr { host: "127.9.184.2" port: 40955 } } peers { permanent_uuid: "7d9860787189446c822c54a220aeba88" member_type: VOTER last_known_addr { host: "127.9.184.3" port: 36265 } }
I20260709 13:09:48.474290 10764 raft_consensus.cc:385] T 03b0d857688947938526a5ae83c75cab P f563b0e7300c4751a800647ba4de5cfe [term 0 FOLLOWER]: Consensus starting up: Expiring failure detector timer to make a prompt election more likely
I20260709 13:09:48.474716 10764 raft_consensus.cc:740] T 03b0d857688947938526a5ae83c75cab P f563b0e7300c4751a800647ba4de5cfe [term 0 FOLLOWER]: Becoming Follower/Learner. State: Replica: f563b0e7300c4751a800647ba4de5cfe, State: Initialized, Role: FOLLOWER
I20260709 13:09:48.475451 10648 raft_consensus.cc:2468] T c9b7012042084ae2b1744bdeed2c913e P 8d2137e817c446b6b5fcaf737240f95a [term 1 FOLLOWER]: Leader election vote request: Granting yes vote for candidate 7d9860787189446c822c54a220aeba88 in term 1.
I20260709 13:09:48.476089 10770 leader_election.cc:290] T c9b7012042084ae2b1744bdeed2c913e P 7d9860787189446c822c54a220aeba88 [CANDIDATE]: Term 1 election: Requested vote from peers f563b0e7300c4751a800647ba4de5cfe (127.9.184.1:41073), 8d2137e817c446b6b5fcaf737240f95a (127.9.184.2:40955)
I20260709 13:09:48.476096 10764 consensus_queue.cc:260] T 03b0d857688947938526a5ae83c75cab P f563b0e7300c4751a800647ba4de5cfe [NON_LEADER]: Queue going to NON_LEADER mode. State: All replicated index: 0, Majority replicated index: 0, Committed index: 0, Last appended: 0.0, Last appended by leader: 0, Current term: 0, Majority size: -1, State: 0, Mode: NON_LEADER, active raft config: opid_index: -1 OBSOLETE_local: false peers { permanent_uuid: "f563b0e7300c4751a800647ba4de5cfe" member_type: VOTER last_known_addr { host: "127.9.184.1" port: 41073 } } peers { permanent_uuid: "8d2137e817c446b6b5fcaf737240f95a" member_type: VOTER last_known_addr { host: "127.9.184.2" port: 40955 } } peers { permanent_uuid: "7d9860787189446c822c54a220aeba88" member_type: VOTER last_known_addr { host: "127.9.184.3" port: 36265 } }
I20260709 13:09:48.475451 10573 raft_consensus.cc:2468] T c9b7012042084ae2b1744bdeed2c913e P f563b0e7300c4751a800647ba4de5cfe [term 1 FOLLOWER]: Leader election vote request: Granting yes vote for candidate 7d9860787189446c822c54a220aeba88 in term 1.
I20260709 13:09:48.479682 10764 ts_tablet_manager.cc:1434] T 03b0d857688947938526a5ae83c75cab P f563b0e7300c4751a800647ba4de5cfe: Time spent starting tablet: real 0.015s	user 0.008s	sys 0.000s
I20260709 13:09:48.477059 10686 leader_election.cc:304] T c9b7012042084ae2b1744bdeed2c913e P 7d9860787189446c822c54a220aeba88 [CANDIDATE]: Term 1 election: Election decided. Result: candidate won. Election summary: received 2 responses out of 3 voters: 2 yes votes; 0 no votes. yes voters: 7d9860787189446c822c54a220aeba88, 8d2137e817c446b6b5fcaf737240f95a; no voters: 
I20260709 13:09:48.480785 10797 raft_consensus.cc:2804] T c9b7012042084ae2b1744bdeed2c913e P 7d9860787189446c822c54a220aeba88 [term 1 FOLLOWER]: Leader election won for term 1
I20260709 13:09:48.481403 10797 raft_consensus.cc:697] T c9b7012042084ae2b1744bdeed2c913e P 7d9860787189446c822c54a220aeba88 [term 1 LEADER]: Becoming Leader. State: Replica: 7d9860787189446c822c54a220aeba88, State: Running, Role: LEADER
I20260709 13:09:48.479552 10763 tablet_bootstrap.cc:492] T 03b0d857688947938526a5ae83c75cab P 7d9860787189446c822c54a220aeba88: No bootstrap required, opened a new log
I20260709 13:09:48.482892 10763 ts_tablet_manager.cc:1403] T 03b0d857688947938526a5ae83c75cab P 7d9860787189446c822c54a220aeba88: Time spent bootstrapping tablet: real 0.111s	user 0.067s	sys 0.036s
I20260709 13:09:48.482329 10797 consensus_queue.cc:237] T c9b7012042084ae2b1744bdeed2c913e P 7d9860787189446c822c54a220aeba88 [LEADER]: Queue going to LEADER mode. State: All replicated index: 0, Majority replicated index: 0, Committed index: 0, Last appended: 0.0, Last appended by leader: 0, Current term: 1, Majority size: 2, State: 0, Mode: LEADER, active raft config: opid_index: -1 OBSOLETE_local: false peers { permanent_uuid: "f563b0e7300c4751a800647ba4de5cfe" member_type: VOTER last_known_addr { host: "127.9.184.1" port: 41073 } } peers { permanent_uuid: "8d2137e817c446b6b5fcaf737240f95a" member_type: VOTER last_known_addr { host: "127.9.184.2" port: 40955 } } peers { permanent_uuid: "7d9860787189446c822c54a220aeba88" member_type: VOTER last_known_addr { host: "127.9.184.3" port: 36265 } }
I20260709 13:09:48.485569 10763 raft_consensus.cc:359] T 03b0d857688947938526a5ae83c75cab P 7d9860787189446c822c54a220aeba88 [term 0 FOLLOWER]: Replica starting. Triggering 0 pending ops. Active config: opid_index: -1 OBSOLETE_local: false peers { permanent_uuid: "f563b0e7300c4751a800647ba4de5cfe" member_type: VOTER last_known_addr { host: "127.9.184.1" port: 41073 } } peers { permanent_uuid: "8d2137e817c446b6b5fcaf737240f95a" member_type: VOTER last_known_addr { host: "127.9.184.2" port: 40955 } } peers { permanent_uuid: "7d9860787189446c822c54a220aeba88" member_type: VOTER last_known_addr { host: "127.9.184.3" port: 36265 } }
I20260709 13:09:48.486330 10763 raft_consensus.cc:385] T 03b0d857688947938526a5ae83c75cab P 7d9860787189446c822c54a220aeba88 [term 0 FOLLOWER]: Consensus starting up: Expiring failure detector timer to make a prompt election more likely
I20260709 13:09:48.486663 10763 raft_consensus.cc:740] T 03b0d857688947938526a5ae83c75cab P 7d9860787189446c822c54a220aeba88 [term 0 FOLLOWER]: Becoming Follower/Learner. State: Replica: 7d9860787189446c822c54a220aeba88, State: Initialized, Role: FOLLOWER
I20260709 13:09:48.485903 10469 catalog_manager.cc:5697] T 29a8c77e77fe4dccb15e3e54223c43b3 P 7d9860787189446c822c54a220aeba88 reported cstate change: term changed from 0 to 1, leader changed from <none> to 7d9860787189446c822c54a220aeba88 (127.9.184.3). New cstate: current_term: 1 leader_uuid: "7d9860787189446c822c54a220aeba88" committed_config { opid_index: -1 OBSOLETE_local: false peers { permanent_uuid: "f563b0e7300c4751a800647ba4de5cfe" member_type: VOTER last_known_addr { host: "127.9.184.1" port: 41073 } health_report { overall_health: UNKNOWN } } peers { permanent_uuid: "8d2137e817c446b6b5fcaf737240f95a" member_type: VOTER last_known_addr { host: "127.9.184.2" port: 40955 } health_report { overall_health: UNKNOWN } } peers { permanent_uuid: "7d9860787189446c822c54a220aeba88" member_type: VOTER last_known_addr { host: "127.9.184.3" port: 36265 } health_report { overall_health: HEALTHY } } }
I20260709 13:09:48.487403 10763 consensus_queue.cc:260] T 03b0d857688947938526a5ae83c75cab P 7d9860787189446c822c54a220aeba88 [NON_LEADER]: Queue going to NON_LEADER mode. State: All replicated index: 0, Majority replicated index: 0, Committed index: 0, Last appended: 0.0, Last appended by leader: 0, Current term: 0, Majority size: -1, State: 0, Mode: NON_LEADER, active raft config: opid_index: -1 OBSOLETE_local: false peers { permanent_uuid: "f563b0e7300c4751a800647ba4de5cfe" member_type: VOTER last_known_addr { host: "127.9.184.1" port: 41073 } } peers { permanent_uuid: "8d2137e817c446b6b5fcaf737240f95a" member_type: VOTER last_known_addr { host: "127.9.184.2" port: 40955 } } peers { permanent_uuid: "7d9860787189446c822c54a220aeba88" member_type: VOTER last_known_addr { host: "127.9.184.3" port: 36265 } }
I20260709 13:09:48.489622 10763 ts_tablet_manager.cc:1434] T 03b0d857688947938526a5ae83c75cab P 7d9860787189446c822c54a220aeba88: Time spent starting tablet: real 0.006s	user 0.005s	sys 0.000s
I20260709 13:09:48.490567 10763 tablet_bootstrap.cc:492] T 84b3bc6cc30940b69589aff5782dceae P 7d9860787189446c822c54a220aeba88: Bootstrap starting.
I20260709 13:09:48.495011 10809 raft_consensus.cc:493] T 03b0d857688947938526a5ae83c75cab P 8d2137e817c446b6b5fcaf737240f95a [term 0 FOLLOWER]: Starting pre-election (no leader contacted us within the election timeout)
I20260709 13:09:48.495553 10809 raft_consensus.cc:515] T 03b0d857688947938526a5ae83c75cab P 8d2137e817c446b6b5fcaf737240f95a [term 0 FOLLOWER]: Starting pre-election with config: opid_index: -1 OBSOLETE_local: false peers { permanent_uuid: "f563b0e7300c4751a800647ba4de5cfe" member_type: VOTER last_known_addr { host: "127.9.184.1" port: 41073 } } peers { permanent_uuid: "8d2137e817c446b6b5fcaf737240f95a" member_type: VOTER last_known_addr { host: "127.9.184.2" port: 40955 } } peers { permanent_uuid: "7d9860787189446c822c54a220aeba88" member_type: VOTER last_known_addr { host: "127.9.184.3" port: 36265 } }
I20260709 13:09:48.496666 10763 tablet_bootstrap.cc:654] T 84b3bc6cc30940b69589aff5782dceae P 7d9860787189446c822c54a220aeba88: Neither blocks nor log segments found. Creating new log.
I20260709 13:09:48.497807 10809 leader_election.cc:290] T 03b0d857688947938526a5ae83c75cab P 8d2137e817c446b6b5fcaf737240f95a [CANDIDATE]: Term 1 pre-election: Requested pre-vote from peers f563b0e7300c4751a800647ba4de5cfe (127.9.184.1:41073), 7d9860787189446c822c54a220aeba88 (127.9.184.3:36265)
I20260709 13:09:48.500106 10573 tablet_service.cc:1917] Received RequestConsensusVote() RPC: tablet_id: "03b0d857688947938526a5ae83c75cab" candidate_uuid: "8d2137e817c446b6b5fcaf737240f95a" candidate_term: 1 candidate_status { last_received { term: 0 index: 0 } } ignore_live_leader: false dest_uuid: "f563b0e7300c4751a800647ba4de5cfe" is_pre_election: true
I20260709 13:09:48.500805 10573 raft_consensus.cc:2468] T 03b0d857688947938526a5ae83c75cab P f563b0e7300c4751a800647ba4de5cfe [term 0 FOLLOWER]: Leader pre-election vote request: Granting yes vote for candidate 8d2137e817c446b6b5fcaf737240f95a in term 0.
I20260709 13:09:48.501763 10720 tablet_service.cc:1917] Received RequestConsensusVote() RPC: tablet_id: "03b0d857688947938526a5ae83c75cab" candidate_uuid: "8d2137e817c446b6b5fcaf737240f95a" candidate_term: 1 candidate_status { last_received { term: 0 index: 0 } } ignore_live_leader: false dest_uuid: "7d9860787189446c822c54a220aeba88" is_pre_election: true
I20260709 13:09:48.501989 10615 leader_election.cc:304] T 03b0d857688947938526a5ae83c75cab P 8d2137e817c446b6b5fcaf737240f95a [CANDIDATE]: Term 1 pre-election: Election decided. Result: candidate won. Election summary: received 2 responses out of 3 voters: 2 yes votes; 0 no votes. yes voters: 8d2137e817c446b6b5fcaf737240f95a, f563b0e7300c4751a800647ba4de5cfe; no voters: 
I20260709 13:09:48.502429 10720 raft_consensus.cc:2468] T 03b0d857688947938526a5ae83c75cab P 7d9860787189446c822c54a220aeba88 [term 0 FOLLOWER]: Leader pre-election vote request: Granting yes vote for candidate 8d2137e817c446b6b5fcaf737240f95a in term 0.
I20260709 13:09:48.502887 10809 raft_consensus.cc:2804] T 03b0d857688947938526a5ae83c75cab P 8d2137e817c446b6b5fcaf737240f95a [term 0 FOLLOWER]: Leader pre-election won for term 1
I20260709 13:09:48.503445 10809 raft_consensus.cc:493] T 03b0d857688947938526a5ae83c75cab P 8d2137e817c446b6b5fcaf737240f95a [term 0 FOLLOWER]: Starting leader election (no leader contacted us within the election timeout)
I20260709 13:09:48.503937 10809 raft_consensus.cc:3060] T 03b0d857688947938526a5ae83c75cab P 8d2137e817c446b6b5fcaf737240f95a [term 0 FOLLOWER]: Advancing to term 1
I20260709 13:09:48.509169 10763 tablet_bootstrap.cc:492] T 84b3bc6cc30940b69589aff5782dceae P 7d9860787189446c822c54a220aeba88: No bootstrap required, opened a new log
I20260709 13:09:48.509796 10763 ts_tablet_manager.cc:1403] T 84b3bc6cc30940b69589aff5782dceae P 7d9860787189446c822c54a220aeba88: Time spent bootstrapping tablet: real 0.019s	user 0.011s	sys 0.007s
I20260709 13:09:48.510705 10469 catalog_manager.cc:5697] T c9b7012042084ae2b1744bdeed2c913e P 7d9860787189446c822c54a220aeba88 reported cstate change: term changed from 0 to 1, leader changed from <none> to 7d9860787189446c822c54a220aeba88 (127.9.184.3). New cstate: current_term: 1 leader_uuid: "7d9860787189446c822c54a220aeba88" committed_config { opid_index: -1 OBSOLETE_local: false peers { permanent_uuid: "f563b0e7300c4751a800647ba4de5cfe" member_type: VOTER last_known_addr { host: "127.9.184.1" port: 41073 } health_report { overall_health: UNKNOWN } } peers { permanent_uuid: "8d2137e817c446b6b5fcaf737240f95a" member_type: VOTER last_known_addr { host: "127.9.184.2" port: 40955 } health_report { overall_health: UNKNOWN } } peers { permanent_uuid: "7d9860787189446c822c54a220aeba88" member_type: VOTER last_known_addr { host: "127.9.184.3" port: 36265 } health_report { overall_health: HEALTHY } } }
I20260709 13:09:48.511976 10763 raft_consensus.cc:359] T 84b3bc6cc30940b69589aff5782dceae P 7d9860787189446c822c54a220aeba88 [term 0 FOLLOWER]: Replica starting. Triggering 0 pending ops. Active config: opid_index: -1 OBSOLETE_local: false peers { permanent_uuid: "f563b0e7300c4751a800647ba4de5cfe" member_type: VOTER last_known_addr { host: "127.9.184.1" port: 41073 } } peers { permanent_uuid: "8d2137e817c446b6b5fcaf737240f95a" member_type: VOTER last_known_addr { host: "127.9.184.2" port: 40955 } } peers { permanent_uuid: "7d9860787189446c822c54a220aeba88" member_type: VOTER last_known_addr { host: "127.9.184.3" port: 36265 } }
I20260709 13:09:48.512483 10763 raft_consensus.cc:385] T 84b3bc6cc30940b69589aff5782dceae P 7d9860787189446c822c54a220aeba88 [term 0 FOLLOWER]: Consensus starting up: Expiring failure detector timer to make a prompt election more likely
I20260709 13:09:48.512719 10763 raft_consensus.cc:740] T 84b3bc6cc30940b69589aff5782dceae P 7d9860787189446c822c54a220aeba88 [term 0 FOLLOWER]: Becoming Follower/Learner. State: Replica: 7d9860787189446c822c54a220aeba88, State: Initialized, Role: FOLLOWER
I20260709 13:09:48.513352 10763 consensus_queue.cc:260] T 84b3bc6cc30940b69589aff5782dceae P 7d9860787189446c822c54a220aeba88 [NON_LEADER]: Queue going to NON_LEADER mode. State: All replicated index: 0, Majority replicated index: 0, Committed index: 0, Last appended: 0.0, Last appended by leader: 0, Current term: 0, Majority size: -1, State: 0, Mode: NON_LEADER, active raft config: opid_index: -1 OBSOLETE_local: false peers { permanent_uuid: "f563b0e7300c4751a800647ba4de5cfe" member_type: VOTER last_known_addr { host: "127.9.184.1" port: 41073 } } peers { permanent_uuid: "8d2137e817c446b6b5fcaf737240f95a" member_type: VOTER last_known_addr { host: "127.9.184.2" port: 40955 } } peers { permanent_uuid: "7d9860787189446c822c54a220aeba88" member_type: VOTER last_known_addr { host: "127.9.184.3" port: 36265 } }
I20260709 13:09:48.513499 10809 raft_consensus.cc:515] T 03b0d857688947938526a5ae83c75cab P 8d2137e817c446b6b5fcaf737240f95a [term 1 FOLLOWER]: Starting leader election with config: opid_index: -1 OBSOLETE_local: false peers { permanent_uuid: "f563b0e7300c4751a800647ba4de5cfe" member_type: VOTER last_known_addr { host: "127.9.184.1" port: 41073 } } peers { permanent_uuid: "8d2137e817c446b6b5fcaf737240f95a" member_type: VOTER last_known_addr { host: "127.9.184.2" port: 40955 } } peers { permanent_uuid: "7d9860787189446c822c54a220aeba88" member_type: VOTER last_known_addr { host: "127.9.184.3" port: 36265 } }
I20260709 13:09:48.515338 10763 ts_tablet_manager.cc:1434] T 84b3bc6cc30940b69589aff5782dceae P 7d9860787189446c822c54a220aeba88: Time spent starting tablet: real 0.005s	user 0.005s	sys 0.000s
I20260709 13:09:48.515424 10809 leader_election.cc:290] T 03b0d857688947938526a5ae83c75cab P 8d2137e817c446b6b5fcaf737240f95a [CANDIDATE]: Term 1 election: Requested vote from peers f563b0e7300c4751a800647ba4de5cfe (127.9.184.1:41073), 7d9860787189446c822c54a220aeba88 (127.9.184.3:36265)
I20260709 13:09:48.516526 10573 tablet_service.cc:1917] Received RequestConsensusVote() RPC: tablet_id: "03b0d857688947938526a5ae83c75cab" candidate_uuid: "8d2137e817c446b6b5fcaf737240f95a" candidate_term: 1 candidate_status { last_received { term: 0 index: 0 } } ignore_live_leader: false dest_uuid: "f563b0e7300c4751a800647ba4de5cfe"
I20260709 13:09:48.517114 10573 raft_consensus.cc:3060] T 03b0d857688947938526a5ae83c75cab P f563b0e7300c4751a800647ba4de5cfe [term 0 FOLLOWER]: Advancing to term 1
I20260709 13:09:48.517009 10720 tablet_service.cc:1917] Received RequestConsensusVote() RPC: tablet_id: "03b0d857688947938526a5ae83c75cab" candidate_uuid: "8d2137e817c446b6b5fcaf737240f95a" candidate_term: 1 candidate_status { last_received { term: 0 index: 0 } } ignore_live_leader: false dest_uuid: "7d9860787189446c822c54a220aeba88"
I20260709 13:09:48.517678 10720 raft_consensus.cc:3060] T 03b0d857688947938526a5ae83c75cab P 7d9860787189446c822c54a220aeba88 [term 0 FOLLOWER]: Advancing to term 1
I20260709 13:09:48.524487 10573 raft_consensus.cc:2468] T 03b0d857688947938526a5ae83c75cab P f563b0e7300c4751a800647ba4de5cfe [term 1 FOLLOWER]: Leader election vote request: Granting yes vote for candidate 8d2137e817c446b6b5fcaf737240f95a in term 1.
I20260709 13:09:48.525612 10720 raft_consensus.cc:2468] T 03b0d857688947938526a5ae83c75cab P 7d9860787189446c822c54a220aeba88 [term 1 FOLLOWER]: Leader election vote request: Granting yes vote for candidate 8d2137e817c446b6b5fcaf737240f95a in term 1.
I20260709 13:09:48.525668 10615 leader_election.cc:304] T 03b0d857688947938526a5ae83c75cab P 8d2137e817c446b6b5fcaf737240f95a [CANDIDATE]: Term 1 election: Election decided. Result: candidate won. Election summary: received 2 responses out of 3 voters: 2 yes votes; 0 no votes. yes voters: 8d2137e817c446b6b5fcaf737240f95a, f563b0e7300c4751a800647ba4de5cfe; no voters: 
I20260709 13:09:48.526556 10809 raft_consensus.cc:2804] T 03b0d857688947938526a5ae83c75cab P 8d2137e817c446b6b5fcaf737240f95a [term 1 FOLLOWER]: Leader election won for term 1
I20260709 13:09:48.527211 10809 raft_consensus.cc:697] T 03b0d857688947938526a5ae83c75cab P 8d2137e817c446b6b5fcaf737240f95a [term 1 LEADER]: Becoming Leader. State: Replica: 8d2137e817c446b6b5fcaf737240f95a, State: Running, Role: LEADER
I20260709 13:09:48.528064 10809 consensus_queue.cc:237] T 03b0d857688947938526a5ae83c75cab P 8d2137e817c446b6b5fcaf737240f95a [LEADER]: Queue going to LEADER mode. State: All replicated index: 0, Majority replicated index: 0, Committed index: 0, Last appended: 0.0, Last appended by leader: 0, Current term: 1, Majority size: 2, State: 0, Mode: LEADER, active raft config: opid_index: -1 OBSOLETE_local: false peers { permanent_uuid: "f563b0e7300c4751a800647ba4de5cfe" member_type: VOTER last_known_addr { host: "127.9.184.1" port: 41073 } } peers { permanent_uuid: "8d2137e817c446b6b5fcaf737240f95a" member_type: VOTER last_known_addr { host: "127.9.184.2" port: 40955 } } peers { permanent_uuid: "7d9860787189446c822c54a220aeba88" member_type: VOTER last_known_addr { host: "127.9.184.3" port: 36265 } }
I20260709 13:09:48.535709 10469 catalog_manager.cc:5697] T 03b0d857688947938526a5ae83c75cab P 8d2137e817c446b6b5fcaf737240f95a reported cstate change: term changed from 0 to 1, leader changed from <none> to 8d2137e817c446b6b5fcaf737240f95a (127.9.184.2). New cstate: current_term: 1 leader_uuid: "8d2137e817c446b6b5fcaf737240f95a" committed_config { opid_index: -1 OBSOLETE_local: false peers { permanent_uuid: "f563b0e7300c4751a800647ba4de5cfe" member_type: VOTER last_known_addr { host: "127.9.184.1" port: 41073 } health_report { overall_health: UNKNOWN } } peers { permanent_uuid: "8d2137e817c446b6b5fcaf737240f95a" member_type: VOTER last_known_addr { host: "127.9.184.2" port: 40955 } health_report { overall_health: HEALTHY } } peers { permanent_uuid: "7d9860787189446c822c54a220aeba88" member_type: VOTER last_known_addr { host: "127.9.184.3" port: 36265 } health_report { overall_health: UNKNOWN } } }
I20260709 13:09:48.581043 10793 raft_consensus.cc:493] T 947ee46b570c441384a8f4aaa17a4ee1 P f563b0e7300c4751a800647ba4de5cfe [term 0 FOLLOWER]: Starting pre-election (no leader contacted us within the election timeout)
I20260709 13:09:48.581667 10793 raft_consensus.cc:515] T 947ee46b570c441384a8f4aaa17a4ee1 P f563b0e7300c4751a800647ba4de5cfe [term 0 FOLLOWER]: Starting pre-election with config: opid_index: -1 OBSOLETE_local: false peers { permanent_uuid: "f563b0e7300c4751a800647ba4de5cfe" member_type: VOTER last_known_addr { host: "127.9.184.1" port: 41073 } } peers { permanent_uuid: "8d2137e817c446b6b5fcaf737240f95a" member_type: VOTER last_known_addr { host: "127.9.184.2" port: 40955 } } peers { permanent_uuid: "7d9860787189446c822c54a220aeba88" member_type: VOTER last_known_addr { host: "127.9.184.3" port: 36265 } }
I20260709 13:09:48.583604 10793 leader_election.cc:290] T 947ee46b570c441384a8f4aaa17a4ee1 P f563b0e7300c4751a800647ba4de5cfe [CANDIDATE]: Term 1 pre-election: Requested pre-vote from peers 8d2137e817c446b6b5fcaf737240f95a (127.9.184.2:40955), 7d9860787189446c822c54a220aeba88 (127.9.184.3:36265)
I20260709 13:09:48.584748 10720 tablet_service.cc:1917] Received RequestConsensusVote() RPC: tablet_id: "947ee46b570c441384a8f4aaa17a4ee1" candidate_uuid: "f563b0e7300c4751a800647ba4de5cfe" candidate_term: 1 candidate_status { last_received { term: 0 index: 0 } } ignore_live_leader: false dest_uuid: "7d9860787189446c822c54a220aeba88" is_pre_election: true
I20260709 13:09:48.584735 10648 tablet_service.cc:1917] Received RequestConsensusVote() RPC: tablet_id: "947ee46b570c441384a8f4aaa17a4ee1" candidate_uuid: "f563b0e7300c4751a800647ba4de5cfe" candidate_term: 1 candidate_status { last_received { term: 0 index: 0 } } ignore_live_leader: false dest_uuid: "8d2137e817c446b6b5fcaf737240f95a" is_pre_election: true
I20260709 13:09:48.585794 10648 raft_consensus.cc:2393] T 947ee46b570c441384a8f4aaa17a4ee1 P 8d2137e817c446b6b5fcaf737240f95a [term 1 FOLLOWER]: Leader pre-election vote request: Denying vote to candidate f563b0e7300c4751a800647ba4de5cfe in current term 1: Already voted for candidate 7d9860787189446c822c54a220aeba88 in this term.
I20260709 13:09:48.586779 10537 leader_election.cc:304] T 947ee46b570c441384a8f4aaa17a4ee1 P f563b0e7300c4751a800647ba4de5cfe [CANDIDATE]: Term 1 pre-election: Election decided. Result: candidate lost. Election summary: received 3 responses out of 3 voters: 1 yes votes; 2 no votes. yes voters: f563b0e7300c4751a800647ba4de5cfe; no voters: 7d9860787189446c822c54a220aeba88, 8d2137e817c446b6b5fcaf737240f95a
