I20260709 13:09:48.170876 10765 tablet_bootstrap.cc:492] T 84b3bc6cc30940b69589aff5782dceae P 8d2137e817c446b6b5fcaf737240f95a: No bootstrap required, opened a new log
I20260709 13:09:48.171387 10765 ts_tablet_manager.cc:1403] T 84b3bc6cc30940b69589aff5782dceae P 8d2137e817c446b6b5fcaf737240f95a: Time spent bootstrapping tablet: real 0.020s	user 0.014s	sys 0.003s
W20260709 13:09:48.168306 10615 leader_election.cc:343] T 096f2b604a6c4d20afd0de7814640371 P 8d2137e817c446b6b5fcaf737240f95a [CANDIDATE]: Term 1 pre-election: Tablet error from VoteRequest() call to peer f563b0e7300c4751a800647ba4de5cfe (127.9.184.1:41073): Illegal state: must be running to vote when last-logged opid is not known
I20260709 13:09:48.172096 10764 tablet_bootstrap.cc:654] T 947ee46b570c441384a8f4aaa17a4ee1 P f563b0e7300c4751a800647ba4de5cfe: Neither blocks nor log segments found. Creating new log.
I20260709 13:09:48.172652 10797 raft_consensus.cc:697] T 77775f1f1ad14a4c8153f16fed02edb3 P 7d9860787189446c822c54a220aeba88 [term 1 LEADER]: Becoming Leader. State: Replica: 7d9860787189446c822c54a220aeba88, State: Running, Role: LEADER
I20260709 13:09:48.171756 10770 raft_consensus.cc:2804] T 947ee46b570c441384a8f4aaa17a4ee1 P 7d9860787189446c822c54a220aeba88 [term 1 FOLLOWER]: Leader election won for term 1
I20260709 13:09:48.173601 10797 consensus_queue.cc:237] T 77775f1f1ad14a4c8153f16fed02edb3 P 7d9860787189446c822c54a220aeba88 [LEADER]: Queue going to LEADER mode. State: All replicated index: 0, Majority replicated index: 0, Committed index: 0, Last appended: 0.0, Last appended by leader: 0, Current term: 1, Majority size: 2, State: 0, Mode: LEADER, active raft config: opid_index: -1 OBSOLETE_local: false peers { permanent_uuid: "f563b0e7300c4751a800647ba4de5cfe" member_type: VOTER last_known_addr { host: "127.9.184.1" port: 41073 } } peers { permanent_uuid: "8d2137e817c446b6b5fcaf737240f95a" member_type: VOTER last_known_addr { host: "127.9.184.2" port: 40955 } } peers { permanent_uuid: "7d9860787189446c822c54a220aeba88" member_type: VOTER last_known_addr { host: "127.9.184.3" port: 36265 } }
I20260709 13:09:48.173496 10770 raft_consensus.cc:697] T 947ee46b570c441384a8f4aaa17a4ee1 P 7d9860787189446c822c54a220aeba88 [term 1 LEADER]: Becoming Leader. State: Replica: 7d9860787189446c822c54a220aeba88, State: Running, Role: LEADER
I20260709 13:09:48.174961 10765 raft_consensus.cc:359] T 84b3bc6cc30940b69589aff5782dceae P 8d2137e817c446b6b5fcaf737240f95a [term 0 FOLLOWER]: Replica starting. Triggering 0 pending ops. Active config: opid_index: -1 OBSOLETE_local: false peers { permanent_uuid: "f563b0e7300c4751a800647ba4de5cfe" member_type: VOTER last_known_addr { host: "127.9.184.1" port: 41073 } } peers { permanent_uuid: "8d2137e817c446b6b5fcaf737240f95a" member_type: VOTER last_known_addr { host: "127.9.184.2" port: 40955 } } peers { permanent_uuid: "7d9860787189446c822c54a220aeba88" member_type: VOTER last_known_addr { host: "127.9.184.3" port: 36265 } }
I20260709 13:09:48.175830 10765 raft_consensus.cc:385] T 84b3bc6cc30940b69589aff5782dceae P 8d2137e817c446b6b5fcaf737240f95a [term 0 FOLLOWER]: Consensus starting up: Expiring failure detector timer to make a prompt election more likely
I20260709 13:09:48.175875 10773 raft_consensus.cc:493] T b4fc5335af8a478c9ec598777cbef018 P 8d2137e817c446b6b5fcaf737240f95a [term 0 FOLLOWER]: Starting pre-election (no leader contacted us within the election timeout)
I20260709 13:09:48.176311 10765 raft_consensus.cc:740] T 84b3bc6cc30940b69589aff5782dceae P 8d2137e817c446b6b5fcaf737240f95a [term 0 FOLLOWER]: Becoming Follower/Learner. State: Replica: 8d2137e817c446b6b5fcaf737240f95a, State: Initialized, Role: FOLLOWER
I20260709 13:09:48.176417 10773 raft_consensus.cc:515] T b4fc5335af8a478c9ec598777cbef018 P 8d2137e817c446b6b5fcaf737240f95a [term 0 FOLLOWER]: Starting pre-election with config: opid_index: -1 OBSOLETE_local: false peers { permanent_uuid: "f563b0e7300c4751a800647ba4de5cfe" member_type: VOTER last_known_addr { host: "127.9.184.1" port: 41073 } } peers { permanent_uuid: "7d9860787189446c822c54a220aeba88" member_type: VOTER last_known_addr { host: "127.9.184.3" port: 36265 } } peers { permanent_uuid: "8d2137e817c446b6b5fcaf737240f95a" member_type: VOTER last_known_addr { host: "127.9.184.2" port: 40955 } }
I20260709 13:09:48.176878 10770 consensus_queue.cc:237] T 947ee46b570c441384a8f4aaa17a4ee1 P 7d9860787189446c822c54a220aeba88 [LEADER]: Queue going to LEADER mode. State: All replicated index: 0, Majority replicated index: 0, Committed index: 0, Last appended: 0.0, Last appended by leader: 0, Current term: 1, Majority size: 2, State: 0, Mode: LEADER, active raft config: opid_index: -1 OBSOLETE_local: false peers { permanent_uuid: "f563b0e7300c4751a800647ba4de5cfe" member_type: VOTER last_known_addr { host: "127.9.184.1" port: 41073 } } peers { permanent_uuid: "8d2137e817c446b6b5fcaf737240f95a" member_type: VOTER last_known_addr { host: "127.9.184.2" port: 40955 } } peers { permanent_uuid: "7d9860787189446c822c54a220aeba88" member_type: VOTER last_known_addr { host: "127.9.184.3" port: 36265 } }
I20260709 13:09:48.177260 10765 consensus_queue.cc:260] T 84b3bc6cc30940b69589aff5782dceae P 8d2137e817c446b6b5fcaf737240f95a [NON_LEADER]: Queue going to NON_LEADER mode. State: All replicated index: 0, Majority replicated index: 0, Committed index: 0, Last appended: 0.0, Last appended by leader: 0, Current term: 0, Majority size: -1, State: 0, Mode: NON_LEADER, active raft config: opid_index: -1 OBSOLETE_local: false peers { permanent_uuid: "f563b0e7300c4751a800647ba4de5cfe" member_type: VOTER last_known_addr { host: "127.9.184.1" port: 41073 } } peers { permanent_uuid: "8d2137e817c446b6b5fcaf737240f95a" member_type: VOTER last_known_addr { host: "127.9.184.2" port: 40955 } } peers { permanent_uuid: "7d9860787189446c822c54a220aeba88" member_type: VOTER last_known_addr { host: "127.9.184.3" port: 36265 } }
I20260709 13:09:48.178411 10773 leader_election.cc:290] T b4fc5335af8a478c9ec598777cbef018 P 8d2137e817c446b6b5fcaf737240f95a [CANDIDATE]: Term 1 pre-election: Requested pre-vote from peers f563b0e7300c4751a800647ba4de5cfe (127.9.184.1:41073), 7d9860787189446c822c54a220aeba88 (127.9.184.3:36265)
I20260709 13:09:48.180739 10574 tablet_service.cc:1917] Received RequestConsensusVote() RPC: tablet_id: "b4fc5335af8a478c9ec598777cbef018" candidate_uuid: "8d2137e817c446b6b5fcaf737240f95a" candidate_term: 1 candidate_status { last_received { term: 0 index: 0 } } ignore_live_leader: false dest_uuid: "f563b0e7300c4751a800647ba4de5cfe" is_pre_election: true
I20260709 13:09:48.181582 10574 raft_consensus.cc:2468] T b4fc5335af8a478c9ec598777cbef018 P f563b0e7300c4751a800647ba4de5cfe [term 0 FOLLOWER]: Leader pre-election vote request: Granting yes vote for candidate 8d2137e817c446b6b5fcaf737240f95a in term 0.
I20260709 13:09:48.183048 10615 leader_election.cc:304] T b4fc5335af8a478c9ec598777cbef018 P 8d2137e817c446b6b5fcaf737240f95a [CANDIDATE]: Term 1 pre-election: Election decided. Result: candidate won. Election summary: received 2 responses out of 3 voters: 2 yes votes; 0 no votes. yes voters: 8d2137e817c446b6b5fcaf737240f95a, f563b0e7300c4751a800647ba4de5cfe; no voters: 
I20260709 13:09:48.180961 10793 raft_consensus.cc:697] T fd9a37eb44bb4e0f9a430e8cc3ed165b P f563b0e7300c4751a800647ba4de5cfe [term 1 LEADER]: Becoming Leader. State: Replica: f563b0e7300c4751a800647ba4de5cfe, State: Running, Role: LEADER
I20260709 13:09:48.185379 10763 tablet_bootstrap.cc:492] T 29a8c77e77fe4dccb15e3e54223c43b3 P 7d9860787189446c822c54a220aeba88: No bootstrap required, opened a new log
I20260709 13:09:48.185892 10763 ts_tablet_manager.cc:1403] T 29a8c77e77fe4dccb15e3e54223c43b3 P 7d9860787189446c822c54a220aeba88: Time spent bootstrapping tablet: real 0.186s	user 0.050s	sys 0.054s
I20260709 13:09:48.187039 10765 ts_tablet_manager.cc:1434] T 84b3bc6cc30940b69589aff5782dceae P 8d2137e817c446b6b5fcaf737240f95a: Time spent starting tablet: real 0.015s	user 0.008s	sys 0.004s
I20260709 13:09:48.187335 10794 raft_consensus.cc:493] T 0795a5fc5c2144dfa2f7ee922c5c62fd P f563b0e7300c4751a800647ba4de5cfe [term 0 FOLLOWER]: Starting leader election (no leader contacted us within the election timeout)
I20260709 13:09:48.187844 10794 raft_consensus.cc:3060] T 0795a5fc5c2144dfa2f7ee922c5c62fd P f563b0e7300c4751a800647ba4de5cfe [term 0 FOLLOWER]: Advancing to term 1
I20260709 13:09:48.187279 10793 consensus_queue.cc:237] T fd9a37eb44bb4e0f9a430e8cc3ed165b P f563b0e7300c4751a800647ba4de5cfe [LEADER]: Queue going to LEADER mode. State: All replicated index: 0, Majority replicated index: 0, Committed index: 0, Last appended: 0.0, Last appended by leader: 0, Current term: 1, Majority size: 2, State: 0, Mode: LEADER, active raft config: opid_index: -1 OBSOLETE_local: false peers { permanent_uuid: "f563b0e7300c4751a800647ba4de5cfe" member_type: VOTER last_known_addr { host: "127.9.184.1" port: 41073 } } peers { permanent_uuid: "8d2137e817c446b6b5fcaf737240f95a" member_type: VOTER last_known_addr { host: "127.9.184.2" port: 40955 } } peers { permanent_uuid: "7d9860787189446c822c54a220aeba88" member_type: VOTER last_known_addr { host: "127.9.184.3" port: 36265 } }
I20260709 13:09:48.188205 10765 tablet_bootstrap.cc:492] T 03b0d857688947938526a5ae83c75cab P 8d2137e817c446b6b5fcaf737240f95a: Bootstrap starting.
I20260709 13:09:48.188963 10763 raft_consensus.cc:359] T 29a8c77e77fe4dccb15e3e54223c43b3 P 7d9860787189446c822c54a220aeba88 [term 0 FOLLOWER]: Replica starting. Triggering 0 pending ops. Active config: opid_index: -1 OBSOLETE_local: false peers { permanent_uuid: "f563b0e7300c4751a800647ba4de5cfe" member_type: VOTER last_known_addr { host: "127.9.184.1" port: 41073 } } peers { permanent_uuid: "8d2137e817c446b6b5fcaf737240f95a" member_type: VOTER last_known_addr { host: "127.9.184.2" port: 40955 } } peers { permanent_uuid: "7d9860787189446c822c54a220aeba88" member_type: VOTER last_known_addr { host: "127.9.184.3" port: 36265 } }
I20260709 13:09:48.189790 10763 raft_consensus.cc:385] T 29a8c77e77fe4dccb15e3e54223c43b3 P 7d9860787189446c822c54a220aeba88 [term 0 FOLLOWER]: Consensus starting up: Expiring failure detector timer to make a prompt election more likely
I20260709 13:09:48.190140 10763 raft_consensus.cc:740] T 29a8c77e77fe4dccb15e3e54223c43b3 P 7d9860787189446c822c54a220aeba88 [term 0 FOLLOWER]: Becoming Follower/Learner. State: Replica: 7d9860787189446c822c54a220aeba88, State: Initialized, Role: FOLLOWER
I20260709 13:09:48.191555 10773 raft_consensus.cc:2804] T b4fc5335af8a478c9ec598777cbef018 P 8d2137e817c446b6b5fcaf737240f95a [term 0 FOLLOWER]: Leader pre-election won for term 1
I20260709 13:09:48.191985 10773 raft_consensus.cc:493] T b4fc5335af8a478c9ec598777cbef018 P 8d2137e817c446b6b5fcaf737240f95a [term 0 FOLLOWER]: Starting leader election (no leader contacted us within the election timeout)
I20260709 13:09:48.192325 10773 raft_consensus.cc:3060] T b4fc5335af8a478c9ec598777cbef018 P 8d2137e817c446b6b5fcaf737240f95a [term 0 FOLLOWER]: Advancing to term 1
I20260709 13:09:48.196656 10765 tablet_bootstrap.cc:654] T 03b0d857688947938526a5ae83c75cab P 8d2137e817c446b6b5fcaf737240f95a: Neither blocks nor log segments found. Creating new log.
I20260709 13:09:48.199287 10773 raft_consensus.cc:515] T b4fc5335af8a478c9ec598777cbef018 P 8d2137e817c446b6b5fcaf737240f95a [term 1 FOLLOWER]: Starting leader election with config: opid_index: -1 OBSOLETE_local: false peers { permanent_uuid: "f563b0e7300c4751a800647ba4de5cfe" member_type: VOTER last_known_addr { host: "127.9.184.1" port: 41073 } } peers { permanent_uuid: "7d9860787189446c822c54a220aeba88" member_type: VOTER last_known_addr { host: "127.9.184.3" port: 36265 } } peers { permanent_uuid: "8d2137e817c446b6b5fcaf737240f95a" member_type: VOTER last_known_addr { host: "127.9.184.2" port: 40955 } }
I20260709 13:09:48.201378 10773 leader_election.cc:290] T b4fc5335af8a478c9ec598777cbef018 P 8d2137e817c446b6b5fcaf737240f95a [CANDIDATE]: Term 1 election: Requested vote from peers f563b0e7300c4751a800647ba4de5cfe (127.9.184.1:41073), 7d9860787189446c822c54a220aeba88 (127.9.184.3:36265)
I20260709 13:09:48.202196 10768 raft_consensus.cc:493] T 84b3bc6cc30940b69589aff5782dceae P f563b0e7300c4751a800647ba4de5cfe [term 0 FOLLOWER]: Starting pre-election (no leader contacted us within the election timeout)
I20260709 13:09:48.202699 10768 raft_consensus.cc:515] T 84b3bc6cc30940b69589aff5782dceae P f563b0e7300c4751a800647ba4de5cfe [term 0 FOLLOWER]: Starting pre-election with config: opid_index: -1 OBSOLETE_local: false peers { permanent_uuid: "f563b0e7300c4751a800647ba4de5cfe" member_type: VOTER last_known_addr { host: "127.9.184.1" port: 41073 } } peers { permanent_uuid: "8d2137e817c446b6b5fcaf737240f95a" member_type: VOTER last_known_addr { host: "127.9.184.2" port: 40955 } } peers { permanent_uuid: "7d9860787189446c822c54a220aeba88" member_type: VOTER last_known_addr { host: "127.9.184.3" port: 36265 } }
I20260709 13:09:48.203229 10574 tablet_service.cc:1917] Received RequestConsensusVote() RPC: tablet_id: "b4fc5335af8a478c9ec598777cbef018" candidate_uuid: "8d2137e817c446b6b5fcaf737240f95a" candidate_term: 1 candidate_status { last_received { term: 0 index: 0 } } ignore_live_leader: false dest_uuid: "f563b0e7300c4751a800647ba4de5cfe"
I20260709 13:09:48.203852 10574 raft_consensus.cc:3060] T b4fc5335af8a478c9ec598777cbef018 P f563b0e7300c4751a800647ba4de5cfe [term 0 FOLLOWER]: Advancing to term 1
I20260709 13:09:48.203552 10763 consensus_queue.cc:260] T 29a8c77e77fe4dccb15e3e54223c43b3 P 7d9860787189446c822c54a220aeba88 [NON_LEADER]: Queue going to NON_LEADER mode. State: All replicated index: 0, Majority replicated index: 0, Committed index: 0, Last appended: 0.0, Last appended by leader: 0, Current term: 0, Majority size: -1, State: 0, Mode: NON_LEADER, active raft config: opid_index: -1 OBSOLETE_local: false peers { permanent_uuid: "f563b0e7300c4751a800647ba4de5cfe" member_type: VOTER last_known_addr { host: "127.9.184.1" port: 41073 } } peers { permanent_uuid: "8d2137e817c446b6b5fcaf737240f95a" member_type: VOTER last_known_addr { host: "127.9.184.2" port: 40955 } } peers { permanent_uuid: "7d9860787189446c822c54a220aeba88" member_type: VOTER last_known_addr { host: "127.9.184.3" port: 36265 } }
I20260709 13:09:48.206032 10763 ts_tablet_manager.cc:1434] T 29a8c77e77fe4dccb15e3e54223c43b3 P 7d9860787189446c822c54a220aeba88: Time spent starting tablet: real 0.020s	user 0.006s	sys 0.002s
I20260709 13:09:48.206382 10768 leader_election.cc:290] T 84b3bc6cc30940b69589aff5782dceae P f563b0e7300c4751a800647ba4de5cfe [CANDIDATE]: Term 1 pre-election: Requested pre-vote from peers 8d2137e817c446b6b5fcaf737240f95a (127.9.184.2:40955), 7d9860787189446c822c54a220aeba88 (127.9.184.3:36265)
I20260709 13:09:48.207345 10763 tablet_bootstrap.cc:492] T fd9a37eb44bb4e0f9a430e8cc3ed165b P 7d9860787189446c822c54a220aeba88: Bootstrap starting.
I20260709 13:09:48.208765 10723 tablet_service.cc:1917] Received RequestConsensusVote() RPC: tablet_id: "84b3bc6cc30940b69589aff5782dceae" candidate_uuid: "f563b0e7300c4751a800647ba4de5cfe" candidate_term: 1 candidate_status { last_received { term: 0 index: 0 } } ignore_live_leader: false dest_uuid: "7d9860787189446c822c54a220aeba88" is_pre_election: true
W20260709 13:09:48.210285 10540 leader_election.cc:343] T 84b3bc6cc30940b69589aff5782dceae P f563b0e7300c4751a800647ba4de5cfe [CANDIDATE]: Term 1 pre-election: Tablet error from VoteRequest() call to peer 7d9860787189446c822c54a220aeba88 (127.9.184.3:36265): Illegal state: must be running to vote when last-logged opid is not known
I20260709 13:09:48.211016 10469 catalog_manager.cc:5697] T 77775f1f1ad14a4c8153f16fed02edb3 P 7d9860787189446c822c54a220aeba88 reported cstate change: term changed from 0 to 1, leader changed from <none> to 7d9860787189446c822c54a220aeba88 (127.9.184.3). New cstate: current_term: 1 leader_uuid: "7d9860787189446c822c54a220aeba88" committed_config { opid_index: -1 OBSOLETE_local: false peers { permanent_uuid: "f563b0e7300c4751a800647ba4de5cfe" member_type: VOTER last_known_addr { host: "127.9.184.1" port: 41073 } health_report { overall_health: UNKNOWN } } peers { permanent_uuid: "8d2137e817c446b6b5fcaf737240f95a" member_type: VOTER last_known_addr { host: "127.9.184.2" port: 40955 } health_report { overall_health: UNKNOWN } } peers { permanent_uuid: "7d9860787189446c822c54a220aeba88" member_type: VOTER last_known_addr { host: "127.9.184.3" port: 36265 } health_report { overall_health: HEALTHY } } }
I20260709 13:09:48.214686 10763 tablet_bootstrap.cc:654] T fd9a37eb44bb4e0f9a430e8cc3ed165b P 7d9860787189446c822c54a220aeba88: Neither blocks nor log segments found. Creating new log.
I20260709 13:09:48.215507 10574 raft_consensus.cc:2468] T b4fc5335af8a478c9ec598777cbef018 P f563b0e7300c4751a800647ba4de5cfe [term 1 FOLLOWER]: Leader election vote request: Granting yes vote for candidate 8d2137e817c446b6b5fcaf737240f95a in term 1.
I20260709 13:09:48.215934 10648 tablet_service.cc:1917] Received RequestConsensusVote() RPC: tablet_id: "84b3bc6cc30940b69589aff5782dceae" candidate_uuid: "f563b0e7300c4751a800647ba4de5cfe" candidate_term: 1 candidate_status { last_received { term: 0 index: 0 } } ignore_live_leader: false dest_uuid: "8d2137e817c446b6b5fcaf737240f95a" is_pre_election: true
I20260709 13:09:48.216864 10615 leader_election.cc:304] T b4fc5335af8a478c9ec598777cbef018 P 8d2137e817c446b6b5fcaf737240f95a [CANDIDATE]: Term 1 election: Election decided. Result: candidate won. Election summary: received 2 responses out of 3 voters: 2 yes votes; 0 no votes. yes voters: 8d2137e817c446b6b5fcaf737240f95a, f563b0e7300c4751a800647ba4de5cfe; no voters: 
I20260709 13:09:48.216864 10648 raft_consensus.cc:2468] T 84b3bc6cc30940b69589aff5782dceae P 8d2137e817c446b6b5fcaf737240f95a [term 0 FOLLOWER]: Leader pre-election vote request: Granting yes vote for candidate f563b0e7300c4751a800647ba4de5cfe in term 0.
I20260709 13:09:48.217839 10773 raft_consensus.cc:2804] T b4fc5335af8a478c9ec598777cbef018 P 8d2137e817c446b6b5fcaf737240f95a [term 1 FOLLOWER]: Leader election won for term 1
I20260709 13:09:48.218389 10773 raft_consensus.cc:697] T b4fc5335af8a478c9ec598777cbef018 P 8d2137e817c446b6b5fcaf737240f95a [term 1 LEADER]: Becoming Leader. State: Replica: 8d2137e817c446b6b5fcaf737240f95a, State: Running, Role: LEADER
I20260709 13:09:48.218700 10537 leader_election.cc:304] T 84b3bc6cc30940b69589aff5782dceae P f563b0e7300c4751a800647ba4de5cfe [CANDIDATE]: Term 1 pre-election: Election decided. Result: candidate won. Election summary: received 3 responses out of 3 voters: 2 yes votes; 1 no votes. yes voters: 8d2137e817c446b6b5fcaf737240f95a, f563b0e7300c4751a800647ba4de5cfe; no voters: 7d9860787189446c822c54a220aeba88
I20260709 13:09:48.219293 10773 consensus_queue.cc:237] T b4fc5335af8a478c9ec598777cbef018 P 8d2137e817c446b6b5fcaf737240f95a [LEADER]: Queue going to LEADER mode. State: All replicated index: 0, Majority replicated index: 0, Committed index: 0, Last appended: 0.0, Last appended by leader: 0, Current term: 1, Majority size: 2, State: 0, Mode: LEADER, active raft config: opid_index: -1 OBSOLETE_local: false peers { permanent_uuid: "f563b0e7300c4751a800647ba4de5cfe" member_type: VOTER last_known_addr { host: "127.9.184.1" port: 41073 } } peers { permanent_uuid: "7d9860787189446c822c54a220aeba88" member_type: VOTER last_known_addr { host: "127.9.184.3" port: 36265 } } peers { permanent_uuid: "8d2137e817c446b6b5fcaf737240f95a" member_type: VOTER last_known_addr { host: "127.9.184.2" port: 40955 } }
I20260709 13:09:48.219802 10768 raft_consensus.cc:2804] T 84b3bc6cc30940b69589aff5782dceae P f563b0e7300c4751a800647ba4de5cfe [term 0 FOLLOWER]: Leader pre-election won for term 1
I20260709 13:09:48.222057 10768 raft_consensus.cc:493] T 84b3bc6cc30940b69589aff5782dceae P f563b0e7300c4751a800647ba4de5cfe [term 0 FOLLOWER]: Starting leader election (no leader contacted us within the election timeout)
I20260709 13:09:48.222412 10768 raft_consensus.cc:3060] T 84b3bc6cc30940b69589aff5782dceae P f563b0e7300c4751a800647ba4de5cfe [term 0 FOLLOWER]: Advancing to term 1
I20260709 13:09:48.223325 10764 tablet_bootstrap.cc:492] T 947ee46b570c441384a8f4aaa17a4ee1 P f563b0e7300c4751a800647ba4de5cfe: No bootstrap required, opened a new log
I20260709 13:09:48.223784 10764 ts_tablet_manager.cc:1403] T 947ee46b570c441384a8f4aaa17a4ee1 P f563b0e7300c4751a800647ba4de5cfe: Time spent bootstrapping tablet: real 0.073s	user 0.009s	sys 0.005s
I20260709 13:09:48.227838 10723 tablet_service.cc:1917] Received RequestConsensusVote() RPC: tablet_id: "0795a5fc5c2144dfa2f7ee922c5c62fd" candidate_uuid: "8d2137e817c446b6b5fcaf737240f95a" candidate_term: 1 candidate_status { last_received { term: 0 index: 0 } } ignore_live_leader: false dest_uuid: "7d9860787189446c822c54a220aeba88" is_pre_election: true
I20260709 13:09:48.228503 10723 raft_consensus.cc:2468] T 0795a5fc5c2144dfa2f7ee922c5c62fd P 7d9860787189446c822c54a220aeba88 [term 0 FOLLOWER]: Leader pre-election vote request: Granting yes vote for candidate 8d2137e817c446b6b5fcaf737240f95a in term 0.
I20260709 13:09:48.229622 10722 tablet_service.cc:1917] Received RequestConsensusVote() RPC: tablet_id: "096f2b604a6c4d20afd0de7814640371" candidate_uuid: "8d2137e817c446b6b5fcaf737240f95a" candidate_term: 1 candidate_status { last_received { term: 0 index: 0 } } ignore_live_leader: false dest_uuid: "7d9860787189446c822c54a220aeba88" is_pre_election: true
I20260709 13:09:48.230170 10720 tablet_service.cc:1917] Received RequestConsensusVote() RPC: tablet_id: "b4fc5335af8a478c9ec598777cbef018" candidate_uuid: "8d2137e817c446b6b5fcaf737240f95a" candidate_term: 1 candidate_status { last_received { term: 0 index: 0 } } ignore_live_leader: false dest_uuid: "7d9860787189446c822c54a220aeba88"
I20260709 13:09:48.230851 10720 raft_consensus.cc:3060] T b4fc5335af8a478c9ec598777cbef018 P 7d9860787189446c822c54a220aeba88 [term 0 FOLLOWER]: Advancing to term 1
I20260709 13:09:48.230666 10722 raft_consensus.cc:2468] T 096f2b604a6c4d20afd0de7814640371 P 7d9860787189446c822c54a220aeba88 [term 0 FOLLOWER]: Leader pre-election vote request: Granting yes vote for candidate 8d2137e817c446b6b5fcaf737240f95a in term 0.
I20260709 13:09:48.229624 10721 tablet_service.cc:1917] Received RequestConsensusVote() RPC: tablet_id: "b4fc5335af8a478c9ec598777cbef018" candidate_uuid: "8d2137e817c446b6b5fcaf737240f95a" candidate_term: 1 candidate_status { last_received { term: 0 index: 0 } } ignore_live_leader: false dest_uuid: "7d9860787189446c822c54a220aeba88" is_pre_election: true
I20260709 13:09:48.232034 10768 raft_consensus.cc:515] T 84b3bc6cc30940b69589aff5782dceae P f563b0e7300c4751a800647ba4de5cfe [term 1 FOLLOWER]: Starting leader election with config: opid_index: -1 OBSOLETE_local: false peers { permanent_uuid: "f563b0e7300c4751a800647ba4de5cfe" member_type: VOTER last_known_addr { host: "127.9.184.1" port: 41073 } } peers { permanent_uuid: "8d2137e817c446b6b5fcaf737240f95a" member_type: VOTER last_known_addr { host: "127.9.184.2" port: 40955 } } peers { permanent_uuid: "7d9860787189446c822c54a220aeba88" member_type: VOTER last_known_addr { host: "127.9.184.3" port: 36265 } }
I20260709 13:09:48.232836 10615 leader_election.cc:304] T 0795a5fc5c2144dfa2f7ee922c5c62fd P 8d2137e817c446b6b5fcaf737240f95a [CANDIDATE]: Term 1 pre-election: Election decided. Result: candidate won. Election summary: received 2 responses out of 3 voters: 2 yes votes; 0 no votes. yes voters: 7d9860787189446c822c54a220aeba88, 8d2137e817c446b6b5fcaf737240f95a; no voters: 
I20260709 13:09:48.233980 10801 raft_consensus.cc:2804] T 0795a5fc5c2144dfa2f7ee922c5c62fd P 8d2137e817c446b6b5fcaf737240f95a [term 0 FOLLOWER]: Leader pre-election won for term 1
I20260709 13:09:48.233863 10615 leader_election.cc:304] T 096f2b604a6c4d20afd0de7814640371 P 8d2137e817c446b6b5fcaf737240f95a [CANDIDATE]: Term 1 pre-election: Election decided. Result: candidate won. Election summary: received 3 responses out of 3 voters: 2 yes votes; 1 no votes. yes voters: 7d9860787189446c822c54a220aeba88, 8d2137e817c446b6b5fcaf737240f95a; no voters: f563b0e7300c4751a800647ba4de5cfe
I20260709 13:09:48.234361 10801 raft_consensus.cc:493] T 0795a5fc5c2144dfa2f7ee922c5c62fd P 8d2137e817c446b6b5fcaf737240f95a [term 0 FOLLOWER]: Starting leader election (no leader contacted us within the election timeout)
I20260709 13:09:48.234721 10801 raft_consensus.cc:3060] T 0795a5fc5c2144dfa2f7ee922c5c62fd P 8d2137e817c446b6b5fcaf737240f95a [term 0 FOLLOWER]: Advancing to term 1
I20260709 13:09:48.235287 10794 raft_consensus.cc:515] T 0795a5fc5c2144dfa2f7ee922c5c62fd P f563b0e7300c4751a800647ba4de5cfe [term 1 FOLLOWER]: Starting leader election with config: opid_index: -1 OBSOLETE_local: false peers { permanent_uuid: "f563b0e7300c4751a800647ba4de5cfe" member_type: VOTER last_known_addr { host: "127.9.184.1" port: 41073 } } peers { permanent_uuid: "8d2137e817c446b6b5fcaf737240f95a" member_type: VOTER last_known_addr { host: "127.9.184.2" port: 40955 } } peers { permanent_uuid: "7d9860787189446c822c54a220aeba88" member_type: VOTER last_known_addr { host: "127.9.184.3" port: 36265 } }
I20260709 13:09:48.248790 10721 tablet_service.cc:1917] Received RequestConsensusVote() RPC: tablet_id: "84b3bc6cc30940b69589aff5782dceae" candidate_uuid: "f563b0e7300c4751a800647ba4de5cfe" candidate_term: 1 candidate_status { last_received { term: 0 index: 0 } } ignore_live_leader: false dest_uuid: "7d9860787189446c822c54a220aeba88"
I20260709 13:09:48.249286 10573 raft_consensus.cc:2393] T 0795a5fc5c2144dfa2f7ee922c5c62fd P f563b0e7300c4751a800647ba4de5cfe [term 1 FOLLOWER]: Leader pre-election vote request: Denying vote to candidate 8d2137e817c446b6b5fcaf737240f95a in current term 1: Already voted for candidate f563b0e7300c4751a800647ba4de5cfe in this term.
I20260709 13:09:48.249697 10801 raft_consensus.cc:515] T 0795a5fc5c2144dfa2f7ee922c5c62fd P 8d2137e817c446b6b5fcaf737240f95a [term 1 FOLLOWER]: Starting leader election with config: opid_index: -1 OBSOLETE_local: false peers { permanent_uuid: "f563b0e7300c4751a800647ba4de5cfe" member_type: VOTER last_known_addr { host: "127.9.184.1" port: 41073 } } peers { permanent_uuid: "8d2137e817c446b6b5fcaf737240f95a" member_type: VOTER last_known_addr { host: "127.9.184.2" port: 40955 } } peers { permanent_uuid: "7d9860787189446c822c54a220aeba88" member_type: VOTER last_known_addr { host: "127.9.184.3" port: 36265 } }
W20260709 13:09:48.250415 10540 leader_election.cc:343] T 84b3bc6cc30940b69589aff5782dceae P f563b0e7300c4751a800647ba4de5cfe [CANDIDATE]: Term 1 election: Tablet error from VoteRequest() call to peer 7d9860787189446c822c54a220aeba88 (127.9.184.3:36265): Illegal state: must be running to vote when last-logged opid is not known
I20260709 13:09:48.246300 10720 raft_consensus.cc:2468] T b4fc5335af8a478c9ec598777cbef018 P 7d9860787189446c822c54a220aeba88 [term 1 FOLLOWER]: Leader election vote request: Granting yes vote for candidate 8d2137e817c446b6b5fcaf737240f95a in term 1.
I20260709 13:09:48.247323 10768 leader_election.cc:290] T 84b3bc6cc30940b69589aff5782dceae P f563b0e7300c4751a800647ba4de5cfe [CANDIDATE]: Term 1 election: Requested vote from peers 8d2137e817c446b6b5fcaf737240f95a (127.9.184.2:40955), 7d9860787189446c822c54a220aeba88 (127.9.184.3:36265)
I20260709 13:09:48.227339 10764 raft_consensus.cc:359] T 947ee46b570c441384a8f4aaa17a4ee1 P f563b0e7300c4751a800647ba4de5cfe [term 0 FOLLOWER]: Replica starting. Triggering 0 pending ops. Active config: opid_index: -1 OBSOLETE_local: false peers { permanent_uuid: "f563b0e7300c4751a800647ba4de5cfe" member_type: VOTER last_known_addr { host: "127.9.184.1" port: 41073 } } peers { permanent_uuid: "8d2137e817c446b6b5fcaf737240f95a" member_type: VOTER last_known_addr { host: "127.9.184.2" port: 40955 } } peers { permanent_uuid: "7d9860787189446c822c54a220aeba88" member_type: VOTER last_known_addr { host: "127.9.184.3" port: 36265 } }
I20260709 13:09:48.256574 10765 tablet_bootstrap.cc:492] T 03b0d857688947938526a5ae83c75cab P 8d2137e817c446b6b5fcaf737240f95a: No bootstrap required, opened a new log
I20260709 13:09:48.256703 10764 raft_consensus.cc:385] T 947ee46b570c441384a8f4aaa17a4ee1 P f563b0e7300c4751a800647ba4de5cfe [term 0 FOLLOWER]: Consensus starting up: Expiring failure detector timer to make a prompt election more likely
I20260709 13:09:48.257141 10764 raft_consensus.cc:740] T 947ee46b570c441384a8f4aaa17a4ee1 P f563b0e7300c4751a800647ba4de5cfe [term 0 FOLLOWER]: Becoming Follower/Learner. State: Replica: f563b0e7300c4751a800647ba4de5cfe, State: Initialized, Role: FOLLOWER
I20260709 13:09:48.257298 10765 ts_tablet_manager.cc:1403] T 03b0d857688947938526a5ae83c75cab P 8d2137e817c446b6b5fcaf737240f95a: Time spent bootstrapping tablet: real 0.069s	user 0.024s	sys 0.026s
I20260709 13:09:48.258559 10794 leader_election.cc:290] T 0795a5fc5c2144dfa2f7ee922c5c62fd P f563b0e7300c4751a800647ba4de5cfe [CANDIDATE]: Term 1 election: Requested vote from peers 8d2137e817c446b6b5fcaf737240f95a (127.9.184.2:40955), 7d9860787189446c822c54a220aeba88 (127.9.184.3:36265)
I20260709 13:09:48.259881 10720 tablet_service.cc:1917] Received RequestConsensusVote() RPC: tablet_id: "0795a5fc5c2144dfa2f7ee922c5c62fd" candidate_uuid: "f563b0e7300c4751a800647ba4de5cfe" candidate_term: 1 candidate_status { last_received { term: 0 index: 0 } } ignore_live_leader: false dest_uuid: "7d9860787189446c822c54a220aeba88"
I20260709 13:09:48.260538 10720 raft_consensus.cc:3060] T 0795a5fc5c2144dfa2f7ee922c5c62fd P 7d9860787189446c822c54a220aeba88 [term 0 FOLLOWER]: Advancing to term 1
I20260709 13:09:48.261068 10765 raft_consensus.cc:359] T 03b0d857688947938526a5ae83c75cab P 8d2137e817c446b6b5fcaf737240f95a [term 0 FOLLOWER]: Replica starting. Triggering 0 pending ops. Active config: opid_index: -1 OBSOLETE_local: false peers { permanent_uuid: "f563b0e7300c4751a800647ba4de5cfe" member_type: VOTER last_known_addr { host: "127.9.184.1" port: 41073 } } peers { permanent_uuid: "8d2137e817c446b6b5fcaf737240f95a" member_type: VOTER last_known_addr { host: "127.9.184.2" port: 40955 } } peers { permanent_uuid: "7d9860787189446c822c54a220aeba88" member_type: VOTER last_known_addr { host: "127.9.184.3" port: 36265 } }
I20260709 13:09:48.262075 10765 raft_consensus.cc:385] T 03b0d857688947938526a5ae83c75cab P 8d2137e817c446b6b5fcaf737240f95a [term 0 FOLLOWER]: Consensus starting up: Expiring failure detector timer to make a prompt election more likely
I20260709 13:09:48.262521 10765 raft_consensus.cc:740] T 03b0d857688947938526a5ae83c75cab P 8d2137e817c446b6b5fcaf737240f95a [term 0 FOLLOWER]: Becoming Follower/Learner. State: Replica: 8d2137e817c446b6b5fcaf737240f95a, State: Initialized, Role: FOLLOWER
I20260709 13:09:48.263051 10801 leader_election.cc:290] T 0795a5fc5c2144dfa2f7ee922c5c62fd P 8d2137e817c446b6b5fcaf737240f95a [CANDIDATE]: Term 1 election: Requested vote from peers f563b0e7300c4751a800647ba4de5cfe (127.9.184.1:41073), 7d9860787189446c822c54a220aeba88 (127.9.184.3:36265)
I20260709 13:09:48.263496 10765 consensus_queue.cc:260] T 03b0d857688947938526a5ae83c75cab P 8d2137e817c446b6b5fcaf737240f95a [NON_LEADER]: Queue going to NON_LEADER mode. State: All replicated index: 0, Majority replicated index: 0, Committed index: 0, Last appended: 0.0, Last appended by leader: 0, Current term: 0, Majority size: -1, State: 0, Mode: NON_LEADER, active raft config: opid_index: -1 OBSOLETE_local: false peers { permanent_uuid: "f563b0e7300c4751a800647ba4de5cfe" member_type: VOTER last_known_addr { host: "127.9.184.1" port: 41073 } } peers { permanent_uuid: "8d2137e817c446b6b5fcaf737240f95a" member_type: VOTER last_known_addr { host: "127.9.184.2" port: 40955 } } peers { permanent_uuid: "7d9860787189446c822c54a220aeba88" member_type: VOTER last_known_addr { host: "127.9.184.3" port: 36265 } }
I20260709 13:09:48.265036 10809 raft_consensus.cc:2804] T 096f2b604a6c4d20afd0de7814640371 P 8d2137e817c446b6b5fcaf737240f95a [term 0 FOLLOWER]: Leader pre-election won for term 1
I20260709 13:09:48.267908 10721 tablet_service.cc:1917] Received RequestConsensusVote() RPC: tablet_id: "0795a5fc5c2144dfa2f7ee922c5c62fd" candidate_uuid: "8d2137e817c446b6b5fcaf737240f95a" candidate_term: 1 candidate_status { last_received { term: 0 index: 0 } } ignore_live_leader: false dest_uuid: "7d9860787189446c822c54a220aeba88"
I20260709 13:09:48.268970 10648 tablet_service.cc:1917] Received RequestConsensusVote() RPC: tablet_id: "84b3bc6cc30940b69589aff5782dceae" candidate_uuid: "f563b0e7300c4751a800647ba4de5cfe" candidate_term: 1 candidate_status { last_received { term: 0 index: 0 } } ignore_live_leader: false dest_uuid: "8d2137e817c446b6b5fcaf737240f95a"
I20260709 13:09:48.273675 10648 raft_consensus.cc:3060] T 84b3bc6cc30940b69589aff5782dceae P 8d2137e817c446b6b5fcaf737240f95a [term 0 FOLLOWER]: Advancing to term 1
I20260709 13:09:48.267935 10573 tablet_service.cc:1917] Received RequestConsensusVote() RPC: tablet_id: "0795a5fc5c2144dfa2f7ee922c5c62fd" candidate_uuid: "8d2137e817c446b6b5fcaf737240f95a" candidate_term: 1 candidate_status { last_received { term: 0 index: 0 } } ignore_live_leader: false dest_uuid: "f563b0e7300c4751a800647ba4de5cfe"
I20260709 13:09:48.274619 10763 tablet_bootstrap.cc:492] T fd9a37eb44bb4e0f9a430e8cc3ed165b P 7d9860787189446c822c54a220aeba88: No bootstrap required, opened a new log
I20260709 13:09:48.275089 10573 raft_consensus.cc:2393] T 0795a5fc5c2144dfa2f7ee922c5c62fd P f563b0e7300c4751a800647ba4de5cfe [term 1 FOLLOWER]: Leader election vote request: Denying vote to candidate 8d2137e817c446b6b5fcaf737240f95a in current term 1: Already voted for candidate f563b0e7300c4751a800647ba4de5cfe in this term.
I20260709 13:09:48.275302 10763 ts_tablet_manager.cc:1403] T fd9a37eb44bb4e0f9a430e8cc3ed165b P 7d9860787189446c822c54a220aeba88: Time spent bootstrapping tablet: real 0.068s	user 0.009s	sys 0.005s
I20260709 13:09:48.275518 10720 raft_consensus.cc:2468] T 0795a5fc5c2144dfa2f7ee922c5c62fd P 7d9860787189446c822c54a220aeba88 [term 1 FOLLOWER]: Leader election vote request: Granting yes vote for candidate f563b0e7300c4751a800647ba4de5cfe in term 1.
I20260709 13:09:48.270025 10649 tablet_service.cc:1917] Received RequestConsensusVote() RPC: tablet_id: "0795a5fc5c2144dfa2f7ee922c5c62fd" candidate_uuid: "f563b0e7300c4751a800647ba4de5cfe" candidate_term: 1 candidate_status { last_received { term: 0 index: 0 } } ignore_live_leader: false dest_uuid: "8d2137e817c446b6b5fcaf737240f95a"
I20260709 13:09:48.282320 10765 ts_tablet_manager.cc:1434] T 03b0d857688947938526a5ae83c75cab P 8d2137e817c446b6b5fcaf737240f95a: Time spent starting tablet: real 0.024s	user 0.008s	sys 0.000s
I20260709 13:09:48.282686 10649 raft_consensus.cc:2393] T 0795a5fc5c2144dfa2f7ee922c5c62fd P 8d2137e817c446b6b5fcaf737240f95a [term 1 FOLLOWER]: Leader election vote request: Denying vote to candidate f563b0e7300c4751a800647ba4de5cfe in current term 1: Already voted for candidate 8d2137e817c446b6b5fcaf737240f95a in this term.
I20260709 13:09:48.276947 10615 leader_election.cc:304] T 0795a5fc5c2144dfa2f7ee922c5c62fd P 8d2137e817c446b6b5fcaf737240f95a [CANDIDATE]: Term 1 election: Election decided. Result: candidate lost. Election summary: received 3 responses out of 3 voters: 1 yes votes; 2 no votes. yes voters: 8d2137e817c446b6b5fcaf737240f95a; no voters: 7d9860787189446c822c54a220aeba88, f563b0e7300c4751a800647ba4de5cfe
I20260709 13:09:48.270797 10809 raft_consensus.cc:493] T 096f2b604a6c4d20afd0de7814640371 P 8d2137e817c446b6b5fcaf737240f95a [term 0 FOLLOWER]: Starting leader election (no leader contacted us within the election timeout)
I20260709 13:09:48.283659 10809 raft_consensus.cc:3060] T 096f2b604a6c4d20afd0de7814640371 P 8d2137e817c446b6b5fcaf737240f95a [term 0 FOLLOWER]: Advancing to term 1
I20260709 13:09:48.278673 10763 raft_consensus.cc:359] T fd9a37eb44bb4e0f9a430e8cc3ed165b P 7d9860787189446c822c54a220aeba88 [term 0 FOLLOWER]: Replica starting. Triggering 0 pending ops. Active config: opid_index: -1 OBSOLETE_local: false peers { permanent_uuid: "f563b0e7300c4751a800647ba4de5cfe" member_type: VOTER last_known_addr { host: "127.9.184.1" port: 41073 } } peers { permanent_uuid: "8d2137e817c446b6b5fcaf737240f95a" member_type: VOTER last_known_addr { host: "127.9.184.2" port: 40955 } } peers { permanent_uuid: "7d9860787189446c822c54a220aeba88" member_type: VOTER last_known_addr { host: "127.9.184.3" port: 36265 } }
I20260709 13:09:48.257866 10764 consensus_queue.cc:260] T 947ee46b570c441384a8f4aaa17a4ee1 P f563b0e7300c4751a800647ba4de5cfe [NON_LEADER]: Queue going to NON_LEADER mode. State: All replicated index: 0, Majority replicated index: 0, Committed index: 0, Last appended: 0.0, Last appended by leader: 0, Current term: 0, Majority size: -1, State: 0, Mode: NON_LEADER, active raft config: opid_index: -1 OBSOLETE_local: false peers { permanent_uuid: "f563b0e7300c4751a800647ba4de5cfe" member_type: VOTER last_known_addr { host: "127.9.184.1" port: 41073 } } peers { permanent_uuid: "8d2137e817c446b6b5fcaf737240f95a" member_type: VOTER last_known_addr { host: "127.9.184.2" port: 40955 } } peers { permanent_uuid: "7d9860787189446c822c54a220aeba88" member_type: VOTER last_known_addr { host: "127.9.184.3" port: 36265 } }
I20260709 13:09:48.284451 10773 raft_consensus.cc:2749] T 0795a5fc5c2144dfa2f7ee922c5c62fd P 8d2137e817c446b6b5fcaf737240f95a [term 1 FOLLOWER]: Leader election lost for term 1. Reason: could not achieve majority
I20260709 13:09:48.285102 10763 raft_consensus.cc:385] T fd9a37eb44bb4e0f9a430e8cc3ed165b P 7d9860787189446c822c54a220aeba88 [term 0 FOLLOWER]: Consensus starting up: Expiring failure detector timer to make a prompt election more likely
I20260709 13:09:48.286370 10648 raft_consensus.cc:2468] T 84b3bc6cc30940b69589aff5782dceae P 8d2137e817c446b6b5fcaf737240f95a [term 1 FOLLOWER]: Leader election vote request: Granting yes vote for candidate f563b0e7300c4751a800647ba4de5cfe in term 1.
I20260709 13:09:48.288800 10540 leader_election.cc:304] T 0795a5fc5c2144dfa2f7ee922c5c62fd P f563b0e7300c4751a800647ba4de5cfe [CANDIDATE]: Term 1 election: Election decided. Result: candidate won. Election summary: received 3 responses out of 3 voters: 2 yes votes; 1 no votes. yes voters: 7d9860787189446c822c54a220aeba88, f563b0e7300c4751a800647ba4de5cfe; no voters: 8d2137e817c446b6b5fcaf737240f95a
I20260709 13:09:48.288982 10763 raft_consensus.cc:740] T fd9a37eb44bb4e0f9a430e8cc3ed165b P 7d9860787189446c822c54a220aeba88 [term 0 FOLLOWER]: Becoming Follower/Learner. State: Replica: 7d9860787189446c822c54a220aeba88, State: Initialized, Role: FOLLOWER
I20260709 13:09:48.290405 10763 consensus_queue.cc:260] T fd9a37eb44bb4e0f9a430e8cc3ed165b P 7d9860787189446c822c54a220aeba88 [NON_LEADER]: Queue going to NON_LEADER mode. State: All replicated index: 0, Majority replicated index: 0, Committed index: 0, Last appended: 0.0, Last appended by leader: 0, Current term: 0, Majority size: -1, State: 0, Mode: NON_LEADER, active raft config: opid_index: -1 OBSOLETE_local: false peers { permanent_uuid: "f563b0e7300c4751a800647ba4de5cfe" member_type: VOTER last_known_addr { host: "127.9.184.1" port: 41073 } } peers { permanent_uuid: "8d2137e817c446b6b5fcaf737240f95a" member_type: VOTER last_known_addr { host: "127.9.184.2" port: 40955 } } peers { permanent_uuid: "7d9860787189446c822c54a220aeba88" member_type: VOTER last_known_addr { host: "127.9.184.3" port: 36265 } }
I20260709 13:09:48.291227 10537 leader_election.cc:304] T 84b3bc6cc30940b69589aff5782dceae P f563b0e7300c4751a800647ba4de5cfe [CANDIDATE]: Term 1 election: Election decided. Result: candidate won. Election summary: received 3 responses out of 3 voters: 2 yes votes; 1 no votes. yes voters: 8d2137e817c446b6b5fcaf737240f95a, f563b0e7300c4751a800647ba4de5cfe; no voters: 7d9860787189446c822c54a220aeba88
I20260709 13:09:48.292994 10763 ts_tablet_manager.cc:1434] T fd9a37eb44bb4e0f9a430e8cc3ed165b P 7d9860787189446c822c54a220aeba88: Time spent starting tablet: real 0.017s	user 0.002s	sys 0.005s
I20260709 13:09:48.294059 10763 tablet_bootstrap.cc:492] T c9b7012042084ae2b1744bdeed2c913e P 7d9860787189446c822c54a220aeba88: Bootstrap starting.
I20260709 13:09:48.294312 10472 catalog_manager.cc:5697] T fd9a37eb44bb4e0f9a430e8cc3ed165b P f563b0e7300c4751a800647ba4de5cfe reported cstate change: term changed from 0 to 1, leader changed from <none> to f563b0e7300c4751a800647ba4de5cfe (127.9.184.1). New cstate: current_term: 1 leader_uuid: "f563b0e7300c4751a800647ba4de5cfe" committed_config { opid_index: -1 OBSOLETE_local: false peers { permanent_uuid: "f563b0e7300c4751a800647ba4de5cfe" member_type: VOTER last_known_addr { host: "127.9.184.1" port: 41073 } health_report { overall_health: HEALTHY } } peers { permanent_uuid: "8d2137e817c446b6b5fcaf737240f95a" member_type: VOTER last_known_addr { host: "127.9.184.2" port: 40955 } health_report { overall_health: UNKNOWN } } peers { permanent_uuid: "7d9860787189446c822c54a220aeba88" member_type: VOTER last_known_addr { host: "127.9.184.3" port: 36265 } health_report { overall_health: UNKNOWN } } }
I20260709 13:09:48.294174 10468 catalog_manager.cc:5697] T b4fc5335af8a478c9ec598777cbef018 P 8d2137e817c446b6b5fcaf737240f95a reported cstate change: term changed from 0 to 1, leader changed from <none> to 8d2137e817c446b6b5fcaf737240f95a (127.9.184.2). New cstate: current_term: 1 leader_uuid: "8d2137e817c446b6b5fcaf737240f95a" committed_config { opid_index: -1 OBSOLETE_local: false peers { permanent_uuid: "f563b0e7300c4751a800647ba4de5cfe" member_type: VOTER last_known_addr { host: "127.9.184.1" port: 41073 } health_report { overall_health: UNKNOWN } } peers { permanent_uuid: "7d9860787189446c822c54a220aeba88" member_type: VOTER last_known_addr { host: "127.9.184.3" port: 36265 } health_report { overall_health: UNKNOWN } } peers { permanent_uuid: "8d2137e817c446b6b5fcaf737240f95a" member_type: VOTER last_known_addr { host: "127.9.184.2" port: 40955 } health_report { overall_health: HEALTHY } } }
I20260709 13:09:48.298619 10809 raft_consensus.cc:515] T 096f2b604a6c4d20afd0de7814640371 P 8d2137e817c446b6b5fcaf737240f95a [term 1 FOLLOWER]: Starting leader election with config: opid_index: -1 OBSOLETE_local: false peers { permanent_uuid: "f563b0e7300c4751a800647ba4de5cfe" member_type: VOTER last_known_addr { host: "127.9.184.1" port: 41073 } } peers { permanent_uuid: "8d2137e817c446b6b5fcaf737240f95a" member_type: VOTER last_known_addr { host: "127.9.184.2" port: 40955 } } peers { permanent_uuid: "7d9860787189446c822c54a220aeba88" member_type: VOTER last_known_addr { host: "127.9.184.3" port: 36265 } }
I20260709 13:09:48.301927 10794 raft_consensus.cc:2804] T 0795a5fc5c2144dfa2f7ee922c5c62fd P f563b0e7300c4751a800647ba4de5cfe [term 1 FOLLOWER]: Leader election won for term 1
I20260709 13:09:48.302320 10763 tablet_bootstrap.cc:654] T c9b7012042084ae2b1744bdeed2c913e P 7d9860787189446c822c54a220aeba88: Neither blocks nor log segments found. Creating new log.
I20260709 13:09:48.302452 10794 raft_consensus.cc:697] T 0795a5fc5c2144dfa2f7ee922c5c62fd P f563b0e7300c4751a800647ba4de5cfe [term 1 LEADER]: Becoming Leader. State: Replica: f563b0e7300c4751a800647ba4de5cfe, State: Running, Role: LEADER
I20260709 13:09:48.303298 10573 tablet_service.cc:1917] Received RequestConsensusVote() RPC: tablet_id: "096f2b604a6c4d20afd0de7814640371" candidate_uuid: "8d2137e817c446b6b5fcaf737240f95a" candidate_term: 1 candidate_status { last_received { term: 0 index: 0 } } ignore_live_leader: false dest_uuid: "f563b0e7300c4751a800647ba4de5cfe"
I20260709 13:09:48.304275 10793 raft_consensus.cc:2804] T 84b3bc6cc30940b69589aff5782dceae P f563b0e7300c4751a800647ba4de5cfe [term 1 FOLLOWER]: Leader election won for term 1
I20260709 13:09:48.304574 10797 raft_consensus.cc:493] T 29a8c77e77fe4dccb15e3e54223c43b3 P 7d9860787189446c822c54a220aeba88 [term 0 FOLLOWER]: Starting pre-election (no leader contacted us within the election timeout)
I20260709 13:09:48.304740 10793 raft_consensus.cc:697] T 84b3bc6cc30940b69589aff5782dceae P f563b0e7300c4751a800647ba4de5cfe [term 1 LEADER]: Becoming Leader. State: Replica: f563b0e7300c4751a800647ba4de5cfe, State: Running, Role: LEADER
I20260709 13:09:48.305047 10797 raft_consensus.cc:515] T 29a8c77e77fe4dccb15e3e54223c43b3 P 7d9860787189446c822c54a220aeba88 [term 0 FOLLOWER]: Starting pre-election with config: opid_index: -1 OBSOLETE_local: false peers { permanent_uuid: "f563b0e7300c4751a800647ba4de5cfe" member_type: VOTER last_known_addr { host: "127.9.184.1" port: 41073 } } peers { permanent_uuid: "8d2137e817c446b6b5fcaf737240f95a" member_type: VOTER last_known_addr { host: "127.9.184.2" port: 40955 } } peers { permanent_uuid: "7d9860787189446c822c54a220aeba88" member_type: VOTER last_known_addr { host: "127.9.184.3" port: 36265 } }
I20260709 13:09:48.305888 10793 consensus_queue.cc:237] T 84b3bc6cc30940b69589aff5782dceae P f563b0e7300c4751a800647ba4de5cfe [LEADER]: Queue going to LEADER mode. State: All replicated index: 0, Majority replicated index: 0, Committed index: 0, Last appended: 0.0, Last appended by leader: 0, Current term: 1, Majority size: 2, State: 0, Mode: LEADER, active raft config: opid_index: -1 OBSOLETE_local: false peers { permanent_uuid: "f563b0e7300c4751a800647ba4de5cfe" member_type: VOTER last_known_addr { host: "127.9.184.1" port: 41073 } } peers { permanent_uuid: "8d2137e817c446b6b5fcaf737240f95a" member_type: VOTER last_known_addr { host: "127.9.184.2" port: 40955 } } peers { permanent_uuid: "7d9860787189446c822c54a220aeba88" member_type: VOTER last_known_addr { host: "127.9.184.3" port: 36265 } }
W20260709 13:09:48.304858 10615 leader_election.cc:343] T 096f2b604a6c4d20afd0de7814640371 P 8d2137e817c446b6b5fcaf737240f95a [CANDIDATE]: Term 1 election: Tablet error from VoteRequest() call to peer f563b0e7300c4751a800647ba4de5cfe (127.9.184.1:41073): Illegal state: must be running to vote when last-logged opid is not known
I20260709 13:09:48.303318 10794 consensus_queue.cc:237] T 0795a5fc5c2144dfa2f7ee922c5c62fd P f563b0e7300c4751a800647ba4de5cfe [LEADER]: Queue going to LEADER mode. State: All replicated index: 0, Majority replicated index: 0, Committed index: 0, Last appended: 0.0, Last appended by leader: 0, Current term: 1, Majority size: 2, State: 0, Mode: LEADER, active raft config: opid_index: -1 OBSOLETE_local: false peers { permanent_uuid: "f563b0e7300c4751a800647ba4de5cfe" member_type: VOTER last_known_addr { host: "127.9.184.1" port: 41073 } } peers { permanent_uuid: "8d2137e817c446b6b5fcaf737240f95a" member_type: VOTER last_known_addr { host: "127.9.184.2" port: 40955 } } peers { permanent_uuid: "7d9860787189446c822c54a220aeba88" member_type: VOTER last_known_addr { host: "127.9.184.3" port: 36265 } }
I20260709 13:09:48.309640 10797 leader_election.cc:290] T 29a8c77e77fe4dccb15e3e54223c43b3 P 7d9860787189446c822c54a220aeba88 [CANDIDATE]: Term 1 pre-election: Requested pre-vote from peers f563b0e7300c4751a800647ba4de5cfe (127.9.184.1:41073), 8d2137e817c446b6b5fcaf737240f95a (127.9.184.2:40955)
I20260709 13:09:48.309559 10573 tablet_service.cc:1917] Received RequestConsensusVote() RPC: tablet_id: "29a8c77e77fe4dccb15e3e54223c43b3" candidate_uuid: "7d9860787189446c822c54a220aeba88" candidate_term: 1 candidate_status { last_received { term: 0 index: 0 } } ignore_live_leader: false dest_uuid: "f563b0e7300c4751a800647ba4de5cfe" is_pre_election: true
I20260709 13:09:48.310286 10573 raft_consensus.cc:2468] T 29a8c77e77fe4dccb15e3e54223c43b3 P f563b0e7300c4751a800647ba4de5cfe [term 0 FOLLOWER]: Leader pre-election vote request: Granting yes vote for candidate 7d9860787189446c822c54a220aeba88 in term 0.
I20260709 13:09:48.311607 10689 leader_election.cc:304] T 29a8c77e77fe4dccb15e3e54223c43b3 P 7d9860787189446c822c54a220aeba88 [CANDIDATE]: Term 1 pre-election: Election decided. Result: candidate won. Election summary: received 2 responses out of 3 voters: 2 yes votes; 0 no votes. yes voters: 7d9860787189446c822c54a220aeba88, f563b0e7300c4751a800647ba4de5cfe; no voters: 
I20260709 13:09:48.309559 10648 tablet_service.cc:1917] Received RequestConsensusVote() RPC: tablet_id: "29a8c77e77fe4dccb15e3e54223c43b3" candidate_uuid: "7d9860787189446c822c54a220aeba88" candidate_term: 1 candidate_status { last_received { term: 0 index: 0 } } ignore_live_leader: false dest_uuid: "8d2137e817c446b6b5fcaf737240f95a" is_pre_election: true
I20260709 13:09:48.312995 10648 raft_consensus.cc:2468] T 29a8c77e77fe4dccb15e3e54223c43b3 P 8d2137e817c446b6b5fcaf737240f95a [term 0 FOLLOWER]: Leader pre-election vote request: Granting yes vote for candidate 7d9860787189446c822c54a220aeba88 in term 0.
I20260709 13:09:48.318939 10797 raft_consensus.cc:2804] T 29a8c77e77fe4dccb15e3e54223c43b3 P 7d9860787189446c822c54a220aeba88 [term 0 FOLLOWER]: Leader pre-election won for term 1
I20260709 13:09:48.319468 10770 raft_consensus.cc:493] T fd9a37eb44bb4e0f9a430e8cc3ed165b P 7d9860787189446c822c54a220aeba88 [term 0 FOLLOWER]: Starting pre-election (no leader contacted us within the election timeout)
I20260709 13:09:48.319564 10797 raft_consensus.cc:493] T 29a8c77e77fe4dccb15e3e54223c43b3 P 7d9860787189446c822c54a220aeba88 [term 0 FOLLOWER]: Starting leader election (no leader contacted us within the election timeout)
I20260709 13:09:48.320071 10797 raft_consensus.cc:3060] T 29a8c77e77fe4dccb15e3e54223c43b3 P 7d9860787189446c822c54a220aeba88 [term 0 FOLLOWER]: Advancing to term 1
