I20260709 13:09:27.567282 28046 raft_consensus.cc:3055] T 6e4528d066d24431a45c93bdcdd39607 P 036ab3cdb6664f74956a71e62c675ad6 [term 1 LEADER]: Stepping down as leader of term 1
I20260709 13:09:27.567655 28046 raft_consensus.cc:740] T 6e4528d066d24431a45c93bdcdd39607 P 036ab3cdb6664f74956a71e62c675ad6 [term 1 LEADER]: Becoming Follower/Learner. State: Replica: 036ab3cdb6664f74956a71e62c675ad6, State: Running, Role: LEADER
I20260709 13:09:27.567167 27895 tablet_service.cc:1917] Received RequestConsensusVote() RPC: tablet_id: "6e4528d066d24431a45c93bdcdd39607" candidate_uuid: "5a04a12d3672447fac31d9d258b434e0" candidate_term: 2 candidate_status { last_received { term: 1 index: 1 } } ignore_live_leader: true dest_uuid: "bae5ea32c88e480991ecbc608cee9838"
I20260709 13:09:27.568192 27895 raft_consensus.cc:3060] T 6e4528d066d24431a45c93bdcdd39607 P bae5ea32c88e480991ecbc608cee9838 [term 1 FOLLOWER]: Advancing to term 2
I20260709 13:09:27.568531 28046 consensus_queue.cc:260] T 6e4528d066d24431a45c93bdcdd39607 P 036ab3cdb6664f74956a71e62c675ad6 [NON_LEADER]: Queue going to NON_LEADER mode. State: All replicated index: 0, Majority replicated index: 1, Committed index: 1, Last appended: 1.1, Last appended by leader: 1, Current term: 1, Majority size: -1, State: 0, Mode: NON_LEADER, active raft config: opid_index: -1 OBSOLETE_local: false peers { permanent_uuid: "bae5ea32c88e480991ecbc608cee9838" member_type: VOTER last_known_addr { host: "127.27.28.129" port: 34905 } } peers { permanent_uuid: "5a04a12d3672447fac31d9d258b434e0" member_type: VOTER last_known_addr { host: "127.27.28.130" port: 45209 } } peers { permanent_uuid: "036ab3cdb6664f74956a71e62c675ad6" member_type: VOTER last_known_addr { host: "127.27.28.131" port: 35639 } }
I20260709 13:09:27.569900 28046 raft_consensus.cc:3060] T 6e4528d066d24431a45c93bdcdd39607 P 036ab3cdb6664f74956a71e62c675ad6 [term 1 FOLLOWER]: Advancing to term 2
I20260709 13:09:27.576460 27895 raft_consensus.cc:2468] T 6e4528d066d24431a45c93bdcdd39607 P bae5ea32c88e480991ecbc608cee9838 [term 2 FOLLOWER]: Leader election vote request: Granting yes vote for candidate 5a04a12d3672447fac31d9d258b434e0 in term 2.
I20260709 13:09:27.578225 27937 leader_election.cc:304] T 6e4528d066d24431a45c93bdcdd39607 P 5a04a12d3672447fac31d9d258b434e0 [CANDIDATE]: Term 2 election: Election decided. Result: candidate won. Election summary: received 2 responses out of 3 voters: 2 yes votes; 0 no votes. yes voters: 5a04a12d3672447fac31d9d258b434e0, bae5ea32c88e480991ecbc608cee9838; no voters: 
I20260709 13:09:27.579409 28095 raft_consensus.cc:2804] T 6e4528d066d24431a45c93bdcdd39607 P 5a04a12d3672447fac31d9d258b434e0 [term 2 FOLLOWER]: Leader election won for term 2
I20260709 13:09:27.579483 28046 raft_consensus.cc:2468] T 6e4528d066d24431a45c93bdcdd39607 P 036ab3cdb6664f74956a71e62c675ad6 [term 2 FOLLOWER]: Leader election vote request: Granting yes vote for candidate 5a04a12d3672447fac31d9d258b434e0 in term 2.
I20260709 13:09:27.580116 28095 raft_consensus.cc:697] T 6e4528d066d24431a45c93bdcdd39607 P 5a04a12d3672447fac31d9d258b434e0 [term 2 LEADER]: Becoming Leader. State: Replica: 5a04a12d3672447fac31d9d258b434e0, State: Running, Role: LEADER
I20260709 13:09:27.581017 28095 consensus_queue.cc:237] T 6e4528d066d24431a45c93bdcdd39607 P 5a04a12d3672447fac31d9d258b434e0 [LEADER]: Queue going to LEADER mode. State: All replicated index: 0, Majority replicated index: 1, Committed index: 1, Last appended: 1.1, Last appended by leader: 1, Current term: 2, Majority size: 2, State: 0, Mode: LEADER, active raft config: opid_index: -1 OBSOLETE_local: false peers { permanent_uuid: "bae5ea32c88e480991ecbc608cee9838" member_type: VOTER last_known_addr { host: "127.27.28.129" port: 34905 } } peers { permanent_uuid: "5a04a12d3672447fac31d9d258b434e0" member_type: VOTER last_known_addr { host: "127.27.28.130" port: 45209 } } peers { permanent_uuid: "036ab3cdb6664f74956a71e62c675ad6" member_type: VOTER last_known_addr { host: "127.27.28.131" port: 35639 } }
I20260709 13:09:27.589617 27794 catalog_manager.cc:5697] T 6e4528d066d24431a45c93bdcdd39607 P 5a04a12d3672447fac31d9d258b434e0 reported cstate change: term changed from 1 to 2, leader changed from 036ab3cdb6664f74956a71e62c675ad6 (127.27.28.131) to 5a04a12d3672447fac31d9d258b434e0 (127.27.28.130). New cstate: current_term: 2 leader_uuid: "5a04a12d3672447fac31d9d258b434e0" committed_config { opid_index: -1 OBSOLETE_local: false peers { permanent_uuid: "bae5ea32c88e480991ecbc608cee9838" member_type: VOTER last_known_addr { host: "127.27.28.129" port: 34905 } health_report { overall_health: UNKNOWN } } peers { permanent_uuid: "5a04a12d3672447fac31d9d258b434e0" member_type: VOTER last_known_addr { host: "127.27.28.130" port: 45209 } health_report { overall_health: HEALTHY } } peers { permanent_uuid: "036ab3cdb6664f74956a71e62c675ad6" member_type: VOTER last_known_addr { host: "127.27.28.131" port: 35639 } health_report { overall_health: UNKNOWN } } }
I20260709 13:09:27.659930 28156 raft_consensus.cc:993] T 76440c3169874161b2858ec8ede1ffd9 P 5a04a12d3672447fac31d9d258b434e0: : Instructing follower bae5ea32c88e480991ecbc608cee9838 to start an election
I20260709 13:09:27.660400 28156 raft_consensus.cc:1081] T 76440c3169874161b2858ec8ede1ffd9 P 5a04a12d3672447fac31d9d258b434e0 [term 1 LEADER]: Signalling peer bae5ea32c88e480991ecbc608cee9838 to start an election
I20260709 13:09:27.661870 27895 tablet_service.cc:2044] Received Run Leader Election RPC: tablet_id: "76440c3169874161b2858ec8ede1ffd9"
dest_uuid: "bae5ea32c88e480991ecbc608cee9838"
 from {username='slave'} at 127.0.0.1:44086
I20260709 13:09:27.662379 27895 raft_consensus.cc:493] T 76440c3169874161b2858ec8ede1ffd9 P bae5ea32c88e480991ecbc608cee9838 [term 1 FOLLOWER]: Starting forced leader election (received explicit request)
I20260709 13:09:27.662691 27895 raft_consensus.cc:3060] T 76440c3169874161b2858ec8ede1ffd9 P bae5ea32c88e480991ecbc608cee9838 [term 1 FOLLOWER]: Advancing to term 2
I20260709 13:09:27.667452 27895 raft_consensus.cc:515] T 76440c3169874161b2858ec8ede1ffd9 P bae5ea32c88e480991ecbc608cee9838 [term 2 FOLLOWER]: Starting forced leader election with config: opid_index: -1 OBSOLETE_local: false peers { permanent_uuid: "bae5ea32c88e480991ecbc608cee9838" member_type: VOTER last_known_addr { host: "127.27.28.129" port: 34905 } } peers { permanent_uuid: "5a04a12d3672447fac31d9d258b434e0" member_type: VOTER last_known_addr { host: "127.27.28.130" port: 45209 } } peers { permanent_uuid: "036ab3cdb6664f74956a71e62c675ad6" member_type: VOTER last_known_addr { host: "127.27.28.131" port: 35639 } }
I20260709 13:09:27.669109 27895 leader_election.cc:290] T 76440c3169874161b2858ec8ede1ffd9 P bae5ea32c88e480991ecbc608cee9838 [CANDIDATE]: Term 2 election: Requested vote from peers 5a04a12d3672447fac31d9d258b434e0 (127.27.28.130:45209), 036ab3cdb6664f74956a71e62c675ad6 (127.27.28.131:35639)
I20260709 13:09:27.670166 27971 tablet_service.cc:1917] Received RequestConsensusVote() RPC: tablet_id: "76440c3169874161b2858ec8ede1ffd9" candidate_uuid: "bae5ea32c88e480991ecbc608cee9838" candidate_term: 2 candidate_status { last_received { term: 1 index: 1 } } ignore_live_leader: true dest_uuid: "5a04a12d3672447fac31d9d258b434e0"
I20260709 13:09:27.670290 28045 tablet_service.cc:1917] Received RequestConsensusVote() RPC: tablet_id: "76440c3169874161b2858ec8ede1ffd9" candidate_uuid: "bae5ea32c88e480991ecbc608cee9838" candidate_term: 2 candidate_status { last_received { term: 1 index: 1 } } ignore_live_leader: true dest_uuid: "036ab3cdb6664f74956a71e62c675ad6"
I20260709 13:09:27.670838 27971 raft_consensus.cc:3055] T 76440c3169874161b2858ec8ede1ffd9 P 5a04a12d3672447fac31d9d258b434e0 [term 1 LEADER]: Stepping down as leader of term 1
I20260709 13:09:27.671063 28045 raft_consensus.cc:3060] T 76440c3169874161b2858ec8ede1ffd9 P 036ab3cdb6664f74956a71e62c675ad6 [term 1 FOLLOWER]: Advancing to term 2
I20260709 13:09:27.671250 27971 raft_consensus.cc:740] T 76440c3169874161b2858ec8ede1ffd9 P 5a04a12d3672447fac31d9d258b434e0 [term 1 LEADER]: Becoming Follower/Learner. State: Replica: 5a04a12d3672447fac31d9d258b434e0, State: Running, Role: LEADER
I20260709 13:09:27.672117 27971 consensus_queue.cc:260] T 76440c3169874161b2858ec8ede1ffd9 P 5a04a12d3672447fac31d9d258b434e0 [NON_LEADER]: Queue going to NON_LEADER mode. State: All replicated index: 0, Majority replicated index: 1, Committed index: 1, Last appended: 1.1, Last appended by leader: 1, Current term: 1, Majority size: -1, State: 0, Mode: NON_LEADER, active raft config: opid_index: -1 OBSOLETE_local: false peers { permanent_uuid: "bae5ea32c88e480991ecbc608cee9838" member_type: VOTER last_known_addr { host: "127.27.28.129" port: 34905 } } peers { permanent_uuid: "5a04a12d3672447fac31d9d258b434e0" member_type: VOTER last_known_addr { host: "127.27.28.130" port: 45209 } } peers { permanent_uuid: "036ab3cdb6664f74956a71e62c675ad6" member_type: VOTER last_known_addr { host: "127.27.28.131" port: 35639 } }
I20260709 13:09:27.673324 27971 raft_consensus.cc:3060] T 76440c3169874161b2858ec8ede1ffd9 P 5a04a12d3672447fac31d9d258b434e0 [term 1 FOLLOWER]: Advancing to term 2
I20260709 13:09:27.678572 28045 raft_consensus.cc:2468] T 76440c3169874161b2858ec8ede1ffd9 P 036ab3cdb6664f74956a71e62c675ad6 [term 2 FOLLOWER]: Leader election vote request: Granting yes vote for candidate bae5ea32c88e480991ecbc608cee9838 in term 2.
I20260709 13:09:27.679903 27860 leader_election.cc:304] T 76440c3169874161b2858ec8ede1ffd9 P bae5ea32c88e480991ecbc608cee9838 [CANDIDATE]: Term 2 election: Election decided. Result: candidate won. Election summary: received 2 responses out of 3 voters: 2 yes votes; 0 no votes. yes voters: 036ab3cdb6664f74956a71e62c675ad6, bae5ea32c88e480991ecbc608cee9838; no voters: 
I20260709 13:09:27.680044 27971 raft_consensus.cc:2468] T 76440c3169874161b2858ec8ede1ffd9 P 5a04a12d3672447fac31d9d258b434e0 [term 2 FOLLOWER]: Leader election vote request: Granting yes vote for candidate bae5ea32c88e480991ecbc608cee9838 in term 2.
I20260709 13:09:27.680789 28097 raft_consensus.cc:2804] T 76440c3169874161b2858ec8ede1ffd9 P bae5ea32c88e480991ecbc608cee9838 [term 2 FOLLOWER]: Leader election won for term 2
I20260709 13:09:27.681282 28097 raft_consensus.cc:697] T 76440c3169874161b2858ec8ede1ffd9 P bae5ea32c88e480991ecbc608cee9838 [term 2 LEADER]: Becoming Leader. State: Replica: bae5ea32c88e480991ecbc608cee9838, State: Running, Role: LEADER
I20260709 13:09:27.682104 28097 consensus_queue.cc:237] T 76440c3169874161b2858ec8ede1ffd9 P bae5ea32c88e480991ecbc608cee9838 [LEADER]: Queue going to LEADER mode. State: All replicated index: 0, Majority replicated index: 1, Committed index: 1, Last appended: 1.1, Last appended by leader: 1, Current term: 2, Majority size: 2, State: 0, Mode: LEADER, active raft config: opid_index: -1 OBSOLETE_local: false peers { permanent_uuid: "bae5ea32c88e480991ecbc608cee9838" member_type: VOTER last_known_addr { host: "127.27.28.129" port: 34905 } } peers { permanent_uuid: "5a04a12d3672447fac31d9d258b434e0" member_type: VOTER last_known_addr { host: "127.27.28.130" port: 45209 } } peers { permanent_uuid: "036ab3cdb6664f74956a71e62c675ad6" member_type: VOTER last_known_addr { host: "127.27.28.131" port: 35639 } }
I20260709 13:09:27.689558 27794 catalog_manager.cc:5697] T 76440c3169874161b2858ec8ede1ffd9 P bae5ea32c88e480991ecbc608cee9838 reported cstate change: term changed from 1 to 2, leader changed from 5a04a12d3672447fac31d9d258b434e0 (127.27.28.130) to bae5ea32c88e480991ecbc608cee9838 (127.27.28.129). New cstate: current_term: 2 leader_uuid: "bae5ea32c88e480991ecbc608cee9838" committed_config { opid_index: -1 OBSOLETE_local: false peers { permanent_uuid: "bae5ea32c88e480991ecbc608cee9838" member_type: VOTER last_known_addr { host: "127.27.28.129" port: 34905 } health_report { overall_health: HEALTHY } } peers { permanent_uuid: "5a04a12d3672447fac31d9d258b434e0" member_type: VOTER last_known_addr { host: "127.27.28.130" port: 45209 } health_report { overall_health: UNKNOWN } } peers { permanent_uuid: "036ab3cdb6664f74956a71e62c675ad6" member_type: VOTER last_known_addr { host: "127.27.28.131" port: 35639 } health_report { overall_health: UNKNOWN } } }
I20260709 13:09:27.728091 28124 raft_consensus.cc:993] T 076caed7e7b54064bc28309012cd0dfa P 036ab3cdb6664f74956a71e62c675ad6: : Instructing follower bae5ea32c88e480991ecbc608cee9838 to start an election
I20260709 13:09:27.728552 28096 raft_consensus.cc:1081] T 076caed7e7b54064bc28309012cd0dfa P 036ab3cdb6664f74956a71e62c675ad6 [term 1 LEADER]: Signalling peer bae5ea32c88e480991ecbc608cee9838 to start an election
I20260709 13:09:27.730245 27895 tablet_service.cc:2044] Received Run Leader Election RPC: tablet_id: "076caed7e7b54064bc28309012cd0dfa"
dest_uuid: "bae5ea32c88e480991ecbc608cee9838"
 from {username='slave'} at 127.0.0.1:44088
I20260709 13:09:27.730808 27895 raft_consensus.cc:493] T 076caed7e7b54064bc28309012cd0dfa P bae5ea32c88e480991ecbc608cee9838 [term 1 FOLLOWER]: Starting forced leader election (received explicit request)
I20260709 13:09:27.731181 27895 raft_consensus.cc:3060] T 076caed7e7b54064bc28309012cd0dfa P bae5ea32c88e480991ecbc608cee9838 [term 1 FOLLOWER]: Advancing to term 2
I20260709 13:09:27.737278 27895 raft_consensus.cc:515] T 076caed7e7b54064bc28309012cd0dfa P bae5ea32c88e480991ecbc608cee9838 [term 2 FOLLOWER]: Starting forced leader election with config: opid_index: -1 OBSOLETE_local: false peers { permanent_uuid: "bae5ea32c88e480991ecbc608cee9838" member_type: VOTER last_known_addr { host: "127.27.28.129" port: 34905 } } peers { permanent_uuid: "5a04a12d3672447fac31d9d258b434e0" member_type: VOTER last_known_addr { host: "127.27.28.130" port: 45209 } } peers { permanent_uuid: "036ab3cdb6664f74956a71e62c675ad6" member_type: VOTER last_known_addr { host: "127.27.28.131" port: 35639 } }
I20260709 13:09:27.739156 27895 leader_election.cc:290] T 076caed7e7b54064bc28309012cd0dfa P bae5ea32c88e480991ecbc608cee9838 [CANDIDATE]: Term 2 election: Requested vote from peers 5a04a12d3672447fac31d9d258b434e0 (127.27.28.130:45209), 036ab3cdb6664f74956a71e62c675ad6 (127.27.28.131:35639)
I20260709 13:09:27.739943 27971 tablet_service.cc:1917] Received RequestConsensusVote() RPC: tablet_id: "076caed7e7b54064bc28309012cd0dfa" candidate_uuid: "bae5ea32c88e480991ecbc608cee9838" candidate_term: 2 candidate_status { last_received { term: 1 index: 1 } } ignore_live_leader: true dest_uuid: "5a04a12d3672447fac31d9d258b434e0"
I20260709 13:09:27.740525 28045 tablet_service.cc:1917] Received RequestConsensusVote() RPC: tablet_id: "076caed7e7b54064bc28309012cd0dfa" candidate_uuid: "bae5ea32c88e480991ecbc608cee9838" candidate_term: 2 candidate_status { last_received { term: 1 index: 1 } } ignore_live_leader: true dest_uuid: "036ab3cdb6664f74956a71e62c675ad6"
I20260709 13:09:27.740521 27971 raft_consensus.cc:3060] T 076caed7e7b54064bc28309012cd0dfa P 5a04a12d3672447fac31d9d258b434e0 [term 1 FOLLOWER]: Advancing to term 2
I20260709 13:09:27.741164 28045 raft_consensus.cc:3055] T 076caed7e7b54064bc28309012cd0dfa P 036ab3cdb6664f74956a71e62c675ad6 [term 1 LEADER]: Stepping down as leader of term 1
I20260709 13:09:27.741494 28045 raft_consensus.cc:740] T 076caed7e7b54064bc28309012cd0dfa P 036ab3cdb6664f74956a71e62c675ad6 [term 1 LEADER]: Becoming Follower/Learner. State: Replica: 036ab3cdb6664f74956a71e62c675ad6, State: Running, Role: LEADER
I20260709 13:09:27.742254 28045 consensus_queue.cc:260] T 076caed7e7b54064bc28309012cd0dfa P 036ab3cdb6664f74956a71e62c675ad6 [NON_LEADER]: Queue going to NON_LEADER mode. State: All replicated index: 0, Majority replicated index: 1, Committed index: 1, Last appended: 1.1, Last appended by leader: 1, Current term: 1, Majority size: -1, State: 0, Mode: NON_LEADER, active raft config: opid_index: -1 OBSOLETE_local: false peers { permanent_uuid: "bae5ea32c88e480991ecbc608cee9838" member_type: VOTER last_known_addr { host: "127.27.28.129" port: 34905 } } peers { permanent_uuid: "5a04a12d3672447fac31d9d258b434e0" member_type: VOTER last_known_addr { host: "127.27.28.130" port: 45209 } } peers { permanent_uuid: "036ab3cdb6664f74956a71e62c675ad6" member_type: VOTER last_known_addr { host: "127.27.28.131" port: 35639 } }
I20260709 13:09:27.743494 28045 raft_consensus.cc:3060] T 076caed7e7b54064bc28309012cd0dfa P 036ab3cdb6664f74956a71e62c675ad6 [term 1 FOLLOWER]: Advancing to term 2
I20260709 13:09:27.747872 27971 raft_consensus.cc:2468] T 076caed7e7b54064bc28309012cd0dfa P 5a04a12d3672447fac31d9d258b434e0 [term 2 FOLLOWER]: Leader election vote request: Granting yes vote for candidate bae5ea32c88e480991ecbc608cee9838 in term 2.
I20260709 13:09:27.749074 27860 leader_election.cc:304] T 076caed7e7b54064bc28309012cd0dfa P bae5ea32c88e480991ecbc608cee9838 [CANDIDATE]: Term 2 election: Election decided. Result: candidate won. Election summary: received 2 responses out of 3 voters: 2 yes votes; 0 no votes. yes voters: 5a04a12d3672447fac31d9d258b434e0, bae5ea32c88e480991ecbc608cee9838; no voters: 
I20260709 13:09:27.749953 28097 raft_consensus.cc:2804] T 076caed7e7b54064bc28309012cd0dfa P bae5ea32c88e480991ecbc608cee9838 [term 2 FOLLOWER]: Leader election won for term 2
I20260709 13:09:27.750451 28097 raft_consensus.cc:697] T 076caed7e7b54064bc28309012cd0dfa P bae5ea32c88e480991ecbc608cee9838 [term 2 LEADER]: Becoming Leader. State: Replica: bae5ea32c88e480991ecbc608cee9838, State: Running, Role: LEADER
I20260709 13:09:27.750494 28045 raft_consensus.cc:2468] T 076caed7e7b54064bc28309012cd0dfa P 036ab3cdb6664f74956a71e62c675ad6 [term 2 FOLLOWER]: Leader election vote request: Granting yes vote for candidate bae5ea32c88e480991ecbc608cee9838 in term 2.
I20260709 13:09:27.751403 28097 consensus_queue.cc:237] T 076caed7e7b54064bc28309012cd0dfa P bae5ea32c88e480991ecbc608cee9838 [LEADER]: Queue going to LEADER mode. State: All replicated index: 0, Majority replicated index: 1, Committed index: 1, Last appended: 1.1, Last appended by leader: 1, Current term: 2, Majority size: 2, State: 0, Mode: LEADER, active raft config: opid_index: -1 OBSOLETE_local: false peers { permanent_uuid: "bae5ea32c88e480991ecbc608cee9838" member_type: VOTER last_known_addr { host: "127.27.28.129" port: 34905 } } peers { permanent_uuid: "5a04a12d3672447fac31d9d258b434e0" member_type: VOTER last_known_addr { host: "127.27.28.130" port: 45209 } } peers { permanent_uuid: "036ab3cdb6664f74956a71e62c675ad6" member_type: VOTER last_known_addr { host: "127.27.28.131" port: 35639 } }
I20260709 13:09:27.758585 27792 catalog_manager.cc:5697] T 076caed7e7b54064bc28309012cd0dfa P bae5ea32c88e480991ecbc608cee9838 reported cstate change: term changed from 1 to 2, leader changed from 036ab3cdb6664f74956a71e62c675ad6 (127.27.28.131) to bae5ea32c88e480991ecbc608cee9838 (127.27.28.129). New cstate: current_term: 2 leader_uuid: "bae5ea32c88e480991ecbc608cee9838" committed_config { opid_index: -1 OBSOLETE_local: false peers { permanent_uuid: "bae5ea32c88e480991ecbc608cee9838" member_type: VOTER last_known_addr { host: "127.27.28.129" port: 34905 } health_report { overall_health: HEALTHY } } peers { permanent_uuid: "5a04a12d3672447fac31d9d258b434e0" member_type: VOTER last_known_addr { host: "127.27.28.130" port: 45209 } health_report { overall_health: UNKNOWN } } peers { permanent_uuid: "036ab3cdb6664f74956a71e62c675ad6" member_type: VOTER last_known_addr { host: "127.27.28.131" port: 35639 } health_report { overall_health: UNKNOWN } } }
I20260709 13:09:27.926224 27971 raft_consensus.cc:1275] T f1f64e91858e449ebe047d1b27bd1629 P 5a04a12d3672447fac31d9d258b434e0 [term 2 FOLLOWER]: Refusing update from remote peer bae5ea32c88e480991ecbc608cee9838: Log matching property violated. Preceding OpId in replica: term: 1 index: 1. Preceding OpId from leader: term: 2 index: 2. (index mismatch)
I20260709 13:09:27.927654 28097 consensus_queue.cc:1048] T f1f64e91858e449ebe047d1b27bd1629 P bae5ea32c88e480991ecbc608cee9838 [LEADER]: Connected to new peer: Peer: permanent_uuid: "5a04a12d3672447fac31d9d258b434e0" member_type: VOTER last_known_addr { host: "127.27.28.130" port: 45209 }, Status: LMP_MISMATCH, Last received: 0.0, Next index: 2, Last known committed idx: 1, Time since last communication: 0.000s
I20260709 13:09:27.936187 28045 raft_consensus.cc:1275] T f1f64e91858e449ebe047d1b27bd1629 P 036ab3cdb6664f74956a71e62c675ad6 [term 2 FOLLOWER]: Refusing update from remote peer bae5ea32c88e480991ecbc608cee9838: Log matching property violated. Preceding OpId in replica: term: 1 index: 1. Preceding OpId from leader: term: 2 index: 2. (index mismatch)
I20260709 13:09:27.937896 28097 consensus_queue.cc:1048] T f1f64e91858e449ebe047d1b27bd1629 P bae5ea32c88e480991ecbc608cee9838 [LEADER]: Connected to new peer: Peer: permanent_uuid: "036ab3cdb6664f74956a71e62c675ad6" member_type: VOTER last_known_addr { host: "127.27.28.131" port: 35639 }, Status: LMP_MISMATCH, Last received: 0.0, Next index: 2, Last known committed idx: 1, Time since last communication: 0.000s
I20260709 13:09:27.993875 27971 raft_consensus.cc:1275] T 24a2f7f054a34dee8f50e078fbdb3315 P 5a04a12d3672447fac31d9d258b434e0 [term 2 FOLLOWER]: Refusing update from remote peer 036ab3cdb6664f74956a71e62c675ad6: Log matching property violated. Preceding OpId in replica: term: 1 index: 1. Preceding OpId from leader: term: 2 index: 2. (index mismatch)
I20260709 13:09:27.995293 28124 consensus_queue.cc:1048] T 24a2f7f054a34dee8f50e078fbdb3315 P 036ab3cdb6664f74956a71e62c675ad6 [LEADER]: Connected to new peer: Peer: permanent_uuid: "5a04a12d3672447fac31d9d258b434e0" member_type: VOTER last_known_addr { host: "127.27.28.130" port: 45209 }, Status: LMP_MISMATCH, Last received: 0.0, Next index: 2, Last known committed idx: 1, Time since last communication: 0.000s
I20260709 13:09:28.002655 27895 raft_consensus.cc:1275] T 24a2f7f054a34dee8f50e078fbdb3315 P bae5ea32c88e480991ecbc608cee9838 [term 2 FOLLOWER]: Refusing update from remote peer 036ab3cdb6664f74956a71e62c675ad6: Log matching property violated. Preceding OpId in replica: term: 1 index: 1. Preceding OpId from leader: term: 2 index: 2. (index mismatch)
I20260709 13:09:28.004302 28175 consensus_queue.cc:1048] T 24a2f7f054a34dee8f50e078fbdb3315 P 036ab3cdb6664f74956a71e62c675ad6 [LEADER]: Connected to new peer: Peer: permanent_uuid: "bae5ea32c88e480991ecbc608cee9838" member_type: VOTER last_known_addr { host: "127.27.28.129" port: 34905 }, Status: LMP_MISMATCH, Last received: 0.0, Next index: 2, Last known committed idx: 1, Time since last communication: 0.000s
I20260709 13:09:28.036582 27895 raft_consensus.cc:1275] T 6e4528d066d24431a45c93bdcdd39607 P bae5ea32c88e480991ecbc608cee9838 [term 2 FOLLOWER]: Refusing update from remote peer 5a04a12d3672447fac31d9d258b434e0: Log matching property violated. Preceding OpId in replica: term: 1 index: 1. Preceding OpId from leader: term: 2 index: 2. (index mismatch)
I20260709 13:09:28.038000 28156 consensus_queue.cc:1048] T 6e4528d066d24431a45c93bdcdd39607 P 5a04a12d3672447fac31d9d258b434e0 [LEADER]: Connected to new peer: Peer: permanent_uuid: "bae5ea32c88e480991ecbc608cee9838" member_type: VOTER last_known_addr { host: "127.27.28.129" port: 34905 }, Status: LMP_MISMATCH, Last received: 0.0, Next index: 2, Last known committed idx: 1, Time since last communication: 0.000s
I20260709 13:09:28.045374 28045 raft_consensus.cc:1275] T 6e4528d066d24431a45c93bdcdd39607 P 036ab3cdb6664f74956a71e62c675ad6 [term 2 FOLLOWER]: Refusing update from remote peer 5a04a12d3672447fac31d9d258b434e0: Log matching property violated. Preceding OpId in replica: term: 1 index: 1. Preceding OpId from leader: term: 2 index: 2. (index mismatch)
I20260709 13:09:28.046921 28119 consensus_queue.cc:1048] T 6e4528d066d24431a45c93bdcdd39607 P 5a04a12d3672447fac31d9d258b434e0 [LEADER]: Connected to new peer: Peer: permanent_uuid: "036ab3cdb6664f74956a71e62c675ad6" member_type: VOTER last_known_addr { host: "127.27.28.131" port: 35639 }, Status: LMP_MISMATCH, Last received: 0.0, Next index: 2, Last known committed idx: 1, Time since last communication: 0.000s
I20260709 13:09:28.161885 28045 raft_consensus.cc:1275] T 76440c3169874161b2858ec8ede1ffd9 P 036ab3cdb6664f74956a71e62c675ad6 [term 2 FOLLOWER]: Refusing update from remote peer bae5ea32c88e480991ecbc608cee9838: Log matching property violated. Preceding OpId in replica: term: 1 index: 1. Preceding OpId from leader: term: 2 index: 2. (index mismatch)
I20260709 13:09:28.163178 28097 consensus_queue.cc:1048] T 76440c3169874161b2858ec8ede1ffd9 P bae5ea32c88e480991ecbc608cee9838 [LEADER]: Connected to new peer: Peer: permanent_uuid: "036ab3cdb6664f74956a71e62c675ad6" member_type: VOTER last_known_addr { host: "127.27.28.131" port: 35639 }, Status: LMP_MISMATCH, Last received: 0.0, Next index: 2, Last known committed idx: 1, Time since last communication: 0.000s
I20260709 13:09:28.171178 27971 raft_consensus.cc:1275] T 76440c3169874161b2858ec8ede1ffd9 P 5a04a12d3672447fac31d9d258b434e0 [term 2 FOLLOWER]: Refusing update from remote peer bae5ea32c88e480991ecbc608cee9838: Log matching property violated. Preceding OpId in replica: term: 1 index: 1. Preceding OpId from leader: term: 2 index: 2. (index mismatch)
I20260709 13:09:28.172715 28181 consensus_queue.cc:1048] T 76440c3169874161b2858ec8ede1ffd9 P bae5ea32c88e480991ecbc608cee9838 [LEADER]: Connected to new peer: Peer: permanent_uuid: "5a04a12d3672447fac31d9d258b434e0" member_type: VOTER last_known_addr { host: "127.27.28.130" port: 45209 }, Status: LMP_MISMATCH, Last received: 0.0, Next index: 2, Last known committed idx: 1, Time since last communication: 0.000s
I20260709 13:09:28.201030 27971 raft_consensus.cc:1275] T 076caed7e7b54064bc28309012cd0dfa P 5a04a12d3672447fac31d9d258b434e0 [term 2 FOLLOWER]: Refusing update from remote peer bae5ea32c88e480991ecbc608cee9838: Log matching property violated. Preceding OpId in replica: term: 1 index: 1. Preceding OpId from leader: term: 2 index: 2. (index mismatch)
I20260709 13:09:28.202235 28181 consensus_queue.cc:1048] T 076caed7e7b54064bc28309012cd0dfa P bae5ea32c88e480991ecbc608cee9838 [LEADER]: Connected to new peer: Peer: permanent_uuid: "5a04a12d3672447fac31d9d258b434e0" member_type: VOTER last_known_addr { host: "127.27.28.130" port: 45209 }, Status: LMP_MISMATCH, Last received: 0.0, Next index: 2, Last known committed idx: 1, Time since last communication: 0.000s
I20260709 13:09:28.210289 28045 raft_consensus.cc:1275] T 076caed7e7b54064bc28309012cd0dfa P 036ab3cdb6664f74956a71e62c675ad6 [term 2 FOLLOWER]: Refusing update from remote peer bae5ea32c88e480991ecbc608cee9838: Log matching property violated. Preceding OpId in replica: term: 1 index: 1. Preceding OpId from leader: term: 2 index: 2. (index mismatch)
I20260709 13:09:28.212476 28134 consensus_queue.cc:1048] T 076caed7e7b54064bc28309012cd0dfa P bae5ea32c88e480991ecbc608cee9838 [LEADER]: Connected to new peer: Peer: permanent_uuid: "036ab3cdb6664f74956a71e62c675ad6" member_type: VOTER last_known_addr { host: "127.27.28.131" port: 35639 }, Status: LMP_MISMATCH, Last received: 0.0, Next index: 2, Last known committed idx: 1, Time since last communication: 0.000s
I20260709 13:09:30.442090 27762 auto_leader_rebalancer-test.cc:316] The leader distribution is 
I20260709 13:09:30.442956 27762 auto_leader_rebalancer.cc:141] leader rebalance for table test-workload
I20260709 13:09:30.462976 27971 tablet_service.cc:2072] Received LeaderStepDown RPC: tablet_id: "6e4528d066d24431a45c93bdcdd39607"
dest_uuid: "5a04a12d3672447fac31d9d258b434e0"
mode: GRACEFUL
new_leader_uuid: "036ab3cdb6664f74956a71e62c675ad6"
 from {username='slave'} at 127.0.0.1:60674
I20260709 13:09:30.463557 27971 raft_consensus.cc:606] T 6e4528d066d24431a45c93bdcdd39607 P 5a04a12d3672447fac31d9d258b434e0 [term 2 LEADER]: Received request to transfer leadership to TS 036ab3cdb6664f74956a71e62c675ad6
I20260709 13:09:30.474522 27895 tablet_service.cc:2072] Received LeaderStepDown RPC: tablet_id: "c0e976906f8046e39e66d111e566e136"
dest_uuid: "bae5ea32c88e480991ecbc608cee9838"
mode: GRACEFUL
new_leader_uuid: "036ab3cdb6664f74956a71e62c675ad6"
 from {username='slave'} at 127.0.0.1:35538
I20260709 13:09:30.475116 27895 raft_consensus.cc:606] T c0e976906f8046e39e66d111e566e136 P bae5ea32c88e480991ecbc608cee9838 [term 1 LEADER]: Received request to transfer leadership to TS 036ab3cdb6664f74956a71e62c675ad6
I20260709 13:09:30.476238 27762 auto_leader_rebalancer.cc:452] table: test-workload, leader rebalance finish, leader transfer count: 2
I20260709 13:09:30.476696 27762 auto_leader_rebalancer.cc:527] All tables' leader rebalancing finished this round
I20260709 13:09:30.552145 28119 raft_consensus.cc:993] T 6e4528d066d24431a45c93bdcdd39607 P 5a04a12d3672447fac31d9d258b434e0: : Instructing follower 036ab3cdb6664f74956a71e62c675ad6 to start an election
I20260709 13:09:30.552621 28190 raft_consensus.cc:1081] T 6e4528d066d24431a45c93bdcdd39607 P 5a04a12d3672447fac31d9d258b434e0 [term 2 LEADER]: Signalling peer 036ab3cdb6664f74956a71e62c675ad6 to start an election
I20260709 13:09:30.554126 28046 tablet_service.cc:2044] Received Run Leader Election RPC: tablet_id: "6e4528d066d24431a45c93bdcdd39607"
dest_uuid: "036ab3cdb6664f74956a71e62c675ad6"
 from {username='slave'} at 127.0.0.1:39236
I20260709 13:09:30.554630 28046 raft_consensus.cc:493] T 6e4528d066d24431a45c93bdcdd39607 P 036ab3cdb6664f74956a71e62c675ad6 [term 2 FOLLOWER]: Starting forced leader election (received explicit request)
I20260709 13:09:30.554947 28046 raft_consensus.cc:3060] T 6e4528d066d24431a45c93bdcdd39607 P 036ab3cdb6664f74956a71e62c675ad6 [term 2 FOLLOWER]: Advancing to term 3
I20260709 13:09:30.559432 28046 raft_consensus.cc:515] T 6e4528d066d24431a45c93bdcdd39607 P 036ab3cdb6664f74956a71e62c675ad6 [term 3 FOLLOWER]: Starting forced leader election with config: opid_index: -1 OBSOLETE_local: false peers { permanent_uuid: "bae5ea32c88e480991ecbc608cee9838" member_type: VOTER last_known_addr { host: "127.27.28.129" port: 34905 } } peers { permanent_uuid: "5a04a12d3672447fac31d9d258b434e0" member_type: VOTER last_known_addr { host: "127.27.28.130" port: 45209 } } peers { permanent_uuid: "036ab3cdb6664f74956a71e62c675ad6" member_type: VOTER last_known_addr { host: "127.27.28.131" port: 35639 } }
I20260709 13:09:30.561028 28046 leader_election.cc:290] T 6e4528d066d24431a45c93bdcdd39607 P 036ab3cdb6664f74956a71e62c675ad6 [CANDIDATE]: Term 3 election: Requested vote from peers bae5ea32c88e480991ecbc608cee9838 (127.27.28.129:34905), 5a04a12d3672447fac31d9d258b434e0 (127.27.28.130:45209)
I20260709 13:09:30.561877 27895 tablet_service.cc:1917] Received RequestConsensusVote() RPC: tablet_id: "6e4528d066d24431a45c93bdcdd39607" candidate_uuid: "036ab3cdb6664f74956a71e62c675ad6" candidate_term: 3 candidate_status { last_received { term: 2 index: 2 } } ignore_live_leader: true dest_uuid: "bae5ea32c88e480991ecbc608cee9838"
I20260709 13:09:30.562037 27971 tablet_service.cc:1917] Received RequestConsensusVote() RPC: tablet_id: "6e4528d066d24431a45c93bdcdd39607" candidate_uuid: "036ab3cdb6664f74956a71e62c675ad6" candidate_term: 3 candidate_status { last_received { term: 2 index: 2 } } ignore_live_leader: true dest_uuid: "5a04a12d3672447fac31d9d258b434e0"
I20260709 13:09:30.562476 27895 raft_consensus.cc:3060] T 6e4528d066d24431a45c93bdcdd39607 P bae5ea32c88e480991ecbc608cee9838 [term 2 FOLLOWER]: Advancing to term 3
I20260709 13:09:30.562650 27971 raft_consensus.cc:3055] T 6e4528d066d24431a45c93bdcdd39607 P 5a04a12d3672447fac31d9d258b434e0 [term 2 LEADER]: Stepping down as leader of term 2
I20260709 13:09:30.562992 27971 raft_consensus.cc:740] T 6e4528d066d24431a45c93bdcdd39607 P 5a04a12d3672447fac31d9d258b434e0 [term 2 LEADER]: Becoming Follower/Learner. State: Replica: 5a04a12d3672447fac31d9d258b434e0, State: Running, Role: LEADER
I20260709 13:09:30.563779 27971 consensus_queue.cc:260] T 6e4528d066d24431a45c93bdcdd39607 P 5a04a12d3672447fac31d9d258b434e0 [NON_LEADER]: Queue going to NON_LEADER mode. State: All replicated index: 0, Majority replicated index: 2, Committed index: 2, Last appended: 2.2, Last appended by leader: 2, Current term: 2, Majority size: -1, State: 0, Mode: NON_LEADER, active raft config: opid_index: -1 OBSOLETE_local: false peers { permanent_uuid: "bae5ea32c88e480991ecbc608cee9838" member_type: VOTER last_known_addr { host: "127.27.28.129" port: 34905 } } peers { permanent_uuid: "5a04a12d3672447fac31d9d258b434e0" member_type: VOTER last_known_addr { host: "127.27.28.130" port: 45209 } } peers { permanent_uuid: "036ab3cdb6664f74956a71e62c675ad6" member_type: VOTER last_known_addr { host: "127.27.28.131" port: 35639 } }
I20260709 13:09:30.564710 27971 raft_consensus.cc:3060] T 6e4528d066d24431a45c93bdcdd39607 P 5a04a12d3672447fac31d9d258b434e0 [term 2 FOLLOWER]: Advancing to term 3
I20260709 13:09:30.567847 27895 raft_consensus.cc:2468] T 6e4528d066d24431a45c93bdcdd39607 P bae5ea32c88e480991ecbc608cee9838 [term 3 FOLLOWER]: Leader election vote request: Granting yes vote for candidate 036ab3cdb6664f74956a71e62c675ad6 in term 3.
I20260709 13:09:30.569090 28011 leader_election.cc:304] T 6e4528d066d24431a45c93bdcdd39607 P 036ab3cdb6664f74956a71e62c675ad6 [CANDIDATE]: Term 3 election: Election decided. Result: candidate won. Election summary: received 2 responses out of 3 voters: 2 yes votes; 0 no votes. yes voters: 036ab3cdb6664f74956a71e62c675ad6, bae5ea32c88e480991ecbc608cee9838; no voters: 
I20260709 13:09:30.569977 28124 raft_consensus.cc:2804] T 6e4528d066d24431a45c93bdcdd39607 P 036ab3cdb6664f74956a71e62c675ad6 [term 3 FOLLOWER]: Leader election won for term 3
I20260709 13:09:30.570498 27971 raft_consensus.cc:2468] T 6e4528d066d24431a45c93bdcdd39607 P 5a04a12d3672447fac31d9d258b434e0 [term 3 FOLLOWER]: Leader election vote request: Granting yes vote for candidate 036ab3cdb6664f74956a71e62c675ad6 in term 3.
I20260709 13:09:30.571359 28124 raft_consensus.cc:697] T 6e4528d066d24431a45c93bdcdd39607 P 036ab3cdb6664f74956a71e62c675ad6 [term 3 LEADER]: Becoming Leader. State: Replica: 036ab3cdb6664f74956a71e62c675ad6, State: Running, Role: LEADER
I20260709 13:09:30.572177 28124 consensus_queue.cc:237] T 6e4528d066d24431a45c93bdcdd39607 P 036ab3cdb6664f74956a71e62c675ad6 [LEADER]: Queue going to LEADER mode. State: All replicated index: 0, Majority replicated index: 2, Committed index: 2, Last appended: 2.2, Last appended by leader: 2, Current term: 3, Majority size: 2, State: 0, Mode: LEADER, active raft config: opid_index: -1 OBSOLETE_local: false peers { permanent_uuid: "bae5ea32c88e480991ecbc608cee9838" member_type: VOTER last_known_addr { host: "127.27.28.129" port: 34905 } } peers { permanent_uuid: "5a04a12d3672447fac31d9d258b434e0" member_type: VOTER last_known_addr { host: "127.27.28.130" port: 45209 } } peers { permanent_uuid: "036ab3cdb6664f74956a71e62c675ad6" member_type: VOTER last_known_addr { host: "127.27.28.131" port: 35639 } }
I20260709 13:09:30.579298 27792 catalog_manager.cc:5697] T 6e4528d066d24431a45c93bdcdd39607 P 036ab3cdb6664f74956a71e62c675ad6 reported cstate change: term changed from 2 to 3, leader changed from 5a04a12d3672447fac31d9d258b434e0 (127.27.28.130) to 036ab3cdb6664f74956a71e62c675ad6 (127.27.28.131). New cstate: current_term: 3 leader_uuid: "036ab3cdb6664f74956a71e62c675ad6" committed_config { opid_index: -1 OBSOLETE_local: false peers { permanent_uuid: "bae5ea32c88e480991ecbc608cee9838" member_type: VOTER last_known_addr { host: "127.27.28.129" port: 34905 } health_report { overall_health: UNKNOWN } } peers { permanent_uuid: "5a04a12d3672447fac31d9d258b434e0" member_type: VOTER last_known_addr { host: "127.27.28.130" port: 45209 } health_report { overall_health: UNKNOWN } } peers { permanent_uuid: "036ab3cdb6664f74956a71e62c675ad6" member_type: VOTER last_known_addr { host: "127.27.28.131" port: 35639 } health_report { overall_health: HEALTHY } } }
I20260709 13:09:30.945343 28181 raft_consensus.cc:993] T c0e976906f8046e39e66d111e566e136 P bae5ea32c88e480991ecbc608cee9838: : Instructing follower 036ab3cdb6664f74956a71e62c675ad6 to start an election
I20260709 13:09:30.945883 28197 raft_consensus.cc:1081] T c0e976906f8046e39e66d111e566e136 P bae5ea32c88e480991ecbc608cee9838 [term 1 LEADER]: Signalling peer 036ab3cdb6664f74956a71e62c675ad6 to start an election
I20260709 13:09:30.948028 28046 tablet_service.cc:2044] Received Run Leader Election RPC: tablet_id: "c0e976906f8046e39e66d111e566e136"
dest_uuid: "036ab3cdb6664f74956a71e62c675ad6"
 from {username='slave'} at 127.0.0.1:39242
I20260709 13:09:30.948491 28046 raft_consensus.cc:493] T c0e976906f8046e39e66d111e566e136 P 036ab3cdb6664f74956a71e62c675ad6 [term 1 FOLLOWER]: Starting forced leader election (received explicit request)
I20260709 13:09:30.948750 28046 raft_consensus.cc:3060] T c0e976906f8046e39e66d111e566e136 P 036ab3cdb6664f74956a71e62c675ad6 [term 1 FOLLOWER]: Advancing to term 2
I20260709 13:09:30.954473 28046 raft_consensus.cc:515] T c0e976906f8046e39e66d111e566e136 P 036ab3cdb6664f74956a71e62c675ad6 [term 2 FOLLOWER]: Starting forced leader election with config: opid_index: -1 OBSOLETE_local: false peers { permanent_uuid: "bae5ea32c88e480991ecbc608cee9838" member_type: VOTER last_known_addr { host: "127.27.28.129" port: 34905 } } peers { permanent_uuid: "5a04a12d3672447fac31d9d258b434e0" member_type: VOTER last_known_addr { host: "127.27.28.130" port: 45209 } } peers { permanent_uuid: "036ab3cdb6664f74956a71e62c675ad6" member_type: VOTER last_known_addr { host: "127.27.28.131" port: 35639 } }
I20260709 13:09:30.956101 28046 leader_election.cc:290] T c0e976906f8046e39e66d111e566e136 P 036ab3cdb6664f74956a71e62c675ad6 [CANDIDATE]: Term 2 election: Requested vote from peers bae5ea32c88e480991ecbc608cee9838 (127.27.28.129:34905), 5a04a12d3672447fac31d9d258b434e0 (127.27.28.130:45209)
I20260709 13:09:30.957173 27895 tablet_service.cc:1917] Received RequestConsensusVote() RPC: tablet_id: "c0e976906f8046e39e66d111e566e136" candidate_uuid: "036ab3cdb6664f74956a71e62c675ad6" candidate_term: 2 candidate_status { last_received { term: 1 index: 1 } } ignore_live_leader: true dest_uuid: "bae5ea32c88e480991ecbc608cee9838"
I20260709 13:09:30.957247 27971 tablet_service.cc:1917] Received RequestConsensusVote() RPC: tablet_id: "c0e976906f8046e39e66d111e566e136" candidate_uuid: "036ab3cdb6664f74956a71e62c675ad6" candidate_term: 2 candidate_status { last_received { term: 1 index: 1 } } ignore_live_leader: true dest_uuid: "5a04a12d3672447fac31d9d258b434e0"
I20260709 13:09:30.958040 27895 raft_consensus.cc:3055] T c0e976906f8046e39e66d111e566e136 P bae5ea32c88e480991ecbc608cee9838 [term 1 LEADER]: Stepping down as leader of term 1
I20260709 13:09:30.958127 27971 raft_consensus.cc:3060] T c0e976906f8046e39e66d111e566e136 P 5a04a12d3672447fac31d9d258b434e0 [term 1 FOLLOWER]: Advancing to term 2
I20260709 13:09:30.958385 27895 raft_consensus.cc:740] T c0e976906f8046e39e66d111e566e136 P bae5ea32c88e480991ecbc608cee9838 [term 1 LEADER]: Becoming Follower/Learner. State: Replica: bae5ea32c88e480991ecbc608cee9838, State: Running, Role: LEADER
I20260709 13:09:30.959403 27895 consensus_queue.cc:260] T c0e976906f8046e39e66d111e566e136 P bae5ea32c88e480991ecbc608cee9838 [NON_LEADER]: Queue going to NON_LEADER mode. State: All replicated index: 0, Majority replicated index: 1, Committed index: 1, Last appended: 1.1, Last appended by leader: 1, Current term: 1, Majority size: -1, State: 0, Mode: NON_LEADER, active raft config: opid_index: -1 OBSOLETE_local: false peers { permanent_uuid: "bae5ea32c88e480991ecbc608cee9838" member_type: VOTER last_known_addr { host: "127.27.28.129" port: 34905 } } peers { permanent_uuid: "5a04a12d3672447fac31d9d258b434e0" member_type: VOTER last_known_addr { host: "127.27.28.130" port: 45209 } } peers { permanent_uuid: "036ab3cdb6664f74956a71e62c675ad6" member_type: VOTER last_known_addr { host: "127.27.28.131" port: 35639 } }
I20260709 13:09:30.960454 27895 raft_consensus.cc:3060] T c0e976906f8046e39e66d111e566e136 P bae5ea32c88e480991ecbc608cee9838 [term 1 FOLLOWER]: Advancing to term 2
I20260709 13:09:30.963722 27971 raft_consensus.cc:2468] T c0e976906f8046e39e66d111e566e136 P 5a04a12d3672447fac31d9d258b434e0 [term 2 FOLLOWER]: Leader election vote request: Granting yes vote for candidate 036ab3cdb6664f74956a71e62c675ad6 in term 2.
I20260709 13:09:30.964807 28009 leader_election.cc:304] T c0e976906f8046e39e66d111e566e136 P 036ab3cdb6664f74956a71e62c675ad6 [CANDIDATE]: Term 2 election: Election decided. Result: candidate won. Election summary: received 2 responses out of 3 voters: 2 yes votes; 0 no votes. yes voters: 036ab3cdb6664f74956a71e62c675ad6, 5a04a12d3672447fac31d9d258b434e0; no voters: 
I20260709 13:09:30.965498 28124 raft_consensus.cc:2804] T c0e976906f8046e39e66d111e566e136 P 036ab3cdb6664f74956a71e62c675ad6 [term 2 FOLLOWER]: Leader election won for term 2
I20260709 13:09:30.965930 28124 raft_consensus.cc:697] T c0e976906f8046e39e66d111e566e136 P 036ab3cdb6664f74956a71e62c675ad6 [term 2 LEADER]: Becoming Leader. State: Replica: 036ab3cdb6664f74956a71e62c675ad6, State: Running, Role: LEADER
I20260709 13:09:30.966048 27895 raft_consensus.cc:2468] T c0e976906f8046e39e66d111e566e136 P bae5ea32c88e480991ecbc608cee9838 [term 2 FOLLOWER]: Leader election vote request: Granting yes vote for candidate 036ab3cdb6664f74956a71e62c675ad6 in term 2.
I20260709 13:09:30.966724 28124 consensus_queue.cc:237] T c0e976906f8046e39e66d111e566e136 P 036ab3cdb6664f74956a71e62c675ad6 [LEADER]: Queue going to LEADER mode. State: All replicated index: 0, Majority replicated index: 1, Committed index: 1, Last appended: 1.1, Last appended by leader: 1, Current term: 2, Majority size: 2, State: 0, Mode: LEADER, active raft config: opid_index: -1 OBSOLETE_local: false peers { permanent_uuid: "bae5ea32c88e480991ecbc608cee9838" member_type: VOTER last_known_addr { host: "127.27.28.129" port: 34905 } } peers { permanent_uuid: "5a04a12d3672447fac31d9d258b434e0" member_type: VOTER last_known_addr { host: "127.27.28.130" port: 45209 } } peers { permanent_uuid: "036ab3cdb6664f74956a71e62c675ad6" member_type: VOTER last_known_addr { host: "127.27.28.131" port: 35639 } }
I20260709 13:09:30.973433 27792 catalog_manager.cc:5697] T c0e976906f8046e39e66d111e566e136 P 036ab3cdb6664f74956a71e62c675ad6 reported cstate change: term changed from 1 to 2, leader changed from bae5ea32c88e480991ecbc608cee9838 (127.27.28.129) to 036ab3cdb6664f74956a71e62c675ad6 (127.27.28.131). New cstate: current_term: 2 leader_uuid: "036ab3cdb6664f74956a71e62c675ad6" committed_config { opid_index: -1 OBSOLETE_local: false peers { permanent_uuid: "bae5ea32c88e480991ecbc608cee9838" member_type: VOTER last_known_addr { host: "127.27.28.129" port: 34905 } health_report { overall_health: UNKNOWN } } peers { permanent_uuid: "5a04a12d3672447fac31d9d258b434e0" member_type: VOTER last_known_addr { host: "127.27.28.130" port: 45209 } health_report { overall_health: UNKNOWN } } peers { permanent_uuid: "036ab3cdb6664f74956a71e62c675ad6" member_type: VOTER last_known_addr { host: "127.27.28.131" port: 35639 } health_report { overall_health: HEALTHY } } }
I20260709 13:09:31.113795 27895 raft_consensus.cc:1275] T 6e4528d066d24431a45c93bdcdd39607 P bae5ea32c88e480991ecbc608cee9838 [term 3 FOLLOWER]: Refusing update from remote peer 036ab3cdb6664f74956a71e62c675ad6: Log matching property violated. Preceding OpId in replica: term: 2 index: 2. Preceding OpId from leader: term: 3 index: 3. (index mismatch)
I20260709 13:09:31.115058 28124 consensus_queue.cc:1048] T 6e4528d066d24431a45c93bdcdd39607 P 036ab3cdb6664f74956a71e62c675ad6 [LEADER]: Connected to new peer: Peer: permanent_uuid: "bae5ea32c88e480991ecbc608cee9838" member_type: VOTER last_known_addr { host: "127.27.28.129" port: 34905 }, Status: LMP_MISMATCH, Last received: 0.0, Next index: 3, Last known committed idx: 2, Time since last communication: 0.000s
I20260709 13:09:31.124253 27971 raft_consensus.cc:1275] T 6e4528d066d24431a45c93bdcdd39607 P 5a04a12d3672447fac31d9d258b434e0 [term 3 FOLLOWER]: Refusing update from remote peer 036ab3cdb6664f74956a71e62c675ad6: Log matching property violated. Preceding OpId in replica: term: 2 index: 2. Preceding OpId from leader: term: 3 index: 3. (index mismatch)
I20260709 13:09:31.125891 28124 consensus_queue.cc:1048] T 6e4528d066d24431a45c93bdcdd39607 P 036ab3cdb6664f74956a71e62c675ad6 [LEADER]: Connected to new peer: Peer: permanent_uuid: "5a04a12d3672447fac31d9d258b434e0" member_type: VOTER last_known_addr { host: "127.27.28.130" port: 45209 }, Status: LMP_MISMATCH, Last received: 0.0, Next index: 3, Last known committed idx: 2, Time since last communication: 0.000s
I20260709 13:09:31.477633 27762 auto_leader_rebalancer.cc:141] leader rebalance for table test-workload
I20260709 13:09:31.496332 27895 tablet_service.cc:2072] Received LeaderStepDown RPC: tablet_id: "f1f64e91858e449ebe047d1b27bd1629"
dest_uuid: "bae5ea32c88e480991ecbc608cee9838"
mode: GRACEFUL
new_leader_uuid: "5a04a12d3672447fac31d9d258b434e0"
 from {username='slave'} at 127.0.0.1:35552
I20260709 13:09:31.496845 27895 raft_consensus.cc:606] T f1f64e91858e449ebe047d1b27bd1629 P bae5ea32c88e480991ecbc608cee9838 [term 2 LEADER]: Received request to transfer leadership to TS 5a04a12d3672447fac31d9d258b434e0
I20260709 13:09:31.501838 27895 tablet_service.cc:2072] Received LeaderStepDown RPC: tablet_id: "76440c3169874161b2858ec8ede1ffd9"
dest_uuid: "bae5ea32c88e480991ecbc608cee9838"
mode: GRACEFUL
new_leader_uuid: "5a04a12d3672447fac31d9d258b434e0"
 from {username='slave'} at 127.0.0.1:35552
I20260709 13:09:31.502281 27895 raft_consensus.cc:606] T 76440c3169874161b2858ec8ede1ffd9 P bae5ea32c88e480991ecbc608cee9838 [term 2 LEADER]: Received request to transfer leadership to TS 5a04a12d3672447fac31d9d258b434e0
I20260709 13:09:31.507261 28046 tablet_service.cc:2072] Received LeaderStepDown RPC: tablet_id: "c0e976906f8046e39e66d111e566e136"
dest_uuid: "036ab3cdb6664f74956a71e62c675ad6"
mode: GRACEFUL
new_leader_uuid: "5a04a12d3672447fac31d9d258b434e0"
 from {username='slave'} at 127.0.0.1:39244
I20260709 13:09:31.507833 28046 raft_consensus.cc:606] T c0e976906f8046e39e66d111e566e136 P 036ab3cdb6664f74956a71e62c675ad6 [term 2 LEADER]: Received request to transfer leadership to TS 5a04a12d3672447fac31d9d258b434e0
I20260709 13:09:31.513397 27895 tablet_service.cc:2072] Received LeaderStepDown RPC: tablet_id: "076caed7e7b54064bc28309012cd0dfa"
dest_uuid: "bae5ea32c88e480991ecbc608cee9838"
mode: GRACEFUL
new_leader_uuid: "5a04a12d3672447fac31d9d258b434e0"
 from {username='slave'} at 127.0.0.1:35552
I20260709 13:09:31.513837 27895 raft_consensus.cc:606] T 076caed7e7b54064bc28309012cd0dfa P bae5ea32c88e480991ecbc608cee9838 [term 2 LEADER]: Received request to transfer leadership to TS 5a04a12d3672447fac31d9d258b434e0
I20260709 13:09:31.516152 27971 raft_consensus.cc:1275] T c0e976906f8046e39e66d111e566e136 P 5a04a12d3672447fac31d9d258b434e0 [term 2 FOLLOWER]: Refusing update from remote peer 036ab3cdb6664f74956a71e62c675ad6: Log matching property violated. Preceding OpId in replica: term: 1 index: 1. Preceding OpId from leader: term: 2 index: 2. (index mismatch)
I20260709 13:09:31.517525 28191 consensus_queue.cc:1048] T c0e976906f8046e39e66d111e566e136 P 036ab3cdb6664f74956a71e62c675ad6 [LEADER]: Connected to new peer: Peer: permanent_uuid: "5a04a12d3672447fac31d9d258b434e0" member_type: VOTER last_known_addr { host: "127.27.28.130" port: 45209 }, Status: LMP_MISMATCH, Last received: 0.0, Next index: 2, Last known committed idx: 1, Time since last communication: 0.000s
I20260709 13:09:31.525990 28124 raft_consensus.cc:993] T c0e976906f8046e39e66d111e566e136 P 036ab3cdb6664f74956a71e62c675ad6: : Instructing follower 5a04a12d3672447fac31d9d258b434e0 to start an election
I20260709 13:09:31.526258 28046 tablet_service.cc:2072] Received LeaderStepDown RPC: tablet_id: "6e4528d066d24431a45c93bdcdd39607"
dest_uuid: "036ab3cdb6664f74956a71e62c675ad6"
mode: GRACEFUL
new_leader_uuid: "5a04a12d3672447fac31d9d258b434e0"
 from {username='slave'} at 127.0.0.1:39244
I20260709 13:09:31.527022 28046 raft_consensus.cc:606] T 6e4528d066d24431a45c93bdcdd39607 P 036ab3cdb6664f74956a71e62c675ad6 [term 3 LEADER]: Received request to transfer leadership to TS 5a04a12d3672447fac31d9d258b434e0
I20260709 13:09:31.530647 28191 raft_consensus.cc:1081] T c0e976906f8046e39e66d111e566e136 P 036ab3cdb6664f74956a71e62c675ad6 [term 2 LEADER]: Signalling peer 5a04a12d3672447fac31d9d258b434e0 to start an election
I20260709 13:09:31.532502 27972 tablet_service.cc:2044] Received Run Leader Election RPC: tablet_id: "c0e976906f8046e39e66d111e566e136"
dest_uuid: "5a04a12d3672447fac31d9d258b434e0"
 from {username='slave'} at 127.0.0.1:41436
I20260709 13:09:31.533289 27972 raft_consensus.cc:493] T c0e976906f8046e39e66d111e566e136 P 5a04a12d3672447fac31d9d258b434e0 [term 2 FOLLOWER]: Starting forced leader election (received explicit request)
I20260709 13:09:31.533664 27972 raft_consensus.cc:3060] T c0e976906f8046e39e66d111e566e136 P 5a04a12d3672447fac31d9d258b434e0 [term 2 FOLLOWER]: Advancing to term 3
I20260709 13:09:31.538672 27972 raft_consensus.cc:515] T c0e976906f8046e39e66d111e566e136 P 5a04a12d3672447fac31d9d258b434e0 [term 3 FOLLOWER]: Starting forced leader election with config: opid_index: -1 OBSOLETE_local: false peers { permanent_uuid: "bae5ea32c88e480991ecbc608cee9838" member_type: VOTER last_known_addr { host: "127.27.28.129" port: 34905 } } peers { permanent_uuid: "5a04a12d3672447fac31d9d258b434e0" member_type: VOTER last_known_addr { host: "127.27.28.130" port: 45209 } } peers { permanent_uuid: "036ab3cdb6664f74956a71e62c675ad6" member_type: VOTER last_known_addr { host: "127.27.28.131" port: 35639 } }
I20260709 13:09:31.541735 27895 tablet_service.cc:1917] Received RequestConsensusVote() RPC: tablet_id: "c0e976906f8046e39e66d111e566e136" candidate_uuid: "5a04a12d3672447fac31d9d258b434e0" candidate_term: 3 candidate_status { last_received { term: 2 index: 2 } } ignore_live_leader: true dest_uuid: "bae5ea32c88e480991ecbc608cee9838"
