W20260709 13:09:48.192955 29993 leader_election.cc:343] T d7be23af8c824b3bb048a59d6bdf884c P b2cea0098c1040f69755ea4d3dab7fc4 [CANDIDATE]: Term 1 election: Tablet error from VoteRequest() call to peer c99569d27a6f4c648eae7119fe3db124 (127.28.54.67:45001): Illegal state: must be running to vote when last-logged opid is not known
I20260709 13:09:48.199312 29994 leader_election.cc:304] T d7be23af8c824b3bb048a59d6bdf884c P b2cea0098c1040f69755ea4d3dab7fc4 [CANDIDATE]: Term 1 election: Election decided. Result: candidate won. Election summary: received 3 responses out of 3 voters: 2 yes votes; 1 no votes. yes voters: 5ec73dc157ed476ca903a7d596271719, b2cea0098c1040f69755ea4d3dab7fc4; no voters: c99569d27a6f4c648eae7119fe3db124
I20260709 13:09:48.200155 30309 raft_consensus.cc:2804] T d7be23af8c824b3bb048a59d6bdf884c P b2cea0098c1040f69755ea4d3dab7fc4 [term 1 FOLLOWER]: Leader election won for term 1
I20260709 13:09:48.200605 30309 raft_consensus.cc:697] T d7be23af8c824b3bb048a59d6bdf884c P b2cea0098c1040f69755ea4d3dab7fc4 [term 1 LEADER]: Becoming Leader. State: Replica: b2cea0098c1040f69755ea4d3dab7fc4, State: Running, Role: LEADER
I20260709 13:09:48.201398 30309 consensus_queue.cc:237] T d7be23af8c824b3bb048a59d6bdf884c P b2cea0098c1040f69755ea4d3dab7fc4 [LEADER]: Queue going to LEADER mode. State: All replicated index: 0, Majority replicated index: 0, Committed index: 0, Last appended: 0.0, Last appended by leader: 0, Current term: 1, Majority size: 2, State: 0, Mode: LEADER, active raft config: opid_index: -1 OBSOLETE_local: false peers { permanent_uuid: "b2cea0098c1040f69755ea4d3dab7fc4" member_type: VOTER last_known_addr { host: "127.28.54.65" port: 34451 } } peers { permanent_uuid: "5ec73dc157ed476ca903a7d596271719" member_type: VOTER last_known_addr { host: "127.28.54.66" port: 43821 } } peers { permanent_uuid: "c99569d27a6f4c648eae7119fe3db124" member_type: VOTER last_known_addr { host: "127.28.54.67" port: 45001 } }
I20260709 13:09:48.218909 30404 consensus_queue.cc:1048] T 64e2b2bd54d3454a9f64030c149e2e25 P b2cea0098c1040f69755ea4d3dab7fc4 [LEADER]: Connected to new peer: Peer: permanent_uuid: "c99569d27a6f4c648eae7119fe3db124" member_type: VOTER last_known_addr { host: "127.28.54.67" port: 45001 }, Status: LMP_MISMATCH, Last received: 0.0, Next index: 1, Last known committed idx: 0, Time since last communication: 0.000s
I20260709 13:09:48.216154 30226 raft_consensus.cc:2749] T c41a6d79ca9c459eb4b0b41302fb76a9 P c99569d27a6f4c648eae7119fe3db124 [term 1 FOLLOWER]: Leader pre-election lost for term 1. Reason: could not achieve majority
I20260709 13:09:48.228348 30101 raft_consensus.cc:3060] T 9cd772608bf64bf9b1c1aec00dc57eee P 5ec73dc157ed476ca903a7d596271719 [term 0 FOLLOWER]: Advancing to term 1
I20260709 13:09:48.235481 30219 tablet_bootstrap.cc:492] T d3f3f9c9793f4390874e250718c41697 P b2cea0098c1040f69755ea4d3dab7fc4: No bootstrap required, opened a new log
I20260709 13:09:48.235915 30219 ts_tablet_manager.cc:1403] T d3f3f9c9793f4390874e250718c41697 P b2cea0098c1040f69755ea4d3dab7fc4: Time spent bootstrapping tablet: real 0.118s	user 0.011s	sys 0.007s
W20260709 13:09:48.255030 30420 log.cc:927] Time spent T 9cd772608bf64bf9b1c1aec00dc57eee P c99569d27a6f4c648eae7119fe3db124: Append to log took a long time: real 0.110s	user 0.001s	sys 0.000s
I20260709 13:09:48.263604 30218 tablet_bootstrap.cc:654] T b66f98d7fcfe4102a01ace9ed64355ed P 5ec73dc157ed476ca903a7d596271719: Neither blocks nor log segments found. Creating new log.
I20260709 13:09:48.264254 30219 raft_consensus.cc:359] T d3f3f9c9793f4390874e250718c41697 P b2cea0098c1040f69755ea4d3dab7fc4 [term 0 FOLLOWER]: Replica starting. Triggering 0 pending ops. Active config: opid_index: -1 OBSOLETE_local: false peers { permanent_uuid: "b2cea0098c1040f69755ea4d3dab7fc4" member_type: VOTER last_known_addr { host: "127.28.54.65" port: 34451 } } peers { permanent_uuid: "5ec73dc157ed476ca903a7d596271719" member_type: VOTER last_known_addr { host: "127.28.54.66" port: 43821 } } peers { permanent_uuid: "c99569d27a6f4c648eae7119fe3db124" member_type: VOTER last_known_addr { host: "127.28.54.67" port: 45001 } }
I20260709 13:09:48.271757 30219 raft_consensus.cc:385] T d3f3f9c9793f4390874e250718c41697 P b2cea0098c1040f69755ea4d3dab7fc4 [term 0 FOLLOWER]: Consensus starting up: Expiring failure detector timer to make a prompt election more likely
I20260709 13:09:48.272115 30219 raft_consensus.cc:740] T d3f3f9c9793f4390874e250718c41697 P b2cea0098c1040f69755ea4d3dab7fc4 [term 0 FOLLOWER]: Becoming Follower/Learner. State: Replica: b2cea0098c1040f69755ea4d3dab7fc4, State: Initialized, Role: FOLLOWER
I20260709 13:09:48.273053 30219 consensus_queue.cc:260] T d3f3f9c9793f4390874e250718c41697 P b2cea0098c1040f69755ea4d3dab7fc4 [NON_LEADER]: Queue going to NON_LEADER mode. State: All replicated index: 0, Majority replicated index: 0, Committed index: 0, Last appended: 0.0, Last appended by leader: 0, Current term: 0, Majority size: -1, State: 0, Mode: NON_LEADER, active raft config: opid_index: -1 OBSOLETE_local: false peers { permanent_uuid: "b2cea0098c1040f69755ea4d3dab7fc4" member_type: VOTER last_known_addr { host: "127.28.54.65" port: 34451 } } peers { permanent_uuid: "5ec73dc157ed476ca903a7d596271719" member_type: VOTER last_known_addr { host: "127.28.54.66" port: 43821 } } peers { permanent_uuid: "c99569d27a6f4c648eae7119fe3db124" member_type: VOTER last_known_addr { host: "127.28.54.67" port: 45001 } }
I20260709 13:09:48.277025 30219 ts_tablet_manager.cc:1434] T d3f3f9c9793f4390874e250718c41697 P b2cea0098c1040f69755ea4d3dab7fc4: Time spent starting tablet: real 0.041s	user 0.008s	sys 0.000s
I20260709 13:09:48.277922 30219 tablet_bootstrap.cc:492] T 64effd13e9a741368e16bc2f52fb573c P b2cea0098c1040f69755ea4d3dab7fc4: Bootstrap starting.
I20260709 13:09:48.274811 29925 catalog_manager.cc:5697] T d7be23af8c824b3bb048a59d6bdf884c P b2cea0098c1040f69755ea4d3dab7fc4 reported cstate change: term changed from 0 to 1, leader changed from <none> to b2cea0098c1040f69755ea4d3dab7fc4 (127.28.54.65). New cstate: current_term: 1 leader_uuid: "b2cea0098c1040f69755ea4d3dab7fc4" committed_config { opid_index: -1 OBSOLETE_local: false peers { permanent_uuid: "b2cea0098c1040f69755ea4d3dab7fc4" member_type: VOTER last_known_addr { host: "127.28.54.65" port: 34451 } health_report { overall_health: HEALTHY } } peers { permanent_uuid: "5ec73dc157ed476ca903a7d596271719" member_type: VOTER last_known_addr { host: "127.28.54.66" port: 43821 } health_report { overall_health: UNKNOWN } } peers { permanent_uuid: "c99569d27a6f4c648eae7119fe3db124" member_type: VOTER last_known_addr { host: "127.28.54.67" port: 45001 } health_report { overall_health: UNKNOWN } } }
I20260709 13:09:48.277266 30405 consensus_queue.cc:1048] T 48d3196b43924d35bf72234ad500783e P b2cea0098c1040f69755ea4d3dab7fc4 [LEADER]: Connected to new peer: Peer: permanent_uuid: "c99569d27a6f4c648eae7119fe3db124" member_type: VOTER last_known_addr { host: "127.28.54.67" port: 45001 }, Status: LMP_MISMATCH, Last received: 0.0, Next index: 1, Last known committed idx: 0, Time since last communication: 0.000s
I20260709 13:09:48.337918 30217 tablet_bootstrap.cc:492] T d7be23af8c824b3bb048a59d6bdf884c P c99569d27a6f4c648eae7119fe3db124: No bootstrap required, opened a new log
I20260709 13:09:48.338323 30217 ts_tablet_manager.cc:1403] T d7be23af8c824b3bb048a59d6bdf884c P c99569d27a6f4c648eae7119fe3db124: Time spent bootstrapping tablet: real 0.351s	user 0.018s	sys 0.027s
I20260709 13:09:48.340567 30405 consensus_queue.cc:1048] T 9cd772608bf64bf9b1c1aec00dc57eee P b2cea0098c1040f69755ea4d3dab7fc4 [LEADER]: Connected to new peer: Peer: permanent_uuid: "5ec73dc157ed476ca903a7d596271719" member_type: VOTER last_known_addr { host: "127.28.54.66" port: 43821 }, Status: LMP_MISMATCH, Last received: 0.0, Next index: 1, Last known committed idx: 0, Time since last communication: 0.000s
I20260709 13:09:48.346760 30217 raft_consensus.cc:359] T d7be23af8c824b3bb048a59d6bdf884c P c99569d27a6f4c648eae7119fe3db124 [term 0 FOLLOWER]: Replica starting. Triggering 0 pending ops. Active config: opid_index: -1 OBSOLETE_local: false peers { permanent_uuid: "b2cea0098c1040f69755ea4d3dab7fc4" member_type: VOTER last_known_addr { host: "127.28.54.65" port: 34451 } } peers { permanent_uuid: "5ec73dc157ed476ca903a7d596271719" member_type: VOTER last_known_addr { host: "127.28.54.66" port: 43821 } } peers { permanent_uuid: "c99569d27a6f4c648eae7119fe3db124" member_type: VOTER last_known_addr { host: "127.28.54.67" port: 45001 } }
I20260709 13:09:48.347556 30217 raft_consensus.cc:385] T d7be23af8c824b3bb048a59d6bdf884c P c99569d27a6f4c648eae7119fe3db124 [term 0 FOLLOWER]: Consensus starting up: Expiring failure detector timer to make a prompt election more likely
I20260709 13:09:48.347828 30217 raft_consensus.cc:740] T d7be23af8c824b3bb048a59d6bdf884c P c99569d27a6f4c648eae7119fe3db124 [term 0 FOLLOWER]: Becoming Follower/Learner. State: Replica: c99569d27a6f4c648eae7119fe3db124, State: Initialized, Role: FOLLOWER
I20260709 13:09:48.348474 30217 consensus_queue.cc:260] T d7be23af8c824b3bb048a59d6bdf884c P c99569d27a6f4c648eae7119fe3db124 [NON_LEADER]: Queue going to NON_LEADER mode. State: All replicated index: 0, Majority replicated index: 0, Committed index: 0, Last appended: 0.0, Last appended by leader: 0, Current term: 0, Majority size: -1, State: 0, Mode: NON_LEADER, active raft config: opid_index: -1 OBSOLETE_local: false peers { permanent_uuid: "b2cea0098c1040f69755ea4d3dab7fc4" member_type: VOTER last_known_addr { host: "127.28.54.65" port: 34451 } } peers { permanent_uuid: "5ec73dc157ed476ca903a7d596271719" member_type: VOTER last_known_addr { host: "127.28.54.66" port: 43821 } } peers { permanent_uuid: "c99569d27a6f4c648eae7119fe3db124" member_type: VOTER last_known_addr { host: "127.28.54.67" port: 45001 } }
I20260709 13:09:48.350582 30217 ts_tablet_manager.cc:1434] T d7be23af8c824b3bb048a59d6bdf884c P c99569d27a6f4c648eae7119fe3db124: Time spent starting tablet: real 0.012s	user 0.006s	sys 0.000s
I20260709 13:09:48.352116 30217 tablet_bootstrap.cc:492] T 64effd13e9a741368e16bc2f52fb573c P c99569d27a6f4c648eae7119fe3db124: Bootstrap starting.
I20260709 13:09:48.358994 30217 tablet_bootstrap.cc:654] T 64effd13e9a741368e16bc2f52fb573c P c99569d27a6f4c648eae7119fe3db124: Neither blocks nor log segments found. Creating new log.
I20260709 13:09:48.362772 30218 tablet_bootstrap.cc:492] T b66f98d7fcfe4102a01ace9ed64355ed P 5ec73dc157ed476ca903a7d596271719: No bootstrap required, opened a new log
I20260709 13:09:48.368261 30218 ts_tablet_manager.cc:1403] T b66f98d7fcfe4102a01ace9ed64355ed P 5ec73dc157ed476ca903a7d596271719: Time spent bootstrapping tablet: real 0.181s	user 0.014s	sys 0.000s
I20260709 13:09:48.358994 30219 tablet_bootstrap.cc:654] T 64effd13e9a741368e16bc2f52fb573c P b2cea0098c1040f69755ea4d3dab7fc4: Neither blocks nor log segments found. Creating new log.
I20260709 13:09:48.375494 30218 raft_consensus.cc:359] T b66f98d7fcfe4102a01ace9ed64355ed P 5ec73dc157ed476ca903a7d596271719 [term 0 FOLLOWER]: Replica starting. Triggering 0 pending ops. Active config: opid_index: -1 OBSOLETE_local: false peers { permanent_uuid: "b2cea0098c1040f69755ea4d3dab7fc4" member_type: VOTER last_known_addr { host: "127.28.54.65" port: 34451 } } peers { permanent_uuid: "5ec73dc157ed476ca903a7d596271719" member_type: VOTER last_known_addr { host: "127.28.54.66" port: 43821 } } peers { permanent_uuid: "c99569d27a6f4c648eae7119fe3db124" member_type: VOTER last_known_addr { host: "127.28.54.67" port: 45001 } }
I20260709 13:09:48.376396 30218 raft_consensus.cc:385] T b66f98d7fcfe4102a01ace9ed64355ed P 5ec73dc157ed476ca903a7d596271719 [term 0 FOLLOWER]: Consensus starting up: Expiring failure detector timer to make a prompt election more likely
I20260709 13:09:48.376718 30218 raft_consensus.cc:740] T b66f98d7fcfe4102a01ace9ed64355ed P 5ec73dc157ed476ca903a7d596271719 [term 0 FOLLOWER]: Becoming Follower/Learner. State: Replica: 5ec73dc157ed476ca903a7d596271719, State: Initialized, Role: FOLLOWER
I20260709 13:09:48.377771 30218 consensus_queue.cc:260] T b66f98d7fcfe4102a01ace9ed64355ed P 5ec73dc157ed476ca903a7d596271719 [NON_LEADER]: Queue going to NON_LEADER mode. State: All replicated index: 0, Majority replicated index: 0, Committed index: 0, Last appended: 0.0, Last appended by leader: 0, Current term: 0, Majority size: -1, State: 0, Mode: NON_LEADER, active raft config: opid_index: -1 OBSOLETE_local: false peers { permanent_uuid: "b2cea0098c1040f69755ea4d3dab7fc4" member_type: VOTER last_known_addr { host: "127.28.54.65" port: 34451 } } peers { permanent_uuid: "5ec73dc157ed476ca903a7d596271719" member_type: VOTER last_known_addr { host: "127.28.54.66" port: 43821 } } peers { permanent_uuid: "c99569d27a6f4c648eae7119fe3db124" member_type: VOTER last_known_addr { host: "127.28.54.67" port: 45001 } }
I20260709 13:09:48.379917 30221 raft_consensus.cc:493] T 9cd772608bf64bf9b1c1aec00dc57eee P 5ec73dc157ed476ca903a7d596271719 [term 1 FOLLOWER]: Starting pre-election (detected failure of leader b2cea0098c1040f69755ea4d3dab7fc4)
I20260709 13:09:48.384603 30221 raft_consensus.cc:515] T 9cd772608bf64bf9b1c1aec00dc57eee P 5ec73dc157ed476ca903a7d596271719 [term 1 FOLLOWER]: Starting pre-election with config: opid_index: -1 OBSOLETE_local: false peers { permanent_uuid: "b2cea0098c1040f69755ea4d3dab7fc4" member_type: VOTER last_known_addr { host: "127.28.54.65" port: 34451 } } peers { permanent_uuid: "5ec73dc157ed476ca903a7d596271719" member_type: VOTER last_known_addr { host: "127.28.54.66" port: 43821 } } peers { permanent_uuid: "c99569d27a6f4c648eae7119fe3db124" member_type: VOTER last_known_addr { host: "127.28.54.67" port: 45001 } }
I20260709 13:09:48.387434 30218 ts_tablet_manager.cc:1434] T b66f98d7fcfe4102a01ace9ed64355ed P 5ec73dc157ed476ca903a7d596271719: Time spent starting tablet: real 0.018s	user 0.006s	sys 0.000s
I20260709 13:09:48.390509 30218 tablet_bootstrap.cc:492] T de39104c229542e3a29860956492edea P 5ec73dc157ed476ca903a7d596271719: Bootstrap starting.
I20260709 13:09:48.393147 30405 consensus_queue.cc:1048] T 48d3196b43924d35bf72234ad500783e P b2cea0098c1040f69755ea4d3dab7fc4 [LEADER]: Connected to new peer: Peer: permanent_uuid: "5ec73dc157ed476ca903a7d596271719" member_type: VOTER last_known_addr { host: "127.28.54.66" port: 43821 }, Status: LMP_MISMATCH, Last received: 0.0, Next index: 1, Last known committed idx: 0, Time since last communication: 0.000s
I20260709 13:09:48.395920 30221 leader_election.cc:290] T 9cd772608bf64bf9b1c1aec00dc57eee P 5ec73dc157ed476ca903a7d596271719 [CANDIDATE]: Term 2 pre-election: Requested pre-vote from peers b2cea0098c1040f69755ea4d3dab7fc4 (127.28.54.65:34451), c99569d27a6f4c648eae7119fe3db124 (127.28.54.67:45001)
I20260709 13:09:48.397226 30175 tablet_service.cc:1917] Received RequestConsensusVote() RPC: tablet_id: "9cd772608bf64bf9b1c1aec00dc57eee" candidate_uuid: "5ec73dc157ed476ca903a7d596271719" candidate_term: 2 candidate_status { last_received { term: 1 index: 1 } } ignore_live_leader: false dest_uuid: "c99569d27a6f4c648eae7119fe3db124" is_pre_election: true
I20260709 13:09:48.397226 30028 tablet_service.cc:1917] Received RequestConsensusVote() RPC: tablet_id: "9cd772608bf64bf9b1c1aec00dc57eee" candidate_uuid: "5ec73dc157ed476ca903a7d596271719" candidate_term: 2 candidate_status { last_received { term: 1 index: 1 } } ignore_live_leader: false dest_uuid: "b2cea0098c1040f69755ea4d3dab7fc4" is_pre_election: true
I20260709 13:09:48.401186 30068 leader_election.cc:304] T 9cd772608bf64bf9b1c1aec00dc57eee P 5ec73dc157ed476ca903a7d596271719 [CANDIDATE]: Term 2 pre-election: Election decided. Result: candidate lost. Election summary: received 3 responses out of 3 voters: 1 yes votes; 2 no votes. yes voters: 5ec73dc157ed476ca903a7d596271719; no voters: b2cea0098c1040f69755ea4d3dab7fc4, c99569d27a6f4c648eae7119fe3db124
I20260709 13:09:48.402961 30278 raft_consensus.cc:2749] T 9cd772608bf64bf9b1c1aec00dc57eee P 5ec73dc157ed476ca903a7d596271719 [term 1 FOLLOWER]: Leader pre-election lost for term 2. Reason: could not achieve majority
I20260709 13:09:48.429610 30217 tablet_bootstrap.cc:492] T 64effd13e9a741368e16bc2f52fb573c P c99569d27a6f4c648eae7119fe3db124: No bootstrap required, opened a new log
I20260709 13:09:48.430641 30217 ts_tablet_manager.cc:1403] T 64effd13e9a741368e16bc2f52fb573c P c99569d27a6f4c648eae7119fe3db124: Time spent bootstrapping tablet: real 0.079s	user 0.029s	sys 0.030s
I20260709 13:09:48.433048 30217 raft_consensus.cc:359] T 64effd13e9a741368e16bc2f52fb573c P c99569d27a6f4c648eae7119fe3db124 [term 0 FOLLOWER]: Replica starting. Triggering 0 pending ops. Active config: opid_index: -1 OBSOLETE_local: false peers { permanent_uuid: "b2cea0098c1040f69755ea4d3dab7fc4" member_type: VOTER last_known_addr { host: "127.28.54.65" port: 34451 } } peers { permanent_uuid: "5ec73dc157ed476ca903a7d596271719" member_type: VOTER last_known_addr { host: "127.28.54.66" port: 43821 } } peers { permanent_uuid: "c99569d27a6f4c648eae7119fe3db124" member_type: VOTER last_known_addr { host: "127.28.54.67" port: 45001 } }
I20260709 13:09:48.433662 30217 raft_consensus.cc:385] T 64effd13e9a741368e16bc2f52fb573c P c99569d27a6f4c648eae7119fe3db124 [term 0 FOLLOWER]: Consensus starting up: Expiring failure detector timer to make a prompt election more likely
I20260709 13:09:48.433940 30217 raft_consensus.cc:740] T 64effd13e9a741368e16bc2f52fb573c P c99569d27a6f4c648eae7119fe3db124 [term 0 FOLLOWER]: Becoming Follower/Learner. State: Replica: c99569d27a6f4c648eae7119fe3db124, State: Initialized, Role: FOLLOWER
I20260709 13:09:48.434599 30217 consensus_queue.cc:260] T 64effd13e9a741368e16bc2f52fb573c P c99569d27a6f4c648eae7119fe3db124 [NON_LEADER]: Queue going to NON_LEADER mode. State: All replicated index: 0, Majority replicated index: 0, Committed index: 0, Last appended: 0.0, Last appended by leader: 0, Current term: 0, Majority size: -1, State: 0, Mode: NON_LEADER, active raft config: opid_index: -1 OBSOLETE_local: false peers { permanent_uuid: "b2cea0098c1040f69755ea4d3dab7fc4" member_type: VOTER last_known_addr { host: "127.28.54.65" port: 34451 } } peers { permanent_uuid: "5ec73dc157ed476ca903a7d596271719" member_type: VOTER last_known_addr { host: "127.28.54.66" port: 43821 } } peers { permanent_uuid: "c99569d27a6f4c648eae7119fe3db124" member_type: VOTER last_known_addr { host: "127.28.54.67" port: 45001 } }
I20260709 13:09:48.436600 30217 ts_tablet_manager.cc:1434] T 64effd13e9a741368e16bc2f52fb573c P c99569d27a6f4c648eae7119fe3db124: Time spent starting tablet: real 0.006s	user 0.003s	sys 0.000s
I20260709 13:09:48.437148 30308 raft_consensus.cc:493] T d968b6d22e3243bfb840139be8b6dddd P b2cea0098c1040f69755ea4d3dab7fc4 [term 0 FOLLOWER]: Starting pre-election (no leader contacted us within the election timeout)
I20260709 13:09:48.437448 30217 tablet_bootstrap.cc:492] T d3f3f9c9793f4390874e250718c41697 P c99569d27a6f4c648eae7119fe3db124: Bootstrap starting.
I20260709 13:09:48.437609 30308 raft_consensus.cc:515] T d968b6d22e3243bfb840139be8b6dddd P b2cea0098c1040f69755ea4d3dab7fc4 [term 0 FOLLOWER]: Starting pre-election with config: opid_index: -1 OBSOLETE_local: false peers { permanent_uuid: "b2cea0098c1040f69755ea4d3dab7fc4" member_type: VOTER last_known_addr { host: "127.28.54.65" port: 34451 } } peers { permanent_uuid: "5ec73dc157ed476ca903a7d596271719" member_type: VOTER last_known_addr { host: "127.28.54.66" port: 43821 } } peers { permanent_uuid: "c99569d27a6f4c648eae7119fe3db124" member_type: VOTER last_known_addr { host: "127.28.54.67" port: 45001 } }
I20260709 13:09:48.439998 30308 leader_election.cc:290] T d968b6d22e3243bfb840139be8b6dddd P b2cea0098c1040f69755ea4d3dab7fc4 [CANDIDATE]: Term 1 pre-election: Requested pre-vote from peers 5ec73dc157ed476ca903a7d596271719 (127.28.54.66:43821), c99569d27a6f4c648eae7119fe3db124 (127.28.54.67:45001)
I20260709 13:09:48.440837 30102 tablet_service.cc:1917] Received RequestConsensusVote() RPC: tablet_id: "d968b6d22e3243bfb840139be8b6dddd" candidate_uuid: "b2cea0098c1040f69755ea4d3dab7fc4" candidate_term: 1 candidate_status { last_received { term: 0 index: 0 } } ignore_live_leader: false dest_uuid: "5ec73dc157ed476ca903a7d596271719" is_pre_election: true
I20260709 13:09:48.441565 30176 tablet_service.cc:1917] Received RequestConsensusVote() RPC: tablet_id: "d968b6d22e3243bfb840139be8b6dddd" candidate_uuid: "b2cea0098c1040f69755ea4d3dab7fc4" candidate_term: 1 candidate_status { last_received { term: 0 index: 0 } } ignore_live_leader: false dest_uuid: "c99569d27a6f4c648eae7119fe3db124" is_pre_election: true
I20260709 13:09:48.442385 30176 raft_consensus.cc:2468] T d968b6d22e3243bfb840139be8b6dddd P c99569d27a6f4c648eae7119fe3db124 [term 0 FOLLOWER]: Leader pre-election vote request: Granting yes vote for candidate b2cea0098c1040f69755ea4d3dab7fc4 in term 0.
W20260709 13:09:48.442900 29994 leader_election.cc:343] T d968b6d22e3243bfb840139be8b6dddd P b2cea0098c1040f69755ea4d3dab7fc4 [CANDIDATE]: Term 1 pre-election: Tablet error from VoteRequest() call to peer 5ec73dc157ed476ca903a7d596271719 (127.28.54.66:43821): Illegal state: must be running to vote when last-logged opid is not known
I20260709 13:09:48.446074 29993 leader_election.cc:304] T d968b6d22e3243bfb840139be8b6dddd P b2cea0098c1040f69755ea4d3dab7fc4 [CANDIDATE]: Term 1 pre-election: Election decided. Result: candidate won. Election summary: received 3 responses out of 3 voters: 2 yes votes; 1 no votes. yes voters: b2cea0098c1040f69755ea4d3dab7fc4, c99569d27a6f4c648eae7119fe3db124; no voters: 5ec73dc157ed476ca903a7d596271719
I20260709 13:09:48.448664 30308 raft_consensus.cc:2804] T d968b6d22e3243bfb840139be8b6dddd P b2cea0098c1040f69755ea4d3dab7fc4 [term 0 FOLLOWER]: Leader pre-election won for term 1
I20260709 13:09:48.449872 30308 raft_consensus.cc:493] T d968b6d22e3243bfb840139be8b6dddd P b2cea0098c1040f69755ea4d3dab7fc4 [term 0 FOLLOWER]: Starting leader election (no leader contacted us within the election timeout)
I20260709 13:09:48.450201 30308 raft_consensus.cc:3060] T d968b6d22e3243bfb840139be8b6dddd P b2cea0098c1040f69755ea4d3dab7fc4 [term 0 FOLLOWER]: Advancing to term 1
I20260709 13:09:48.451308 30218 tablet_bootstrap.cc:654] T de39104c229542e3a29860956492edea P 5ec73dc157ed476ca903a7d596271719: Neither blocks nor log segments found. Creating new log.
I20260709 13:09:48.454698 30221 raft_consensus.cc:493] T 1136db29fbad4093bcad74bb6274f752 P 5ec73dc157ed476ca903a7d596271719 [term 0 FOLLOWER]: Starting pre-election (no leader contacted us within the election timeout)
I20260709 13:09:48.455138 30221 raft_consensus.cc:515] T 1136db29fbad4093bcad74bb6274f752 P 5ec73dc157ed476ca903a7d596271719 [term 0 FOLLOWER]: Starting pre-election with config: opid_index: -1 OBSOLETE_local: false peers { permanent_uuid: "b2cea0098c1040f69755ea4d3dab7fc4" member_type: VOTER last_known_addr { host: "127.28.54.65" port: 34451 } } peers { permanent_uuid: "5ec73dc157ed476ca903a7d596271719" member_type: VOTER last_known_addr { host: "127.28.54.66" port: 43821 } } peers { permanent_uuid: "c99569d27a6f4c648eae7119fe3db124" member_type: VOTER last_known_addr { host: "127.28.54.67" port: 45001 } }
I20260709 13:09:48.455811 30219 tablet_bootstrap.cc:492] T 64effd13e9a741368e16bc2f52fb573c P b2cea0098c1040f69755ea4d3dab7fc4: No bootstrap required, opened a new log
I20260709 13:09:48.456255 30219 ts_tablet_manager.cc:1403] T 64effd13e9a741368e16bc2f52fb573c P b2cea0098c1040f69755ea4d3dab7fc4: Time spent bootstrapping tablet: real 0.179s	user 0.019s	sys 0.003s
I20260709 13:09:48.458483 30221 leader_election.cc:290] T 1136db29fbad4093bcad74bb6274f752 P 5ec73dc157ed476ca903a7d596271719 [CANDIDATE]: Term 1 pre-election: Requested pre-vote from peers b2cea0098c1040f69755ea4d3dab7fc4 (127.28.54.65:34451), c99569d27a6f4c648eae7119fe3db124 (127.28.54.67:45001)
I20260709 13:09:48.460009 30176 tablet_service.cc:1917] Received RequestConsensusVote() RPC: tablet_id: "1136db29fbad4093bcad74bb6274f752" candidate_uuid: "5ec73dc157ed476ca903a7d596271719" candidate_term: 1 candidate_status { last_received { term: 0 index: 0 } } ignore_live_leader: false dest_uuid: "c99569d27a6f4c648eae7119fe3db124" is_pre_election: true
W20260709 13:09:48.461385 30068 leader_election.cc:343] T 1136db29fbad4093bcad74bb6274f752 P 5ec73dc157ed476ca903a7d596271719 [CANDIDATE]: Term 1 pre-election: Tablet error from VoteRequest() call to peer c99569d27a6f4c648eae7119fe3db124 (127.28.54.67:45001): Illegal state: must be running to vote when last-logged opid is not known
I20260709 13:09:48.464264 30024 tablet_service.cc:1917] Received RequestConsensusVote() RPC: tablet_id: "1136db29fbad4093bcad74bb6274f752" candidate_uuid: "5ec73dc157ed476ca903a7d596271719" candidate_term: 1 candidate_status { last_received { term: 0 index: 0 } } ignore_live_leader: false dest_uuid: "b2cea0098c1040f69755ea4d3dab7fc4" is_pre_election: true
W20260709 13:09:48.465503 30066 leader_election.cc:343] T 1136db29fbad4093bcad74bb6274f752 P 5ec73dc157ed476ca903a7d596271719 [CANDIDATE]: Term 1 pre-election: Tablet error from VoteRequest() call to peer b2cea0098c1040f69755ea4d3dab7fc4 (127.28.54.65:34451): Illegal state: must be running to vote when last-logged opid is not known
I20260709 13:09:48.465490 30308 raft_consensus.cc:515] T d968b6d22e3243bfb840139be8b6dddd P b2cea0098c1040f69755ea4d3dab7fc4 [term 1 FOLLOWER]: Starting leader election with config: opid_index: -1 OBSOLETE_local: false peers { permanent_uuid: "b2cea0098c1040f69755ea4d3dab7fc4" member_type: VOTER last_known_addr { host: "127.28.54.65" port: 34451 } } peers { permanent_uuid: "5ec73dc157ed476ca903a7d596271719" member_type: VOTER last_known_addr { host: "127.28.54.66" port: 43821 } } peers { permanent_uuid: "c99569d27a6f4c648eae7119fe3db124" member_type: VOTER last_known_addr { host: "127.28.54.67" port: 45001 } }
I20260709 13:09:48.466128 30066 leader_election.cc:304] T 1136db29fbad4093bcad74bb6274f752 P 5ec73dc157ed476ca903a7d596271719 [CANDIDATE]: Term 1 pre-election: Election decided. Result: candidate lost. Election summary: received 3 responses out of 3 voters: 1 yes votes; 2 no votes. yes voters: 5ec73dc157ed476ca903a7d596271719; no voters: b2cea0098c1040f69755ea4d3dab7fc4, c99569d27a6f4c648eae7119fe3db124
I20260709 13:09:48.467135 30221 raft_consensus.cc:2749] T 1136db29fbad4093bcad74bb6274f752 P 5ec73dc157ed476ca903a7d596271719 [term 0 FOLLOWER]: Leader pre-election lost for term 1. Reason: could not achieve majority
I20260709 13:09:48.468330 30103 tablet_service.cc:1917] Received RequestConsensusVote() RPC: tablet_id: "d968b6d22e3243bfb840139be8b6dddd" candidate_uuid: "b2cea0098c1040f69755ea4d3dab7fc4" candidate_term: 1 candidate_status { last_received { term: 0 index: 0 } } ignore_live_leader: false dest_uuid: "5ec73dc157ed476ca903a7d596271719"
W20260709 13:09:48.469362 29994 leader_election.cc:343] T d968b6d22e3243bfb840139be8b6dddd P b2cea0098c1040f69755ea4d3dab7fc4 [CANDIDATE]: Term 1 election: Tablet error from VoteRequest() call to peer 5ec73dc157ed476ca903a7d596271719 (127.28.54.66:43821): Illegal state: must be running to vote when last-logged opid is not known
I20260709 13:09:48.470427 30219 raft_consensus.cc:359] T 64effd13e9a741368e16bc2f52fb573c P b2cea0098c1040f69755ea4d3dab7fc4 [term 0 FOLLOWER]: Replica starting. Triggering 0 pending ops. Active config: opid_index: -1 OBSOLETE_local: false peers { permanent_uuid: "b2cea0098c1040f69755ea4d3dab7fc4" member_type: VOTER last_known_addr { host: "127.28.54.65" port: 34451 } } peers { permanent_uuid: "5ec73dc157ed476ca903a7d596271719" member_type: VOTER last_known_addr { host: "127.28.54.66" port: 43821 } } peers { permanent_uuid: "c99569d27a6f4c648eae7119fe3db124" member_type: VOTER last_known_addr { host: "127.28.54.67" port: 45001 } }
I20260709 13:09:48.471065 30219 raft_consensus.cc:385] T 64effd13e9a741368e16bc2f52fb573c P b2cea0098c1040f69755ea4d3dab7fc4 [term 0 FOLLOWER]: Consensus starting up: Expiring failure detector timer to make a prompt election more likely
I20260709 13:09:48.471336 30219 raft_consensus.cc:740] T 64effd13e9a741368e16bc2f52fb573c P b2cea0098c1040f69755ea4d3dab7fc4 [term 0 FOLLOWER]: Becoming Follower/Learner. State: Replica: b2cea0098c1040f69755ea4d3dab7fc4, State: Initialized, Role: FOLLOWER
I20260709 13:09:48.471917 30219 consensus_queue.cc:260] T 64effd13e9a741368e16bc2f52fb573c P b2cea0098c1040f69755ea4d3dab7fc4 [NON_LEADER]: Queue going to NON_LEADER mode. State: All replicated index: 0, Majority replicated index: 0, Committed index: 0, Last appended: 0.0, Last appended by leader: 0, Current term: 0, Majority size: -1, State: 0, Mode: NON_LEADER, active raft config: opid_index: -1 OBSOLETE_local: false peers { permanent_uuid: "b2cea0098c1040f69755ea4d3dab7fc4" member_type: VOTER last_known_addr { host: "127.28.54.65" port: 34451 } } peers { permanent_uuid: "5ec73dc157ed476ca903a7d596271719" member_type: VOTER last_known_addr { host: "127.28.54.66" port: 43821 } } peers { permanent_uuid: "c99569d27a6f4c648eae7119fe3db124" member_type: VOTER last_known_addr { host: "127.28.54.67" port: 45001 } }
I20260709 13:09:48.473901 30219 ts_tablet_manager.cc:1434] T 64effd13e9a741368e16bc2f52fb573c P b2cea0098c1040f69755ea4d3dab7fc4: Time spent starting tablet: real 0.017s	user 0.003s	sys 0.003s
I20260709 13:09:48.478322 30278 raft_consensus.cc:493] T b66f98d7fcfe4102a01ace9ed64355ed P 5ec73dc157ed476ca903a7d596271719 [term 0 FOLLOWER]: Starting pre-election (no leader contacted us within the election timeout)
I20260709 13:09:48.478746 30278 raft_consensus.cc:515] T b66f98d7fcfe4102a01ace9ed64355ed P 5ec73dc157ed476ca903a7d596271719 [term 0 FOLLOWER]: Starting pre-election with config: opid_index: -1 OBSOLETE_local: false peers { permanent_uuid: "b2cea0098c1040f69755ea4d3dab7fc4" member_type: VOTER last_known_addr { host: "127.28.54.65" port: 34451 } } peers { permanent_uuid: "5ec73dc157ed476ca903a7d596271719" member_type: VOTER last_known_addr { host: "127.28.54.66" port: 43821 } } peers { permanent_uuid: "c99569d27a6f4c648eae7119fe3db124" member_type: VOTER last_known_addr { host: "127.28.54.67" port: 45001 } }
I20260709 13:09:48.480713 30278 leader_election.cc:290] T b66f98d7fcfe4102a01ace9ed64355ed P 5ec73dc157ed476ca903a7d596271719 [CANDIDATE]: Term 1 pre-election: Requested pre-vote from peers b2cea0098c1040f69755ea4d3dab7fc4 (127.28.54.65:34451), c99569d27a6f4c648eae7119fe3db124 (127.28.54.67:45001)
I20260709 13:09:48.481212 30308 leader_election.cc:290] T d968b6d22e3243bfb840139be8b6dddd P b2cea0098c1040f69755ea4d3dab7fc4 [CANDIDATE]: Term 1 election: Requested vote from peers 5ec73dc157ed476ca903a7d596271719 (127.28.54.66:43821), c99569d27a6f4c648eae7119fe3db124 (127.28.54.67:45001)
I20260709 13:09:48.481915 30217 tablet_bootstrap.cc:654] T d3f3f9c9793f4390874e250718c41697 P c99569d27a6f4c648eae7119fe3db124: Neither blocks nor log segments found. Creating new log.
I20260709 13:09:48.481740 30176 tablet_service.cc:1917] Received RequestConsensusVote() RPC: tablet_id: "b66f98d7fcfe4102a01ace9ed64355ed" candidate_uuid: "5ec73dc157ed476ca903a7d596271719" candidate_term: 1 candidate_status { last_received { term: 0 index: 0 } } ignore_live_leader: false dest_uuid: "c99569d27a6f4c648eae7119fe3db124" is_pre_election: true
I20260709 13:09:48.482458 30175 tablet_service.cc:1917] Received RequestConsensusVote() RPC: tablet_id: "d968b6d22e3243bfb840139be8b6dddd" candidate_uuid: "b2cea0098c1040f69755ea4d3dab7fc4" candidate_term: 1 candidate_status { last_received { term: 0 index: 0 } } ignore_live_leader: false dest_uuid: "c99569d27a6f4c648eae7119fe3db124"
I20260709 13:09:48.483001 30175 raft_consensus.cc:3060] T d968b6d22e3243bfb840139be8b6dddd P c99569d27a6f4c648eae7119fe3db124 [term 0 FOLLOWER]: Advancing to term 1
W20260709 13:09:48.483201 30068 leader_election.cc:343] T b66f98d7fcfe4102a01ace9ed64355ed P 5ec73dc157ed476ca903a7d596271719 [CANDIDATE]: Term 1 pre-election: Tablet error from VoteRequest() call to peer c99569d27a6f4c648eae7119fe3db124 (127.28.54.67:45001): Illegal state: must be running to vote when last-logged opid is not known
I20260709 13:09:48.484278 30219 tablet_bootstrap.cc:492] T b66f98d7fcfe4102a01ace9ed64355ed P b2cea0098c1040f69755ea4d3dab7fc4: Bootstrap starting.
I20260709 13:09:48.485841 30218 tablet_bootstrap.cc:492] T de39104c229542e3a29860956492edea P 5ec73dc157ed476ca903a7d596271719: No bootstrap required, opened a new log
I20260709 13:09:48.485996 30217 tablet_bootstrap.cc:492] T d3f3f9c9793f4390874e250718c41697 P c99569d27a6f4c648eae7119fe3db124: No bootstrap required, opened a new log
I20260709 13:09:48.486275 30218 ts_tablet_manager.cc:1403] T de39104c229542e3a29860956492edea P 5ec73dc157ed476ca903a7d596271719: Time spent bootstrapping tablet: real 0.096s	user 0.010s	sys 0.003s
I20260709 13:09:48.486392 30217 ts_tablet_manager.cc:1403] T d3f3f9c9793f4390874e250718c41697 P c99569d27a6f4c648eae7119fe3db124: Time spent bootstrapping tablet: real 0.049s	user 0.006s	sys 0.005s
I20260709 13:09:48.488406 30217 raft_consensus.cc:359] T d3f3f9c9793f4390874e250718c41697 P c99569d27a6f4c648eae7119fe3db124 [term 0 FOLLOWER]: Replica starting. Triggering 0 pending ops. Active config: opid_index: -1 OBSOLETE_local: false peers { permanent_uuid: "b2cea0098c1040f69755ea4d3dab7fc4" member_type: VOTER last_known_addr { host: "127.28.54.65" port: 34451 } } peers { permanent_uuid: "5ec73dc157ed476ca903a7d596271719" member_type: VOTER last_known_addr { host: "127.28.54.66" port: 43821 } } peers { permanent_uuid: "c99569d27a6f4c648eae7119fe3db124" member_type: VOTER last_known_addr { host: "127.28.54.67" port: 45001 } }
I20260709 13:09:48.488956 30217 raft_consensus.cc:385] T d3f3f9c9793f4390874e250718c41697 P c99569d27a6f4c648eae7119fe3db124 [term 0 FOLLOWER]: Consensus starting up: Expiring failure detector timer to make a prompt election more likely
I20260709 13:09:48.489158 30217 raft_consensus.cc:740] T d3f3f9c9793f4390874e250718c41697 P c99569d27a6f4c648eae7119fe3db124 [term 0 FOLLOWER]: Becoming Follower/Learner. State: Replica: c99569d27a6f4c648eae7119fe3db124, State: Initialized, Role: FOLLOWER
I20260709 13:09:48.489678 30217 consensus_queue.cc:260] T d3f3f9c9793f4390874e250718c41697 P c99569d27a6f4c648eae7119fe3db124 [NON_LEADER]: Queue going to NON_LEADER mode. State: All replicated index: 0, Majority replicated index: 0, Committed index: 0, Last appended: 0.0, Last appended by leader: 0, Current term: 0, Majority size: -1, State: 0, Mode: NON_LEADER, active raft config: opid_index: -1 OBSOLETE_local: false peers { permanent_uuid: "b2cea0098c1040f69755ea4d3dab7fc4" member_type: VOTER last_known_addr { host: "127.28.54.65" port: 34451 } } peers { permanent_uuid: "5ec73dc157ed476ca903a7d596271719" member_type: VOTER last_known_addr { host: "127.28.54.66" port: 43821 } } peers { permanent_uuid: "c99569d27a6f4c648eae7119fe3db124" member_type: VOTER last_known_addr { host: "127.28.54.67" port: 45001 } }
I20260709 13:09:48.489915 30218 raft_consensus.cc:359] T de39104c229542e3a29860956492edea P 5ec73dc157ed476ca903a7d596271719 [term 0 FOLLOWER]: Replica starting. Triggering 0 pending ops. Active config: opid_index: -1 OBSOLETE_local: false peers { permanent_uuid: "b2cea0098c1040f69755ea4d3dab7fc4" member_type: VOTER last_known_addr { host: "127.28.54.65" port: 34451 } } peers { permanent_uuid: "5ec73dc157ed476ca903a7d596271719" member_type: VOTER last_known_addr { host: "127.28.54.66" port: 43821 } } peers { permanent_uuid: "c99569d27a6f4c648eae7119fe3db124" member_type: VOTER last_known_addr { host: "127.28.54.67" port: 45001 } }
I20260709 13:09:48.490646 30218 raft_consensus.cc:385] T de39104c229542e3a29860956492edea P 5ec73dc157ed476ca903a7d596271719 [term 0 FOLLOWER]: Consensus starting up: Expiring failure detector timer to make a prompt election more likely
I20260709 13:09:48.490952 30218 raft_consensus.cc:740] T de39104c229542e3a29860956492edea P 5ec73dc157ed476ca903a7d596271719 [term 0 FOLLOWER]: Becoming Follower/Learner. State: Replica: 5ec73dc157ed476ca903a7d596271719, State: Initialized, Role: FOLLOWER
I20260709 13:09:48.491918 30217 ts_tablet_manager.cc:1434] T d3f3f9c9793f4390874e250718c41697 P c99569d27a6f4c648eae7119fe3db124: Time spent starting tablet: real 0.005s	user 0.004s	sys 0.000s
I20260709 13:09:48.491807 30218 consensus_queue.cc:260] T de39104c229542e3a29860956492edea P 5ec73dc157ed476ca903a7d596271719 [NON_LEADER]: Queue going to NON_LEADER mode. State: All replicated index: 0, Majority replicated index: 0, Committed index: 0, Last appended: 0.0, Last appended by leader: 0, Current term: 0, Majority size: -1, State: 0, Mode: NON_LEADER, active raft config: opid_index: -1 OBSOLETE_local: false peers { permanent_uuid: "b2cea0098c1040f69755ea4d3dab7fc4" member_type: VOTER last_known_addr { host: "127.28.54.65" port: 34451 } } peers { permanent_uuid: "5ec73dc157ed476ca903a7d596271719" member_type: VOTER last_known_addr { host: "127.28.54.66" port: 43821 } } peers { permanent_uuid: "c99569d27a6f4c648eae7119fe3db124" member_type: VOTER last_known_addr { host: "127.28.54.67" port: 45001 } }
I20260709 13:09:48.492794 30217 tablet_bootstrap.cc:492] T de39104c229542e3a29860956492edea P c99569d27a6f4c648eae7119fe3db124: Bootstrap starting.
I20260709 13:09:48.494341 30218 ts_tablet_manager.cc:1434] T de39104c229542e3a29860956492edea P 5ec73dc157ed476ca903a7d596271719: Time spent starting tablet: real 0.008s	user 0.004s	sys 0.001s
I20260709 13:09:48.497833 30028 tablet_service.cc:1917] Received RequestConsensusVote() RPC: tablet_id: "b66f98d7fcfe4102a01ace9ed64355ed" candidate_uuid: "5ec73dc157ed476ca903a7d596271719" candidate_term: 1 candidate_status { last_received { term: 0 index: 0 } } ignore_live_leader: false dest_uuid: "b2cea0098c1040f69755ea4d3dab7fc4" is_pre_election: true
I20260709 13:09:48.498561 30308 raft_consensus.cc:493] T d3f3f9c9793f4390874e250718c41697 P b2cea0098c1040f69755ea4d3dab7fc4 [term 0 FOLLOWER]: Starting pre-election (no leader contacted us within the election timeout)
I20260709 13:09:48.498771 30218 tablet_bootstrap.cc:492] T 24644eca754d40189c8264977160368a P 5ec73dc157ed476ca903a7d596271719: Bootstrap starting.
I20260709 13:09:48.499044 30308 raft_consensus.cc:515] T d3f3f9c9793f4390874e250718c41697 P b2cea0098c1040f69755ea4d3dab7fc4 [term 0 FOLLOWER]: Starting pre-election with config: opid_index: -1 OBSOLETE_local: false peers { permanent_uuid: "b2cea0098c1040f69755ea4d3dab7fc4" member_type: VOTER last_known_addr { host: "127.28.54.65" port: 34451 } } peers { permanent_uuid: "5ec73dc157ed476ca903a7d596271719" member_type: VOTER last_known_addr { host: "127.28.54.66" port: 43821 } } peers { permanent_uuid: "c99569d27a6f4c648eae7119fe3db124" member_type: VOTER last_known_addr { host: "127.28.54.67" port: 45001 } }
I20260709 13:09:48.501312 30308 leader_election.cc:290] T d3f3f9c9793f4390874e250718c41697 P b2cea0098c1040f69755ea4d3dab7fc4 [CANDIDATE]: Term 1 pre-election: Requested pre-vote from peers 5ec73dc157ed476ca903a7d596271719 (127.28.54.66:43821), c99569d27a6f4c648eae7119fe3db124 (127.28.54.67:45001)
I20260709 13:09:48.502327 30176 tablet_service.cc:1917] Received RequestConsensusVote() RPC: tablet_id: "d3f3f9c9793f4390874e250718c41697" candidate_uuid: "b2cea0098c1040f69755ea4d3dab7fc4" candidate_term: 1 candidate_status { last_received { term: 0 index: 0 } } ignore_live_leader: false dest_uuid: "c99569d27a6f4c648eae7119fe3db124" is_pre_election: true
I20260709 13:09:48.502921 30176 raft_consensus.cc:2468] T d3f3f9c9793f4390874e250718c41697 P c99569d27a6f4c648eae7119fe3db124 [term 0 FOLLOWER]: Leader pre-election vote request: Granting yes vote for candidate b2cea0098c1040f69755ea4d3dab7fc4 in term 0.
I20260709 13:09:48.504106 30217 tablet_bootstrap.cc:654] T de39104c229542e3a29860956492edea P c99569d27a6f4c648eae7119fe3db124: Neither blocks nor log segments found. Creating new log.
W20260709 13:09:48.506248 30066 leader_election.cc:343] T b66f98d7fcfe4102a01ace9ed64355ed P 5ec73dc157ed476ca903a7d596271719 [CANDIDATE]: Term 1 pre-election: Tablet error from VoteRequest() call to peer b2cea0098c1040f69755ea4d3dab7fc4 (127.28.54.65:34451): Illegal state: must be running to vote when last-logged opid is not known
I20260709 13:09:48.506690 30066 leader_election.cc:304] T b66f98d7fcfe4102a01ace9ed64355ed P 5ec73dc157ed476ca903a7d596271719 [CANDIDATE]: Term 1 pre-election: Election decided. Result: candidate lost. Election summary: received 3 responses out of 3 voters: 1 yes votes; 2 no votes. yes voters: 5ec73dc157ed476ca903a7d596271719; no voters: b2cea0098c1040f69755ea4d3dab7fc4, c99569d27a6f4c648eae7119fe3db124
I20260709 13:09:48.508015 30278 raft_consensus.cc:2749] T b66f98d7fcfe4102a01ace9ed64355ed P 5ec73dc157ed476ca903a7d596271719 [term 0 FOLLOWER]: Leader pre-election lost for term 1. Reason: could not achieve majority
I20260709 13:09:48.506916 30219 tablet_bootstrap.cc:654] T b66f98d7fcfe4102a01ace9ed64355ed P b2cea0098c1040f69755ea4d3dab7fc4: Neither blocks nor log segments found. Creating new log.
I20260709 13:09:48.511322 30218 tablet_bootstrap.cc:654] T 24644eca754d40189c8264977160368a P 5ec73dc157ed476ca903a7d596271719: Neither blocks nor log segments found. Creating new log.
I20260709 13:09:48.512558 30103 tablet_service.cc:1917] Received RequestConsensusVote() RPC: tablet_id: "d3f3f9c9793f4390874e250718c41697" candidate_uuid: "b2cea0098c1040f69755ea4d3dab7fc4" candidate_term: 1 candidate_status { last_received { term: 0 index: 0 } } ignore_live_leader: false dest_uuid: "5ec73dc157ed476ca903a7d596271719" is_pre_election: true
I20260709 13:09:48.515092 30217 tablet_bootstrap.cc:492] T de39104c229542e3a29860956492edea P c99569d27a6f4c648eae7119fe3db124: No bootstrap required, opened a new log
I20260709 13:09:48.515543 30217 ts_tablet_manager.cc:1403] T de39104c229542e3a29860956492edea P c99569d27a6f4c648eae7119fe3db124: Time spent bootstrapping tablet: real 0.023s	user 0.008s	sys 0.007s
I20260709 13:09:48.511267 29993 leader_election.cc:304] T d3f3f9c9793f4390874e250718c41697 P b2cea0098c1040f69755ea4d3dab7fc4 [CANDIDATE]: Term 1 pre-election: Election decided. Result: candidate won. Election summary: received 2 responses out of 3 voters: 2 yes votes; 0 no votes. yes voters: b2cea0098c1040f69755ea4d3dab7fc4, c99569d27a6f4c648eae7119fe3db124; no voters: 
I20260709 13:09:48.516455 30308 raft_consensus.cc:2804] T d3f3f9c9793f4390874e250718c41697 P b2cea0098c1040f69755ea4d3dab7fc4 [term 0 FOLLOWER]: Leader pre-election won for term 1
I20260709 13:09:48.516814 30308 raft_consensus.cc:493] T d3f3f9c9793f4390874e250718c41697 P b2cea0098c1040f69755ea4d3dab7fc4 [term 0 FOLLOWER]: Starting leader election (no leader contacted us within the election timeout)
I20260709 13:09:48.517124 30308 raft_consensus.cc:3060] T d3f3f9c9793f4390874e250718c41697 P b2cea0098c1040f69755ea4d3dab7fc4 [term 0 FOLLOWER]: Advancing to term 1
I20260709 13:09:48.514566 30175 raft_consensus.cc:2468] T d968b6d22e3243bfb840139be8b6dddd P c99569d27a6f4c648eae7119fe3db124 [term 1 FOLLOWER]: Leader election vote request: Granting yes vote for candidate b2cea0098c1040f69755ea4d3dab7fc4 in term 1.
I20260709 13:09:48.518178 30217 raft_consensus.cc:359] T de39104c229542e3a29860956492edea P c99569d27a6f4c648eae7119fe3db124 [term 0 FOLLOWER]: Replica starting. Triggering 0 pending ops. Active config: opid_index: -1 OBSOLETE_local: false peers { permanent_uuid: "b2cea0098c1040f69755ea4d3dab7fc4" member_type: VOTER last_known_addr { host: "127.28.54.65" port: 34451 } } peers { permanent_uuid: "5ec73dc157ed476ca903a7d596271719" member_type: VOTER last_known_addr { host: "127.28.54.66" port: 43821 } } peers { permanent_uuid: "c99569d27a6f4c648eae7119fe3db124" member_type: VOTER last_known_addr { host: "127.28.54.67" port: 45001 } }
W20260709 13:09:48.517812 29994 leader_election.cc:343] T d3f3f9c9793f4390874e250718c41697 P b2cea0098c1040f69755ea4d3dab7fc4 [CANDIDATE]: Term 1 pre-election: Tablet error from VoteRequest() call to peer 5ec73dc157ed476ca903a7d596271719 (127.28.54.66:43821): Illegal state: must be running to vote when last-logged opid is not known
I20260709 13:09:48.518869 30217 raft_consensus.cc:385] T de39104c229542e3a29860956492edea P c99569d27a6f4c648eae7119fe3db124 [term 0 FOLLOWER]: Consensus starting up: Expiring failure detector timer to make a prompt election more likely
I20260709 13:09:48.519166 30217 raft_consensus.cc:740] T de39104c229542e3a29860956492edea P c99569d27a6f4c648eae7119fe3db124 [term 0 FOLLOWER]: Becoming Follower/Learner. State: Replica: c99569d27a6f4c648eae7119fe3db124, State: Initialized, Role: FOLLOWER
I20260709 13:09:48.519611 30221 consensus_queue.cc:1048] T c41a6d79ca9c459eb4b0b41302fb76a9 P 5ec73dc157ed476ca903a7d596271719 [LEADER]: Connected to new peer: Peer: permanent_uuid: "b2cea0098c1040f69755ea4d3dab7fc4" member_type: VOTER last_known_addr { host: "127.28.54.65" port: 34451 }, Status: LMP_MISMATCH, Last received: 0.0, Next index: 1, Last known committed idx: 0, Time since last communication: 0.000s
I20260709 13:09:48.519774 30217 consensus_queue.cc:260] T de39104c229542e3a29860956492edea P c99569d27a6f4c648eae7119fe3db124 [NON_LEADER]: Queue going to NON_LEADER mode. State: All replicated index: 0, Majority replicated index: 0, Committed index: 0, Last appended: 0.0, Last appended by leader: 0, Current term: 0, Majority size: -1, State: 0, Mode: NON_LEADER, active raft config: opid_index: -1 OBSOLETE_local: false peers { permanent_uuid: "b2cea0098c1040f69755ea4d3dab7fc4" member_type: VOTER last_known_addr { host: "127.28.54.65" port: 34451 } } peers { permanent_uuid: "5ec73dc157ed476ca903a7d596271719" member_type: VOTER last_known_addr { host: "127.28.54.66" port: 43821 } } peers { permanent_uuid: "c99569d27a6f4c648eae7119fe3db124" member_type: VOTER last_known_addr { host: "127.28.54.67" port: 45001 } }
I20260709 13:09:48.524081 30308 raft_consensus.cc:515] T d3f3f9c9793f4390874e250718c41697 P b2cea0098c1040f69755ea4d3dab7fc4 [term 1 FOLLOWER]: Starting leader election with config: opid_index: -1 OBSOLETE_local: false peers { permanent_uuid: "b2cea0098c1040f69755ea4d3dab7fc4" member_type: VOTER last_known_addr { host: "127.28.54.65" port: 34451 } } peers { permanent_uuid: "5ec73dc157ed476ca903a7d596271719" member_type: VOTER last_known_addr { host: "127.28.54.66" port: 43821 } } peers { permanent_uuid: "c99569d27a6f4c648eae7119fe3db124" member_type: VOTER last_known_addr { host: "127.28.54.67" port: 45001 } }
I20260709 13:09:48.526144 30308 leader_election.cc:290] T d3f3f9c9793f4390874e250718c41697 P b2cea0098c1040f69755ea4d3dab7fc4 [CANDIDATE]: Term 1 election: Requested vote from peers 5ec73dc157ed476ca903a7d596271719 (127.28.54.66:43821), c99569d27a6f4c648eae7119fe3db124 (127.28.54.67:45001)
I20260709 13:09:48.527204 30217 ts_tablet_manager.cc:1434] T de39104c229542e3a29860956492edea P c99569d27a6f4c648eae7119fe3db124: Time spent starting tablet: real 0.011s	user 0.006s	sys 0.000s
I20260709 13:09:48.527395 29993 leader_election.cc:304] T d968b6d22e3243bfb840139be8b6dddd P b2cea0098c1040f69755ea4d3dab7fc4 [CANDIDATE]: Term 1 election: Election decided. Result: candidate won. Election summary: received 3 responses out of 3 voters: 2 yes votes; 1 no votes. yes voters: b2cea0098c1040f69755ea4d3dab7fc4, c99569d27a6f4c648eae7119fe3db124; no voters: 5ec73dc157ed476ca903a7d596271719
I20260709 13:09:48.528079 30217 tablet_bootstrap.cc:492] T 407fb380b889498d94c7525edbc34b23 P c99569d27a6f4c648eae7119fe3db124: Bootstrap starting.
I20260709 13:09:48.528369 30103 tablet_service.cc:1917] Received RequestConsensusVote() RPC: tablet_id: "d3f3f9c9793f4390874e250718c41697" candidate_uuid: "b2cea0098c1040f69755ea4d3dab7fc4" candidate_term: 1 candidate_status { last_received { term: 0 index: 0 } } ignore_live_leader: false dest_uuid: "5ec73dc157ed476ca903a7d596271719"
I20260709 13:09:48.528565 30303 raft_consensus.cc:2804] T d968b6d22e3243bfb840139be8b6dddd P b2cea0098c1040f69755ea4d3dab7fc4 [term 1 FOLLOWER]: Leader election won for term 1
I20260709 13:09:48.529057 30221 raft_consensus.cc:493] T de39104c229542e3a29860956492edea P 5ec73dc157ed476ca903a7d596271719 [term 0 FOLLOWER]: Starting pre-election (no leader contacted us within the election timeout)
I20260709 13:09:48.529018 30303 raft_consensus.cc:697] T d968b6d22e3243bfb840139be8b6dddd P b2cea0098c1040f69755ea4d3dab7fc4 [term 1 LEADER]: Becoming Leader. State: Replica: b2cea0098c1040f69755ea4d3dab7fc4, State: Running, Role: LEADER
I20260709 13:09:48.529506 30221 raft_consensus.cc:515] T de39104c229542e3a29860956492edea P 5ec73dc157ed476ca903a7d596271719 [term 0 FOLLOWER]: Starting pre-election with config: opid_index: -1 OBSOLETE_local: false peers { permanent_uuid: "b2cea0098c1040f69755ea4d3dab7fc4" member_type: VOTER last_known_addr { host: "127.28.54.65" port: 34451 } } peers { permanent_uuid: "5ec73dc157ed476ca903a7d596271719" member_type: VOTER last_known_addr { host: "127.28.54.66" port: 43821 } } peers { permanent_uuid: "c99569d27a6f4c648eae7119fe3db124" member_type: VOTER last_known_addr { host: "127.28.54.67" port: 45001 } }
I20260709 13:09:48.530202 30303 consensus_queue.cc:237] T d968b6d22e3243bfb840139be8b6dddd P b2cea0098c1040f69755ea4d3dab7fc4 [LEADER]: Queue going to LEADER mode. State: All replicated index: 0, Majority replicated index: 0, Committed index: 0, Last appended: 0.0, Last appended by leader: 0, Current term: 1, Majority size: 2, State: 0, Mode: LEADER, active raft config: opid_index: -1 OBSOLETE_local: false peers { permanent_uuid: "b2cea0098c1040f69755ea4d3dab7fc4" member_type: VOTER last_known_addr { host: "127.28.54.65" port: 34451 } } peers { permanent_uuid: "5ec73dc157ed476ca903a7d596271719" member_type: VOTER last_known_addr { host: "127.28.54.66" port: 43821 } } peers { permanent_uuid: "c99569d27a6f4c648eae7119fe3db124" member_type: VOTER last_known_addr { host: "127.28.54.67" port: 45001 } }
