I20260709 12:57:55.489725  1906 raft_consensus.cc:493] T cd40b088587b4bddb30c88168eaa20a9 P 4fda34520cc54cf1a6635d5e188793ce [term 0 FOLLOWER]: Starting leader election (no leader contacted us within the election timeout)
I20260709 12:57:55.490042  1906 raft_consensus.cc:3060] T cd40b088587b4bddb30c88168eaa20a9 P 4fda34520cc54cf1a6635d5e188793ce [term 0 FOLLOWER]: Advancing to term 1
I20260709 12:57:55.492040  1746 leader_election.cc:290] T cd40b088587b4bddb30c88168eaa20a9 P 4fda34520cc54cf1a6635d5e188793ce [CANDIDATE]: Term 1 pre-election: Requested pre-vote from peers ea538b9b789246a6a831336d2f463674 (127.0.107.193:38209), e2b29311dd49429581bcc57e9f3e8381 (127.0.107.194:36245)
I20260709 12:57:55.492805  1893 raft_consensus.cc:493] T 7841204b52a24f6abded60af8b7265f8 P e2b29311dd49429581bcc57e9f3e8381 [term 0 FOLLOWER]: Starting pre-election (no leader contacted us within the election timeout)
I20260709 12:57:55.493309  1893 raft_consensus.cc:515] T 7841204b52a24f6abded60af8b7265f8 P e2b29311dd49429581bcc57e9f3e8381 [term 0 FOLLOWER]: Starting pre-election with config: opid_index: -1 OBSOLETE_local: false peers { permanent_uuid: "ea538b9b789246a6a831336d2f463674" member_type: VOTER last_known_addr { host: "127.0.107.193" port: 38209 } } peers { permanent_uuid: "e2b29311dd49429581bcc57e9f3e8381" member_type: VOTER last_known_addr { host: "127.0.107.194" port: 36245 } } peers { permanent_uuid: "4fda34520cc54cf1a6635d5e188793ce" member_type: VOTER last_known_addr { host: "127.0.107.195" port: 44381 } }
I20260709 12:57:55.499619  1893 leader_election.cc:290] T 7841204b52a24f6abded60af8b7265f8 P e2b29311dd49429581bcc57e9f3e8381 [CANDIDATE]: Term 1 pre-election: Requested pre-vote from peers ea538b9b789246a6a831336d2f463674 (127.0.107.193:38209), 4fda34520cc54cf1a6635d5e188793ce (127.0.107.195:44381)
I20260709 12:57:55.501037  1671 tablet_service.cc:1917] Received RequestConsensusVote() RPC: tablet_id: "7841204b52a24f6abded60af8b7265f8" candidate_uuid: "e2b29311dd49429581bcc57e9f3e8381" candidate_term: 1 candidate_status { last_received { term: 0 index: 0 } } ignore_live_leader: false dest_uuid: "4fda34520cc54cf1a6635d5e188793ce" is_pre_election: true
I20260709 12:57:55.504645  1521 tablet_service.cc:1917] Received RequestConsensusVote() RPC: tablet_id: "7841204b52a24f6abded60af8b7265f8" candidate_uuid: "e2b29311dd49429581bcc57e9f3e8381" candidate_term: 1 candidate_status { last_received { term: 0 index: 0 } } ignore_live_leader: false dest_uuid: "ea538b9b789246a6a831336d2f463674" is_pre_election: true
I20260709 12:57:55.505481  1521 raft_consensus.cc:2393] T 7841204b52a24f6abded60af8b7265f8 P ea538b9b789246a6a831336d2f463674 [term 1 FOLLOWER]: Leader pre-election vote request: Denying vote to candidate e2b29311dd49429581bcc57e9f3e8381 in current term 1: Already voted for candidate 4fda34520cc54cf1a6635d5e188793ce in this term.
I20260709 12:57:55.506524  1563 leader_election.cc:304] T 7841204b52a24f6abded60af8b7265f8 P e2b29311dd49429581bcc57e9f3e8381 [CANDIDATE]: Term 1 pre-election: Election decided. Result: candidate lost. Election summary: received 3 responses out of 3 voters: 1 yes votes; 2 no votes. yes voters: e2b29311dd49429581bcc57e9f3e8381; no voters: 4fda34520cc54cf1a6635d5e188793ce, ea538b9b789246a6a831336d2f463674
I20260709 12:57:55.507275  1893 raft_consensus.cc:3060] T 7841204b52a24f6abded60af8b7265f8 P e2b29311dd49429581bcc57e9f3e8381 [term 0 FOLLOWER]: Advancing to term 1
I20260709 12:57:55.513852  1893 raft_consensus.cc:2749] T 7841204b52a24f6abded60af8b7265f8 P e2b29311dd49429581bcc57e9f3e8381 [term 1 FOLLOWER]: Leader pre-election lost for term 1. Reason: could not achieve majority
I20260709 12:57:55.516079  1906 raft_consensus.cc:515] T cd40b088587b4bddb30c88168eaa20a9 P 4fda34520cc54cf1a6635d5e188793ce [term 1 FOLLOWER]: Starting leader election with config: opid_index: -1 OBSOLETE_local: false peers { permanent_uuid: "ea538b9b789246a6a831336d2f463674" member_type: VOTER last_known_addr { host: "127.0.107.193" port: 38209 } } peers { permanent_uuid: "e2b29311dd49429581bcc57e9f3e8381" member_type: VOTER last_known_addr { host: "127.0.107.194" port: 36245 } } peers { permanent_uuid: "4fda34520cc54cf1a6635d5e188793ce" member_type: VOTER last_known_addr { host: "127.0.107.195" port: 44381 } }
I20260709 12:57:55.519239  1521 tablet_service.cc:1917] Received RequestConsensusVote() RPC: tablet_id: "cd40b088587b4bddb30c88168eaa20a9" candidate_uuid: "4fda34520cc54cf1a6635d5e188793ce" candidate_term: 1 candidate_status { last_received { term: 0 index: 0 } } ignore_live_leader: false dest_uuid: "ea538b9b789246a6a831336d2f463674"
I20260709 12:57:55.519958  1521 raft_consensus.cc:3060] T cd40b088587b4bddb30c88168eaa20a9 P ea538b9b789246a6a831336d2f463674 [term 0 FOLLOWER]: Advancing to term 1
I20260709 12:57:55.538255  1906 leader_election.cc:290] T cd40b088587b4bddb30c88168eaa20a9 P 4fda34520cc54cf1a6635d5e188793ce [CANDIDATE]: Term 1 election: Requested vote from peers ea538b9b789246a6a831336d2f463674 (127.0.107.193:38209), e2b29311dd49429581bcc57e9f3e8381 (127.0.107.194:36245)
I20260709 12:57:55.539090  1521 raft_consensus.cc:2468] T cd40b088587b4bddb30c88168eaa20a9 P ea538b9b789246a6a831336d2f463674 [term 1 FOLLOWER]: Leader election vote request: Granting yes vote for candidate 4fda34520cc54cf1a6635d5e188793ce in term 1.
I20260709 12:57:55.539302  1592 tablet_service.cc:1917] Received RequestConsensusVote() RPC: tablet_id: "cd40b088587b4bddb30c88168eaa20a9" candidate_uuid: "4fda34520cc54cf1a6635d5e188793ce" candidate_term: 1 candidate_status { last_received { term: 0 index: 0 } } ignore_live_leader: false dest_uuid: "e2b29311dd49429581bcc57e9f3e8381"
I20260709 12:57:55.540545  1637 leader_election.cc:304] T cd40b088587b4bddb30c88168eaa20a9 P 4fda34520cc54cf1a6635d5e188793ce [CANDIDATE]: Term 1 election: Election decided. Result: candidate won. Election summary: received 2 responses out of 3 voters: 2 yes votes; 0 no votes. yes voters: 4fda34520cc54cf1a6635d5e188793ce, ea538b9b789246a6a831336d2f463674; no voters: 
W20260709 12:57:55.541435  1636 leader_election.cc:343] T cd40b088587b4bddb30c88168eaa20a9 P 4fda34520cc54cf1a6635d5e188793ce [CANDIDATE]: Term 1 election: Tablet error from VoteRequest() call to peer e2b29311dd49429581bcc57e9f3e8381 (127.0.107.194:36245): Illegal state: must be running to vote when last-logged opid is not known
I20260709 12:57:55.542759  1906 raft_consensus.cc:2804] T cd40b088587b4bddb30c88168eaa20a9 P 4fda34520cc54cf1a6635d5e188793ce [term 1 FOLLOWER]: Leader election won for term 1
I20260709 12:57:55.544070  1906 raft_consensus.cc:697] T cd40b088587b4bddb30c88168eaa20a9 P 4fda34520cc54cf1a6635d5e188793ce [term 1 LEADER]: Becoming Leader. State: Replica: 4fda34520cc54cf1a6635d5e188793ce, State: Running, Role: LEADER
I20260709 12:57:55.545017  1906 consensus_queue.cc:237] T cd40b088587b4bddb30c88168eaa20a9 P 4fda34520cc54cf1a6635d5e188793ce [LEADER]: Queue going to LEADER mode. State: All replicated index: 0, Majority replicated index: 0, Committed index: 0, Last appended: 0.0, Last appended by leader: 0, Current term: 1, Majority size: 2, State: 0, Mode: LEADER, active raft config: opid_index: -1 OBSOLETE_local: false peers { permanent_uuid: "ea538b9b789246a6a831336d2f463674" member_type: VOTER last_known_addr { host: "127.0.107.193" port: 38209 } } peers { permanent_uuid: "e2b29311dd49429581bcc57e9f3e8381" member_type: VOTER last_known_addr { host: "127.0.107.194" port: 36245 } } peers { permanent_uuid: "4fda34520cc54cf1a6635d5e188793ce" member_type: VOTER last_known_addr { host: "127.0.107.195" port: 44381 } }
I20260709 12:57:55.578337  1915 raft_consensus.cc:493] T e7e334505606466b99cef5d917b46f83 P 4fda34520cc54cf1a6635d5e188793ce [term 0 FOLLOWER]: Starting pre-election (no leader contacted us within the election timeout)
I20260709 12:57:55.578855  1915 raft_consensus.cc:515] T e7e334505606466b99cef5d917b46f83 P 4fda34520cc54cf1a6635d5e188793ce [term 0 FOLLOWER]: Starting pre-election with config: opid_index: -1 OBSOLETE_local: false peers { permanent_uuid: "ea538b9b789246a6a831336d2f463674" member_type: VOTER last_known_addr { host: "127.0.107.193" port: 38209 } } peers { permanent_uuid: "e2b29311dd49429581bcc57e9f3e8381" member_type: VOTER last_known_addr { host: "127.0.107.194" port: 36245 } } peers { permanent_uuid: "4fda34520cc54cf1a6635d5e188793ce" member_type: VOTER last_known_addr { host: "127.0.107.195" port: 44381 } }
I20260709 12:57:55.581771  1915 leader_election.cc:290] T e7e334505606466b99cef5d917b46f83 P 4fda34520cc54cf1a6635d5e188793ce [CANDIDATE]: Term 1 pre-election: Requested pre-vote from peers ea538b9b789246a6a831336d2f463674 (127.0.107.193:38209), e2b29311dd49429581bcc57e9f3e8381 (127.0.107.194:36245)
I20260709 12:57:55.582500  1715 tablet_bootstrap.cc:492] T cd40b088587b4bddb30c88168eaa20a9 P e2b29311dd49429581bcc57e9f3e8381: No bootstrap required, opened a new log
I20260709 12:57:55.583410  1715 ts_tablet_manager.cc:1403] T cd40b088587b4bddb30c88168eaa20a9 P e2b29311dd49429581bcc57e9f3e8381: Time spent bootstrapping tablet: real 0.139s	user 0.059s	sys 0.047s
I20260709 12:57:55.587792  1712 tablet_bootstrap.cc:492] T 7eedffc5028243e19cd230a8fede465f P ea538b9b789246a6a831336d2f463674: No bootstrap required, opened a new log
I20260709 12:57:55.588248  1712 ts_tablet_manager.cc:1403] T 7eedffc5028243e19cd230a8fede465f P ea538b9b789246a6a831336d2f463674: Time spent bootstrapping tablet: real 0.177s	user 0.063s	sys 0.083s
I20260709 12:57:55.590601  1592 tablet_service.cc:1917] Received RequestConsensusVote() RPC: tablet_id: "e7e334505606466b99cef5d917b46f83" candidate_uuid: "4fda34520cc54cf1a6635d5e188793ce" candidate_term: 1 candidate_status { last_received { term: 0 index: 0 } } ignore_live_leader: false dest_uuid: "e2b29311dd49429581bcc57e9f3e8381" is_pre_election: true
I20260709 12:57:55.592593  1521 tablet_service.cc:1917] Received RequestConsensusVote() RPC: tablet_id: "e7e334505606466b99cef5d917b46f83" candidate_uuid: "4fda34520cc54cf1a6635d5e188793ce" candidate_term: 1 candidate_status { last_received { term: 0 index: 0 } } ignore_live_leader: false dest_uuid: "ea538b9b789246a6a831336d2f463674" is_pre_election: true
W20260709 12:57:55.594751  1636 leader_election.cc:343] T e7e334505606466b99cef5d917b46f83 P 4fda34520cc54cf1a6635d5e188793ce [CANDIDATE]: Term 1 pre-election: Tablet error from VoteRequest() call to peer e2b29311dd49429581bcc57e9f3e8381 (127.0.107.194:36245): Illegal state: must be running to vote when last-logged opid is not known
I20260709 12:57:55.595184  1521 raft_consensus.cc:2468] T e7e334505606466b99cef5d917b46f83 P ea538b9b789246a6a831336d2f463674 [term 0 FOLLOWER]: Leader pre-election vote request: Granting yes vote for candidate 4fda34520cc54cf1a6635d5e188793ce in term 0.
I20260709 12:57:55.595999  1715 raft_consensus.cc:359] T cd40b088587b4bddb30c88168eaa20a9 P e2b29311dd49429581bcc57e9f3e8381 [term 0 FOLLOWER]: Replica starting. Triggering 0 pending ops. Active config: opid_index: -1 OBSOLETE_local: false peers { permanent_uuid: "ea538b9b789246a6a831336d2f463674" member_type: VOTER last_known_addr { host: "127.0.107.193" port: 38209 } } peers { permanent_uuid: "e2b29311dd49429581bcc57e9f3e8381" member_type: VOTER last_known_addr { host: "127.0.107.194" port: 36245 } } peers { permanent_uuid: "4fda34520cc54cf1a6635d5e188793ce" member_type: VOTER last_known_addr { host: "127.0.107.195" port: 44381 } }
I20260709 12:57:55.596241  1637 leader_election.cc:304] T e7e334505606466b99cef5d917b46f83 P 4fda34520cc54cf1a6635d5e188793ce [CANDIDATE]: Term 1 pre-election: Election decided. Result: candidate won. Election summary: received 3 responses out of 3 voters: 2 yes votes; 1 no votes. yes voters: 4fda34520cc54cf1a6635d5e188793ce, ea538b9b789246a6a831336d2f463674; no voters: e2b29311dd49429581bcc57e9f3e8381
I20260709 12:57:55.596634  1715 raft_consensus.cc:385] T cd40b088587b4bddb30c88168eaa20a9 P e2b29311dd49429581bcc57e9f3e8381 [term 0 FOLLOWER]: Consensus starting up: Expiring failure detector timer to make a prompt election more likely
I20260709 12:57:55.596916  1715 raft_consensus.cc:740] T cd40b088587b4bddb30c88168eaa20a9 P e2b29311dd49429581bcc57e9f3e8381 [term 0 FOLLOWER]: Becoming Follower/Learner. State: Replica: e2b29311dd49429581bcc57e9f3e8381, State: Initialized, Role: FOLLOWER
I20260709 12:57:55.597458  1715 consensus_queue.cc:260] T cd40b088587b4bddb30c88168eaa20a9 P e2b29311dd49429581bcc57e9f3e8381 [NON_LEADER]: Queue going to NON_LEADER mode. State: All replicated index: 0, Majority replicated index: 0, Committed index: 0, Last appended: 0.0, Last appended by leader: 0, Current term: 0, Majority size: -1, State: 0, Mode: NON_LEADER, active raft config: opid_index: -1 OBSOLETE_local: false peers { permanent_uuid: "ea538b9b789246a6a831336d2f463674" member_type: VOTER last_known_addr { host: "127.0.107.193" port: 38209 } } peers { permanent_uuid: "e2b29311dd49429581bcc57e9f3e8381" member_type: VOTER last_known_addr { host: "127.0.107.194" port: 36245 } } peers { permanent_uuid: "4fda34520cc54cf1a6635d5e188793ce" member_type: VOTER last_known_addr { host: "127.0.107.195" port: 44381 } }
I20260709 12:57:55.599224  1715 ts_tablet_manager.cc:1434] T cd40b088587b4bddb30c88168eaa20a9 P e2b29311dd49429581bcc57e9f3e8381: Time spent starting tablet: real 0.016s	user 0.006s	sys 0.000s
I20260709 12:57:55.600109  1714 tablet_bootstrap.cc:492] T 063449e9dec54c68928620bf5219cb47 P 4fda34520cc54cf1a6635d5e188793ce: No bootstrap required, opened a new log
I20260709 12:57:55.600420  1715 tablet_bootstrap.cc:492] T 7eedffc5028243e19cd230a8fede465f P e2b29311dd49429581bcc57e9f3e8381: Bootstrap starting.
I20260709 12:57:55.600548  1714 ts_tablet_manager.cc:1403] T 063449e9dec54c68928620bf5219cb47 P 4fda34520cc54cf1a6635d5e188793ce: Time spent bootstrapping tablet: real 0.169s	user 0.026s	sys 0.013s
I20260709 12:57:55.602979  1714 raft_consensus.cc:359] T 063449e9dec54c68928620bf5219cb47 P 4fda34520cc54cf1a6635d5e188793ce [term 0 FOLLOWER]: Replica starting. Triggering 0 pending ops. Active config: opid_index: -1 OBSOLETE_local: false peers { permanent_uuid: "ea538b9b789246a6a831336d2f463674" member_type: VOTER last_known_addr { host: "127.0.107.193" port: 38209 } } peers { permanent_uuid: "e2b29311dd49429581bcc57e9f3e8381" member_type: VOTER last_known_addr { host: "127.0.107.194" port: 36245 } } peers { permanent_uuid: "4fda34520cc54cf1a6635d5e188793ce" member_type: VOTER last_known_addr { host: "127.0.107.195" port: 44381 } }
I20260709 12:57:55.603600  1714 raft_consensus.cc:385] T 063449e9dec54c68928620bf5219cb47 P 4fda34520cc54cf1a6635d5e188793ce [term 0 FOLLOWER]: Consensus starting up: Expiring failure detector timer to make a prompt election more likely
I20260709 12:57:55.603832  1714 raft_consensus.cc:740] T 063449e9dec54c68928620bf5219cb47 P 4fda34520cc54cf1a6635d5e188793ce [term 0 FOLLOWER]: Becoming Follower/Learner. State: Replica: 4fda34520cc54cf1a6635d5e188793ce, State: Initialized, Role: FOLLOWER
I20260709 12:57:55.604913  1906 raft_consensus.cc:2804] T e7e334505606466b99cef5d917b46f83 P 4fda34520cc54cf1a6635d5e188793ce [term 0 FOLLOWER]: Leader pre-election won for term 1
I20260709 12:57:55.605396  1906 raft_consensus.cc:493] T e7e334505606466b99cef5d917b46f83 P 4fda34520cc54cf1a6635d5e188793ce [term 0 FOLLOWER]: Starting leader election (no leader contacted us within the election timeout)
I20260709 12:57:55.605816  1906 raft_consensus.cc:3060] T e7e334505606466b99cef5d917b46f83 P 4fda34520cc54cf1a6635d5e188793ce [term 0 FOLLOWER]: Advancing to term 1
I20260709 12:57:55.608677  1715 tablet_bootstrap.cc:654] T 7eedffc5028243e19cd230a8fede465f P e2b29311dd49429581bcc57e9f3e8381: Neither blocks nor log segments found. Creating new log.
I20260709 12:57:55.608088  1420 catalog_manager.cc:5697] T cd40b088587b4bddb30c88168eaa20a9 P 4fda34520cc54cf1a6635d5e188793ce reported cstate change: term changed from 0 to 1, leader changed from <none> to 4fda34520cc54cf1a6635d5e188793ce (127.0.107.195). New cstate: current_term: 1 leader_uuid: "4fda34520cc54cf1a6635d5e188793ce" committed_config { opid_index: -1 OBSOLETE_local: false peers { permanent_uuid: "ea538b9b789246a6a831336d2f463674" member_type: VOTER last_known_addr { host: "127.0.107.193" port: 38209 } health_report { overall_health: UNKNOWN } } peers { permanent_uuid: "e2b29311dd49429581bcc57e9f3e8381" member_type: VOTER last_known_addr { host: "127.0.107.194" port: 36245 } health_report { overall_health: UNKNOWN } } peers { permanent_uuid: "4fda34520cc54cf1a6635d5e188793ce" member_type: VOTER last_known_addr { host: "127.0.107.195" port: 44381 } health_report { overall_health: HEALTHY } } }
I20260709 12:57:55.612193  1714 consensus_queue.cc:260] T 063449e9dec54c68928620bf5219cb47 P 4fda34520cc54cf1a6635d5e188793ce [NON_LEADER]: Queue going to NON_LEADER mode. State: All replicated index: 0, Majority replicated index: 0, Committed index: 0, Last appended: 0.0, Last appended by leader: 0, Current term: 0, Majority size: -1, State: 0, Mode: NON_LEADER, active raft config: opid_index: -1 OBSOLETE_local: false peers { permanent_uuid: "ea538b9b789246a6a831336d2f463674" member_type: VOTER last_known_addr { host: "127.0.107.193" port: 38209 } } peers { permanent_uuid: "e2b29311dd49429581bcc57e9f3e8381" member_type: VOTER last_known_addr { host: "127.0.107.194" port: 36245 } } peers { permanent_uuid: "4fda34520cc54cf1a6635d5e188793ce" member_type: VOTER last_known_addr { host: "127.0.107.195" port: 44381 } }
I20260709 12:57:55.615437  1714 ts_tablet_manager.cc:1434] T 063449e9dec54c68928620bf5219cb47 P 4fda34520cc54cf1a6635d5e188793ce: Time spent starting tablet: real 0.015s	user 0.006s	sys 0.000s
I20260709 12:57:55.616285  1714 tablet_bootstrap.cc:492] T c169e325dde042f1abe20dcc99bf1a55 P 4fda34520cc54cf1a6635d5e188793ce: Bootstrap starting.
I20260709 12:57:55.616313  1712 raft_consensus.cc:359] T 7eedffc5028243e19cd230a8fede465f P ea538b9b789246a6a831336d2f463674 [term 0 FOLLOWER]: Replica starting. Triggering 0 pending ops. Active config: opid_index: -1 OBSOLETE_local: false peers { permanent_uuid: "ea538b9b789246a6a831336d2f463674" member_type: VOTER last_known_addr { host: "127.0.107.193" port: 38209 } } peers { permanent_uuid: "e2b29311dd49429581bcc57e9f3e8381" member_type: VOTER last_known_addr { host: "127.0.107.194" port: 36245 } } peers { permanent_uuid: "4fda34520cc54cf1a6635d5e188793ce" member_type: VOTER last_known_addr { host: "127.0.107.195" port: 44381 } }
I20260709 12:57:55.617063  1712 raft_consensus.cc:385] T 7eedffc5028243e19cd230a8fede465f P ea538b9b789246a6a831336d2f463674 [term 0 FOLLOWER]: Consensus starting up: Expiring failure detector timer to make a prompt election more likely
I20260709 12:57:55.617311  1712 raft_consensus.cc:740] T 7eedffc5028243e19cd230a8fede465f P ea538b9b789246a6a831336d2f463674 [term 0 FOLLOWER]: Becoming Follower/Learner. State: Replica: ea538b9b789246a6a831336d2f463674, State: Initialized, Role: FOLLOWER
I20260709 12:57:55.621789  1714 tablet_bootstrap.cc:654] T c169e325dde042f1abe20dcc99bf1a55 P 4fda34520cc54cf1a6635d5e188793ce: Neither blocks nor log segments found. Creating new log.
I20260709 12:57:55.622404  1906 raft_consensus.cc:515] T e7e334505606466b99cef5d917b46f83 P 4fda34520cc54cf1a6635d5e188793ce [term 1 FOLLOWER]: Starting leader election with config: opid_index: -1 OBSOLETE_local: false peers { permanent_uuid: "ea538b9b789246a6a831336d2f463674" member_type: VOTER last_known_addr { host: "127.0.107.193" port: 38209 } } peers { permanent_uuid: "e2b29311dd49429581bcc57e9f3e8381" member_type: VOTER last_known_addr { host: "127.0.107.194" port: 36245 } } peers { permanent_uuid: "4fda34520cc54cf1a6635d5e188793ce" member_type: VOTER last_known_addr { host: "127.0.107.195" port: 44381 } }
I20260709 12:57:55.618505  1712 consensus_queue.cc:260] T 7eedffc5028243e19cd230a8fede465f P ea538b9b789246a6a831336d2f463674 [NON_LEADER]: Queue going to NON_LEADER mode. State: All replicated index: 0, Majority replicated index: 0, Committed index: 0, Last appended: 0.0, Last appended by leader: 0, Current term: 0, Majority size: -1, State: 0, Mode: NON_LEADER, active raft config: opid_index: -1 OBSOLETE_local: false peers { permanent_uuid: "ea538b9b789246a6a831336d2f463674" member_type: VOTER last_known_addr { host: "127.0.107.193" port: 38209 } } peers { permanent_uuid: "e2b29311dd49429581bcc57e9f3e8381" member_type: VOTER last_known_addr { host: "127.0.107.194" port: 36245 } } peers { permanent_uuid: "4fda34520cc54cf1a6635d5e188793ce" member_type: VOTER last_known_addr { host: "127.0.107.195" port: 44381 } }
I20260709 12:57:55.627342  1521 tablet_service.cc:1917] Received RequestConsensusVote() RPC: tablet_id: "e7e334505606466b99cef5d917b46f83" candidate_uuid: "4fda34520cc54cf1a6635d5e188793ce" candidate_term: 1 candidate_status { last_received { term: 0 index: 0 } } ignore_live_leader: false dest_uuid: "ea538b9b789246a6a831336d2f463674"
I20260709 12:57:55.627775  1712 ts_tablet_manager.cc:1434] T 7eedffc5028243e19cd230a8fede465f P ea538b9b789246a6a831336d2f463674: Time spent starting tablet: real 0.039s	user 0.007s	sys 0.000s
I20260709 12:57:55.627944  1521 raft_consensus.cc:3060] T e7e334505606466b99cef5d917b46f83 P ea538b9b789246a6a831336d2f463674 [term 0 FOLLOWER]: Advancing to term 1
I20260709 12:57:55.628687  1712 tablet_bootstrap.cc:492] T c46ff984e88b4feebd1f576a6924aaeb P ea538b9b789246a6a831336d2f463674: Bootstrap starting.
I20260709 12:57:55.631532  1595 tablet_service.cc:1917] Received RequestConsensusVote() RPC: tablet_id: "e7e334505606466b99cef5d917b46f83" candidate_uuid: "4fda34520cc54cf1a6635d5e188793ce" candidate_term: 1 candidate_status { last_received { term: 0 index: 0 } } ignore_live_leader: false dest_uuid: "e2b29311dd49429581bcc57e9f3e8381"
W20260709 12:57:55.633565  1636 leader_election.cc:343] T e7e334505606466b99cef5d917b46f83 P 4fda34520cc54cf1a6635d5e188793ce [CANDIDATE]: Term 1 election: Tablet error from VoteRequest() call to peer e2b29311dd49429581bcc57e9f3e8381 (127.0.107.194:36245): Illegal state: must be running to vote when last-logged opid is not known
I20260709 12:57:55.631408  1715 tablet_bootstrap.cc:492] T 7eedffc5028243e19cd230a8fede465f P e2b29311dd49429581bcc57e9f3e8381: No bootstrap required, opened a new log
I20260709 12:57:55.634541  1712 tablet_bootstrap.cc:654] T c46ff984e88b4feebd1f576a6924aaeb P ea538b9b789246a6a831336d2f463674: Neither blocks nor log segments found. Creating new log.
I20260709 12:57:55.634598  1715 ts_tablet_manager.cc:1403] T 7eedffc5028243e19cd230a8fede465f P e2b29311dd49429581bcc57e9f3e8381: Time spent bootstrapping tablet: real 0.034s	user 0.009s	sys 0.003s
I20260709 12:57:55.637056  1906 leader_election.cc:290] T e7e334505606466b99cef5d917b46f83 P 4fda34520cc54cf1a6635d5e188793ce [CANDIDATE]: Term 1 election: Requested vote from peers ea538b9b789246a6a831336d2f463674 (127.0.107.193:38209), e2b29311dd49429581bcc57e9f3e8381 (127.0.107.194:36245)
I20260709 12:57:55.637262  1715 raft_consensus.cc:359] T 7eedffc5028243e19cd230a8fede465f P e2b29311dd49429581bcc57e9f3e8381 [term 0 FOLLOWER]: Replica starting. Triggering 0 pending ops. Active config: opid_index: -1 OBSOLETE_local: false peers { permanent_uuid: "ea538b9b789246a6a831336d2f463674" member_type: VOTER last_known_addr { host: "127.0.107.193" port: 38209 } } peers { permanent_uuid: "e2b29311dd49429581bcc57e9f3e8381" member_type: VOTER last_known_addr { host: "127.0.107.194" port: 36245 } } peers { permanent_uuid: "4fda34520cc54cf1a6635d5e188793ce" member_type: VOTER last_known_addr { host: "127.0.107.195" port: 44381 } }
I20260709 12:57:55.637955  1715 raft_consensus.cc:385] T 7eedffc5028243e19cd230a8fede465f P e2b29311dd49429581bcc57e9f3e8381 [term 0 FOLLOWER]: Consensus starting up: Expiring failure detector timer to make a prompt election more likely
I20260709 12:57:55.638242  1715 raft_consensus.cc:740] T 7eedffc5028243e19cd230a8fede465f P e2b29311dd49429581bcc57e9f3e8381 [term 0 FOLLOWER]: Becoming Follower/Learner. State: Replica: e2b29311dd49429581bcc57e9f3e8381, State: Initialized, Role: FOLLOWER
I20260709 12:57:55.650856  1715 consensus_queue.cc:260] T 7eedffc5028243e19cd230a8fede465f P e2b29311dd49429581bcc57e9f3e8381 [NON_LEADER]: Queue going to NON_LEADER mode. State: All replicated index: 0, Majority replicated index: 0, Committed index: 0, Last appended: 0.0, Last appended by leader: 0, Current term: 0, Majority size: -1, State: 0, Mode: NON_LEADER, active raft config: opid_index: -1 OBSOLETE_local: false peers { permanent_uuid: "ea538b9b789246a6a831336d2f463674" member_type: VOTER last_known_addr { host: "127.0.107.193" port: 38209 } } peers { permanent_uuid: "e2b29311dd49429581bcc57e9f3e8381" member_type: VOTER last_known_addr { host: "127.0.107.194" port: 36245 } } peers { permanent_uuid: "4fda34520cc54cf1a6635d5e188793ce" member_type: VOTER last_known_addr { host: "127.0.107.195" port: 44381 } }
I20260709 12:57:55.646597  1521 raft_consensus.cc:2468] T e7e334505606466b99cef5d917b46f83 P ea538b9b789246a6a831336d2f463674 [term 1 FOLLOWER]: Leader election vote request: Granting yes vote for candidate 4fda34520cc54cf1a6635d5e188793ce in term 1.
I20260709 12:57:55.653277  1715 ts_tablet_manager.cc:1434] T 7eedffc5028243e19cd230a8fede465f P e2b29311dd49429581bcc57e9f3e8381: Time spent starting tablet: real 0.018s	user 0.004s	sys 0.000s
I20260709 12:57:55.654506  1637 leader_election.cc:304] T e7e334505606466b99cef5d917b46f83 P 4fda34520cc54cf1a6635d5e188793ce [CANDIDATE]: Term 1 election: Election decided. Result: candidate won. Election summary: received 3 responses out of 3 voters: 2 yes votes; 1 no votes. yes voters: 4fda34520cc54cf1a6635d5e188793ce, ea538b9b789246a6a831336d2f463674; no voters: e2b29311dd49429581bcc57e9f3e8381
I20260709 12:57:55.655771  1906 raft_consensus.cc:2804] T e7e334505606466b99cef5d917b46f83 P 4fda34520cc54cf1a6635d5e188793ce [term 1 FOLLOWER]: Leader election won for term 1
I20260709 12:57:55.656256  1906 raft_consensus.cc:697] T e7e334505606466b99cef5d917b46f83 P 4fda34520cc54cf1a6635d5e188793ce [term 1 LEADER]: Becoming Leader. State: Replica: 4fda34520cc54cf1a6635d5e188793ce, State: Running, Role: LEADER
I20260709 12:57:55.657068  1906 consensus_queue.cc:237] T e7e334505606466b99cef5d917b46f83 P 4fda34520cc54cf1a6635d5e188793ce [LEADER]: Queue going to LEADER mode. State: All replicated index: 0, Majority replicated index: 0, Committed index: 0, Last appended: 0.0, Last appended by leader: 0, Current term: 1, Majority size: 2, State: 0, Mode: LEADER, active raft config: opid_index: -1 OBSOLETE_local: false peers { permanent_uuid: "ea538b9b789246a6a831336d2f463674" member_type: VOTER last_known_addr { host: "127.0.107.193" port: 38209 } } peers { permanent_uuid: "e2b29311dd49429581bcc57e9f3e8381" member_type: VOTER last_known_addr { host: "127.0.107.194" port: 36245 } } peers { permanent_uuid: "4fda34520cc54cf1a6635d5e188793ce" member_type: VOTER last_known_addr { host: "127.0.107.195" port: 44381 } }
I20260709 12:57:55.654896  1715 tablet_bootstrap.cc:492] T 063449e9dec54c68928620bf5219cb47 P e2b29311dd49429581bcc57e9f3e8381: Bootstrap starting.
I20260709 12:57:55.669188  1893 raft_consensus.cc:493] T cd40b088587b4bddb30c88168eaa20a9 P e2b29311dd49429581bcc57e9f3e8381 [term 0 FOLLOWER]: Starting pre-election (no leader contacted us within the election timeout)
I20260709 12:57:55.669757  1893 raft_consensus.cc:515] T cd40b088587b4bddb30c88168eaa20a9 P e2b29311dd49429581bcc57e9f3e8381 [term 0 FOLLOWER]: Starting pre-election with config: opid_index: -1 OBSOLETE_local: false peers { permanent_uuid: "ea538b9b789246a6a831336d2f463674" member_type: VOTER last_known_addr { host: "127.0.107.193" port: 38209 } } peers { permanent_uuid: "e2b29311dd49429581bcc57e9f3e8381" member_type: VOTER last_known_addr { host: "127.0.107.194" port: 36245 } } peers { permanent_uuid: "4fda34520cc54cf1a6635d5e188793ce" member_type: VOTER last_known_addr { host: "127.0.107.195" port: 44381 } }
I20260709 12:57:55.671864  1893 leader_election.cc:290] T cd40b088587b4bddb30c88168eaa20a9 P e2b29311dd49429581bcc57e9f3e8381 [CANDIDATE]: Term 1 pre-election: Requested pre-vote from peers ea538b9b789246a6a831336d2f463674 (127.0.107.193:38209), 4fda34520cc54cf1a6635d5e188793ce (127.0.107.195:44381)
I20260709 12:57:55.678609  1521 tablet_service.cc:1917] Received RequestConsensusVote() RPC: tablet_id: "cd40b088587b4bddb30c88168eaa20a9" candidate_uuid: "e2b29311dd49429581bcc57e9f3e8381" candidate_term: 1 candidate_status { last_received { term: 0 index: 0 } } ignore_live_leader: false dest_uuid: "ea538b9b789246a6a831336d2f463674" is_pre_election: true
I20260709 12:57:55.681628  1671 tablet_service.cc:1917] Received RequestConsensusVote() RPC: tablet_id: "cd40b088587b4bddb30c88168eaa20a9" candidate_uuid: "e2b29311dd49429581bcc57e9f3e8381" candidate_term: 1 candidate_status { last_received { term: 0 index: 0 } } ignore_live_leader: false dest_uuid: "4fda34520cc54cf1a6635d5e188793ce" is_pre_election: true
I20260709 12:57:55.684829  1521 raft_consensus.cc:2393] T cd40b088587b4bddb30c88168eaa20a9 P ea538b9b789246a6a831336d2f463674 [term 1 FOLLOWER]: Leader pre-election vote request: Denying vote to candidate e2b29311dd49429581bcc57e9f3e8381 in current term 1: Already voted for candidate 4fda34520cc54cf1a6635d5e188793ce in this term.
I20260709 12:57:55.683933  1850 raft_consensus.cc:493] T 488982277e1748bfb147751d5c82f270 P ea538b9b789246a6a831336d2f463674 [term 0 FOLLOWER]: Starting pre-election (no leader contacted us within the election timeout)
I20260709 12:57:55.687641  1850 raft_consensus.cc:515] T 488982277e1748bfb147751d5c82f270 P ea538b9b789246a6a831336d2f463674 [term 0 FOLLOWER]: Starting pre-election with config: opid_index: -1 OBSOLETE_local: false peers { permanent_uuid: "ea538b9b789246a6a831336d2f463674" member_type: VOTER last_known_addr { host: "127.0.107.193" port: 38209 } } peers { permanent_uuid: "e2b29311dd49429581bcc57e9f3e8381" member_type: VOTER last_known_addr { host: "127.0.107.194" port: 36245 } } peers { permanent_uuid: "4fda34520cc54cf1a6635d5e188793ce" member_type: VOTER last_known_addr { host: "127.0.107.195" port: 44381 } }
I20260709 12:57:55.689635  1850 leader_election.cc:290] T 488982277e1748bfb147751d5c82f270 P ea538b9b789246a6a831336d2f463674 [CANDIDATE]: Term 1 pre-election: Requested pre-vote from peers e2b29311dd49429581bcc57e9f3e8381 (127.0.107.194:36245), 4fda34520cc54cf1a6635d5e188793ce (127.0.107.195:44381)
I20260709 12:57:55.690351  1595 tablet_service.cc:1917] Received RequestConsensusVote() RPC: tablet_id: "488982277e1748bfb147751d5c82f270" candidate_uuid: "ea538b9b789246a6a831336d2f463674" candidate_term: 1 candidate_status { last_received { term: 0 index: 0 } } ignore_live_leader: false dest_uuid: "e2b29311dd49429581bcc57e9f3e8381" is_pre_election: true
I20260709 12:57:55.690434  1715 tablet_bootstrap.cc:654] T 063449e9dec54c68928620bf5219cb47 P e2b29311dd49429581bcc57e9f3e8381: Neither blocks nor log segments found. Creating new log.
I20260709 12:57:55.691805  1563 leader_election.cc:304] T cd40b088587b4bddb30c88168eaa20a9 P e2b29311dd49429581bcc57e9f3e8381 [CANDIDATE]: Term 1 pre-election: Election decided. Result: candidate lost. Election summary: received 3 responses out of 3 voters: 1 yes votes; 2 no votes. yes voters: e2b29311dd49429581bcc57e9f3e8381; no voters: 4fda34520cc54cf1a6635d5e188793ce, ea538b9b789246a6a831336d2f463674
I20260709 12:57:55.692024  1714 tablet_bootstrap.cc:492] T c169e325dde042f1abe20dcc99bf1a55 P 4fda34520cc54cf1a6635d5e188793ce: No bootstrap required, opened a new log
I20260709 12:57:55.691246  1799 consensus_queue.cc:1048] T 1724f934a1e645a7a05a48f74520fd5d P ea538b9b789246a6a831336d2f463674 [LEADER]: Connected to new peer: Peer: permanent_uuid: "4fda34520cc54cf1a6635d5e188793ce" member_type: VOTER last_known_addr { host: "127.0.107.195" port: 44381 }, Status: LMP_MISMATCH, Last received: 0.0, Next index: 1, Last known committed idx: 0, Time since last communication: 0.002s
I20260709 12:57:55.693732  1714 ts_tablet_manager.cc:1403] T c169e325dde042f1abe20dcc99bf1a55 P 4fda34520cc54cf1a6635d5e188793ce: Time spent bootstrapping tablet: real 0.078s	user 0.025s	sys 0.025s
I20260709 12:57:55.693075  1893 raft_consensus.cc:3060] T cd40b088587b4bddb30c88168eaa20a9 P e2b29311dd49429581bcc57e9f3e8381 [term 0 FOLLOWER]: Advancing to term 1
I20260709 12:57:55.694796  1668 tablet_service.cc:1917] Received RequestConsensusVote() RPC: tablet_id: "488982277e1748bfb147751d5c82f270" candidate_uuid: "ea538b9b789246a6a831336d2f463674" candidate_term: 1 candidate_status { last_received { term: 0 index: 0 } } ignore_live_leader: false dest_uuid: "4fda34520cc54cf1a6635d5e188793ce" is_pre_election: true
I20260709 12:57:55.696063  1712 tablet_bootstrap.cc:492] T c46ff984e88b4feebd1f576a6924aaeb P ea538b9b789246a6a831336d2f463674: No bootstrap required, opened a new log
W20260709 12:57:55.692333  1487 leader_election.cc:343] T 488982277e1748bfb147751d5c82f270 P ea538b9b789246a6a831336d2f463674 [CANDIDATE]: Term 1 pre-election: Tablet error from VoteRequest() call to peer e2b29311dd49429581bcc57e9f3e8381 (127.0.107.194:36245): Illegal state: must be running to vote when last-logged opid is not known
I20260709 12:57:55.696523  1712 ts_tablet_manager.cc:1403] T c46ff984e88b4feebd1f576a6924aaeb P ea538b9b789246a6a831336d2f463674: Time spent bootstrapping tablet: real 0.068s	user 0.031s	sys 0.017s
W20260709 12:57:55.696962  1488 leader_election.cc:343] T 488982277e1748bfb147751d5c82f270 P ea538b9b789246a6a831336d2f463674 [CANDIDATE]: Term 1 pre-election: Tablet error from VoteRequest() call to peer 4fda34520cc54cf1a6635d5e188793ce (127.0.107.195:44381): Illegal state: must be running to vote when last-logged opid is not known
I20260709 12:57:55.697628  1488 leader_election.cc:304] T 488982277e1748bfb147751d5c82f270 P ea538b9b789246a6a831336d2f463674 [CANDIDATE]: Term 1 pre-election: Election decided. Result: candidate lost. Election summary: received 3 responses out of 3 voters: 1 yes votes; 2 no votes. yes voters: ea538b9b789246a6a831336d2f463674; no voters: 4fda34520cc54cf1a6635d5e188793ce, e2b29311dd49429581bcc57e9f3e8381
I20260709 12:57:55.697858  1714 raft_consensus.cc:359] T c169e325dde042f1abe20dcc99bf1a55 P 4fda34520cc54cf1a6635d5e188793ce [term 0 FOLLOWER]: Replica starting. Triggering 0 pending ops. Active config: opid_index: -1 OBSOLETE_local: false peers { permanent_uuid: "ea538b9b789246a6a831336d2f463674" member_type: VOTER last_known_addr { host: "127.0.107.193" port: 38209 } } peers { permanent_uuid: "e2b29311dd49429581bcc57e9f3e8381" member_type: VOTER last_known_addr { host: "127.0.107.194" port: 36245 } } peers { permanent_uuid: "4fda34520cc54cf1a6635d5e188793ce" member_type: VOTER last_known_addr { host: "127.0.107.195" port: 44381 } }
I20260709 12:57:55.698297  1917 raft_consensus.cc:2749] T 488982277e1748bfb147751d5c82f270 P ea538b9b789246a6a831336d2f463674 [term 0 FOLLOWER]: Leader pre-election lost for term 1. Reason: could not achieve majority
I20260709 12:57:55.698501  1714 raft_consensus.cc:385] T c169e325dde042f1abe20dcc99bf1a55 P 4fda34520cc54cf1a6635d5e188793ce [term 0 FOLLOWER]: Consensus starting up: Expiring failure detector timer to make a prompt election more likely
I20260709 12:57:55.698834  1714 raft_consensus.cc:740] T c169e325dde042f1abe20dcc99bf1a55 P 4fda34520cc54cf1a6635d5e188793ce [term 0 FOLLOWER]: Becoming Follower/Learner. State: Replica: 4fda34520cc54cf1a6635d5e188793ce, State: Initialized, Role: FOLLOWER
I20260709 12:57:55.699163  1804 consensus_queue.cc:1048] T 7841204b52a24f6abded60af8b7265f8 P 4fda34520cc54cf1a6635d5e188793ce [LEADER]: Connected to new peer: Peer: permanent_uuid: "e2b29311dd49429581bcc57e9f3e8381" member_type: VOTER last_known_addr { host: "127.0.107.194" port: 36245 }, Status: LMP_MISMATCH, Last received: 0.0, Next index: 1, Last known committed idx: 0, Time since last communication: 0.000s
I20260709 12:57:55.699533  1714 consensus_queue.cc:260] T c169e325dde042f1abe20dcc99bf1a55 P 4fda34520cc54cf1a6635d5e188793ce [NON_LEADER]: Queue going to NON_LEADER mode. State: All replicated index: 0, Majority replicated index: 0, Committed index: 0, Last appended: 0.0, Last appended by leader: 0, Current term: 0, Majority size: -1, State: 0, Mode: NON_LEADER, active raft config: opid_index: -1 OBSOLETE_local: false peers { permanent_uuid: "ea538b9b789246a6a831336d2f463674" member_type: VOTER last_known_addr { host: "127.0.107.193" port: 38209 } } peers { permanent_uuid: "e2b29311dd49429581bcc57e9f3e8381" member_type: VOTER last_known_addr { host: "127.0.107.194" port: 36245 } } peers { permanent_uuid: "4fda34520cc54cf1a6635d5e188793ce" member_type: VOTER last_known_addr { host: "127.0.107.195" port: 44381 } }
I20260709 12:57:55.701771  1714 ts_tablet_manager.cc:1434] T c169e325dde042f1abe20dcc99bf1a55 P 4fda34520cc54cf1a6635d5e188793ce: Time spent starting tablet: real 0.008s	user 0.005s	sys 0.001s
I20260709 12:57:55.703047  1714 tablet_bootstrap.cc:492] T 488982277e1748bfb147751d5c82f270 P 4fda34520cc54cf1a6635d5e188793ce: Bootstrap starting.
I20260709 12:57:55.703949  1893 raft_consensus.cc:2749] T cd40b088587b4bddb30c88168eaa20a9 P e2b29311dd49429581bcc57e9f3e8381 [term 1 FOLLOWER]: Leader pre-election lost for term 1. Reason: could not achieve majority
I20260709 12:57:55.704936  1850 consensus_queue.cc:1048] T 1724f934a1e645a7a05a48f74520fd5d P ea538b9b789246a6a831336d2f463674 [LEADER]: Connected to new peer: Peer: permanent_uuid: "e2b29311dd49429581bcc57e9f3e8381" member_type: VOTER last_known_addr { host: "127.0.107.194" port: 36245 }, Status: LMP_MISMATCH, Last received: 0.0, Next index: 1, Last known committed idx: 0, Time since last communication: 0.000s
I20260709 12:57:55.711370  1714 tablet_bootstrap.cc:654] T 488982277e1748bfb147751d5c82f270 P 4fda34520cc54cf1a6635d5e188793ce: Neither blocks nor log segments found. Creating new log.
I20260709 12:57:55.713411  1712 raft_consensus.cc:359] T c46ff984e88b4feebd1f576a6924aaeb P ea538b9b789246a6a831336d2f463674 [term 0 FOLLOWER]: Replica starting. Triggering 0 pending ops. Active config: opid_index: -1 OBSOLETE_local: false peers { permanent_uuid: "ea538b9b789246a6a831336d2f463674" member_type: VOTER last_known_addr { host: "127.0.107.193" port: 38209 } } peers { permanent_uuid: "e2b29311dd49429581bcc57e9f3e8381" member_type: VOTER last_known_addr { host: "127.0.107.194" port: 36245 } } peers { permanent_uuid: "4fda34520cc54cf1a6635d5e188793ce" member_type: VOTER last_known_addr { host: "127.0.107.195" port: 44381 } }
I20260709 12:57:55.717397  1712 raft_consensus.cc:385] T c46ff984e88b4feebd1f576a6924aaeb P ea538b9b789246a6a831336d2f463674 [term 0 FOLLOWER]: Consensus starting up: Expiring failure detector timer to make a prompt election more likely
I20260709 12:57:55.717698  1712 raft_consensus.cc:740] T c46ff984e88b4feebd1f576a6924aaeb P ea538b9b789246a6a831336d2f463674 [term 0 FOLLOWER]: Becoming Follower/Learner. State: Replica: ea538b9b789246a6a831336d2f463674, State: Initialized, Role: FOLLOWER
I20260709 12:57:55.718336  1712 consensus_queue.cc:260] T c46ff984e88b4feebd1f576a6924aaeb P ea538b9b789246a6a831336d2f463674 [NON_LEADER]: Queue going to NON_LEADER mode. State: All replicated index: 0, Majority replicated index: 0, Committed index: 0, Last appended: 0.0, Last appended by leader: 0, Current term: 0, Majority size: -1, State: 0, Mode: NON_LEADER, active raft config: opid_index: -1 OBSOLETE_local: false peers { permanent_uuid: "ea538b9b789246a6a831336d2f463674" member_type: VOTER last_known_addr { host: "127.0.107.193" port: 38209 } } peers { permanent_uuid: "e2b29311dd49429581bcc57e9f3e8381" member_type: VOTER last_known_addr { host: "127.0.107.194" port: 36245 } } peers { permanent_uuid: "4fda34520cc54cf1a6635d5e188793ce" member_type: VOTER last_known_addr { host: "127.0.107.195" port: 44381 } }
I20260709 12:57:55.723984  1712 ts_tablet_manager.cc:1434] T c46ff984e88b4feebd1f576a6924aaeb P ea538b9b789246a6a831336d2f463674: Time spent starting tablet: real 0.027s	user 0.007s	sys 0.001s
I20260709 12:57:55.724977  1712 tablet_bootstrap.cc:492] T b76e87afe2f04b8fbf3e2ed6cb091592 P ea538b9b789246a6a831336d2f463674: Bootstrap starting.
I20260709 12:57:55.733024  1794 consensus_queue.cc:1048] T 7841204b52a24f6abded60af8b7265f8 P 4fda34520cc54cf1a6635d5e188793ce [LEADER]: Connected to new peer: Peer: permanent_uuid: "ea538b9b789246a6a831336d2f463674" member_type: VOTER last_known_addr { host: "127.0.107.193" port: 38209 }, Status: LMP_MISMATCH, Last received: 0.0, Next index: 1, Last known committed idx: 0, Time since last communication: 0.000s
I20260709 12:57:55.751048  1421 catalog_manager.cc:5697] T e7e334505606466b99cef5d917b46f83 P 4fda34520cc54cf1a6635d5e188793ce reported cstate change: term changed from 0 to 1, leader changed from <none> to 4fda34520cc54cf1a6635d5e188793ce (127.0.107.195). New cstate: current_term: 1 leader_uuid: "4fda34520cc54cf1a6635d5e188793ce" committed_config { opid_index: -1 OBSOLETE_local: false peers { permanent_uuid: "ea538b9b789246a6a831336d2f463674" member_type: VOTER last_known_addr { host: "127.0.107.193" port: 38209 } health_report { overall_health: UNKNOWN } } peers { permanent_uuid: "e2b29311dd49429581bcc57e9f3e8381" member_type: VOTER last_known_addr { host: "127.0.107.194" port: 36245 } health_report { overall_health: UNKNOWN } } peers { permanent_uuid: "4fda34520cc54cf1a6635d5e188793ce" member_type: VOTER last_known_addr { host: "127.0.107.195" port: 44381 } health_report { overall_health: HEALTHY } } }
I20260709 12:57:55.752817  1714 tablet_bootstrap.cc:492] T 488982277e1748bfb147751d5c82f270 P 4fda34520cc54cf1a6635d5e188793ce: No bootstrap required, opened a new log
I20260709 12:57:55.753271  1714 ts_tablet_manager.cc:1403] T 488982277e1748bfb147751d5c82f270 P 4fda34520cc54cf1a6635d5e188793ce: Time spent bootstrapping tablet: real 0.051s	user 0.022s	sys 0.015s
I20260709 12:57:55.756104  1714 raft_consensus.cc:359] T 488982277e1748bfb147751d5c82f270 P 4fda34520cc54cf1a6635d5e188793ce [term 0 FOLLOWER]: Replica starting. Triggering 0 pending ops. Active config: opid_index: -1 OBSOLETE_local: false peers { permanent_uuid: "ea538b9b789246a6a831336d2f463674" member_type: VOTER last_known_addr { host: "127.0.107.193" port: 38209 } } peers { permanent_uuid: "e2b29311dd49429581bcc57e9f3e8381" member_type: VOTER last_known_addr { host: "127.0.107.194" port: 36245 } } peers { permanent_uuid: "4fda34520cc54cf1a6635d5e188793ce" member_type: VOTER last_known_addr { host: "127.0.107.195" port: 44381 } }
I20260709 12:57:55.756765  1714 raft_consensus.cc:385] T 488982277e1748bfb147751d5c82f270 P 4fda34520cc54cf1a6635d5e188793ce [term 0 FOLLOWER]: Consensus starting up: Expiring failure detector timer to make a prompt election more likely
I20260709 12:57:55.757020  1714 raft_consensus.cc:740] T 488982277e1748bfb147751d5c82f270 P 4fda34520cc54cf1a6635d5e188793ce [term 0 FOLLOWER]: Becoming Follower/Learner. State: Replica: 4fda34520cc54cf1a6635d5e188793ce, State: Initialized, Role: FOLLOWER
I20260709 12:57:55.757633  1714 consensus_queue.cc:260] T 488982277e1748bfb147751d5c82f270 P 4fda34520cc54cf1a6635d5e188793ce [NON_LEADER]: Queue going to NON_LEADER mode. State: All replicated index: 0, Majority replicated index: 0, Committed index: 0, Last appended: 0.0, Last appended by leader: 0, Current term: 0, Majority size: -1, State: 0, Mode: NON_LEADER, active raft config: opid_index: -1 OBSOLETE_local: false peers { permanent_uuid: "ea538b9b789246a6a831336d2f463674" member_type: VOTER last_known_addr { host: "127.0.107.193" port: 38209 } } peers { permanent_uuid: "e2b29311dd49429581bcc57e9f3e8381" member_type: VOTER last_known_addr { host: "127.0.107.194" port: 36245 } } peers { permanent_uuid: "4fda34520cc54cf1a6635d5e188793ce" member_type: VOTER last_known_addr { host: "127.0.107.195" port: 44381 } }
I20260709 12:57:55.759931  1714 ts_tablet_manager.cc:1434] T 488982277e1748bfb147751d5c82f270 P 4fda34520cc54cf1a6635d5e188793ce: Time spent starting tablet: real 0.006s	user 0.007s	sys 0.000s
I20260709 12:57:55.766646  1712 tablet_bootstrap.cc:654] T b76e87afe2f04b8fbf3e2ed6cb091592 P ea538b9b789246a6a831336d2f463674: Neither blocks nor log segments found. Creating new log.
I20260709 12:57:55.767531  1714 tablet_bootstrap.cc:492] T 7eedffc5028243e19cd230a8fede465f P 4fda34520cc54cf1a6635d5e188793ce: Bootstrap starting.
I20260709 12:57:55.771661  1712 tablet_bootstrap.cc:492] T b76e87afe2f04b8fbf3e2ed6cb091592 P ea538b9b789246a6a831336d2f463674: No bootstrap required, opened a new log
I20260709 12:57:55.772039  1712 ts_tablet_manager.cc:1403] T b76e87afe2f04b8fbf3e2ed6cb091592 P ea538b9b789246a6a831336d2f463674: Time spent bootstrapping tablet: real 0.047s	user 0.008s	sys 0.001s
I20260709 12:57:55.773716  1714 tablet_bootstrap.cc:654] T 7eedffc5028243e19cd230a8fede465f P 4fda34520cc54cf1a6635d5e188793ce: Neither blocks nor log segments found. Creating new log.
I20260709 12:57:55.774156  1715 tablet_bootstrap.cc:492] T 063449e9dec54c68928620bf5219cb47 P e2b29311dd49429581bcc57e9f3e8381: No bootstrap required, opened a new log
I20260709 12:57:55.774111  1712 raft_consensus.cc:359] T b76e87afe2f04b8fbf3e2ed6cb091592 P ea538b9b789246a6a831336d2f463674 [term 0 FOLLOWER]: Replica starting. Triggering 0 pending ops. Active config: opid_index: -1 OBSOLETE_local: false peers { permanent_uuid: "ea538b9b789246a6a831336d2f463674" member_type: VOTER last_known_addr { host: "127.0.107.193" port: 38209 } } peers { permanent_uuid: "e2b29311dd49429581bcc57e9f3e8381" member_type: VOTER last_known_addr { host: "127.0.107.194" port: 36245 } } peers { permanent_uuid: "4fda34520cc54cf1a6635d5e188793ce" member_type: VOTER last_known_addr { host: "127.0.107.195" port: 44381 } }
I20260709 12:57:55.774763  1715 ts_tablet_manager.cc:1403] T 063449e9dec54c68928620bf5219cb47 P e2b29311dd49429581bcc57e9f3e8381: Time spent bootstrapping tablet: real 0.120s	user 0.019s	sys 0.004s
I20260709 12:57:55.775035  1712 raft_consensus.cc:385] T b76e87afe2f04b8fbf3e2ed6cb091592 P ea538b9b789246a6a831336d2f463674 [term 0 FOLLOWER]: Consensus starting up: Expiring failure detector timer to make a prompt election more likely
I20260709 12:57:55.775322  1712 raft_consensus.cc:740] T b76e87afe2f04b8fbf3e2ed6cb091592 P ea538b9b789246a6a831336d2f463674 [term 0 FOLLOWER]: Becoming Follower/Learner. State: Replica: ea538b9b789246a6a831336d2f463674, State: Initialized, Role: FOLLOWER
I20260709 12:57:55.775906  1712 consensus_queue.cc:260] T b76e87afe2f04b8fbf3e2ed6cb091592 P ea538b9b789246a6a831336d2f463674 [NON_LEADER]: Queue going to NON_LEADER mode. State: All replicated index: 0, Majority replicated index: 0, Committed index: 0, Last appended: 0.0, Last appended by leader: 0, Current term: 0, Majority size: -1, State: 0, Mode: NON_LEADER, active raft config: opid_index: -1 OBSOLETE_local: false peers { permanent_uuid: "ea538b9b789246a6a831336d2f463674" member_type: VOTER last_known_addr { host: "127.0.107.193" port: 38209 } } peers { permanent_uuid: "e2b29311dd49429581bcc57e9f3e8381" member_type: VOTER last_known_addr { host: "127.0.107.194" port: 36245 } } peers { permanent_uuid: "4fda34520cc54cf1a6635d5e188793ce" member_type: VOTER last_known_addr { host: "127.0.107.195" port: 44381 } }
I20260709 12:57:55.778190  1712 ts_tablet_manager.cc:1434] T b76e87afe2f04b8fbf3e2ed6cb091592 P ea538b9b789246a6a831336d2f463674: Time spent starting tablet: real 0.006s	user 0.003s	sys 0.003s
I20260709 12:57:55.779138  1712 tablet_bootstrap.cc:492] T e173b8c842024ae7885110f320070bf9 P ea538b9b789246a6a831336d2f463674: Bootstrap starting.
I20260709 12:57:55.781544  1715 raft_consensus.cc:359] T 063449e9dec54c68928620bf5219cb47 P e2b29311dd49429581bcc57e9f3e8381 [term 0 FOLLOWER]: Replica starting. Triggering 0 pending ops. Active config: opid_index: -1 OBSOLETE_local: false peers { permanent_uuid: "ea538b9b789246a6a831336d2f463674" member_type: VOTER last_known_addr { host: "127.0.107.193" port: 38209 } } peers { permanent_uuid: "e2b29311dd49429581bcc57e9f3e8381" member_type: VOTER last_known_addr { host: "127.0.107.194" port: 36245 } } peers { permanent_uuid: "4fda34520cc54cf1a6635d5e188793ce" member_type: VOTER last_known_addr { host: "127.0.107.195" port: 44381 } }
I20260709 12:57:55.784796  1712 tablet_bootstrap.cc:654] T e173b8c842024ae7885110f320070bf9 P ea538b9b789246a6a831336d2f463674: Neither blocks nor log segments found. Creating new log.
I20260709 12:57:55.782266  1715 raft_consensus.cc:385] T 063449e9dec54c68928620bf5219cb47 P e2b29311dd49429581bcc57e9f3e8381 [term 0 FOLLOWER]: Consensus starting up: Expiring failure detector timer to make a prompt election more likely
I20260709 12:57:55.790592  1712 tablet_bootstrap.cc:492] T e173b8c842024ae7885110f320070bf9 P ea538b9b789246a6a831336d2f463674: No bootstrap required, opened a new log
I20260709 12:57:55.791074  1712 ts_tablet_manager.cc:1403] T e173b8c842024ae7885110f320070bf9 P ea538b9b789246a6a831336d2f463674: Time spent bootstrapping tablet: real 0.012s	user 0.011s	sys 0.000s
I20260709 12:57:55.791405  1917 raft_consensus.cc:493] T ae3df18bee8048ada5fe500db704602b P ea538b9b789246a6a831336d2f463674 [term 0 FOLLOWER]: Starting pre-election (no leader contacted us within the election timeout)
I20260709 12:57:55.791909  1917 raft_consensus.cc:515] T ae3df18bee8048ada5fe500db704602b P ea538b9b789246a6a831336d2f463674 [term 0 FOLLOWER]: Starting pre-election with config: opid_index: -1 OBSOLETE_local: false peers { permanent_uuid: "ea538b9b789246a6a831336d2f463674" member_type: VOTER last_known_addr { host: "127.0.107.193" port: 38209 } } peers { permanent_uuid: "e2b29311dd49429581bcc57e9f3e8381" member_type: VOTER last_known_addr { host: "127.0.107.194" port: 36245 } } peers { permanent_uuid: "4fda34520cc54cf1a6635d5e188793ce" member_type: VOTER last_known_addr { host: "127.0.107.195" port: 44381 } }
