I20260709 12:57:52.677996  1718 raft_consensus.cc:515] T 8b183b3e7b064ded8a3c8d18c2a24d29 P ea538b9b789246a6a831336d2f463674 [term 0 FOLLOWER]: Starting pre-election with config: opid_index: -1 OBSOLETE_local: false peers { permanent_uuid: "ea538b9b789246a6a831336d2f463674" member_type: VOTER last_known_addr { host: "127.0.107.193" port: 38209 } } peers { permanent_uuid: "e2b29311dd49429581bcc57e9f3e8381" member_type: VOTER last_known_addr { host: "127.0.107.194" port: 36245 } } peers { permanent_uuid: "4fda34520cc54cf1a6635d5e188793ce" member_type: VOTER last_known_addr { host: "127.0.107.195" port: 44381 } }
I20260709 12:57:52.679925  1718 leader_election.cc:290] T 8b183b3e7b064ded8a3c8d18c2a24d29 P ea538b9b789246a6a831336d2f463674 [CANDIDATE]: Term 1 pre-election: Requested pre-vote from peers e2b29311dd49429581bcc57e9f3e8381 (127.0.107.194:36245), 4fda34520cc54cf1a6635d5e188793ce (127.0.107.195:44381)
I20260709 12:57:52.681627  1715 raft_consensus.cc:359] T f4f29261cbe441fbb85f25cbc5a031ef P e2b29311dd49429581bcc57e9f3e8381 [term 0 FOLLOWER]: Replica starting. Triggering 0 pending ops. Active config: opid_index: -1 OBSOLETE_local: false peers { permanent_uuid: "ea538b9b789246a6a831336d2f463674" member_type: VOTER last_known_addr { host: "127.0.107.193" port: 38209 } } peers { permanent_uuid: "e2b29311dd49429581bcc57e9f3e8381" member_type: VOTER last_known_addr { host: "127.0.107.194" port: 36245 } } peers { permanent_uuid: "4fda34520cc54cf1a6635d5e188793ce" member_type: VOTER last_known_addr { host: "127.0.107.195" port: 44381 } }
I20260709 12:57:52.682318  1715 raft_consensus.cc:385] T f4f29261cbe441fbb85f25cbc5a031ef P e2b29311dd49429581bcc57e9f3e8381 [term 0 FOLLOWER]: Consensus starting up: Expiring failure detector timer to make a prompt election more likely
I20260709 12:57:52.682597  1715 raft_consensus.cc:740] T f4f29261cbe441fbb85f25cbc5a031ef P e2b29311dd49429581bcc57e9f3e8381 [term 0 FOLLOWER]: Becoming Follower/Learner. State: Replica: e2b29311dd49429581bcc57e9f3e8381, State: Initialized, Role: FOLLOWER
I20260709 12:57:52.683033  1672 tablet_service.cc:1917] Received RequestConsensusVote() RPC: tablet_id: "8b183b3e7b064ded8a3c8d18c2a24d29" candidate_uuid: "ea538b9b789246a6a831336d2f463674" candidate_term: 1 candidate_status { last_received { term: 0 index: 0 } } ignore_live_leader: false dest_uuid: "4fda34520cc54cf1a6635d5e188793ce" is_pre_election: true
I20260709 12:57:52.683666  1672 raft_consensus.cc:2468] T 8b183b3e7b064ded8a3c8d18c2a24d29 P 4fda34520cc54cf1a6635d5e188793ce [term 0 FOLLOWER]: Leader pre-election vote request: Granting yes vote for candidate ea538b9b789246a6a831336d2f463674 in term 0.
I20260709 12:57:52.684888  1488 leader_election.cc:304] T 8b183b3e7b064ded8a3c8d18c2a24d29 P ea538b9b789246a6a831336d2f463674 [CANDIDATE]: Term 1 pre-election: Election decided. Result: candidate won. Election summary: received 2 responses out of 3 voters: 2 yes votes; 0 no votes. yes voters: 4fda34520cc54cf1a6635d5e188793ce, ea538b9b789246a6a831336d2f463674; no voters: 
I20260709 12:57:52.682487  1597 tablet_service.cc:1917] Received RequestConsensusVote() RPC: tablet_id: "8b183b3e7b064ded8a3c8d18c2a24d29" candidate_uuid: "ea538b9b789246a6a831336d2f463674" candidate_term: 1 candidate_status { last_received { term: 0 index: 0 } } ignore_live_leader: false dest_uuid: "e2b29311dd49429581bcc57e9f3e8381" is_pre_election: true
I20260709 12:57:52.685724  1718 raft_consensus.cc:2804] T 8b183b3e7b064ded8a3c8d18c2a24d29 P ea538b9b789246a6a831336d2f463674 [term 0 FOLLOWER]: Leader pre-election won for term 1
I20260709 12:57:52.686161  1718 raft_consensus.cc:493] T 8b183b3e7b064ded8a3c8d18c2a24d29 P ea538b9b789246a6a831336d2f463674 [term 0 FOLLOWER]: Starting leader election (no leader contacted us within the election timeout)
I20260709 12:57:52.686514  1718 raft_consensus.cc:3060] T 8b183b3e7b064ded8a3c8d18c2a24d29 P ea538b9b789246a6a831336d2f463674 [term 0 FOLLOWER]: Advancing to term 1
W20260709 12:57:52.686863  1487 leader_election.cc:343] T 8b183b3e7b064ded8a3c8d18c2a24d29 P ea538b9b789246a6a831336d2f463674 [CANDIDATE]: Term 1 pre-election: Tablet error from VoteRequest() call to peer e2b29311dd49429581bcc57e9f3e8381 (127.0.107.194:36245): Illegal state: must be running to vote when last-logged opid is not known
I20260709 12:57:52.690121  1712 tablet_bootstrap.cc:492] T df9d4f03635f4f2286aa04e2e66e5d5b P ea538b9b789246a6a831336d2f463674: No bootstrap required, opened a new log
I20260709 12:57:52.690537  1712 ts_tablet_manager.cc:1403] T df9d4f03635f4f2286aa04e2e66e5d5b P ea538b9b789246a6a831336d2f463674: Time spent bootstrapping tablet: real 0.042s	user 0.014s	sys 0.022s
I20260709 12:57:52.685729  1715 consensus_queue.cc:260] T f4f29261cbe441fbb85f25cbc5a031ef P e2b29311dd49429581bcc57e9f3e8381 [NON_LEADER]: Queue going to NON_LEADER mode. State: All replicated index: 0, Majority replicated index: 0, Committed index: 0, Last appended: 0.0, Last appended by leader: 0, Current term: 0, Majority size: -1, State: 0, Mode: NON_LEADER, active raft config: opid_index: -1 OBSOLETE_local: false peers { permanent_uuid: "ea538b9b789246a6a831336d2f463674" member_type: VOTER last_known_addr { host: "127.0.107.193" port: 38209 } } peers { permanent_uuid: "e2b29311dd49429581bcc57e9f3e8381" member_type: VOTER last_known_addr { host: "127.0.107.194" port: 36245 } } peers { permanent_uuid: "4fda34520cc54cf1a6635d5e188793ce" member_type: VOTER last_known_addr { host: "127.0.107.195" port: 44381 } }
I20260709 12:57:52.695719  1715 ts_tablet_manager.cc:1434] T f4f29261cbe441fbb85f25cbc5a031ef P e2b29311dd49429581bcc57e9f3e8381: Time spent starting tablet: real 0.021s	user 0.005s	sys 0.000s
I20260709 12:57:52.696543  1715 tablet_bootstrap.cc:492] T 8b183b3e7b064ded8a3c8d18c2a24d29 P e2b29311dd49429581bcc57e9f3e8381: Bootstrap starting.
I20260709 12:57:52.703836  1718 raft_consensus.cc:515] T 8b183b3e7b064ded8a3c8d18c2a24d29 P ea538b9b789246a6a831336d2f463674 [term 1 FOLLOWER]: Starting leader election with config: opid_index: -1 OBSOLETE_local: false peers { permanent_uuid: "ea538b9b789246a6a831336d2f463674" member_type: VOTER last_known_addr { host: "127.0.107.193" port: 38209 } } peers { permanent_uuid: "e2b29311dd49429581bcc57e9f3e8381" member_type: VOTER last_known_addr { host: "127.0.107.194" port: 36245 } } peers { permanent_uuid: "4fda34520cc54cf1a6635d5e188793ce" member_type: VOTER last_known_addr { host: "127.0.107.195" port: 44381 } }
I20260709 12:57:52.704648  1712 raft_consensus.cc:359] T df9d4f03635f4f2286aa04e2e66e5d5b P ea538b9b789246a6a831336d2f463674 [term 0 FOLLOWER]: Replica starting. Triggering 0 pending ops. Active config: opid_index: -1 OBSOLETE_local: false peers { permanent_uuid: "ea538b9b789246a6a831336d2f463674" member_type: VOTER last_known_addr { host: "127.0.107.193" port: 38209 } } peers { permanent_uuid: "e2b29311dd49429581bcc57e9f3e8381" member_type: VOTER last_known_addr { host: "127.0.107.194" port: 36245 } } peers { permanent_uuid: "4fda34520cc54cf1a6635d5e188793ce" member_type: VOTER last_known_addr { host: "127.0.107.195" port: 44381 } }
I20260709 12:57:52.705274  1712 raft_consensus.cc:385] T df9d4f03635f4f2286aa04e2e66e5d5b P ea538b9b789246a6a831336d2f463674 [term 0 FOLLOWER]: Consensus starting up: Expiring failure detector timer to make a prompt election more likely
I20260709 12:57:52.705448  1712 raft_consensus.cc:740] T df9d4f03635f4f2286aa04e2e66e5d5b P ea538b9b789246a6a831336d2f463674 [term 0 FOLLOWER]: Becoming Follower/Learner. State: Replica: ea538b9b789246a6a831336d2f463674, State: Initialized, Role: FOLLOWER
I20260709 12:57:52.706653  1597 tablet_service.cc:1917] Received RequestConsensusVote() RPC: tablet_id: "8b183b3e7b064ded8a3c8d18c2a24d29" candidate_uuid: "ea538b9b789246a6a831336d2f463674" candidate_term: 1 candidate_status { last_received { term: 0 index: 0 } } ignore_live_leader: false dest_uuid: "e2b29311dd49429581bcc57e9f3e8381"
I20260709 12:57:52.706646  1712 consensus_queue.cc:260] T df9d4f03635f4f2286aa04e2e66e5d5b P ea538b9b789246a6a831336d2f463674 [NON_LEADER]: Queue going to NON_LEADER mode. State: All replicated index: 0, Majority replicated index: 0, Committed index: 0, Last appended: 0.0, Last appended by leader: 0, Current term: 0, Majority size: -1, State: 0, Mode: NON_LEADER, active raft config: opid_index: -1 OBSOLETE_local: false peers { permanent_uuid: "ea538b9b789246a6a831336d2f463674" member_type: VOTER last_known_addr { host: "127.0.107.193" port: 38209 } } peers { permanent_uuid: "e2b29311dd49429581bcc57e9f3e8381" member_type: VOTER last_known_addr { host: "127.0.107.194" port: 36245 } } peers { permanent_uuid: "4fda34520cc54cf1a6635d5e188793ce" member_type: VOTER last_known_addr { host: "127.0.107.195" port: 44381 } }
W20260709 12:57:52.708138  1487 leader_election.cc:343] T 8b183b3e7b064ded8a3c8d18c2a24d29 P ea538b9b789246a6a831336d2f463674 [CANDIDATE]: Term 1 election: Tablet error from VoteRequest() call to peer e2b29311dd49429581bcc57e9f3e8381 (127.0.107.194:36245): Illegal state: must be running to vote when last-logged opid is not known
I20260709 12:57:52.710808  1672 tablet_service.cc:1917] Received RequestConsensusVote() RPC: tablet_id: "8b183b3e7b064ded8a3c8d18c2a24d29" candidate_uuid: "ea538b9b789246a6a831336d2f463674" candidate_term: 1 candidate_status { last_received { term: 0 index: 0 } } ignore_live_leader: false dest_uuid: "4fda34520cc54cf1a6635d5e188793ce"
I20260709 12:57:52.711347  1672 raft_consensus.cc:3060] T 8b183b3e7b064ded8a3c8d18c2a24d29 P 4fda34520cc54cf1a6635d5e188793ce [term 0 FOLLOWER]: Advancing to term 1
I20260709 12:57:52.713829  1750 raft_consensus.cc:493] T f4f29261cbe441fbb85f25cbc5a031ef P 4fda34520cc54cf1a6635d5e188793ce [term 0 FOLLOWER]: Starting pre-election (no leader contacted us within the election timeout)
I20260709 12:57:52.709589  1718 leader_election.cc:290] T 8b183b3e7b064ded8a3c8d18c2a24d29 P ea538b9b789246a6a831336d2f463674 [CANDIDATE]: Term 1 election: Requested vote from peers e2b29311dd49429581bcc57e9f3e8381 (127.0.107.194:36245), 4fda34520cc54cf1a6635d5e188793ce (127.0.107.195:44381)
I20260709 12:57:52.714079  1715 tablet_bootstrap.cc:654] T 8b183b3e7b064ded8a3c8d18c2a24d29 P e2b29311dd49429581bcc57e9f3e8381: Neither blocks nor log segments found. Creating new log.
I20260709 12:57:52.715142  1712 ts_tablet_manager.cc:1434] T df9d4f03635f4f2286aa04e2e66e5d5b P ea538b9b789246a6a831336d2f463674: Time spent starting tablet: real 0.024s	user 0.005s	sys 0.002s
I20260709 12:57:52.715801  1712 tablet_bootstrap.cc:492] T d0ef0cca5f1d47f3bea39dfa743e80c1 P ea538b9b789246a6a831336d2f463674: Bootstrap starting.
I20260709 12:57:52.714320  1750 raft_consensus.cc:515] T f4f29261cbe441fbb85f25cbc5a031ef P 4fda34520cc54cf1a6635d5e188793ce [term 0 FOLLOWER]: Starting pre-election with config: opid_index: -1 OBSOLETE_local: false peers { permanent_uuid: "ea538b9b789246a6a831336d2f463674" member_type: VOTER last_known_addr { host: "127.0.107.193" port: 38209 } } peers { permanent_uuid: "e2b29311dd49429581bcc57e9f3e8381" member_type: VOTER last_known_addr { host: "127.0.107.194" port: 36245 } } peers { permanent_uuid: "4fda34520cc54cf1a6635d5e188793ce" member_type: VOTER last_known_addr { host: "127.0.107.195" port: 44381 } }
I20260709 12:57:52.716411  1776 raft_consensus.cc:493] T dbde77913c9b4e4a8399c124b46203ce P e2b29311dd49429581bcc57e9f3e8381 [term 0 FOLLOWER]: Starting pre-election (no leader contacted us within the election timeout)
I20260709 12:57:52.717868  1750 leader_election.cc:290] T f4f29261cbe441fbb85f25cbc5a031ef P 4fda34520cc54cf1a6635d5e188793ce [CANDIDATE]: Term 1 pre-election: Requested pre-vote from peers ea538b9b789246a6a831336d2f463674 (127.0.107.193:38209), e2b29311dd49429581bcc57e9f3e8381 (127.0.107.194:36245)
I20260709 12:57:52.718541  1523 tablet_service.cc:1917] Received RequestConsensusVote() RPC: tablet_id: "f4f29261cbe441fbb85f25cbc5a031ef" candidate_uuid: "4fda34520cc54cf1a6635d5e188793ce" candidate_term: 1 candidate_status { last_received { term: 0 index: 0 } } ignore_live_leader: false dest_uuid: "ea538b9b789246a6a831336d2f463674" is_pre_election: true
I20260709 12:57:52.719626  1597 tablet_service.cc:1917] Received RequestConsensusVote() RPC: tablet_id: "f4f29261cbe441fbb85f25cbc5a031ef" candidate_uuid: "4fda34520cc54cf1a6635d5e188793ce" candidate_term: 1 candidate_status { last_received { term: 0 index: 0 } } ignore_live_leader: false dest_uuid: "e2b29311dd49429581bcc57e9f3e8381" is_pre_election: true
I20260709 12:57:52.719890  1523 raft_consensus.cc:2468] T f4f29261cbe441fbb85f25cbc5a031ef P ea538b9b789246a6a831336d2f463674 [term 0 FOLLOWER]: Leader pre-election vote request: Granting yes vote for candidate 4fda34520cc54cf1a6635d5e188793ce in term 0.
I20260709 12:57:52.720191  1597 raft_consensus.cc:2468] T f4f29261cbe441fbb85f25cbc5a031ef P e2b29311dd49429581bcc57e9f3e8381 [term 0 FOLLOWER]: Leader pre-election vote request: Granting yes vote for candidate 4fda34520cc54cf1a6635d5e188793ce in term 0.
I20260709 12:57:52.721102  1637 leader_election.cc:304] T f4f29261cbe441fbb85f25cbc5a031ef P 4fda34520cc54cf1a6635d5e188793ce [CANDIDATE]: Term 1 pre-election: Election decided. Result: candidate won. Election summary: received 2 responses out of 3 voters: 2 yes votes; 0 no votes. yes voters: 4fda34520cc54cf1a6635d5e188793ce, ea538b9b789246a6a831336d2f463674; no voters: 
I20260709 12:57:52.722254  1750 raft_consensus.cc:2804] T f4f29261cbe441fbb85f25cbc5a031ef P 4fda34520cc54cf1a6635d5e188793ce [term 0 FOLLOWER]: Leader pre-election won for term 1
I20260709 12:57:52.722529  1750 raft_consensus.cc:493] T f4f29261cbe441fbb85f25cbc5a031ef P 4fda34520cc54cf1a6635d5e188793ce [term 0 FOLLOWER]: Starting leader election (no leader contacted us within the election timeout)
I20260709 12:57:52.722822  1750 raft_consensus.cc:3060] T f4f29261cbe441fbb85f25cbc5a031ef P 4fda34520cc54cf1a6635d5e188793ce [term 0 FOLLOWER]: Advancing to term 1
I20260709 12:57:52.723873  1712 tablet_bootstrap.cc:654] T d0ef0cca5f1d47f3bea39dfa743e80c1 P ea538b9b789246a6a831336d2f463674: Neither blocks nor log segments found. Creating new log.
I20260709 12:57:52.716821  1776 raft_consensus.cc:515] T dbde77913c9b4e4a8399c124b46203ce P e2b29311dd49429581bcc57e9f3e8381 [term 0 FOLLOWER]: Starting pre-election with config: opid_index: -1 OBSOLETE_local: false peers { permanent_uuid: "e2b29311dd49429581bcc57e9f3e8381" member_type: VOTER last_known_addr { host: "127.0.107.194" port: 36245 } } peers { permanent_uuid: "ea538b9b789246a6a831336d2f463674" member_type: VOTER last_known_addr { host: "127.0.107.193" port: 38209 } } peers { permanent_uuid: "4fda34520cc54cf1a6635d5e188793ce" member_type: VOTER last_known_addr { host: "127.0.107.195" port: 44381 } }
I20260709 12:57:52.726066  1714 tablet_bootstrap.cc:492] T d0ef0cca5f1d47f3bea39dfa743e80c1 P 4fda34520cc54cf1a6635d5e188793ce: No bootstrap required, opened a new log
I20260709 12:57:52.726478  1714 ts_tablet_manager.cc:1403] T d0ef0cca5f1d47f3bea39dfa743e80c1 P 4fda34520cc54cf1a6635d5e188793ce: Time spent bootstrapping tablet: real 0.117s	user 0.007s	sys 0.017s
I20260709 12:57:52.727299  1523 tablet_service.cc:1917] Received RequestConsensusVote() RPC: tablet_id: "dbde77913c9b4e4a8399c124b46203ce" candidate_uuid: "e2b29311dd49429581bcc57e9f3e8381" candidate_term: 1 candidate_status { last_received { term: 0 index: 0 } } ignore_live_leader: false dest_uuid: "ea538b9b789246a6a831336d2f463674" is_pre_election: true
I20260709 12:57:52.727900  1523 raft_consensus.cc:2468] T dbde77913c9b4e4a8399c124b46203ce P ea538b9b789246a6a831336d2f463674 [term 0 FOLLOWER]: Leader pre-election vote request: Granting yes vote for candidate e2b29311dd49429581bcc57e9f3e8381 in term 0.
I20260709 12:57:52.728390  1776 leader_election.cc:290] T dbde77913c9b4e4a8399c124b46203ce P e2b29311dd49429581bcc57e9f3e8381 [CANDIDATE]: Term 1 pre-election: Requested pre-vote from peers ea538b9b789246a6a831336d2f463674 (127.0.107.193:38209), 4fda34520cc54cf1a6635d5e188793ce (127.0.107.195:44381)
I20260709 12:57:52.728705  1672 raft_consensus.cc:2468] T 8b183b3e7b064ded8a3c8d18c2a24d29 P 4fda34520cc54cf1a6635d5e188793ce [term 1 FOLLOWER]: Leader election vote request: Granting yes vote for candidate ea538b9b789246a6a831336d2f463674 in term 1.
I20260709 12:57:52.728895  1714 raft_consensus.cc:359] T d0ef0cca5f1d47f3bea39dfa743e80c1 P 4fda34520cc54cf1a6635d5e188793ce [term 0 FOLLOWER]: Replica starting. Triggering 0 pending ops. Active config: opid_index: -1 OBSOLETE_local: false peers { permanent_uuid: "ea538b9b789246a6a831336d2f463674" member_type: VOTER last_known_addr { host: "127.0.107.193" port: 38209 } } peers { permanent_uuid: "e2b29311dd49429581bcc57e9f3e8381" member_type: VOTER last_known_addr { host: "127.0.107.194" port: 36245 } } peers { permanent_uuid: "4fda34520cc54cf1a6635d5e188793ce" member_type: VOTER last_known_addr { host: "127.0.107.195" port: 44381 } }
I20260709 12:57:52.729614  1714 raft_consensus.cc:385] T d0ef0cca5f1d47f3bea39dfa743e80c1 P 4fda34520cc54cf1a6635d5e188793ce [term 0 FOLLOWER]: Consensus starting up: Expiring failure detector timer to make a prompt election more likely
I20260709 12:57:52.729882  1714 raft_consensus.cc:740] T d0ef0cca5f1d47f3bea39dfa743e80c1 P 4fda34520cc54cf1a6635d5e188793ce [term 0 FOLLOWER]: Becoming Follower/Learner. State: Replica: 4fda34520cc54cf1a6635d5e188793ce, State: Initialized, Role: FOLLOWER
I20260709 12:57:52.730445  1714 consensus_queue.cc:260] T d0ef0cca5f1d47f3bea39dfa743e80c1 P 4fda34520cc54cf1a6635d5e188793ce [NON_LEADER]: Queue going to NON_LEADER mode. State: All replicated index: 0, Majority replicated index: 0, Committed index: 0, Last appended: 0.0, Last appended by leader: 0, Current term: 0, Majority size: -1, State: 0, Mode: NON_LEADER, active raft config: opid_index: -1 OBSOLETE_local: false peers { permanent_uuid: "ea538b9b789246a6a831336d2f463674" member_type: VOTER last_known_addr { host: "127.0.107.193" port: 38209 } } peers { permanent_uuid: "e2b29311dd49429581bcc57e9f3e8381" member_type: VOTER last_known_addr { host: "127.0.107.194" port: 36245 } } peers { permanent_uuid: "4fda34520cc54cf1a6635d5e188793ce" member_type: VOTER last_known_addr { host: "127.0.107.195" port: 44381 } }
I20260709 12:57:52.728775  1671 tablet_service.cc:1917] Received RequestConsensusVote() RPC: tablet_id: "dbde77913c9b4e4a8399c124b46203ce" candidate_uuid: "e2b29311dd49429581bcc57e9f3e8381" candidate_term: 1 candidate_status { last_received { term: 0 index: 0 } } ignore_live_leader: false dest_uuid: "4fda34520cc54cf1a6635d5e188793ce" is_pre_election: true
I20260709 12:57:52.732698  1714 ts_tablet_manager.cc:1434] T d0ef0cca5f1d47f3bea39dfa743e80c1 P 4fda34520cc54cf1a6635d5e188793ce: Time spent starting tablet: real 0.006s	user 0.005s	sys 0.000s
I20260709 12:57:52.730294  1488 leader_election.cc:304] T 8b183b3e7b064ded8a3c8d18c2a24d29 P ea538b9b789246a6a831336d2f463674 [CANDIDATE]: Term 1 election: Election decided. Result: candidate won. Election summary: received 3 responses out of 3 voters: 2 yes votes; 1 no votes. yes voters: 4fda34520cc54cf1a6635d5e188793ce, ea538b9b789246a6a831336d2f463674; no voters: e2b29311dd49429581bcc57e9f3e8381
I20260709 12:57:52.733599  1714 tablet_bootstrap.cc:492] T 10b25e48c154438fbb3887353fd57e0f P 4fda34520cc54cf1a6635d5e188793ce: Bootstrap starting.
I20260709 12:57:52.732395  1671 raft_consensus.cc:2468] T dbde77913c9b4e4a8399c124b46203ce P 4fda34520cc54cf1a6635d5e188793ce [term 0 FOLLOWER]: Leader pre-election vote request: Granting yes vote for candidate e2b29311dd49429581bcc57e9f3e8381 in term 0.
I20260709 12:57:52.732663  1725 raft_consensus.cc:493] T df9d4f03635f4f2286aa04e2e66e5d5b P 4fda34520cc54cf1a6635d5e188793ce [term 0 FOLLOWER]: Starting pre-election (no leader contacted us within the election timeout)
I20260709 12:57:52.735080  1718 raft_consensus.cc:2804] T 8b183b3e7b064ded8a3c8d18c2a24d29 P ea538b9b789246a6a831336d2f463674 [term 1 FOLLOWER]: Leader election won for term 1
I20260709 12:57:52.732275  1746 raft_consensus.cc:493] T d939662fa57c473683cbf2860555aec3 P 4fda34520cc54cf1a6635d5e188793ce [term 0 FOLLOWER]: Starting pre-election (no leader contacted us within the election timeout)
I20260709 12:57:52.729650  1563 leader_election.cc:304] T dbde77913c9b4e4a8399c124b46203ce P e2b29311dd49429581bcc57e9f3e8381 [CANDIDATE]: Term 1 pre-election: Election decided. Result: candidate won. Election summary: received 2 responses out of 3 voters: 2 yes votes; 0 no votes. yes voters: e2b29311dd49429581bcc57e9f3e8381, ea538b9b789246a6a831336d2f463674; no voters: 
I20260709 12:57:52.735131  1725 raft_consensus.cc:515] T df9d4f03635f4f2286aa04e2e66e5d5b P 4fda34520cc54cf1a6635d5e188793ce [term 0 FOLLOWER]: Starting pre-election with config: opid_index: -1 OBSOLETE_local: false peers { permanent_uuid: "ea538b9b789246a6a831336d2f463674" member_type: VOTER last_known_addr { host: "127.0.107.193" port: 38209 } } peers { permanent_uuid: "e2b29311dd49429581bcc57e9f3e8381" member_type: VOTER last_known_addr { host: "127.0.107.194" port: 36245 } } peers { permanent_uuid: "4fda34520cc54cf1a6635d5e188793ce" member_type: VOTER last_known_addr { host: "127.0.107.195" port: 44381 } }
I20260709 12:57:52.739063  1746 raft_consensus.cc:515] T d939662fa57c473683cbf2860555aec3 P 4fda34520cc54cf1a6635d5e188793ce [term 0 FOLLOWER]: Starting pre-election with config: opid_index: -1 OBSOLETE_local: false peers { permanent_uuid: "ea538b9b789246a6a831336d2f463674" member_type: VOTER last_known_addr { host: "127.0.107.193" port: 38209 } } peers { permanent_uuid: "e2b29311dd49429581bcc57e9f3e8381" member_type: VOTER last_known_addr { host: "127.0.107.194" port: 36245 } } peers { permanent_uuid: "4fda34520cc54cf1a6635d5e188793ce" member_type: VOTER last_known_addr { host: "127.0.107.195" port: 44381 } }
I20260709 12:57:52.740871  1725 leader_election.cc:290] T df9d4f03635f4f2286aa04e2e66e5d5b P 4fda34520cc54cf1a6635d5e188793ce [CANDIDATE]: Term 1 pre-election: Requested pre-vote from peers ea538b9b789246a6a831336d2f463674 (127.0.107.193:38209), e2b29311dd49429581bcc57e9f3e8381 (127.0.107.194:36245)
I20260709 12:57:52.741551  1746 leader_election.cc:290] T d939662fa57c473683cbf2860555aec3 P 4fda34520cc54cf1a6635d5e188793ce [CANDIDATE]: Term 1 pre-election: Requested pre-vote from peers ea538b9b789246a6a831336d2f463674 (127.0.107.193:38209), e2b29311dd49429581bcc57e9f3e8381 (127.0.107.194:36245)
I20260709 12:57:52.742384  1718 raft_consensus.cc:697] T 8b183b3e7b064ded8a3c8d18c2a24d29 P ea538b9b789246a6a831336d2f463674 [term 1 LEADER]: Becoming Leader. State: Replica: ea538b9b789246a6a831336d2f463674, State: Running, Role: LEADER
I20260709 12:57:52.743096  1523 tablet_service.cc:1917] Received RequestConsensusVote() RPC: tablet_id: "df9d4f03635f4f2286aa04e2e66e5d5b" candidate_uuid: "4fda34520cc54cf1a6635d5e188793ce" candidate_term: 1 candidate_status { last_received { term: 0 index: 0 } } ignore_live_leader: false dest_uuid: "ea538b9b789246a6a831336d2f463674" is_pre_election: true
I20260709 12:57:52.743767  1523 raft_consensus.cc:2468] T df9d4f03635f4f2286aa04e2e66e5d5b P ea538b9b789246a6a831336d2f463674 [term 0 FOLLOWER]: Leader pre-election vote request: Granting yes vote for candidate 4fda34520cc54cf1a6635d5e188793ce in term 0.
I20260709 12:57:52.743338  1718 consensus_queue.cc:237] T 8b183b3e7b064ded8a3c8d18c2a24d29 P ea538b9b789246a6a831336d2f463674 [LEADER]: Queue going to LEADER mode. State: All replicated index: 0, Majority replicated index: 0, Committed index: 0, Last appended: 0.0, Last appended by leader: 0, Current term: 1, Majority size: 2, State: 0, Mode: LEADER, active raft config: opid_index: -1 OBSOLETE_local: false peers { permanent_uuid: "ea538b9b789246a6a831336d2f463674" member_type: VOTER last_known_addr { host: "127.0.107.193" port: 38209 } } peers { permanent_uuid: "e2b29311dd49429581bcc57e9f3e8381" member_type: VOTER last_known_addr { host: "127.0.107.194" port: 36245 } } peers { permanent_uuid: "4fda34520cc54cf1a6635d5e188793ce" member_type: VOTER last_known_addr { host: "127.0.107.195" port: 44381 } }
I20260709 12:57:52.746606  1750 raft_consensus.cc:515] T f4f29261cbe441fbb85f25cbc5a031ef P 4fda34520cc54cf1a6635d5e188793ce [term 1 FOLLOWER]: Starting leader election with config: opid_index: -1 OBSOLETE_local: false peers { permanent_uuid: "ea538b9b789246a6a831336d2f463674" member_type: VOTER last_known_addr { host: "127.0.107.193" port: 38209 } } peers { permanent_uuid: "e2b29311dd49429581bcc57e9f3e8381" member_type: VOTER last_known_addr { host: "127.0.107.194" port: 36245 } } peers { permanent_uuid: "4fda34520cc54cf1a6635d5e188793ce" member_type: VOTER last_known_addr { host: "127.0.107.195" port: 44381 } }
I20260709 12:57:52.753314  1776 raft_consensus.cc:2804] T dbde77913c9b4e4a8399c124b46203ce P e2b29311dd49429581bcc57e9f3e8381 [term 0 FOLLOWER]: Leader pre-election won for term 1
I20260709 12:57:52.758440  1750 leader_election.cc:290] T f4f29261cbe441fbb85f25cbc5a031ef P 4fda34520cc54cf1a6635d5e188793ce [CANDIDATE]: Term 1 election: Requested vote from peers ea538b9b789246a6a831336d2f463674 (127.0.107.193:38209), e2b29311dd49429581bcc57e9f3e8381 (127.0.107.194:36245)
I20260709 12:57:52.760062  1597 tablet_service.cc:1917] Received RequestConsensusVote() RPC: tablet_id: "df9d4f03635f4f2286aa04e2e66e5d5b" candidate_uuid: "4fda34520cc54cf1a6635d5e188793ce" candidate_term: 1 candidate_status { last_received { term: 0 index: 0 } } ignore_live_leader: false dest_uuid: "e2b29311dd49429581bcc57e9f3e8381" is_pre_election: true
I20260709 12:57:52.760435  1598 tablet_service.cc:1917] Received RequestConsensusVote() RPC: tablet_id: "d939662fa57c473683cbf2860555aec3" candidate_uuid: "4fda34520cc54cf1a6635d5e188793ce" candidate_term: 1 candidate_status { last_received { term: 0 index: 0 } } ignore_live_leader: false dest_uuid: "e2b29311dd49429581bcc57e9f3e8381" is_pre_election: true
I20260709 12:57:52.760746  1597 raft_consensus.cc:2468] T df9d4f03635f4f2286aa04e2e66e5d5b P e2b29311dd49429581bcc57e9f3e8381 [term 0 FOLLOWER]: Leader pre-election vote request: Granting yes vote for candidate 4fda34520cc54cf1a6635d5e188793ce in term 0.
I20260709 12:57:52.761020  1598 raft_consensus.cc:2468] T d939662fa57c473683cbf2860555aec3 P e2b29311dd49429581bcc57e9f3e8381 [term 0 FOLLOWER]: Leader pre-election vote request: Granting yes vote for candidate 4fda34520cc54cf1a6635d5e188793ce in term 0.
I20260709 12:57:52.762493  1598 tablet_service.cc:1917] Received RequestConsensusVote() RPC: tablet_id: "f4f29261cbe441fbb85f25cbc5a031ef" candidate_uuid: "4fda34520cc54cf1a6635d5e188793ce" candidate_term: 1 candidate_status { last_received { term: 0 index: 0 } } ignore_live_leader: false dest_uuid: "e2b29311dd49429581bcc57e9f3e8381"
I20260709 12:57:52.762571  1765 consensus_queue.cc:1048] T ae4fee9d5e034e9ea2f7c6c4f850873c P ea538b9b789246a6a831336d2f463674 [LEADER]: Connected to new peer: Peer: permanent_uuid: "e2b29311dd49429581bcc57e9f3e8381" member_type: VOTER last_known_addr { host: "127.0.107.194" port: 36245 }, Status: LMP_MISMATCH, Last received: 0.0, Next index: 1, Last known committed idx: 0, Time since last communication: 0.001s
I20260709 12:57:52.763121  1598 raft_consensus.cc:3060] T f4f29261cbe441fbb85f25cbc5a031ef P e2b29311dd49429581bcc57e9f3e8381 [term 0 FOLLOWER]: Advancing to term 1
I20260709 12:57:52.765949  1636 leader_election.cc:304] T df9d4f03635f4f2286aa04e2e66e5d5b P 4fda34520cc54cf1a6635d5e188793ce [CANDIDATE]: Term 1 pre-election: Election decided. Result: candidate won. Election summary: received 2 responses out of 3 voters: 2 yes votes; 0 no votes. yes voters: 4fda34520cc54cf1a6635d5e188793ce, e2b29311dd49429581bcc57e9f3e8381; no voters: 
I20260709 12:57:52.767688  1746 raft_consensus.cc:2804] T df9d4f03635f4f2286aa04e2e66e5d5b P 4fda34520cc54cf1a6635d5e188793ce [term 0 FOLLOWER]: Leader pre-election won for term 1
I20260709 12:57:52.768093  1746 raft_consensus.cc:493] T df9d4f03635f4f2286aa04e2e66e5d5b P 4fda34520cc54cf1a6635d5e188793ce [term 0 FOLLOWER]: Starting leader election (no leader contacted us within the election timeout)
I20260709 12:57:52.757972  1776 raft_consensus.cc:493] T dbde77913c9b4e4a8399c124b46203ce P e2b29311dd49429581bcc57e9f3e8381 [term 0 FOLLOWER]: Starting leader election (no leader contacted us within the election timeout)
I20260709 12:57:52.765885  1522 tablet_service.cc:1917] Received RequestConsensusVote() RPC: tablet_id: "f4f29261cbe441fbb85f25cbc5a031ef" candidate_uuid: "4fda34520cc54cf1a6635d5e188793ce" candidate_term: 1 candidate_status { last_received { term: 0 index: 0 } } ignore_live_leader: false dest_uuid: "ea538b9b789246a6a831336d2f463674"
I20260709 12:57:52.770562  1746 raft_consensus.cc:3060] T df9d4f03635f4f2286aa04e2e66e5d5b P 4fda34520cc54cf1a6635d5e188793ce [term 0 FOLLOWER]: Advancing to term 1
I20260709 12:57:52.770889  1522 raft_consensus.cc:3060] T f4f29261cbe441fbb85f25cbc5a031ef P ea538b9b789246a6a831336d2f463674 [term 0 FOLLOWER]: Advancing to term 1
I20260709 12:57:52.774094  1598 raft_consensus.cc:2468] T f4f29261cbe441fbb85f25cbc5a031ef P e2b29311dd49429581bcc57e9f3e8381 [term 1 FOLLOWER]: Leader election vote request: Granting yes vote for candidate 4fda34520cc54cf1a6635d5e188793ce in term 1.
I20260709 12:57:52.775385  1636 leader_election.cc:304] T d939662fa57c473683cbf2860555aec3 P 4fda34520cc54cf1a6635d5e188793ce [CANDIDATE]: Term 1 pre-election: Election decided. Result: candidate won. Election summary: received 2 responses out of 3 voters: 2 yes votes; 0 no votes. yes voters: 4fda34520cc54cf1a6635d5e188793ce, e2b29311dd49429581bcc57e9f3e8381; no voters: 
I20260709 12:57:52.776192  1750 raft_consensus.cc:2804] T d939662fa57c473683cbf2860555aec3 P 4fda34520cc54cf1a6635d5e188793ce [term 0 FOLLOWER]: Leader pre-election won for term 1
I20260709 12:57:52.776600  1750 raft_consensus.cc:493] T d939662fa57c473683cbf2860555aec3 P 4fda34520cc54cf1a6635d5e188793ce [term 0 FOLLOWER]: Starting leader election (no leader contacted us within the election timeout)
I20260709 12:57:52.776963  1750 raft_consensus.cc:3060] T d939662fa57c473683cbf2860555aec3 P 4fda34520cc54cf1a6635d5e188793ce [term 0 FOLLOWER]: Advancing to term 1
I20260709 12:57:52.776993  1746 raft_consensus.cc:515] T df9d4f03635f4f2286aa04e2e66e5d5b P 4fda34520cc54cf1a6635d5e188793ce [term 1 FOLLOWER]: Starting leader election with config: opid_index: -1 OBSOLETE_local: false peers { permanent_uuid: "ea538b9b789246a6a831336d2f463674" member_type: VOTER last_known_addr { host: "127.0.107.193" port: 38209 } } peers { permanent_uuid: "e2b29311dd49429581bcc57e9f3e8381" member_type: VOTER last_known_addr { host: "127.0.107.194" port: 36245 } } peers { permanent_uuid: "4fda34520cc54cf1a6635d5e188793ce" member_type: VOTER last_known_addr { host: "127.0.107.195" port: 44381 } }
I20260709 12:57:52.779924  1523 tablet_service.cc:1917] Received RequestConsensusVote() RPC: tablet_id: "d939662fa57c473683cbf2860555aec3" candidate_uuid: "4fda34520cc54cf1a6635d5e188793ce" candidate_term: 1 candidate_status { last_received { term: 0 index: 0 } } ignore_live_leader: false dest_uuid: "ea538b9b789246a6a831336d2f463674" is_pre_election: true
I20260709 12:57:52.781916  1521 tablet_service.cc:1917] Received RequestConsensusVote() RPC: tablet_id: "df9d4f03635f4f2286aa04e2e66e5d5b" candidate_uuid: "4fda34520cc54cf1a6635d5e188793ce" candidate_term: 1 candidate_status { last_received { term: 0 index: 0 } } ignore_live_leader: false dest_uuid: "ea538b9b789246a6a831336d2f463674"
I20260709 12:57:52.783993  1521 raft_consensus.cc:3060] T df9d4f03635f4f2286aa04e2e66e5d5b P ea538b9b789246a6a831336d2f463674 [term 0 FOLLOWER]: Advancing to term 1
I20260709 12:57:52.785238  1636 leader_election.cc:304] T f4f29261cbe441fbb85f25cbc5a031ef P 4fda34520cc54cf1a6635d5e188793ce [CANDIDATE]: Term 1 election: Election decided. Result: candidate won. Election summary: received 2 responses out of 3 voters: 2 yes votes; 0 no votes. yes voters: 4fda34520cc54cf1a6635d5e188793ce, e2b29311dd49429581bcc57e9f3e8381; no voters: 
I20260709 12:57:52.786048  1725 raft_consensus.cc:2804] T f4f29261cbe441fbb85f25cbc5a031ef P 4fda34520cc54cf1a6635d5e188793ce [term 1 FOLLOWER]: Leader election won for term 1
I20260709 12:57:52.786497  1725 raft_consensus.cc:697] T f4f29261cbe441fbb85f25cbc5a031ef P 4fda34520cc54cf1a6635d5e188793ce [term 1 LEADER]: Becoming Leader. State: Replica: 4fda34520cc54cf1a6635d5e188793ce, State: Running, Role: LEADER
I20260709 12:57:52.787304  1725 consensus_queue.cc:237] T f4f29261cbe441fbb85f25cbc5a031ef P 4fda34520cc54cf1a6635d5e188793ce [LEADER]: Queue going to LEADER mode. State: All replicated index: 0, Majority replicated index: 0, Committed index: 0, Last appended: 0.0, Last appended by leader: 0, Current term: 1, Majority size: 2, State: 0, Mode: LEADER, active raft config: opid_index: -1 OBSOLETE_local: false peers { permanent_uuid: "ea538b9b789246a6a831336d2f463674" member_type: VOTER last_known_addr { host: "127.0.107.193" port: 38209 } } peers { permanent_uuid: "e2b29311dd49429581bcc57e9f3e8381" member_type: VOTER last_known_addr { host: "127.0.107.194" port: 36245 } } peers { permanent_uuid: "4fda34520cc54cf1a6635d5e188793ce" member_type: VOTER last_known_addr { host: "127.0.107.195" port: 44381 } }
I20260709 12:57:52.789160  1750 raft_consensus.cc:515] T d939662fa57c473683cbf2860555aec3 P 4fda34520cc54cf1a6635d5e188793ce [term 1 FOLLOWER]: Starting leader election with config: opid_index: -1 OBSOLETE_local: false peers { permanent_uuid: "ea538b9b789246a6a831336d2f463674" member_type: VOTER last_known_addr { host: "127.0.107.193" port: 38209 } } peers { permanent_uuid: "e2b29311dd49429581bcc57e9f3e8381" member_type: VOTER last_known_addr { host: "127.0.107.194" port: 36245 } } peers { permanent_uuid: "4fda34520cc54cf1a6635d5e188793ce" member_type: VOTER last_known_addr { host: "127.0.107.195" port: 44381 } }
I20260709 12:57:52.791251  1671 raft_consensus.cc:3060] T ae4fee9d5e034e9ea2f7c6c4f850873c P 4fda34520cc54cf1a6635d5e188793ce [term 0 FOLLOWER]: Advancing to term 1
I20260709 12:57:52.791990  1522 raft_consensus.cc:2468] T f4f29261cbe441fbb85f25cbc5a031ef P ea538b9b789246a6a831336d2f463674 [term 1 FOLLOWER]: Leader election vote request: Granting yes vote for candidate 4fda34520cc54cf1a6635d5e188793ce in term 1.
I20260709 12:57:52.792338  1521 raft_consensus.cc:2468] T df9d4f03635f4f2286aa04e2e66e5d5b P ea538b9b789246a6a831336d2f463674 [term 1 FOLLOWER]: Leader election vote request: Granting yes vote for candidate 4fda34520cc54cf1a6635d5e188793ce in term 1.
I20260709 12:57:52.780131  1776 raft_consensus.cc:3060] T dbde77913c9b4e4a8399c124b46203ce P e2b29311dd49429581bcc57e9f3e8381 [term 0 FOLLOWER]: Advancing to term 1
I20260709 12:57:52.797060  1750 leader_election.cc:290] T d939662fa57c473683cbf2860555aec3 P 4fda34520cc54cf1a6635d5e188793ce [CANDIDATE]: Term 1 election: Requested vote from peers ea538b9b789246a6a831336d2f463674 (127.0.107.193:38209), e2b29311dd49429581bcc57e9f3e8381 (127.0.107.194:36245)
I20260709 12:57:52.797408  1746 leader_election.cc:290] T df9d4f03635f4f2286aa04e2e66e5d5b P 4fda34520cc54cf1a6635d5e188793ce [CANDIDATE]: Term 1 election: Requested vote from peers ea538b9b789246a6a831336d2f463674 (127.0.107.193:38209), e2b29311dd49429581bcc57e9f3e8381 (127.0.107.194:36245)
I20260709 12:57:52.783346  1523 raft_consensus.cc:2468] T d939662fa57c473683cbf2860555aec3 P ea538b9b789246a6a831336d2f463674 [term 0 FOLLOWER]: Leader pre-election vote request: Granting yes vote for candidate 4fda34520cc54cf1a6635d5e188793ce in term 0.
I20260709 12:57:52.812529  1765 raft_consensus.cc:493] T f1fbc3cfb744460795c0a24cd47327b2 P ea538b9b789246a6a831336d2f463674 [term 0 FOLLOWER]: Starting pre-election (no leader contacted us within the election timeout)
I20260709 12:57:52.813107  1765 raft_consensus.cc:515] T f1fbc3cfb744460795c0a24cd47327b2 P ea538b9b789246a6a831336d2f463674 [term 0 FOLLOWER]: Starting pre-election with config: opid_index: -1 OBSOLETE_local: false peers { permanent_uuid: "ea538b9b789246a6a831336d2f463674" member_type: VOTER last_known_addr { host: "127.0.107.193" port: 38209 } } peers { permanent_uuid: "e2b29311dd49429581bcc57e9f3e8381" member_type: VOTER last_known_addr { host: "127.0.107.194" port: 36245 } } peers { permanent_uuid: "4fda34520cc54cf1a6635d5e188793ce" member_type: VOTER last_known_addr { host: "127.0.107.195" port: 44381 } }
I20260709 12:57:52.815691  1765 leader_election.cc:290] T f1fbc3cfb744460795c0a24cd47327b2 P ea538b9b789246a6a831336d2f463674 [CANDIDATE]: Term 1 pre-election: Requested pre-vote from peers e2b29311dd49429581bcc57e9f3e8381 (127.0.107.194:36245), 4fda34520cc54cf1a6635d5e188793ce (127.0.107.195:44381)
I20260709 12:57:52.817312  1596 tablet_service.cc:1917] Received RequestConsensusVote() RPC: tablet_id: "d939662fa57c473683cbf2860555aec3" candidate_uuid: "4fda34520cc54cf1a6635d5e188793ce" candidate_term: 1 candidate_status { last_received { term: 0 index: 0 } } ignore_live_leader: false dest_uuid: "e2b29311dd49429581bcc57e9f3e8381"
I20260709 12:57:52.818181  1595 tablet_service.cc:1917] Received RequestConsensusVote() RPC: tablet_id: "f1fbc3cfb744460795c0a24cd47327b2" candidate_uuid: "ea538b9b789246a6a831336d2f463674" candidate_term: 1 candidate_status { last_received { term: 0 index: 0 } } ignore_live_leader: false dest_uuid: "e2b29311dd49429581bcc57e9f3e8381" is_pre_election: true
I20260709 12:57:52.821661  1596 raft_consensus.cc:3060] T d939662fa57c473683cbf2860555aec3 P e2b29311dd49429581bcc57e9f3e8381 [term 0 FOLLOWER]: Advancing to term 1
I20260709 12:57:52.829444  1672 tablet_service.cc:1917] Received RequestConsensusVote() RPC: tablet_id: "f1fbc3cfb744460795c0a24cd47327b2" candidate_uuid: "ea538b9b789246a6a831336d2f463674" candidate_term: 1 candidate_status { last_received { term: 0 index: 0 } } ignore_live_leader: false dest_uuid: "4fda34520cc54cf1a6635d5e188793ce" is_pre_election: true
I20260709 12:57:52.831877  1746 raft_consensus.cc:493] T ae4fee9d5e034e9ea2f7c6c4f850873c P 4fda34520cc54cf1a6635d5e188793ce [term 1 FOLLOWER]: Starting pre-election (no leader contacted us within the election timeout)
I20260709 12:57:52.830722  1715 tablet_bootstrap.cc:492] T 8b183b3e7b064ded8a3c8d18c2a24d29 P e2b29311dd49429581bcc57e9f3e8381: No bootstrap required, opened a new log
I20260709 12:57:52.832587  1715 ts_tablet_manager.cc:1403] T 8b183b3e7b064ded8a3c8d18c2a24d29 P e2b29311dd49429581bcc57e9f3e8381: Time spent bootstrapping tablet: real 0.136s	user 0.013s	sys 0.007s
I20260709 12:57:52.830571  1714 tablet_bootstrap.cc:654] T 10b25e48c154438fbb3887353fd57e0f P 4fda34520cc54cf1a6635d5e188793ce: Neither blocks nor log segments found. Creating new log.
I20260709 12:57:52.831226  1523 tablet_service.cc:1917] Received RequestConsensusVote() RPC: tablet_id: "d939662fa57c473683cbf2860555aec3" candidate_uuid: "4fda34520cc54cf1a6635d5e188793ce" candidate_term: 1 candidate_status { last_received { term: 0 index: 0 } } ignore_live_leader: false dest_uuid: "ea538b9b789246a6a831336d2f463674"
I20260709 12:57:52.833959  1523 raft_consensus.cc:3060] T d939662fa57c473683cbf2860555aec3 P ea538b9b789246a6a831336d2f463674 [term 0 FOLLOWER]: Advancing to term 1
I20260709 12:57:52.833493  1598 tablet_service.cc:1917] Received RequestConsensusVote() RPC: tablet_id: "df9d4f03635f4f2286aa04e2e66e5d5b" candidate_uuid: "4fda34520cc54cf1a6635d5e188793ce" candidate_term: 1 candidate_status { last_received { term: 0 index: 0 } } ignore_live_leader: false dest_uuid: "e2b29311dd49429581bcc57e9f3e8381"
I20260709 12:57:52.835322  1598 raft_consensus.cc:3060] T df9d4f03635f4f2286aa04e2e66e5d5b P e2b29311dd49429581bcc57e9f3e8381 [term 0 FOLLOWER]: Advancing to term 1
I20260709 12:57:52.835887  1715 raft_consensus.cc:359] T 8b183b3e7b064ded8a3c8d18c2a24d29 P e2b29311dd49429581bcc57e9f3e8381 [term 0 FOLLOWER]: Replica starting. Triggering 0 pending ops. Active config: opid_index: -1 OBSOLETE_local: false peers { permanent_uuid: "ea538b9b789246a6a831336d2f463674" member_type: VOTER last_known_addr { host: "127.0.107.193" port: 38209 } } peers { permanent_uuid: "e2b29311dd49429581bcc57e9f3e8381" member_type: VOTER last_known_addr { host: "127.0.107.194" port: 36245 } } peers { permanent_uuid: "4fda34520cc54cf1a6635d5e188793ce" member_type: VOTER last_known_addr { host: "127.0.107.195" port: 44381 } }
I20260709 12:57:52.836573  1715 raft_consensus.cc:385] T 8b183b3e7b064ded8a3c8d18c2a24d29 P e2b29311dd49429581bcc57e9f3e8381 [term 0 FOLLOWER]: Consensus starting up: Expiring failure detector timer to make a prompt election more likely
I20260709 12:57:52.836818  1715 raft_consensus.cc:740] T 8b183b3e7b064ded8a3c8d18c2a24d29 P e2b29311dd49429581bcc57e9f3e8381 [term 0 FOLLOWER]: Becoming Follower/Learner. State: Replica: e2b29311dd49429581bcc57e9f3e8381, State: Initialized, Role: FOLLOWER
I20260709 12:57:52.828378  1750 consensus_queue.cc:1048] T 07e1f89d6ff34b82afd2c237b1e2658e P 4fda34520cc54cf1a6635d5e188793ce [LEADER]: Connected to new peer: Peer: permanent_uuid: "e2b29311dd49429581bcc57e9f3e8381" member_type: VOTER last_known_addr { host: "127.0.107.194" port: 36245 }, Status: LMP_MISMATCH, Last received: 0.0, Next index: 1, Last known committed idx: 0, Time since last communication: 0.004s
I20260709 12:57:52.837491  1715 consensus_queue.cc:260] T 8b183b3e7b064ded8a3c8d18c2a24d29 P e2b29311dd49429581bcc57e9f3e8381 [NON_LEADER]: Queue going to NON_LEADER mode. State: All replicated index: 0, Majority replicated index: 0, Committed index: 0, Last appended: 0.0, Last appended by leader: 0, Current term: 0, Majority size: -1, State: 0, Mode: NON_LEADER, active raft config: opid_index: -1 OBSOLETE_local: false peers { permanent_uuid: "ea538b9b789246a6a831336d2f463674" member_type: VOTER last_known_addr { host: "127.0.107.193" port: 38209 } } peers { permanent_uuid: "e2b29311dd49429581bcc57e9f3e8381" member_type: VOTER last_known_addr { host: "127.0.107.194" port: 36245 } } peers { permanent_uuid: "4fda34520cc54cf1a6635d5e188793ce" member_type: VOTER last_known_addr { host: "127.0.107.195" port: 44381 } }
I20260709 12:57:52.831058  1637 leader_election.cc:304] T df9d4f03635f4f2286aa04e2e66e5d5b P 4fda34520cc54cf1a6635d5e188793ce [CANDIDATE]: Term 1 election: Election decided. Result: candidate won. Election summary: received 2 responses out of 3 voters: 2 yes votes; 0 no votes. yes voters: 4fda34520cc54cf1a6635d5e188793ce, ea538b9b789246a6a831336d2f463674; no voters: 
I20260709 12:57:52.831373  1419 catalog_manager.cc:5697] T 8b183b3e7b064ded8a3c8d18c2a24d29 P ea538b9b789246a6a831336d2f463674 reported cstate change: term changed from 0 to 1, leader changed from <none> to ea538b9b789246a6a831336d2f463674 (127.0.107.193). New cstate: current_term: 1 leader_uuid: "ea538b9b789246a6a831336d2f463674" committed_config { opid_index: -1 OBSOLETE_local: false peers { permanent_uuid: "ea538b9b789246a6a831336d2f463674" member_type: VOTER last_known_addr { host: "127.0.107.193" port: 38209 } health_report { overall_health: HEALTHY } } peers { permanent_uuid: "e2b29311dd49429581bcc57e9f3e8381" member_type: VOTER last_known_addr { host: "127.0.107.194" port: 36245 } health_report { overall_health: UNKNOWN } } peers { permanent_uuid: "4fda34520cc54cf1a6635d5e188793ce" member_type: VOTER last_known_addr { host: "127.0.107.195" port: 44381 } health_report { overall_health: UNKNOWN } } }
I20260709 12:57:52.841696  1715 ts_tablet_manager.cc:1434] T 8b183b3e7b064ded8a3c8d18c2a24d29 P e2b29311dd49429581bcc57e9f3e8381: Time spent starting tablet: real 0.009s	user 0.006s	sys 0.000s
I20260709 12:57:52.842211  1488 leader_election.cc:304] T f1fbc3cfb744460795c0a24cd47327b2 P ea538b9b789246a6a831336d2f463674 [CANDIDATE]: Term 1 pre-election: Election decided. Result: candidate lost. Election summary: received 3 responses out of 3 voters: 1 yes votes; 2 no votes. yes voters: ea538b9b789246a6a831336d2f463674; no voters: 4fda34520cc54cf1a6635d5e188793ce, e2b29311dd49429581bcc57e9f3e8381
I20260709 12:57:52.851087  1598 raft_consensus.cc:2468] T df9d4f03635f4f2286aa04e2e66e5d5b P e2b29311dd49429581bcc57e9f3e8381 [term 1 FOLLOWER]: Leader election vote request: Granting yes vote for candidate 4fda34520cc54cf1a6635d5e188793ce in term 1.
I20260709 12:57:52.851962  1718 raft_consensus.cc:2749] T f1fbc3cfb744460795c0a24cd47327b2 P ea538b9b789246a6a831336d2f463674 [term 0 FOLLOWER]: Leader pre-election lost for term 1. Reason: could not achieve majority
I20260709 12:57:52.844678  1712 tablet_bootstrap.cc:492] T d0ef0cca5f1d47f3bea39dfa743e80c1 P ea538b9b789246a6a831336d2f463674: No bootstrap required, opened a new log
I20260709 12:57:52.852896  1712 ts_tablet_manager.cc:1403] T d0ef0cca5f1d47f3bea39dfa743e80c1 P ea538b9b789246a6a831336d2f463674: Time spent bootstrapping tablet: real 0.137s	user 0.010s	sys 0.005s
I20260709 12:57:52.852706  1718 consensus_queue.cc:1048] T ae4fee9d5e034e9ea2f7c6c4f850873c P ea538b9b789246a6a831336d2f463674 [LEADER]: Connected to new peer: Peer: permanent_uuid: "4fda34520cc54cf1a6635d5e188793ce" member_type: VOTER last_known_addr { host: "127.0.107.195" port: 44381 }, Status: LMP_MISMATCH, Last received: 0.0, Next index: 1, Last known committed idx: 0, Time since last communication: 0.000s
I20260709 12:57:52.856781  1712 raft_consensus.cc:359] T d0ef0cca5f1d47f3bea39dfa743e80c1 P ea538b9b789246a6a831336d2f463674 [term 0 FOLLOWER]: Replica starting. Triggering 0 pending ops. Active config: opid_index: -1 OBSOLETE_local: false peers { permanent_uuid: "ea538b9b789246a6a831336d2f463674" member_type: VOTER last_known_addr { host: "127.0.107.193" port: 38209 } } peers { permanent_uuid: "e2b29311dd49429581bcc57e9f3e8381" member_type: VOTER last_known_addr { host: "127.0.107.194" port: 36245 } } peers { permanent_uuid: "4fda34520cc54cf1a6635d5e188793ce" member_type: VOTER last_known_addr { host: "127.0.107.195" port: 44381 } }
I20260709 12:57:52.857455  1712 raft_consensus.cc:385] T d0ef0cca5f1d47f3bea39dfa743e80c1 P ea538b9b789246a6a831336d2f463674 [term 0 FOLLOWER]: Consensus starting up: Expiring failure detector timer to make a prompt election more likely
I20260709 12:57:52.857705  1712 raft_consensus.cc:740] T d0ef0cca5f1d47f3bea39dfa743e80c1 P ea538b9b789246a6a831336d2f463674 [term 0 FOLLOWER]: Becoming Follower/Learner. State: Replica: ea538b9b789246a6a831336d2f463674, State: Initialized, Role: FOLLOWER
I20260709 12:57:52.858379  1712 consensus_queue.cc:260] T d0ef0cca5f1d47f3bea39dfa743e80c1 P ea538b9b789246a6a831336d2f463674 [NON_LEADER]: Queue going to NON_LEADER mode. State: All replicated index: 0, Majority replicated index: 0, Committed index: 0, Last appended: 0.0, Last appended by leader: 0, Current term: 0, Majority size: -1, State: 0, Mode: NON_LEADER, active raft config: opid_index: -1 OBSOLETE_local: false peers { permanent_uuid: "ea538b9b789246a6a831336d2f463674" member_type: VOTER last_known_addr { host: "127.0.107.193" port: 38209 } } peers { permanent_uuid: "e2b29311dd49429581bcc57e9f3e8381" member_type: VOTER last_known_addr { host: "127.0.107.194" port: 36245 } } peers { permanent_uuid: "4fda34520cc54cf1a6635d5e188793ce" member_type: VOTER last_known_addr { host: "127.0.107.195" port: 44381 } }
I20260709 12:57:52.859862  1715 tablet_bootstrap.cc:492] T 2541f6efba514bfd91f0560acffb3a84 P e2b29311dd49429581bcc57e9f3e8381: Bootstrap starting.
I20260709 12:57:52.863190  1750 raft_consensus.cc:2804] T df9d4f03635f4f2286aa04e2e66e5d5b P 4fda34520cc54cf1a6635d5e188793ce [term 1 FOLLOWER]: Leader election won for term 1
I20260709 12:57:52.863871  1750 raft_consensus.cc:697] T df9d4f03635f4f2286aa04e2e66e5d5b P 4fda34520cc54cf1a6635d5e188793ce [term 1 LEADER]: Becoming Leader. State: Replica: 4fda34520cc54cf1a6635d5e188793ce, State: Running, Role: LEADER
I20260709 12:57:52.865273  1750 consensus_queue.cc:237] T df9d4f03635f4f2286aa04e2e66e5d5b P 4fda34520cc54cf1a6635d5e188793ce [LEADER]: Queue going to LEADER mode. State: All replicated index: 0, Majority replicated index: 0, Committed index: 0, Last appended: 0.0, Last appended by leader: 0, Current term: 1, Majority size: 2, State: 0, Mode: LEADER, active raft config: opid_index: -1 OBSOLETE_local: false peers { permanent_uuid: "ea538b9b789246a6a831336d2f463674" member_type: VOTER last_known_addr { host: "127.0.107.193" port: 38209 } } peers { permanent_uuid: "e2b29311dd49429581bcc57e9f3e8381" member_type: VOTER last_known_addr { host: "127.0.107.194" port: 36245 } } peers { permanent_uuid: "4fda34520cc54cf1a6635d5e188793ce" member_type: VOTER last_known_addr { host: "127.0.107.195" port: 44381 } }
I20260709 12:57:52.846091  1523 raft_consensus.cc:2468] T d939662fa57c473683cbf2860555aec3 P ea538b9b789246a6a831336d2f463674 [term 1 FOLLOWER]: Leader election vote request: Granting yes vote for candidate 4fda34520cc54cf1a6635d5e188793ce in term 1.
I20260709 12:57:52.845921  1776 raft_consensus.cc:515] T dbde77913c9b4e4a8399c124b46203ce P e2b29311dd49429581bcc57e9f3e8381 [term 1 FOLLOWER]: Starting leader election with config: opid_index: -1 OBSOLETE_local: false peers { permanent_uuid: "e2b29311dd49429581bcc57e9f3e8381" member_type: VOTER last_known_addr { host: "127.0.107.194" port: 36245 } } peers { permanent_uuid: "ea538b9b789246a6a831336d2f463674" member_type: VOTER last_known_addr { host: "127.0.107.193" port: 38209 } } peers { permanent_uuid: "4fda34520cc54cf1a6635d5e188793ce" member_type: VOTER last_known_addr { host: "127.0.107.195" port: 44381 } }
I20260709 12:57:52.847878  1741 raft_consensus.cc:493] T 10b25e48c154438fbb3887353fd57e0f P e2b29311dd49429581bcc57e9f3e8381 [term 0 FOLLOWER]: Starting pre-election (no leader contacted us within the election timeout)
