I20260709 13:09:45.104876  1279 catalog_manager.cc:5697] T 4b35c31d4d9a4540945ebe9448120479 P 8828c0034111473fb0400cda5ad97b34 reported cstate change: term changed from 0 to 1, leader changed from <none> to 8828c0034111473fb0400cda5ad97b34 (127.31.250.65). New cstate: current_term: 1 leader_uuid: "8828c0034111473fb0400cda5ad97b34" committed_config { opid_index: -1 OBSOLETE_local: false peers { permanent_uuid: "8828c0034111473fb0400cda5ad97b34" member_type: VOTER last_known_addr { host: "127.31.250.65" port: 42511 } health_report { overall_health: HEALTHY } } peers { permanent_uuid: "40b6ac63bc8a42109b0f0f33a31ecab9" member_type: VOTER last_known_addr { host: "127.31.250.66" port: 44793 } health_report { overall_health: UNKNOWN } } peers { permanent_uuid: "11676d834081423daf5e312ada721e6a" member_type: VOTER last_known_addr { host: "127.31.250.67" port: 40931 } health_report { overall_health: UNKNOWN } } }
I20260709 13:09:45.116078  1572 ts_tablet_manager.cc:1434] T 557ca61f2aa6445db47b8ffca3457cf3 P 11676d834081423daf5e312ada721e6a: Time spent starting tablet: real 0.055s	user 0.005s	sys 0.001s
I20260709 13:09:45.121160  1572 tablet_bootstrap.cc:492] T f2810c5dc8b6459c8b4b5913c9ba3223 P 11676d834081423daf5e312ada721e6a: Bootstrap starting.
I20260709 13:09:45.121225  1532 raft_consensus.cc:2468] T 03cfc9904cd74ccb9b5c6da192adc337 P 11676d834081423daf5e312ada721e6a [term 1 FOLLOWER]: Leader election vote request: Granting yes vote for candidate 8828c0034111473fb0400cda5ad97b34 in term 1.
I20260709 13:09:45.132331  1458 tablet_service.cc:1917] Received RequestConsensusVote() RPC: tablet_id: "b36b5ddd553b49d1b82b80c710149bb2" candidate_uuid: "11676d834081423daf5e312ada721e6a" candidate_term: 1 candidate_status { last_received { term: 0 index: 0 } } ignore_live_leader: false dest_uuid: "40b6ac63bc8a42109b0f0f33a31ecab9"
I20260709 13:09:45.120983  1380 raft_consensus.cc:2468] T b36b5ddd553b49d1b82b80c710149bb2 P 8828c0034111473fb0400cda5ad97b34 [term 1 FOLLOWER]: Leader election vote request: Granting yes vote for candidate 11676d834081423daf5e312ada721e6a in term 1.
W20260709 13:09:45.133458  1497 leader_election.cc:343] T b36b5ddd553b49d1b82b80c710149bb2 P 11676d834081423daf5e312ada721e6a [CANDIDATE]: Term 1 election: Tablet error from VoteRequest() call to peer 40b6ac63bc8a42109b0f0f33a31ecab9 (127.31.250.66:44793): Illegal state: must be running to vote when last-logged opid is not known
I20260709 13:09:45.134212  1496 leader_election.cc:304] T b36b5ddd553b49d1b82b80c710149bb2 P 11676d834081423daf5e312ada721e6a [CANDIDATE]: Term 1 election: Election decided. Result: candidate won. Election summary: received 3 responses out of 3 voters: 2 yes votes; 1 no votes. yes voters: 11676d834081423daf5e312ada721e6a, 8828c0034111473fb0400cda5ad97b34; no voters: 40b6ac63bc8a42109b0f0f33a31ecab9
I20260709 13:09:45.139201  1811 raft_consensus.cc:2804] T b36b5ddd553b49d1b82b80c710149bb2 P 11676d834081423daf5e312ada721e6a [term 1 FOLLOWER]: Leader election won for term 1
I20260709 13:09:45.139722  1811 raft_consensus.cc:697] T b36b5ddd553b49d1b82b80c710149bb2 P 11676d834081423daf5e312ada721e6a [term 1 LEADER]: Becoming Leader. State: Replica: 11676d834081423daf5e312ada721e6a, State: Running, Role: LEADER
I20260709 13:09:45.140508  1811 consensus_queue.cc:237] T b36b5ddd553b49d1b82b80c710149bb2 P 11676d834081423daf5e312ada721e6a [LEADER]: Queue going to LEADER mode. State: All replicated index: 0, Majority replicated index: 0, Committed index: 0, Last appended: 0.0, Last appended by leader: 0, Current term: 1, Majority size: 2, State: 0, Mode: LEADER, active raft config: opid_index: -1 OBSOLETE_local: false peers { permanent_uuid: "8828c0034111473fb0400cda5ad97b34" member_type: VOTER last_known_addr { host: "127.31.250.65" port: 42511 } } peers { permanent_uuid: "40b6ac63bc8a42109b0f0f33a31ecab9" member_type: VOTER last_known_addr { host: "127.31.250.66" port: 44793 } } peers { permanent_uuid: "11676d834081423daf5e312ada721e6a" member_type: VOTER last_known_addr { host: "127.31.250.67" port: 40931 } }
I20260709 13:09:45.145781  1573 tablet_bootstrap.cc:654] T 37df396c63f1413ca79c6e5ce2eeede7 P 40b6ac63bc8a42109b0f0f33a31ecab9: Neither blocks nor log segments found. Creating new log.
I20260709 13:09:45.146343  1572 tablet_bootstrap.cc:654] T f2810c5dc8b6459c8b4b5913c9ba3223 P 11676d834081423daf5e312ada721e6a: Neither blocks nor log segments found. Creating new log.
I20260709 13:09:45.150660  1280 catalog_manager.cc:5697] T 03cfc9904cd74ccb9b5c6da192adc337 P 8828c0034111473fb0400cda5ad97b34 reported cstate change: term changed from 0 to 1, leader changed from <none> to 8828c0034111473fb0400cda5ad97b34 (127.31.250.65). New cstate: current_term: 1 leader_uuid: "8828c0034111473fb0400cda5ad97b34" committed_config { opid_index: -1 OBSOLETE_local: false peers { permanent_uuid: "8828c0034111473fb0400cda5ad97b34" member_type: VOTER last_known_addr { host: "127.31.250.65" port: 42511 } health_report { overall_health: HEALTHY } } peers { permanent_uuid: "40b6ac63bc8a42109b0f0f33a31ecab9" member_type: VOTER last_known_addr { host: "127.31.250.66" port: 44793 } health_report { overall_health: UNKNOWN } } peers { permanent_uuid: "11676d834081423daf5e312ada721e6a" member_type: VOTER last_known_addr { host: "127.31.250.67" port: 40931 } health_report { overall_health: UNKNOWN } } }
I20260709 13:09:45.161466  1576 tablet_bootstrap.cc:492] T 1cc52dbb68b24934a9b53bcf0275cffa P 8828c0034111473fb0400cda5ad97b34: No bootstrap required, opened a new log
I20260709 13:09:45.162036  1576 ts_tablet_manager.cc:1403] T 1cc52dbb68b24934a9b53bcf0275cffa P 8828c0034111473fb0400cda5ad97b34: Time spent bootstrapping tablet: real 0.141s	user 0.008s	sys 0.005s
I20260709 13:09:45.164722  1576 raft_consensus.cc:359] T 1cc52dbb68b24934a9b53bcf0275cffa P 8828c0034111473fb0400cda5ad97b34 [term 0 FOLLOWER]: Replica starting. Triggering 0 pending ops. Active config: opid_index: -1 OBSOLETE_local: false peers { permanent_uuid: "8828c0034111473fb0400cda5ad97b34" member_type: VOTER last_known_addr { host: "127.31.250.65" port: 42511 } } peers { permanent_uuid: "40b6ac63bc8a42109b0f0f33a31ecab9" member_type: VOTER last_known_addr { host: "127.31.250.66" port: 44793 } } peers { permanent_uuid: "11676d834081423daf5e312ada721e6a" member_type: VOTER last_known_addr { host: "127.31.250.67" port: 40931 } }
I20260709 13:09:45.165438  1576 raft_consensus.cc:385] T 1cc52dbb68b24934a9b53bcf0275cffa P 8828c0034111473fb0400cda5ad97b34 [term 0 FOLLOWER]: Consensus starting up: Expiring failure detector timer to make a prompt election more likely
I20260709 13:09:45.165712  1576 raft_consensus.cc:740] T 1cc52dbb68b24934a9b53bcf0275cffa P 8828c0034111473fb0400cda5ad97b34 [term 0 FOLLOWER]: Becoming Follower/Learner. State: Replica: 8828c0034111473fb0400cda5ad97b34, State: Initialized, Role: FOLLOWER
I20260709 13:09:45.166366  1576 consensus_queue.cc:260] T 1cc52dbb68b24934a9b53bcf0275cffa P 8828c0034111473fb0400cda5ad97b34 [NON_LEADER]: Queue going to NON_LEADER mode. State: All replicated index: 0, Majority replicated index: 0, Committed index: 0, Last appended: 0.0, Last appended by leader: 0, Current term: 0, Majority size: -1, State: 0, Mode: NON_LEADER, active raft config: opid_index: -1 OBSOLETE_local: false peers { permanent_uuid: "8828c0034111473fb0400cda5ad97b34" member_type: VOTER last_known_addr { host: "127.31.250.65" port: 42511 } } peers { permanent_uuid: "40b6ac63bc8a42109b0f0f33a31ecab9" member_type: VOTER last_known_addr { host: "127.31.250.66" port: 44793 } } peers { permanent_uuid: "11676d834081423daf5e312ada721e6a" member_type: VOTER last_known_addr { host: "127.31.250.67" port: 40931 } }
I20260709 13:09:45.171469  1576 ts_tablet_manager.cc:1434] T 1cc52dbb68b24934a9b53bcf0275cffa P 8828c0034111473fb0400cda5ad97b34: Time spent starting tablet: real 0.009s	user 0.005s	sys 0.003s
I20260709 13:09:45.173429  1576 tablet_bootstrap.cc:492] T 24886418f10f4a74a9040f979be8de45 P 8828c0034111473fb0400cda5ad97b34: Bootstrap starting.
I20260709 13:09:45.175926  1573 tablet_bootstrap.cc:492] T 37df396c63f1413ca79c6e5ce2eeede7 P 40b6ac63bc8a42109b0f0f33a31ecab9: No bootstrap required, opened a new log
I20260709 13:09:45.176375  1573 ts_tablet_manager.cc:1403] T 37df396c63f1413ca79c6e5ce2eeede7 P 40b6ac63bc8a42109b0f0f33a31ecab9: Time spent bootstrapping tablet: real 0.141s	user 0.003s	sys 0.012s
I20260709 13:09:45.178035  1576 tablet_bootstrap.cc:654] T 24886418f10f4a74a9040f979be8de45 P 8828c0034111473fb0400cda5ad97b34: Neither blocks nor log segments found. Creating new log.
I20260709 13:09:45.178799  1573 raft_consensus.cc:359] T 37df396c63f1413ca79c6e5ce2eeede7 P 40b6ac63bc8a42109b0f0f33a31ecab9 [term 0 FOLLOWER]: Replica starting. Triggering 0 pending ops. Active config: opid_index: -1 OBSOLETE_local: false peers { permanent_uuid: "8828c0034111473fb0400cda5ad97b34" member_type: VOTER last_known_addr { host: "127.31.250.65" port: 42511 } } peers { permanent_uuid: "40b6ac63bc8a42109b0f0f33a31ecab9" member_type: VOTER last_known_addr { host: "127.31.250.66" port: 44793 } } peers { permanent_uuid: "11676d834081423daf5e312ada721e6a" member_type: VOTER last_known_addr { host: "127.31.250.67" port: 40931 } }
I20260709 13:09:45.179477  1573 raft_consensus.cc:385] T 37df396c63f1413ca79c6e5ce2eeede7 P 40b6ac63bc8a42109b0f0f33a31ecab9 [term 0 FOLLOWER]: Consensus starting up: Expiring failure detector timer to make a prompt election more likely
I20260709 13:09:45.179795  1573 raft_consensus.cc:740] T 37df396c63f1413ca79c6e5ce2eeede7 P 40b6ac63bc8a42109b0f0f33a31ecab9 [term 0 FOLLOWER]: Becoming Follower/Learner. State: Replica: 40b6ac63bc8a42109b0f0f33a31ecab9, State: Initialized, Role: FOLLOWER
I20260709 13:09:45.180464  1573 consensus_queue.cc:260] T 37df396c63f1413ca79c6e5ce2eeede7 P 40b6ac63bc8a42109b0f0f33a31ecab9 [NON_LEADER]: Queue going to NON_LEADER mode. State: All replicated index: 0, Majority replicated index: 0, Committed index: 0, Last appended: 0.0, Last appended by leader: 0, Current term: 0, Majority size: -1, State: 0, Mode: NON_LEADER, active raft config: opid_index: -1 OBSOLETE_local: false peers { permanent_uuid: "8828c0034111473fb0400cda5ad97b34" member_type: VOTER last_known_addr { host: "127.31.250.65" port: 42511 } } peers { permanent_uuid: "40b6ac63bc8a42109b0f0f33a31ecab9" member_type: VOTER last_known_addr { host: "127.31.250.66" port: 44793 } } peers { permanent_uuid: "11676d834081423daf5e312ada721e6a" member_type: VOTER last_known_addr { host: "127.31.250.67" port: 40931 } }
I20260709 13:09:45.182758  1279 catalog_manager.cc:5697] T b36b5ddd553b49d1b82b80c710149bb2 P 11676d834081423daf5e312ada721e6a reported cstate change: term changed from 0 to 1, leader changed from <none> to 11676d834081423daf5e312ada721e6a (127.31.250.67). New cstate: current_term: 1 leader_uuid: "11676d834081423daf5e312ada721e6a" committed_config { opid_index: -1 OBSOLETE_local: false peers { permanent_uuid: "8828c0034111473fb0400cda5ad97b34" member_type: VOTER last_known_addr { host: "127.31.250.65" port: 42511 } health_report { overall_health: UNKNOWN } } peers { permanent_uuid: "40b6ac63bc8a42109b0f0f33a31ecab9" member_type: VOTER last_known_addr { host: "127.31.250.66" port: 44793 } health_report { overall_health: UNKNOWN } } peers { permanent_uuid: "11676d834081423daf5e312ada721e6a" member_type: VOTER last_known_addr { host: "127.31.250.67" port: 40931 } health_report { overall_health: HEALTHY } } }
I20260709 13:09:45.191915  1572 tablet_bootstrap.cc:492] T f2810c5dc8b6459c8b4b5913c9ba3223 P 11676d834081423daf5e312ada721e6a: No bootstrap required, opened a new log
I20260709 13:09:45.193967  1572 ts_tablet_manager.cc:1403] T f2810c5dc8b6459c8b4b5913c9ba3223 P 11676d834081423daf5e312ada721e6a: Time spent bootstrapping tablet: real 0.076s	user 0.008s	sys 0.008s
I20260709 13:09:45.196668  1572 raft_consensus.cc:359] T f2810c5dc8b6459c8b4b5913c9ba3223 P 11676d834081423daf5e312ada721e6a [term 0 FOLLOWER]: Replica starting. Triggering 0 pending ops. Active config: opid_index: -1 OBSOLETE_local: false peers { permanent_uuid: "8828c0034111473fb0400cda5ad97b34" member_type: VOTER last_known_addr { host: "127.31.250.65" port: 42511 } } peers { permanent_uuid: "40b6ac63bc8a42109b0f0f33a31ecab9" member_type: VOTER last_known_addr { host: "127.31.250.66" port: 44793 } } peers { permanent_uuid: "11676d834081423daf5e312ada721e6a" member_type: VOTER last_known_addr { host: "127.31.250.67" port: 40931 } }
I20260709 13:09:45.197353  1572 raft_consensus.cc:385] T f2810c5dc8b6459c8b4b5913c9ba3223 P 11676d834081423daf5e312ada721e6a [term 0 FOLLOWER]: Consensus starting up: Expiring failure detector timer to make a prompt election more likely
I20260709 13:09:45.197603  1572 raft_consensus.cc:740] T f2810c5dc8b6459c8b4b5913c9ba3223 P 11676d834081423daf5e312ada721e6a [term 0 FOLLOWER]: Becoming Follower/Learner. State: Replica: 11676d834081423daf5e312ada721e6a, State: Initialized, Role: FOLLOWER
I20260709 13:09:45.198241  1572 consensus_queue.cc:260] T f2810c5dc8b6459c8b4b5913c9ba3223 P 11676d834081423daf5e312ada721e6a [NON_LEADER]: Queue going to NON_LEADER mode. State: All replicated index: 0, Majority replicated index: 0, Committed index: 0, Last appended: 0.0, Last appended by leader: 0, Current term: 0, Majority size: -1, State: 0, Mode: NON_LEADER, active raft config: opid_index: -1 OBSOLETE_local: false peers { permanent_uuid: "8828c0034111473fb0400cda5ad97b34" member_type: VOTER last_known_addr { host: "127.31.250.65" port: 42511 } } peers { permanent_uuid: "40b6ac63bc8a42109b0f0f33a31ecab9" member_type: VOTER last_known_addr { host: "127.31.250.66" port: 44793 } } peers { permanent_uuid: "11676d834081423daf5e312ada721e6a" member_type: VOTER last_known_addr { host: "127.31.250.67" port: 40931 } }
I20260709 13:09:45.200225  1572 ts_tablet_manager.cc:1434] T f2810c5dc8b6459c8b4b5913c9ba3223 P 11676d834081423daf5e312ada721e6a: Time spent starting tablet: real 0.006s	user 0.006s	sys 0.000s
I20260709 13:09:45.201843  1573 ts_tablet_manager.cc:1434] T 37df396c63f1413ca79c6e5ce2eeede7 P 40b6ac63bc8a42109b0f0f33a31ecab9: Time spent starting tablet: real 0.025s	user 0.005s	sys 0.001s
I20260709 13:09:45.202778  1573 tablet_bootstrap.cc:492] T 1cc52dbb68b24934a9b53bcf0275cffa P 40b6ac63bc8a42109b0f0f33a31ecab9: Bootstrap starting.
I20260709 13:09:45.208338  1573 tablet_bootstrap.cc:654] T 1cc52dbb68b24934a9b53bcf0275cffa P 40b6ac63bc8a42109b0f0f33a31ecab9: Neither blocks nor log segments found. Creating new log.
I20260709 13:09:45.201085  1572 tablet_bootstrap.cc:492] T 4b35c31d4d9a4540945ebe9448120479 P 11676d834081423daf5e312ada721e6a: Bootstrap starting.
I20260709 13:09:45.217072  1572 tablet_bootstrap.cc:654] T 4b35c31d4d9a4540945ebe9448120479 P 11676d834081423daf5e312ada721e6a: Neither blocks nor log segments found. Creating new log.
I20260709 13:09:45.217999  1576 tablet_bootstrap.cc:492] T 24886418f10f4a74a9040f979be8de45 P 8828c0034111473fb0400cda5ad97b34: No bootstrap required, opened a new log
I20260709 13:09:45.218379  1576 ts_tablet_manager.cc:1403] T 24886418f10f4a74a9040f979be8de45 P 8828c0034111473fb0400cda5ad97b34: Time spent bootstrapping tablet: real 0.045s	user 0.017s	sys 0.008s
I20260709 13:09:45.222384  1576 raft_consensus.cc:359] T 24886418f10f4a74a9040f979be8de45 P 8828c0034111473fb0400cda5ad97b34 [term 0 FOLLOWER]: Replica starting. Triggering 0 pending ops. Active config: opid_index: -1 OBSOLETE_local: false peers { permanent_uuid: "8828c0034111473fb0400cda5ad97b34" member_type: VOTER last_known_addr { host: "127.31.250.65" port: 42511 } } peers { permanent_uuid: "40b6ac63bc8a42109b0f0f33a31ecab9" member_type: VOTER last_known_addr { host: "127.31.250.66" port: 44793 } } peers { permanent_uuid: "11676d834081423daf5e312ada721e6a" member_type: VOTER last_known_addr { host: "127.31.250.67" port: 40931 } }
I20260709 13:09:45.223490  1576 raft_consensus.cc:385] T 24886418f10f4a74a9040f979be8de45 P 8828c0034111473fb0400cda5ad97b34 [term 0 FOLLOWER]: Consensus starting up: Expiring failure detector timer to make a prompt election more likely
I20260709 13:09:45.223753  1576 raft_consensus.cc:740] T 24886418f10f4a74a9040f979be8de45 P 8828c0034111473fb0400cda5ad97b34 [term 0 FOLLOWER]: Becoming Follower/Learner. State: Replica: 8828c0034111473fb0400cda5ad97b34, State: Initialized, Role: FOLLOWER
I20260709 13:09:45.224303  1576 consensus_queue.cc:260] T 24886418f10f4a74a9040f979be8de45 P 8828c0034111473fb0400cda5ad97b34 [NON_LEADER]: Queue going to NON_LEADER mode. State: All replicated index: 0, Majority replicated index: 0, Committed index: 0, Last appended: 0.0, Last appended by leader: 0, Current term: 0, Majority size: -1, State: 0, Mode: NON_LEADER, active raft config: opid_index: -1 OBSOLETE_local: false peers { permanent_uuid: "8828c0034111473fb0400cda5ad97b34" member_type: VOTER last_known_addr { host: "127.31.250.65" port: 42511 } } peers { permanent_uuid: "40b6ac63bc8a42109b0f0f33a31ecab9" member_type: VOTER last_known_addr { host: "127.31.250.66" port: 44793 } } peers { permanent_uuid: "11676d834081423daf5e312ada721e6a" member_type: VOTER last_known_addr { host: "127.31.250.67" port: 40931 } }
I20260709 13:09:45.227773  1576 ts_tablet_manager.cc:1434] T 24886418f10f4a74a9040f979be8de45 P 8828c0034111473fb0400cda5ad97b34: Time spent starting tablet: real 0.009s	user 0.003s	sys 0.004s
I20260709 13:09:45.228696  1576 tablet_bootstrap.cc:492] T a6e2fa364a694274b24268bff6adaca7 P 8828c0034111473fb0400cda5ad97b34: Bootstrap starting.
I20260709 13:09:45.236253  1576 tablet_bootstrap.cc:654] T a6e2fa364a694274b24268bff6adaca7 P 8828c0034111473fb0400cda5ad97b34: Neither blocks nor log segments found. Creating new log.
I20260709 13:09:45.239751  1756 raft_consensus.cc:493] T 557ca61f2aa6445db47b8ffca3457cf3 P 40b6ac63bc8a42109b0f0f33a31ecab9 [term 0 FOLLOWER]: Starting pre-election (no leader contacted us within the election timeout)
I20260709 13:09:45.243245  1756 raft_consensus.cc:515] T 557ca61f2aa6445db47b8ffca3457cf3 P 40b6ac63bc8a42109b0f0f33a31ecab9 [term 0 FOLLOWER]: Starting pre-election with config: opid_index: -1 OBSOLETE_local: false peers { permanent_uuid: "8828c0034111473fb0400cda5ad97b34" member_type: VOTER last_known_addr { host: "127.31.250.65" port: 42511 } } peers { permanent_uuid: "40b6ac63bc8a42109b0f0f33a31ecab9" member_type: VOTER last_known_addr { host: "127.31.250.66" port: 44793 } } peers { permanent_uuid: "11676d834081423daf5e312ada721e6a" member_type: VOTER last_known_addr { host: "127.31.250.67" port: 40931 } }
I20260709 13:09:45.245528  1756 leader_election.cc:290] T 557ca61f2aa6445db47b8ffca3457cf3 P 40b6ac63bc8a42109b0f0f33a31ecab9 [CANDIDATE]: Term 1 pre-election: Requested pre-vote from peers 8828c0034111473fb0400cda5ad97b34 (127.31.250.65:42511), 11676d834081423daf5e312ada721e6a (127.31.250.67:40931)
I20260709 13:09:45.248433  1572 tablet_bootstrap.cc:492] T 4b35c31d4d9a4540945ebe9448120479 P 11676d834081423daf5e312ada721e6a: No bootstrap required, opened a new log
I20260709 13:09:45.248966  1572 ts_tablet_manager.cc:1403] T 4b35c31d4d9a4540945ebe9448120479 P 11676d834081423daf5e312ada721e6a: Time spent bootstrapping tablet: real 0.048s	user 0.014s	sys 0.007s
I20260709 13:09:45.251585  1572 raft_consensus.cc:359] T 4b35c31d4d9a4540945ebe9448120479 P 11676d834081423daf5e312ada721e6a [term 0 FOLLOWER]: Replica starting. Triggering 0 pending ops. Active config: opid_index: -1 OBSOLETE_local: false peers { permanent_uuid: "8828c0034111473fb0400cda5ad97b34" member_type: VOTER last_known_addr { host: "127.31.250.65" port: 42511 } } peers { permanent_uuid: "40b6ac63bc8a42109b0f0f33a31ecab9" member_type: VOTER last_known_addr { host: "127.31.250.66" port: 44793 } } peers { permanent_uuid: "11676d834081423daf5e312ada721e6a" member_type: VOTER last_known_addr { host: "127.31.250.67" port: 40931 } }
I20260709 13:09:45.252247  1572 raft_consensus.cc:385] T 4b35c31d4d9a4540945ebe9448120479 P 11676d834081423daf5e312ada721e6a [term 0 FOLLOWER]: Consensus starting up: Expiring failure detector timer to make a prompt election more likely
I20260709 13:09:45.252488  1572 raft_consensus.cc:740] T 4b35c31d4d9a4540945ebe9448120479 P 11676d834081423daf5e312ada721e6a [term 0 FOLLOWER]: Becoming Follower/Learner. State: Replica: 11676d834081423daf5e312ada721e6a, State: Initialized, Role: FOLLOWER
I20260709 13:09:45.254959  1573 tablet_bootstrap.cc:492] T 1cc52dbb68b24934a9b53bcf0275cffa P 40b6ac63bc8a42109b0f0f33a31ecab9: No bootstrap required, opened a new log
I20260709 13:09:45.255429  1573 ts_tablet_manager.cc:1403] T 1cc52dbb68b24934a9b53bcf0275cffa P 40b6ac63bc8a42109b0f0f33a31ecab9: Time spent bootstrapping tablet: real 0.053s	user 0.021s	sys 0.000s
I20260709 13:09:45.255901  1380 tablet_service.cc:1917] Received RequestConsensusVote() RPC: tablet_id: "557ca61f2aa6445db47b8ffca3457cf3" candidate_uuid: "40b6ac63bc8a42109b0f0f33a31ecab9" candidate_term: 1 candidate_status { last_received { term: 0 index: 0 } } ignore_live_leader: false dest_uuid: "8828c0034111473fb0400cda5ad97b34" is_pre_election: true
I20260709 13:09:45.256572  1380 raft_consensus.cc:2468] T 557ca61f2aa6445db47b8ffca3457cf3 P 8828c0034111473fb0400cda5ad97b34 [term 0 FOLLOWER]: Leader pre-election vote request: Granting yes vote for candidate 40b6ac63bc8a42109b0f0f33a31ecab9 in term 0.
I20260709 13:09:45.257937  1573 raft_consensus.cc:359] T 1cc52dbb68b24934a9b53bcf0275cffa P 40b6ac63bc8a42109b0f0f33a31ecab9 [term 0 FOLLOWER]: Replica starting. Triggering 0 pending ops. Active config: opid_index: -1 OBSOLETE_local: false peers { permanent_uuid: "8828c0034111473fb0400cda5ad97b34" member_type: VOTER last_known_addr { host: "127.31.250.65" port: 42511 } } peers { permanent_uuid: "40b6ac63bc8a42109b0f0f33a31ecab9" member_type: VOTER last_known_addr { host: "127.31.250.66" port: 44793 } } peers { permanent_uuid: "11676d834081423daf5e312ada721e6a" member_type: VOTER last_known_addr { host: "127.31.250.67" port: 40931 } }
I20260709 13:09:45.258582  1573 raft_consensus.cc:385] T 1cc52dbb68b24934a9b53bcf0275cffa P 40b6ac63bc8a42109b0f0f33a31ecab9 [term 0 FOLLOWER]: Consensus starting up: Expiring failure detector timer to make a prompt election more likely
I20260709 13:09:45.258833  1573 raft_consensus.cc:740] T 1cc52dbb68b24934a9b53bcf0275cffa P 40b6ac63bc8a42109b0f0f33a31ecab9 [term 0 FOLLOWER]: Becoming Follower/Learner. State: Replica: 40b6ac63bc8a42109b0f0f33a31ecab9, State: Initialized, Role: FOLLOWER
I20260709 13:09:45.263100  1804 consensus_queue.cc:1048] T 85cb8b6caead43c0ae057427c508f208 P 8828c0034111473fb0400cda5ad97b34 [LEADER]: Connected to new peer: Peer: permanent_uuid: "11676d834081423daf5e312ada721e6a" member_type: VOTER last_known_addr { host: "127.31.250.67" port: 40931 }, Status: LMP_MISMATCH, Last received: 0.0, Next index: 1, Last known committed idx: 0, Time since last communication: 0.000s
I20260709 13:09:45.264752  1422 leader_election.cc:304] T 557ca61f2aa6445db47b8ffca3457cf3 P 40b6ac63bc8a42109b0f0f33a31ecab9 [CANDIDATE]: Term 1 pre-election: Election decided. Result: candidate won. Election summary: received 2 responses out of 3 voters: 2 yes votes; 0 no votes. yes voters: 40b6ac63bc8a42109b0f0f33a31ecab9, 8828c0034111473fb0400cda5ad97b34; no voters: 
I20260709 13:09:45.270593  1756 raft_consensus.cc:2804] T 557ca61f2aa6445db47b8ffca3457cf3 P 40b6ac63bc8a42109b0f0f33a31ecab9 [term 0 FOLLOWER]: Leader pre-election won for term 1
I20260709 13:09:45.271041  1756 raft_consensus.cc:493] T 557ca61f2aa6445db47b8ffca3457cf3 P 40b6ac63bc8a42109b0f0f33a31ecab9 [term 0 FOLLOWER]: Starting leader election (no leader contacted us within the election timeout)
I20260709 13:09:45.259477  1573 consensus_queue.cc:260] T 1cc52dbb68b24934a9b53bcf0275cffa P 40b6ac63bc8a42109b0f0f33a31ecab9 [NON_LEADER]: Queue going to NON_LEADER mode. State: All replicated index: 0, Majority replicated index: 0, Committed index: 0, Last appended: 0.0, Last appended by leader: 0, Current term: 0, Majority size: -1, State: 0, Mode: NON_LEADER, active raft config: opid_index: -1 OBSOLETE_local: false peers { permanent_uuid: "8828c0034111473fb0400cda5ad97b34" member_type: VOTER last_known_addr { host: "127.31.250.65" port: 42511 } } peers { permanent_uuid: "40b6ac63bc8a42109b0f0f33a31ecab9" member_type: VOTER last_known_addr { host: "127.31.250.66" port: 44793 } } peers { permanent_uuid: "11676d834081423daf5e312ada721e6a" member_type: VOTER last_known_addr { host: "127.31.250.67" port: 40931 } }
I20260709 13:09:45.252393  1811 raft_consensus.cc:493] T 51289a6781544e54b36a37d794b0c826 P 11676d834081423daf5e312ada721e6a [term 0 FOLLOWER]: Starting pre-election (no leader contacted us within the election timeout)
I20260709 13:09:45.269126  1532 tablet_service.cc:1917] Received RequestConsensusVote() RPC: tablet_id: "557ca61f2aa6445db47b8ffca3457cf3" candidate_uuid: "40b6ac63bc8a42109b0f0f33a31ecab9" candidate_term: 1 candidate_status { last_received { term: 0 index: 0 } } ignore_live_leader: false dest_uuid: "11676d834081423daf5e312ada721e6a" is_pre_election: true
I20260709 13:09:45.271672  1811 raft_consensus.cc:515] T 51289a6781544e54b36a37d794b0c826 P 11676d834081423daf5e312ada721e6a [term 0 FOLLOWER]: Starting pre-election with config: opid_index: -1 OBSOLETE_local: false peers { permanent_uuid: "8828c0034111473fb0400cda5ad97b34" member_type: VOTER last_known_addr { host: "127.31.250.65" port: 42511 } } peers { permanent_uuid: "40b6ac63bc8a42109b0f0f33a31ecab9" member_type: VOTER last_known_addr { host: "127.31.250.66" port: 44793 } } peers { permanent_uuid: "11676d834081423daf5e312ada721e6a" member_type: VOTER last_known_addr { host: "127.31.250.67" port: 40931 } }
I20260709 13:09:45.272044  1532 raft_consensus.cc:2468] T 557ca61f2aa6445db47b8ffca3457cf3 P 11676d834081423daf5e312ada721e6a [term 0 FOLLOWER]: Leader pre-election vote request: Granting yes vote for candidate 40b6ac63bc8a42109b0f0f33a31ecab9 in term 0.
I20260709 13:09:45.273792  1811 leader_election.cc:290] T 51289a6781544e54b36a37d794b0c826 P 11676d834081423daf5e312ada721e6a [CANDIDATE]: Term 1 pre-election: Requested pre-vote from peers 8828c0034111473fb0400cda5ad97b34 (127.31.250.65:42511), 40b6ac63bc8a42109b0f0f33a31ecab9 (127.31.250.66:44793)
I20260709 13:09:45.275282  1457 tablet_service.cc:1917] Received RequestConsensusVote() RPC: tablet_id: "51289a6781544e54b36a37d794b0c826" candidate_uuid: "11676d834081423daf5e312ada721e6a" candidate_term: 1 candidate_status { last_received { term: 0 index: 0 } } ignore_live_leader: false dest_uuid: "40b6ac63bc8a42109b0f0f33a31ecab9" is_pre_election: true
I20260709 13:09:45.277319  1573 ts_tablet_manager.cc:1434] T 1cc52dbb68b24934a9b53bcf0275cffa P 40b6ac63bc8a42109b0f0f33a31ecab9: Time spent starting tablet: real 0.022s	user 0.006s	sys 0.000s
I20260709 13:09:45.278409  1573 tablet_bootstrap.cc:492] T 24886418f10f4a74a9040f979be8de45 P 40b6ac63bc8a42109b0f0f33a31ecab9: Bootstrap starting.
I20260709 13:09:45.265892  1572 consensus_queue.cc:260] T 4b35c31d4d9a4540945ebe9448120479 P 11676d834081423daf5e312ada721e6a [NON_LEADER]: Queue going to NON_LEADER mode. State: All replicated index: 0, Majority replicated index: 0, Committed index: 0, Last appended: 0.0, Last appended by leader: 0, Current term: 0, Majority size: -1, State: 0, Mode: NON_LEADER, active raft config: opid_index: -1 OBSOLETE_local: false peers { permanent_uuid: "8828c0034111473fb0400cda5ad97b34" member_type: VOTER last_known_addr { host: "127.31.250.65" port: 42511 } } peers { permanent_uuid: "40b6ac63bc8a42109b0f0f33a31ecab9" member_type: VOTER last_known_addr { host: "127.31.250.66" port: 44793 } } peers { permanent_uuid: "11676d834081423daf5e312ada721e6a" member_type: VOTER last_known_addr { host: "127.31.250.67" port: 40931 } }
I20260709 13:09:45.280841  1572 ts_tablet_manager.cc:1434] T 4b35c31d4d9a4540945ebe9448120479 P 11676d834081423daf5e312ada721e6a: Time spent starting tablet: real 0.032s	user 0.006s	sys 0.000s
I20260709 13:09:45.281663  1572 tablet_bootstrap.cc:492] T 1cc52dbb68b24934a9b53bcf0275cffa P 11676d834081423daf5e312ada721e6a: Bootstrap starting.
I20260709 13:09:45.285306  1573 tablet_bootstrap.cc:654] T 24886418f10f4a74a9040f979be8de45 P 40b6ac63bc8a42109b0f0f33a31ecab9: Neither blocks nor log segments found. Creating new log.
I20260709 13:09:45.286895  1572 tablet_bootstrap.cc:654] T 1cc52dbb68b24934a9b53bcf0275cffa P 11676d834081423daf5e312ada721e6a: Neither blocks nor log segments found. Creating new log.
I20260709 13:09:45.289513  1380 tablet_service.cc:1917] Received RequestConsensusVote() RPC: tablet_id: "51289a6781544e54b36a37d794b0c826" candidate_uuid: "11676d834081423daf5e312ada721e6a" candidate_term: 1 candidate_status { last_received { term: 0 index: 0 } } ignore_live_leader: false dest_uuid: "8828c0034111473fb0400cda5ad97b34" is_pre_election: true
I20260709 13:09:45.290490  1380 raft_consensus.cc:2393] T 51289a6781544e54b36a37d794b0c826 P 8828c0034111473fb0400cda5ad97b34 [term 1 FOLLOWER]: Leader pre-election vote request: Denying vote to candidate 11676d834081423daf5e312ada721e6a in current term 1: Already voted for candidate 40b6ac63bc8a42109b0f0f33a31ecab9 in this term.
I20260709 13:09:45.296185  1573 tablet_bootstrap.cc:492] T 24886418f10f4a74a9040f979be8de45 P 40b6ac63bc8a42109b0f0f33a31ecab9: No bootstrap required, opened a new log
I20260709 13:09:45.296679  1573 ts_tablet_manager.cc:1403] T 24886418f10f4a74a9040f979be8de45 P 40b6ac63bc8a42109b0f0f33a31ecab9: Time spent bootstrapping tablet: real 0.018s	user 0.013s	sys 0.002s
I20260709 13:09:45.299181  1573 raft_consensus.cc:359] T 24886418f10f4a74a9040f979be8de45 P 40b6ac63bc8a42109b0f0f33a31ecab9 [term 0 FOLLOWER]: Replica starting. Triggering 0 pending ops. Active config: opid_index: -1 OBSOLETE_local: false peers { permanent_uuid: "8828c0034111473fb0400cda5ad97b34" member_type: VOTER last_known_addr { host: "127.31.250.65" port: 42511 } } peers { permanent_uuid: "40b6ac63bc8a42109b0f0f33a31ecab9" member_type: VOTER last_known_addr { host: "127.31.250.66" port: 44793 } } peers { permanent_uuid: "11676d834081423daf5e312ada721e6a" member_type: VOTER last_known_addr { host: "127.31.250.67" port: 40931 } }
I20260709 13:09:45.299913  1573 raft_consensus.cc:385] T 24886418f10f4a74a9040f979be8de45 P 40b6ac63bc8a42109b0f0f33a31ecab9 [term 0 FOLLOWER]: Consensus starting up: Expiring failure detector timer to make a prompt election more likely
I20260709 13:09:45.300151  1573 raft_consensus.cc:740] T 24886418f10f4a74a9040f979be8de45 P 40b6ac63bc8a42109b0f0f33a31ecab9 [term 0 FOLLOWER]: Becoming Follower/Learner. State: Replica: 40b6ac63bc8a42109b0f0f33a31ecab9, State: Initialized, Role: FOLLOWER
I20260709 13:09:45.300686  1573 consensus_queue.cc:260] T 24886418f10f4a74a9040f979be8de45 P 40b6ac63bc8a42109b0f0f33a31ecab9 [NON_LEADER]: Queue going to NON_LEADER mode. State: All replicated index: 0, Majority replicated index: 0, Committed index: 0, Last appended: 0.0, Last appended by leader: 0, Current term: 0, Majority size: -1, State: 0, Mode: NON_LEADER, active raft config: opid_index: -1 OBSOLETE_local: false peers { permanent_uuid: "8828c0034111473fb0400cda5ad97b34" member_type: VOTER last_known_addr { host: "127.31.250.65" port: 42511 } } peers { permanent_uuid: "40b6ac63bc8a42109b0f0f33a31ecab9" member_type: VOTER last_known_addr { host: "127.31.250.66" port: 44793 } } peers { permanent_uuid: "11676d834081423daf5e312ada721e6a" member_type: VOTER last_known_addr { host: "127.31.250.67" port: 40931 } }
I20260709 13:09:45.302660  1573 ts_tablet_manager.cc:1434] T 24886418f10f4a74a9040f979be8de45 P 40b6ac63bc8a42109b0f0f33a31ecab9: Time spent starting tablet: real 0.006s	user 0.004s	sys 0.000s
I20260709 13:09:45.303563  1573 tablet_bootstrap.cc:492] T b36b5ddd553b49d1b82b80c710149bb2 P 40b6ac63bc8a42109b0f0f33a31ecab9: Bootstrap starting.
I20260709 13:09:45.308333  1572 tablet_bootstrap.cc:492] T 1cc52dbb68b24934a9b53bcf0275cffa P 11676d834081423daf5e312ada721e6a: No bootstrap required, opened a new log
I20260709 13:09:45.308789  1572 ts_tablet_manager.cc:1403] T 1cc52dbb68b24934a9b53bcf0275cffa P 11676d834081423daf5e312ada721e6a: Time spent bootstrapping tablet: real 0.027s	user 0.008s	sys 0.003s
I20260709 13:09:45.307250  1497 leader_election.cc:304] T 51289a6781544e54b36a37d794b0c826 P 11676d834081423daf5e312ada721e6a [CANDIDATE]: Term 1 pre-election: Election decided. Result: candidate lost. Election summary: received 3 responses out of 3 voters: 1 yes votes; 2 no votes. yes voters: 11676d834081423daf5e312ada721e6a; no voters: 40b6ac63bc8a42109b0f0f33a31ecab9, 8828c0034111473fb0400cda5ad97b34
I20260709 13:09:45.311640  1697 raft_consensus.cc:3060] T 51289a6781544e54b36a37d794b0c826 P 11676d834081423daf5e312ada721e6a [term 0 FOLLOWER]: Advancing to term 1
I20260709 13:09:45.271528  1756 raft_consensus.cc:3060] T 557ca61f2aa6445db47b8ffca3457cf3 P 40b6ac63bc8a42109b0f0f33a31ecab9 [term 0 FOLLOWER]: Advancing to term 1
I20260709 13:09:45.326490  1756 raft_consensus.cc:515] T 557ca61f2aa6445db47b8ffca3457cf3 P 40b6ac63bc8a42109b0f0f33a31ecab9 [term 1 FOLLOWER]: Starting leader election with config: opid_index: -1 OBSOLETE_local: false peers { permanent_uuid: "8828c0034111473fb0400cda5ad97b34" member_type: VOTER last_known_addr { host: "127.31.250.65" port: 42511 } } peers { permanent_uuid: "40b6ac63bc8a42109b0f0f33a31ecab9" member_type: VOTER last_known_addr { host: "127.31.250.66" port: 44793 } } peers { permanent_uuid: "11676d834081423daf5e312ada721e6a" member_type: VOTER last_known_addr { host: "127.31.250.67" port: 40931 } }
I20260709 13:09:45.328271  1804 consensus_queue.cc:1048] T 85cb8b6caead43c0ae057427c508f208 P 8828c0034111473fb0400cda5ad97b34 [LEADER]: Connected to new peer: Peer: permanent_uuid: "40b6ac63bc8a42109b0f0f33a31ecab9" member_type: VOTER last_known_addr { host: "127.31.250.66" port: 44793 }, Status: LMP_MISMATCH, Last received: 0.0, Next index: 1, Last known committed idx: 0, Time since last communication: 0.000s
I20260709 13:09:45.328634  1572 raft_consensus.cc:359] T 1cc52dbb68b24934a9b53bcf0275cffa P 11676d834081423daf5e312ada721e6a [term 0 FOLLOWER]: Replica starting. Triggering 0 pending ops. Active config: opid_index: -1 OBSOLETE_local: false peers { permanent_uuid: "8828c0034111473fb0400cda5ad97b34" member_type: VOTER last_known_addr { host: "127.31.250.65" port: 42511 } } peers { permanent_uuid: "40b6ac63bc8a42109b0f0f33a31ecab9" member_type: VOTER last_known_addr { host: "127.31.250.66" port: 44793 } } peers { permanent_uuid: "11676d834081423daf5e312ada721e6a" member_type: VOTER last_known_addr { host: "127.31.250.67" port: 40931 } }
I20260709 13:09:45.337800  1572 raft_consensus.cc:385] T 1cc52dbb68b24934a9b53bcf0275cffa P 11676d834081423daf5e312ada721e6a [term 0 FOLLOWER]: Consensus starting up: Expiring failure detector timer to make a prompt election more likely
I20260709 13:09:45.338155  1572 raft_consensus.cc:740] T 1cc52dbb68b24934a9b53bcf0275cffa P 11676d834081423daf5e312ada721e6a [term 0 FOLLOWER]: Becoming Follower/Learner. State: Replica: 11676d834081423daf5e312ada721e6a, State: Initialized, Role: FOLLOWER
I20260709 13:09:45.331146  1697 raft_consensus.cc:2749] T 51289a6781544e54b36a37d794b0c826 P 11676d834081423daf5e312ada721e6a [term 1 FOLLOWER]: Leader pre-election lost for term 1. Reason: could not achieve majority
I20260709 13:09:45.338924  1572 consensus_queue.cc:260] T 1cc52dbb68b24934a9b53bcf0275cffa P 11676d834081423daf5e312ada721e6a [NON_LEADER]: Queue going to NON_LEADER mode. State: All replicated index: 0, Majority replicated index: 0, Committed index: 0, Last appended: 0.0, Last appended by leader: 0, Current term: 0, Majority size: -1, State: 0, Mode: NON_LEADER, active raft config: opid_index: -1 OBSOLETE_local: false peers { permanent_uuid: "8828c0034111473fb0400cda5ad97b34" member_type: VOTER last_known_addr { host: "127.31.250.65" port: 42511 } } peers { permanent_uuid: "40b6ac63bc8a42109b0f0f33a31ecab9" member_type: VOTER last_known_addr { host: "127.31.250.66" port: 44793 } } peers { permanent_uuid: "11676d834081423daf5e312ada721e6a" member_type: VOTER last_known_addr { host: "127.31.250.67" port: 40931 } }
I20260709 13:09:45.341869  1572 ts_tablet_manager.cc:1434] T 1cc52dbb68b24934a9b53bcf0275cffa P 11676d834081423daf5e312ada721e6a: Time spent starting tablet: real 0.033s	user 0.005s	sys 0.002s
I20260709 13:09:45.345407  1572 tablet_bootstrap.cc:492] T dfcc180bd7df47bfbfd616ac12e0e20b P 11676d834081423daf5e312ada721e6a: Bootstrap starting.
I20260709 13:09:45.348347  1380 tablet_service.cc:1917] Received RequestConsensusVote() RPC: tablet_id: "557ca61f2aa6445db47b8ffca3457cf3" candidate_uuid: "40b6ac63bc8a42109b0f0f33a31ecab9" candidate_term: 1 candidate_status { last_received { term: 0 index: 0 } } ignore_live_leader: false dest_uuid: "8828c0034111473fb0400cda5ad97b34"
I20260709 13:09:45.344256  1756 leader_election.cc:290] T 557ca61f2aa6445db47b8ffca3457cf3 P 40b6ac63bc8a42109b0f0f33a31ecab9 [CANDIDATE]: Term 1 election: Requested vote from peers 8828c0034111473fb0400cda5ad97b34 (127.31.250.65:42511), 11676d834081423daf5e312ada721e6a (127.31.250.67:40931)
I20260709 13:09:45.348956  1380 raft_consensus.cc:3060] T 557ca61f2aa6445db47b8ffca3457cf3 P 8828c0034111473fb0400cda5ad97b34 [term 0 FOLLOWER]: Advancing to term 1
I20260709 13:09:45.348888  1530 tablet_service.cc:1917] Received RequestConsensusVote() RPC: tablet_id: "557ca61f2aa6445db47b8ffca3457cf3" candidate_uuid: "40b6ac63bc8a42109b0f0f33a31ecab9" candidate_term: 1 candidate_status { last_received { term: 0 index: 0 } } ignore_live_leader: false dest_uuid: "11676d834081423daf5e312ada721e6a"
I20260709 13:09:45.349826  1530 raft_consensus.cc:3060] T 557ca61f2aa6445db47b8ffca3457cf3 P 11676d834081423daf5e312ada721e6a [term 0 FOLLOWER]: Advancing to term 1
I20260709 13:09:45.350343  1573 tablet_bootstrap.cc:654] T b36b5ddd553b49d1b82b80c710149bb2 P 40b6ac63bc8a42109b0f0f33a31ecab9: Neither blocks nor log segments found. Creating new log.
I20260709 13:09:45.352401  1572 tablet_bootstrap.cc:654] T dfcc180bd7df47bfbfd616ac12e0e20b P 11676d834081423daf5e312ada721e6a: Neither blocks nor log segments found. Creating new log.
I20260709 13:09:45.356134  1576 tablet_bootstrap.cc:492] T a6e2fa364a694274b24268bff6adaca7 P 8828c0034111473fb0400cda5ad97b34: No bootstrap required, opened a new log
I20260709 13:09:45.356654  1576 ts_tablet_manager.cc:1403] T a6e2fa364a694274b24268bff6adaca7 P 8828c0034111473fb0400cda5ad97b34: Time spent bootstrapping tablet: real 0.128s	user 0.038s	sys 0.058s
I20260709 13:09:45.359316  1576 raft_consensus.cc:359] T a6e2fa364a694274b24268bff6adaca7 P 8828c0034111473fb0400cda5ad97b34 [term 0 FOLLOWER]: Replica starting. Triggering 0 pending ops. Active config: opid_index: -1 OBSOLETE_local: false peers { permanent_uuid: "8828c0034111473fb0400cda5ad97b34" member_type: VOTER last_known_addr { host: "127.31.250.65" port: 42511 } } peers { permanent_uuid: "40b6ac63bc8a42109b0f0f33a31ecab9" member_type: VOTER last_known_addr { host: "127.31.250.66" port: 44793 } } peers { permanent_uuid: "11676d834081423daf5e312ada721e6a" member_type: VOTER last_known_addr { host: "127.31.250.67" port: 40931 } }
I20260709 13:09:45.360029  1576 raft_consensus.cc:385] T a6e2fa364a694274b24268bff6adaca7 P 8828c0034111473fb0400cda5ad97b34 [term 0 FOLLOWER]: Consensus starting up: Expiring failure detector timer to make a prompt election more likely
I20260709 13:09:45.360292  1576 raft_consensus.cc:740] T a6e2fa364a694274b24268bff6adaca7 P 8828c0034111473fb0400cda5ad97b34 [term 0 FOLLOWER]: Becoming Follower/Learner. State: Replica: 8828c0034111473fb0400cda5ad97b34, State: Initialized, Role: FOLLOWER
I20260709 13:09:45.363847  1572 tablet_bootstrap.cc:492] T dfcc180bd7df47bfbfd616ac12e0e20b P 11676d834081423daf5e312ada721e6a: No bootstrap required, opened a new log
I20260709 13:09:45.364365  1572 ts_tablet_manager.cc:1403] T dfcc180bd7df47bfbfd616ac12e0e20b P 11676d834081423daf5e312ada721e6a: Time spent bootstrapping tablet: real 0.019s	user 0.009s	sys 0.007s
I20260709 13:09:45.368551  1576 consensus_queue.cc:260] T a6e2fa364a694274b24268bff6adaca7 P 8828c0034111473fb0400cda5ad97b34 [NON_LEADER]: Queue going to NON_LEADER mode. State: All replicated index: 0, Majority replicated index: 0, Committed index: 0, Last appended: 0.0, Last appended by leader: 0, Current term: 0, Majority size: -1, State: 0, Mode: NON_LEADER, active raft config: opid_index: -1 OBSOLETE_local: false peers { permanent_uuid: "8828c0034111473fb0400cda5ad97b34" member_type: VOTER last_known_addr { host: "127.31.250.65" port: 42511 } } peers { permanent_uuid: "40b6ac63bc8a42109b0f0f33a31ecab9" member_type: VOTER last_known_addr { host: "127.31.250.66" port: 44793 } } peers { permanent_uuid: "11676d834081423daf5e312ada721e6a" member_type: VOTER last_known_addr { host: "127.31.250.67" port: 40931 } }
I20260709 13:09:45.371539  1572 raft_consensus.cc:359] T dfcc180bd7df47bfbfd616ac12e0e20b P 11676d834081423daf5e312ada721e6a [term 0 FOLLOWER]: Replica starting. Triggering 0 pending ops. Active config: opid_index: -1 OBSOLETE_local: false peers { permanent_uuid: "8828c0034111473fb0400cda5ad97b34" member_type: VOTER last_known_addr { host: "127.31.250.65" port: 42511 } } peers { permanent_uuid: "40b6ac63bc8a42109b0f0f33a31ecab9" member_type: VOTER last_known_addr { host: "127.31.250.66" port: 44793 } } peers { permanent_uuid: "11676d834081423daf5e312ada721e6a" member_type: VOTER last_known_addr { host: "127.31.250.67" port: 40931 } }
I20260709 13:09:45.372251  1572 raft_consensus.cc:385] T dfcc180bd7df47bfbfd616ac12e0e20b P 11676d834081423daf5e312ada721e6a [term 0 FOLLOWER]: Consensus starting up: Expiring failure detector timer to make a prompt election more likely
I20260709 13:09:45.372557  1572 raft_consensus.cc:740] T dfcc180bd7df47bfbfd616ac12e0e20b P 11676d834081423daf5e312ada721e6a [term 0 FOLLOWER]: Becoming Follower/Learner. State: Replica: 11676d834081423daf5e312ada721e6a, State: Initialized, Role: FOLLOWER
I20260709 13:09:45.373293  1572 consensus_queue.cc:260] T dfcc180bd7df47bfbfd616ac12e0e20b P 11676d834081423daf5e312ada721e6a [NON_LEADER]: Queue going to NON_LEADER mode. State: All replicated index: 0, Majority replicated index: 0, Committed index: 0, Last appended: 0.0, Last appended by leader: 0, Current term: 0, Majority size: -1, State: 0, Mode: NON_LEADER, active raft config: opid_index: -1 OBSOLETE_local: false peers { permanent_uuid: "8828c0034111473fb0400cda5ad97b34" member_type: VOTER last_known_addr { host: "127.31.250.65" port: 42511 } } peers { permanent_uuid: "40b6ac63bc8a42109b0f0f33a31ecab9" member_type: VOTER last_known_addr { host: "127.31.250.66" port: 44793 } } peers { permanent_uuid: "11676d834081423daf5e312ada721e6a" member_type: VOTER last_known_addr { host: "127.31.250.67" port: 40931 } }
I20260709 13:09:45.376937  1576 ts_tablet_manager.cc:1434] T a6e2fa364a694274b24268bff6adaca7 P 8828c0034111473fb0400cda5ad97b34: Time spent starting tablet: real 0.020s	user 0.004s	sys 0.003s
I20260709 13:09:45.379282  1572 ts_tablet_manager.cc:1434] T dfcc180bd7df47bfbfd616ac12e0e20b P 11676d834081423daf5e312ada721e6a: Time spent starting tablet: real 0.014s	user 0.006s	sys 0.000s
I20260709 13:09:45.379383  1576 tablet_bootstrap.cc:492] T 99ad5d662afc4a82baf1dd21fcd1968b P 8828c0034111473fb0400cda5ad97b34: Bootstrap starting.
I20260709 13:09:45.381927  1756 raft_consensus.cc:493] T 37df396c63f1413ca79c6e5ce2eeede7 P 40b6ac63bc8a42109b0f0f33a31ecab9 [term 0 FOLLOWER]: Starting pre-election (no leader contacted us within the election timeout)
I20260709 13:09:45.382404  1756 raft_consensus.cc:515] T 37df396c63f1413ca79c6e5ce2eeede7 P 40b6ac63bc8a42109b0f0f33a31ecab9 [term 0 FOLLOWER]: Starting pre-election with config: opid_index: -1 OBSOLETE_local: false peers { permanent_uuid: "8828c0034111473fb0400cda5ad97b34" member_type: VOTER last_known_addr { host: "127.31.250.65" port: 42511 } } peers { permanent_uuid: "40b6ac63bc8a42109b0f0f33a31ecab9" member_type: VOTER last_known_addr { host: "127.31.250.66" port: 44793 } } peers { permanent_uuid: "11676d834081423daf5e312ada721e6a" member_type: VOTER last_known_addr { host: "127.31.250.67" port: 40931 } }
I20260709 13:09:45.373534  1380 raft_consensus.cc:2468] T 557ca61f2aa6445db47b8ffca3457cf3 P 8828c0034111473fb0400cda5ad97b34 [term 1 FOLLOWER]: Leader election vote request: Granting yes vote for candidate 40b6ac63bc8a42109b0f0f33a31ecab9 in term 1.
I20260709 13:09:45.386855  1573 tablet_bootstrap.cc:492] T b36b5ddd553b49d1b82b80c710149bb2 P 40b6ac63bc8a42109b0f0f33a31ecab9: No bootstrap required, opened a new log
I20260709 13:09:45.388836  1379 tablet_service.cc:1917] Received RequestConsensusVote() RPC: tablet_id: "37df396c63f1413ca79c6e5ce2eeede7" candidate_uuid: "40b6ac63bc8a42109b0f0f33a31ecab9" candidate_term: 1 candidate_status { last_received { term: 0 index: 0 } } ignore_live_leader: false dest_uuid: "8828c0034111473fb0400cda5ad97b34" is_pre_election: true
I20260709 13:09:45.384961  1756 leader_election.cc:290] T 37df396c63f1413ca79c6e5ce2eeede7 P 40b6ac63bc8a42109b0f0f33a31ecab9 [CANDIDATE]: Term 1 pre-election: Requested pre-vote from peers 8828c0034111473fb0400cda5ad97b34 (127.31.250.65:42511), 11676d834081423daf5e312ada721e6a (127.31.250.67:40931)
I20260709 13:09:45.400039  1422 leader_election.cc:304] T 557ca61f2aa6445db47b8ffca3457cf3 P 40b6ac63bc8a42109b0f0f33a31ecab9 [CANDIDATE]: Term 1 election: Election decided. Result: candidate won. Election summary: received 2 responses out of 3 voters: 2 yes votes; 0 no votes. yes voters: 40b6ac63bc8a42109b0f0f33a31ecab9, 8828c0034111473fb0400cda5ad97b34; no voters: 
I20260709 13:09:45.411645  1756 raft_consensus.cc:2804] T 557ca61f2aa6445db47b8ffca3457cf3 P 40b6ac63bc8a42109b0f0f33a31ecab9 [term 1 FOLLOWER]: Leader election won for term 1
I20260709 13:09:45.369465  1530 raft_consensus.cc:2468] T 557ca61f2aa6445db47b8ffca3457cf3 P 11676d834081423daf5e312ada721e6a [term 1 FOLLOWER]: Leader election vote request: Granting yes vote for candidate 40b6ac63bc8a42109b0f0f33a31ecab9 in term 1.
I20260709 13:09:45.427629  1811 raft_consensus.cc:493] T 1cc52dbb68b24934a9b53bcf0275cffa P 11676d834081423daf5e312ada721e6a [term 0 FOLLOWER]: Starting pre-election (no leader contacted us within the election timeout)
I20260709 13:09:45.428195  1811 raft_consensus.cc:515] T 1cc52dbb68b24934a9b53bcf0275cffa P 11676d834081423daf5e312ada721e6a [term 0 FOLLOWER]: Starting pre-election with config: opid_index: -1 OBSOLETE_local: false peers { permanent_uuid: "8828c0034111473fb0400cda5ad97b34" member_type: VOTER last_known_addr { host: "127.31.250.65" port: 42511 } } peers { permanent_uuid: "40b6ac63bc8a42109b0f0f33a31ecab9" member_type: VOTER last_known_addr { host: "127.31.250.66" port: 44793 } } peers { permanent_uuid: "11676d834081423daf5e312ada721e6a" member_type: VOTER last_known_addr { host: "127.31.250.67" port: 40931 } }
I20260709 13:09:45.430331  1811 leader_election.cc:290] T 1cc52dbb68b24934a9b53bcf0275cffa P 11676d834081423daf5e312ada721e6a [CANDIDATE]: Term 1 pre-election: Requested pre-vote from peers 8828c0034111473fb0400cda5ad97b34 (127.31.250.65:42511), 40b6ac63bc8a42109b0f0f33a31ecab9 (127.31.250.66:44793)
I20260709 13:09:45.430853  1804 raft_consensus.cc:493] T dfcc180bd7df47bfbfd616ac12e0e20b P 8828c0034111473fb0400cda5ad97b34 [term 0 FOLLOWER]: Starting pre-election (no leader contacted us within the election timeout)
I20260709 13:09:45.431329  1804 raft_consensus.cc:515] T dfcc180bd7df47bfbfd616ac12e0e20b P 8828c0034111473fb0400cda5ad97b34 [term 0 FOLLOWER]: Starting pre-election with config: opid_index: -1 OBSOLETE_local: false peers { permanent_uuid: "8828c0034111473fb0400cda5ad97b34" member_type: VOTER last_known_addr { host: "127.31.250.65" port: 42511 } } peers { permanent_uuid: "40b6ac63bc8a42109b0f0f33a31ecab9" member_type: VOTER last_known_addr { host: "127.31.250.66" port: 44793 } } peers { permanent_uuid: "11676d834081423daf5e312ada721e6a" member_type: VOTER last_known_addr { host: "127.31.250.67" port: 40931 } }
I20260709 13:09:45.433727  1532 tablet_service.cc:1917] Received RequestConsensusVote() RPC: tablet_id: "37df396c63f1413ca79c6e5ce2eeede7" candidate_uuid: "40b6ac63bc8a42109b0f0f33a31ecab9" candidate_term: 1 candidate_status { last_received { term: 0 index: 0 } } ignore_live_leader: false dest_uuid: "11676d834081423daf5e312ada721e6a" is_pre_election: true
I20260709 13:09:45.435657  1458 tablet_service.cc:1917] Received RequestConsensusVote() RPC: tablet_id: "1cc52dbb68b24934a9b53bcf0275cffa" candidate_uuid: "11676d834081423daf5e312ada721e6a" candidate_term: 1 candidate_status { last_received { term: 0 index: 0 } } ignore_live_leader: false dest_uuid: "40b6ac63bc8a42109b0f0f33a31ecab9" is_pre_election: true
I20260709 13:09:45.436183  1458 raft_consensus.cc:2468] T 1cc52dbb68b24934a9b53bcf0275cffa P 40b6ac63bc8a42109b0f0f33a31ecab9 [term 0 FOLLOWER]: Leader pre-election vote request: Granting yes vote for candidate 11676d834081423daf5e312ada721e6a in term 0.
I20260709 13:09:45.436336  1379 tablet_service.cc:1917] Received RequestConsensusVote() RPC: tablet_id: "1cc52dbb68b24934a9b53bcf0275cffa" candidate_uuid: "11676d834081423daf5e312ada721e6a" candidate_term: 1 candidate_status { last_received { term: 0 index: 0 } } ignore_live_leader: false dest_uuid: "8828c0034111473fb0400cda5ad97b34" is_pre_election: true
I20260709 13:09:45.436744  1576 tablet_bootstrap.cc:654] T 99ad5d662afc4a82baf1dd21fcd1968b P 8828c0034111473fb0400cda5ad97b34: Neither blocks nor log segments found. Creating new log.
I20260709 13:09:45.437093  1379 raft_consensus.cc:2468] T 1cc52dbb68b24934a9b53bcf0275cffa P 8828c0034111473fb0400cda5ad97b34 [term 0 FOLLOWER]: Leader pre-election vote request: Granting yes vote for candidate 11676d834081423daf5e312ada721e6a in term 0.
