I20260709 13:09:45.932971 29477 raft_consensus.cc:2804] T 28dce2df7d1245249726faa1596f76c3 P fdcd355943dc415f8e13b4b2ea1f3f88 [term 0 FOLLOWER]: Leader pre-election won for term 1
I20260709 13:09:45.933344 29477 raft_consensus.cc:493] T 28dce2df7d1245249726faa1596f76c3 P fdcd355943dc415f8e13b4b2ea1f3f88 [term 0 FOLLOWER]: Starting leader election (no leader contacted us within the election timeout)
I20260709 13:09:45.933696 29477 raft_consensus.cc:3060] T 28dce2df7d1245249726faa1596f76c3 P fdcd355943dc415f8e13b4b2ea1f3f88 [term 0 FOLLOWER]: Advancing to term 1
I20260709 13:09:45.924890 29239 tablet_bootstrap.cc:654] T 3ba85363d06343448b4fc4c19528bfb5 P fdcd355943dc415f8e13b4b2ea1f3f88: Neither blocks nor log segments found. Creating new log.
I20260709 13:09:45.944950 29477 raft_consensus.cc:515] T 28dce2df7d1245249726faa1596f76c3 P fdcd355943dc415f8e13b4b2ea1f3f88 [term 1 FOLLOWER]: Starting leader election with config: opid_index: -1 OBSOLETE_local: false peers { permanent_uuid: "3e5573c967d6445dbc698c8212c97921" member_type: VOTER last_known_addr { host: "127.27.73.1" port: 39801 } } peers { permanent_uuid: "fdcd355943dc415f8e13b4b2ea1f3f88" member_type: VOTER last_known_addr { host: "127.27.73.2" port: 43597 } } peers { permanent_uuid: "2a672ec81e494273a2f73007ef3ff418" member_type: VOTER last_known_addr { host: "127.27.73.3" port: 38977 } }
I20260709 13:09:45.928821 29238 tablet_bootstrap.cc:654] T fa4fd2f308e84e50b83f2916797d9b8c P 2a672ec81e494273a2f73007ef3ff418: Neither blocks nor log segments found. Creating new log.
I20260709 13:09:45.948347 29463 raft_consensus.cc:493] T f68c572a2bbd40f3b7702a674e392fb2 P 3e5573c967d6445dbc698c8212c97921 [term 0 FOLLOWER]: Starting pre-election (no leader contacted us within the election timeout)
I20260709 13:09:45.948987 29463 raft_consensus.cc:515] T f68c572a2bbd40f3b7702a674e392fb2 P 3e5573c967d6445dbc698c8212c97921 [term 0 FOLLOWER]: Starting pre-election with config: opid_index: -1 OBSOLETE_local: false peers { permanent_uuid: "3e5573c967d6445dbc698c8212c97921" member_type: VOTER last_known_addr { host: "127.27.73.1" port: 39801 } } peers { permanent_uuid: "fdcd355943dc415f8e13b4b2ea1f3f88" member_type: VOTER last_known_addr { host: "127.27.73.2" port: 43597 } } peers { permanent_uuid: "2a672ec81e494273a2f73007ef3ff418" member_type: VOTER last_known_addr { host: "127.27.73.3" port: 38977 } }
I20260709 13:09:45.913401 29117 raft_consensus.cc:1275] T d7b7037f00d84e38823d27b6de521d30 P fdcd355943dc415f8e13b4b2ea1f3f88 [term 3 FOLLOWER]: Refusing update from remote peer 3e5573c967d6445dbc698c8212c97921: Log matching property violated. Preceding OpId in replica: term: 1 index: 1. Preceding OpId from leader: term: 3 index: 2. (index mismatch)
I20260709 13:09:45.951718 29049 tablet_service.cc:1917] Received RequestConsensusVote() RPC: tablet_id: "28dce2df7d1245249726faa1596f76c3" candidate_uuid: "fdcd355943dc415f8e13b4b2ea1f3f88" candidate_term: 1 candidate_status { last_received { term: 0 index: 0 } } ignore_live_leader: false dest_uuid: "3e5573c967d6445dbc698c8212c97921"
I20260709 13:09:45.951732 29463 leader_election.cc:290] T f68c572a2bbd40f3b7702a674e392fb2 P 3e5573c967d6445dbc698c8212c97921 [CANDIDATE]: Term 1 pre-election: Requested pre-vote from peers fdcd355943dc415f8e13b4b2ea1f3f88 (127.27.73.2:43597), 2a672ec81e494273a2f73007ef3ff418 (127.27.73.3:38977)
I20260709 13:09:45.954083 29193 raft_consensus.cc:1275] T d7b7037f00d84e38823d27b6de521d30 P 2a672ec81e494273a2f73007ef3ff418 [term 3 FOLLOWER]: Refusing update from remote peer 3e5573c967d6445dbc698c8212c97921: Log matching property violated. Preceding OpId in replica: term: 1 index: 1. Preceding OpId from leader: term: 3 index: 2. (index mismatch)
I20260709 13:09:45.954629 29117 tablet_service.cc:1917] Received RequestConsensusVote() RPC: tablet_id: "f68c572a2bbd40f3b7702a674e392fb2" candidate_uuid: "3e5573c967d6445dbc698c8212c97921" candidate_term: 1 candidate_status { last_received { term: 0 index: 0 } } ignore_live_leader: false dest_uuid: "fdcd355943dc415f8e13b4b2ea1f3f88" is_pre_election: true
W20260709 13:09:45.954661 29089 leader_election.cc:343] T 28dce2df7d1245249726faa1596f76c3 P fdcd355943dc415f8e13b4b2ea1f3f88 [CANDIDATE]: Term 1 election: Tablet error from VoteRequest() call to peer 3e5573c967d6445dbc698c8212c97921 (127.27.73.1:39801): Illegal state: must be running to vote when last-logged opid is not known
I20260709 13:09:45.958647 29193 tablet_service.cc:1917] Received RequestConsensusVote() RPC: tablet_id: "28dce2df7d1245249726faa1596f76c3" candidate_uuid: "fdcd355943dc415f8e13b4b2ea1f3f88" candidate_term: 1 candidate_status { last_received { term: 0 index: 0 } } ignore_live_leader: false dest_uuid: "2a672ec81e494273a2f73007ef3ff418"
I20260709 13:09:45.959275 29193 raft_consensus.cc:3060] T 28dce2df7d1245249726faa1596f76c3 P 2a672ec81e494273a2f73007ef3ff418 [term 0 FOLLOWER]: Advancing to term 1
I20260709 13:09:45.962843 29421 consensus_queue.cc:1048] T d7b7037f00d84e38823d27b6de521d30 P 3e5573c967d6445dbc698c8212c97921 [LEADER]: Connected to new peer: Peer: permanent_uuid: "fdcd355943dc415f8e13b4b2ea1f3f88" member_type: VOTER last_known_addr { host: "127.27.73.2" port: 43597 }, Status: LMP_MISMATCH, Last received: 0.0, Next index: 2, Last known committed idx: 0, Time since last communication: 0.000s
I20260709 13:09:45.964224 29421 consensus_queue.cc:1048] T d7b7037f00d84e38823d27b6de521d30 P 3e5573c967d6445dbc698c8212c97921 [LEADER]: Connected to new peer: Peer: permanent_uuid: "2a672ec81e494273a2f73007ef3ff418" member_type: VOTER last_known_addr { host: "127.27.73.3" port: 38977 }, Status: LMP_MISMATCH, Last received: 0.0, Next index: 2, Last known committed idx: 1, Time since last communication: 0.000s
I20260709 13:09:45.965549 29477 leader_election.cc:290] T 28dce2df7d1245249726faa1596f76c3 P fdcd355943dc415f8e13b4b2ea1f3f88 [CANDIDATE]: Term 1 election: Requested vote from peers 3e5573c967d6445dbc698c8212c97921 (127.27.73.1:39801), 2a672ec81e494273a2f73007ef3ff418 (127.27.73.3:38977)
I20260709 13:09:45.966315 29240 tablet_bootstrap.cc:492] T 86d385b7f34e4305af1fe18f918203f3 P 3e5573c967d6445dbc698c8212c97921: No bootstrap required, opened a new log
I20260709 13:09:45.966732 29240 ts_tablet_manager.cc:1403] T 86d385b7f34e4305af1fe18f918203f3 P 3e5573c967d6445dbc698c8212c97921: Time spent bootstrapping tablet: real 0.050s	user 0.013s	sys 0.000s
I20260709 13:09:45.967484 29190 tablet_service.cc:1917] Received RequestConsensusVote() RPC: tablet_id: "f68c572a2bbd40f3b7702a674e392fb2" candidate_uuid: "3e5573c967d6445dbc698c8212c97921" candidate_term: 1 candidate_status { last_received { term: 0 index: 0 } } ignore_live_leader: false dest_uuid: "2a672ec81e494273a2f73007ef3ff418" is_pre_election: true
I20260709 13:09:45.968231 29190 raft_consensus.cc:2393] T f68c572a2bbd40f3b7702a674e392fb2 P 2a672ec81e494273a2f73007ef3ff418 [term 1 FOLLOWER]: Leader pre-election vote request: Denying vote to candidate 3e5573c967d6445dbc698c8212c97921 in current term 1: Already voted for candidate fdcd355943dc415f8e13b4b2ea1f3f88 in this term.
I20260709 13:09:45.971506 29193 raft_consensus.cc:2468] T 28dce2df7d1245249726faa1596f76c3 P 2a672ec81e494273a2f73007ef3ff418 [term 1 FOLLOWER]: Leader election vote request: Granting yes vote for candidate fdcd355943dc415f8e13b4b2ea1f3f88 in term 1.
I20260709 13:09:45.972532 29087 leader_election.cc:304] T 28dce2df7d1245249726faa1596f76c3 P fdcd355943dc415f8e13b4b2ea1f3f88 [CANDIDATE]: Term 1 election: Election decided. Result: candidate won. Election summary: received 3 responses out of 3 voters: 2 yes votes; 1 no votes. yes voters: 2a672ec81e494273a2f73007ef3ff418, fdcd355943dc415f8e13b4b2ea1f3f88; no voters: 3e5573c967d6445dbc698c8212c97921
I20260709 13:09:45.973467 29477 raft_consensus.cc:2804] T 28dce2df7d1245249726faa1596f76c3 P fdcd355943dc415f8e13b4b2ea1f3f88 [term 1 FOLLOWER]: Leader election won for term 1
I20260709 13:09:45.974081 29477 raft_consensus.cc:697] T 28dce2df7d1245249726faa1596f76c3 P fdcd355943dc415f8e13b4b2ea1f3f88 [term 1 LEADER]: Becoming Leader. State: Replica: fdcd355943dc415f8e13b4b2ea1f3f88, State: Running, Role: LEADER
I20260709 13:09:45.974895 29477 consensus_queue.cc:237] T 28dce2df7d1245249726faa1596f76c3 P fdcd355943dc415f8e13b4b2ea1f3f88 [LEADER]: Queue going to LEADER mode. State: All replicated index: 0, Majority replicated index: 0, Committed index: 0, Last appended: 0.0, Last appended by leader: 0, Current term: 1, Majority size: 2, State: 0, Mode: LEADER, active raft config: opid_index: -1 OBSOLETE_local: false peers { permanent_uuid: "3e5573c967d6445dbc698c8212c97921" member_type: VOTER last_known_addr { host: "127.27.73.1" port: 39801 } } peers { permanent_uuid: "fdcd355943dc415f8e13b4b2ea1f3f88" member_type: VOTER last_known_addr { host: "127.27.73.2" port: 43597 } } peers { permanent_uuid: "2a672ec81e494273a2f73007ef3ff418" member_type: VOTER last_known_addr { host: "127.27.73.3" port: 38977 } }
I20260709 13:09:45.981401 29455 raft_consensus.cc:493] T c135ff1a98464d1c8f90ad8aa132a657 P 2a672ec81e494273a2f73007ef3ff418 [term 0 FOLLOWER]: Starting pre-election (no leader contacted us within the election timeout)
I20260709 13:09:45.981973 29455 raft_consensus.cc:515] T c135ff1a98464d1c8f90ad8aa132a657 P 2a672ec81e494273a2f73007ef3ff418 [term 0 FOLLOWER]: Starting pre-election with config: opid_index: -1 OBSOLETE_local: false peers { permanent_uuid: "3e5573c967d6445dbc698c8212c97921" member_type: VOTER last_known_addr { host: "127.27.73.1" port: 39801 } } peers { permanent_uuid: "fdcd355943dc415f8e13b4b2ea1f3f88" member_type: VOTER last_known_addr { host: "127.27.73.2" port: 43597 } } peers { permanent_uuid: "2a672ec81e494273a2f73007ef3ff418" member_type: VOTER last_known_addr { host: "127.27.73.3" port: 38977 } }
I20260709 13:09:45.978765 29240 raft_consensus.cc:359] T 86d385b7f34e4305af1fe18f918203f3 P 3e5573c967d6445dbc698c8212c97921 [term 0 FOLLOWER]: Replica starting. Triggering 0 pending ops. Active config: opid_index: -1 OBSOLETE_local: false peers { permanent_uuid: "3e5573c967d6445dbc698c8212c97921" member_type: VOTER last_known_addr { host: "127.27.73.1" port: 39801 } } peers { permanent_uuid: "fdcd355943dc415f8e13b4b2ea1f3f88" member_type: VOTER last_known_addr { host: "127.27.73.2" port: 43597 } } peers { permanent_uuid: "2a672ec81e494273a2f73007ef3ff418" member_type: VOTER last_known_addr { host: "127.27.73.3" port: 38977 } }
I20260709 13:09:45.983445 29240 raft_consensus.cc:385] T 86d385b7f34e4305af1fe18f918203f3 P 3e5573c967d6445dbc698c8212c97921 [term 0 FOLLOWER]: Consensus starting up: Expiring failure detector timer to make a prompt election more likely
I20260709 13:09:45.983793 29240 raft_consensus.cc:740] T 86d385b7f34e4305af1fe18f918203f3 P 3e5573c967d6445dbc698c8212c97921 [term 0 FOLLOWER]: Becoming Follower/Learner. State: Replica: 3e5573c967d6445dbc698c8212c97921, State: Initialized, Role: FOLLOWER
I20260709 13:09:45.984452 29455 leader_election.cc:290] T c135ff1a98464d1c8f90ad8aa132a657 P 2a672ec81e494273a2f73007ef3ff418 [CANDIDATE]: Term 1 pre-election: Requested pre-vote from peers 3e5573c967d6445dbc698c8212c97921 (127.27.73.1:39801), fdcd355943dc415f8e13b4b2ea1f3f88 (127.27.73.2:43597)
I20260709 13:09:45.984908 29049 tablet_service.cc:1917] Received RequestConsensusVote() RPC: tablet_id: "c135ff1a98464d1c8f90ad8aa132a657" candidate_uuid: "2a672ec81e494273a2f73007ef3ff418" candidate_term: 1 candidate_status { last_received { term: 0 index: 0 } } ignore_live_leader: false dest_uuid: "3e5573c967d6445dbc698c8212c97921" is_pre_election: true
I20260709 13:09:45.985882 29117 tablet_service.cc:1917] Received RequestConsensusVote() RPC: tablet_id: "c135ff1a98464d1c8f90ad8aa132a657" candidate_uuid: "2a672ec81e494273a2f73007ef3ff418" candidate_term: 1 candidate_status { last_received { term: 0 index: 0 } } ignore_live_leader: false dest_uuid: "fdcd355943dc415f8e13b4b2ea1f3f88" is_pre_election: true
I20260709 13:09:45.984390 29240 consensus_queue.cc:260] T 86d385b7f34e4305af1fe18f918203f3 P 3e5573c967d6445dbc698c8212c97921 [NON_LEADER]: Queue going to NON_LEADER mode. State: All replicated index: 0, Majority replicated index: 0, Committed index: 0, Last appended: 0.0, Last appended by leader: 0, Current term: 0, Majority size: -1, State: 0, Mode: NON_LEADER, active raft config: opid_index: -1 OBSOLETE_local: false peers { permanent_uuid: "3e5573c967d6445dbc698c8212c97921" member_type: VOTER last_known_addr { host: "127.27.73.1" port: 39801 } } peers { permanent_uuid: "fdcd355943dc415f8e13b4b2ea1f3f88" member_type: VOTER last_known_addr { host: "127.27.73.2" port: 43597 } } peers { permanent_uuid: "2a672ec81e494273a2f73007ef3ff418" member_type: VOTER last_known_addr { host: "127.27.73.3" port: 38977 } }
I20260709 13:09:45.986824 29117 raft_consensus.cc:2393] T c135ff1a98464d1c8f90ad8aa132a657 P fdcd355943dc415f8e13b4b2ea1f3f88 [term 1 FOLLOWER]: Leader pre-election vote request: Denying vote to candidate 2a672ec81e494273a2f73007ef3ff418 in current term 1: Already voted for candidate 3e5573c967d6445dbc698c8212c97921 in this term.
I20260709 13:09:45.987836 29240 ts_tablet_manager.cc:1434] T 86d385b7f34e4305af1fe18f918203f3 P 3e5573c967d6445dbc698c8212c97921: Time spent starting tablet: real 0.021s	user 0.007s	sys 0.000s
I20260709 13:09:45.988792 29240 tablet_bootstrap.cc:492] T 3d482ccba9d140908086c382905a4299 P 3e5573c967d6445dbc698c8212c97921: Bootstrap starting.
I20260709 13:09:45.991720 29161 leader_election.cc:304] T c135ff1a98464d1c8f90ad8aa132a657 P 2a672ec81e494273a2f73007ef3ff418 [CANDIDATE]: Term 1 pre-election: Election decided. Result: candidate lost. Election summary: received 3 responses out of 3 voters: 1 yes votes; 2 no votes. yes voters: 2a672ec81e494273a2f73007ef3ff418; no voters: 3e5573c967d6445dbc698c8212c97921, fdcd355943dc415f8e13b4b2ea1f3f88
I20260709 13:09:45.995163 29455 raft_consensus.cc:3060] T c135ff1a98464d1c8f90ad8aa132a657 P 2a672ec81e494273a2f73007ef3ff418 [term 0 FOLLOWER]: Advancing to term 1
I20260709 13:09:45.996819 28945 catalog_manager.cc:5697] T 3ba85363d06343448b4fc4c19528bfb5 P 2a672ec81e494273a2f73007ef3ff418 reported cstate change: term changed from 0 to 1, leader changed from <none> to 2a672ec81e494273a2f73007ef3ff418 (127.27.73.3). New cstate: current_term: 1 leader_uuid: "2a672ec81e494273a2f73007ef3ff418" committed_config { opid_index: -1 OBSOLETE_local: false peers { permanent_uuid: "3e5573c967d6445dbc698c8212c97921" member_type: VOTER last_known_addr { host: "127.27.73.1" port: 39801 } health_report { overall_health: UNKNOWN } } peers { permanent_uuid: "fdcd355943dc415f8e13b4b2ea1f3f88" member_type: VOTER last_known_addr { host: "127.27.73.2" port: 43597 } health_report { overall_health: UNKNOWN } } peers { permanent_uuid: "2a672ec81e494273a2f73007ef3ff418" member_type: VOTER last_known_addr { host: "127.27.73.3" port: 38977 } health_report { overall_health: HEALTHY } } }
I20260709 13:09:45.986822 29012 leader_election.cc:304] T f68c572a2bbd40f3b7702a674e392fb2 P 3e5573c967d6445dbc698c8212c97921 [CANDIDATE]: Term 1 pre-election: Election decided. Result: candidate lost. Election summary: received 3 responses out of 3 voters: 1 yes votes; 2 no votes. yes voters: 3e5573c967d6445dbc698c8212c97921; no voters: 2a672ec81e494273a2f73007ef3ff418, fdcd355943dc415f8e13b4b2ea1f3f88
I20260709 13:09:46.012012 29421 raft_consensus.cc:3060] T f68c572a2bbd40f3b7702a674e392fb2 P 3e5573c967d6445dbc698c8212c97921 [term 0 FOLLOWER]: Advancing to term 1
I20260709 13:09:46.001340 29240 tablet_bootstrap.cc:654] T 3d482ccba9d140908086c382905a4299 P 3e5573c967d6445dbc698c8212c97921: Neither blocks nor log segments found. Creating new log.
I20260709 13:09:46.021888 29261 raft_consensus.cc:493] T 9fc1c8930f1246978f49a82ed5a6aa51 P fdcd355943dc415f8e13b4b2ea1f3f88 [term 0 FOLLOWER]: Starting pre-election (no leader contacted us within the election timeout)
I20260709 13:09:46.022398 29261 raft_consensus.cc:515] T 9fc1c8930f1246978f49a82ed5a6aa51 P fdcd355943dc415f8e13b4b2ea1f3f88 [term 0 FOLLOWER]: Starting pre-election with config: opid_index: -1 OBSOLETE_local: false peers { permanent_uuid: "3e5573c967d6445dbc698c8212c97921" member_type: VOTER last_known_addr { host: "127.27.73.1" port: 39801 } } peers { permanent_uuid: "fdcd355943dc415f8e13b4b2ea1f3f88" member_type: VOTER last_known_addr { host: "127.27.73.2" port: 43597 } } peers { permanent_uuid: "2a672ec81e494273a2f73007ef3ff418" member_type: VOTER last_known_addr { host: "127.27.73.3" port: 38977 } }
I20260709 13:09:46.024199 29261 leader_election.cc:290] T 9fc1c8930f1246978f49a82ed5a6aa51 P fdcd355943dc415f8e13b4b2ea1f3f88 [CANDIDATE]: Term 1 pre-election: Requested pre-vote from peers 3e5573c967d6445dbc698c8212c97921 (127.27.73.1:39801), 2a672ec81e494273a2f73007ef3ff418 (127.27.73.3:38977)
I20260709 13:09:46.029174 29261 raft_consensus.cc:493] T fa4fd2f308e84e50b83f2916797d9b8c P fdcd355943dc415f8e13b4b2ea1f3f88 [term 0 FOLLOWER]: Starting pre-election (no leader contacted us within the election timeout)
I20260709 13:09:46.029573 29261 raft_consensus.cc:515] T fa4fd2f308e84e50b83f2916797d9b8c P fdcd355943dc415f8e13b4b2ea1f3f88 [term 0 FOLLOWER]: Starting pre-election with config: opid_index: -1 OBSOLETE_local: false peers { permanent_uuid: "3e5573c967d6445dbc698c8212c97921" member_type: VOTER last_known_addr { host: "127.27.73.1" port: 39801 } } peers { permanent_uuid: "fdcd355943dc415f8e13b4b2ea1f3f88" member_type: VOTER last_known_addr { host: "127.27.73.2" port: 43597 } } peers { permanent_uuid: "2a672ec81e494273a2f73007ef3ff418" member_type: VOTER last_known_addr { host: "127.27.73.3" port: 38977 } }
I20260709 13:09:46.031265 29261 leader_election.cc:290] T fa4fd2f308e84e50b83f2916797d9b8c P fdcd355943dc415f8e13b4b2ea1f3f88 [CANDIDATE]: Term 1 pre-election: Requested pre-vote from peers 3e5573c967d6445dbc698c8212c97921 (127.27.73.1:39801), 2a672ec81e494273a2f73007ef3ff418 (127.27.73.3:38977)
I20260709 13:09:46.032842 29196 tablet_service.cc:1917] Received RequestConsensusVote() RPC: tablet_id: "9fc1c8930f1246978f49a82ed5a6aa51" candidate_uuid: "fdcd355943dc415f8e13b4b2ea1f3f88" candidate_term: 1 candidate_status { last_received { term: 0 index: 0 } } ignore_live_leader: false dest_uuid: "2a672ec81e494273a2f73007ef3ff418" is_pre_election: true
W20260709 13:09:46.037921 29087 leader_election.cc:343] T 9fc1c8930f1246978f49a82ed5a6aa51 P fdcd355943dc415f8e13b4b2ea1f3f88 [CANDIDATE]: Term 1 pre-election: Tablet error from VoteRequest() call to peer 2a672ec81e494273a2f73007ef3ff418 (127.27.73.3:38977): Illegal state: must be running to vote when last-logged opid is not known
I20260709 13:09:46.042537 29049 tablet_service.cc:1917] Received RequestConsensusVote() RPC: tablet_id: "fa4fd2f308e84e50b83f2916797d9b8c" candidate_uuid: "fdcd355943dc415f8e13b4b2ea1f3f88" candidate_term: 1 candidate_status { last_received { term: 0 index: 0 } } ignore_live_leader: false dest_uuid: "3e5573c967d6445dbc698c8212c97921" is_pre_election: true
I20260709 13:09:46.075495 29261 raft_consensus.cc:493] T fd25ca95653c424b963bb8df8b2a41f0 P fdcd355943dc415f8e13b4b2ea1f3f88 [term 0 FOLLOWER]: Starting pre-election (no leader contacted us within the election timeout)
I20260709 13:09:46.075994 29261 raft_consensus.cc:515] T fd25ca95653c424b963bb8df8b2a41f0 P fdcd355943dc415f8e13b4b2ea1f3f88 [term 0 FOLLOWER]: Starting pre-election with config: opid_index: -1 OBSOLETE_local: false peers { permanent_uuid: "3e5573c967d6445dbc698c8212c97921" member_type: VOTER last_known_addr { host: "127.27.73.1" port: 39801 } } peers { permanent_uuid: "fdcd355943dc415f8e13b4b2ea1f3f88" member_type: VOTER last_known_addr { host: "127.27.73.2" port: 43597 } } peers { permanent_uuid: "2a672ec81e494273a2f73007ef3ff418" member_type: VOTER last_known_addr { host: "127.27.73.3" port: 38977 } }
I20260709 13:09:46.077749 29261 leader_election.cc:290] T fd25ca95653c424b963bb8df8b2a41f0 P fdcd355943dc415f8e13b4b2ea1f3f88 [CANDIDATE]: Term 1 pre-election: Requested pre-vote from peers 3e5573c967d6445dbc698c8212c97921 (127.27.73.1:39801), 2a672ec81e494273a2f73007ef3ff418 (127.27.73.3:38977)
I20260709 13:09:46.080044 29421 raft_consensus.cc:2749] T f68c572a2bbd40f3b7702a674e392fb2 P 3e5573c967d6445dbc698c8212c97921 [term 1 FOLLOWER]: Leader pre-election lost for term 1. Reason: could not achieve majority
I20260709 13:09:46.082774 29193 tablet_service.cc:1917] Received RequestConsensusVote() RPC: tablet_id: "fd25ca95653c424b963bb8df8b2a41f0" candidate_uuid: "fdcd355943dc415f8e13b4b2ea1f3f88" candidate_term: 1 candidate_status { last_received { term: 0 index: 0 } } ignore_live_leader: false dest_uuid: "2a672ec81e494273a2f73007ef3ff418" is_pre_election: true
I20260709 13:09:46.084733 29196 tablet_service.cc:1917] Received RequestConsensusVote() RPC: tablet_id: "fa4fd2f308e84e50b83f2916797d9b8c" candidate_uuid: "fdcd355943dc415f8e13b4b2ea1f3f88" candidate_term: 1 candidate_status { last_received { term: 0 index: 0 } } ignore_live_leader: false dest_uuid: "2a672ec81e494273a2f73007ef3ff418" is_pre_election: true
I20260709 13:09:46.093292 29455 raft_consensus.cc:2749] T c135ff1a98464d1c8f90ad8aa132a657 P 2a672ec81e494273a2f73007ef3ff418 [term 1 FOLLOWER]: Leader pre-election lost for term 1. Reason: could not achieve majority
I20260709 13:09:46.091449 29047 tablet_service.cc:1917] Received RequestConsensusVote() RPC: tablet_id: "9fc1c8930f1246978f49a82ed5a6aa51" candidate_uuid: "fdcd355943dc415f8e13b4b2ea1f3f88" candidate_term: 1 candidate_status { last_received { term: 0 index: 0 } } ignore_live_leader: false dest_uuid: "3e5573c967d6445dbc698c8212c97921" is_pre_election: true
W20260709 13:09:46.107362 29089 leader_election.cc:343] T fa4fd2f308e84e50b83f2916797d9b8c P fdcd355943dc415f8e13b4b2ea1f3f88 [CANDIDATE]: Term 1 pre-election: Tablet error from VoteRequest() call to peer 3e5573c967d6445dbc698c8212c97921 (127.27.73.1:39801): Illegal state: must be running to vote when last-logged opid is not known
W20260709 13:09:46.108007 29089 leader_election.cc:343] T 9fc1c8930f1246978f49a82ed5a6aa51 P fdcd355943dc415f8e13b4b2ea1f3f88 [CANDIDATE]: Term 1 pre-election: Tablet error from VoteRequest() call to peer 3e5573c967d6445dbc698c8212c97921 (127.27.73.1:39801): Illegal state: must be running to vote when last-logged opid is not known
I20260709 13:09:46.108366 29089 leader_election.cc:304] T 9fc1c8930f1246978f49a82ed5a6aa51 P fdcd355943dc415f8e13b4b2ea1f3f88 [CANDIDATE]: Term 1 pre-election: Election decided. Result: candidate lost. Election summary: received 3 responses out of 3 voters: 1 yes votes; 2 no votes. yes voters: fdcd355943dc415f8e13b4b2ea1f3f88; no voters: 2a672ec81e494273a2f73007ef3ff418, 3e5573c967d6445dbc698c8212c97921
I20260709 13:09:46.113402 29238 tablet_bootstrap.cc:492] T fa4fd2f308e84e50b83f2916797d9b8c P 2a672ec81e494273a2f73007ef3ff418: No bootstrap required, opened a new log
I20260709 13:09:46.113916 29238 ts_tablet_manager.cc:1403] T fa4fd2f308e84e50b83f2916797d9b8c P 2a672ec81e494273a2f73007ef3ff418: Time spent bootstrapping tablet: real 0.203s	user 0.021s	sys 0.050s
I20260709 13:09:46.116925 29261 raft_consensus.cc:2749] T 9fc1c8930f1246978f49a82ed5a6aa51 P fdcd355943dc415f8e13b4b2ea1f3f88 [term 0 FOLLOWER]: Leader pre-election lost for term 1. Reason: could not achieve majority
I20260709 13:09:46.113615 28945 catalog_manager.cc:5697] T 28dce2df7d1245249726faa1596f76c3 P fdcd355943dc415f8e13b4b2ea1f3f88 reported cstate change: term changed from 0 to 1, leader changed from <none> to fdcd355943dc415f8e13b4b2ea1f3f88 (127.27.73.2). New cstate: current_term: 1 leader_uuid: "fdcd355943dc415f8e13b4b2ea1f3f88" committed_config { opid_index: -1 OBSOLETE_local: false peers { permanent_uuid: "3e5573c967d6445dbc698c8212c97921" member_type: VOTER last_known_addr { host: "127.27.73.1" port: 39801 } health_report { overall_health: UNKNOWN } } peers { permanent_uuid: "fdcd355943dc415f8e13b4b2ea1f3f88" member_type: VOTER last_known_addr { host: "127.27.73.2" port: 43597 } health_report { overall_health: HEALTHY } } peers { permanent_uuid: "2a672ec81e494273a2f73007ef3ff418" member_type: VOTER last_known_addr { host: "127.27.73.3" port: 38977 } health_report { overall_health: UNKNOWN } } }
W20260709 13:09:46.122030 29087 leader_election.cc:343] T fd25ca95653c424b963bb8df8b2a41f0 P fdcd355943dc415f8e13b4b2ea1f3f88 [CANDIDATE]: Term 1 pre-election: Tablet error from VoteRequest() call to peer 2a672ec81e494273a2f73007ef3ff418 (127.27.73.3:38977): Illegal state: must be running to vote when last-logged opid is not known
I20260709 13:09:46.120236 29043 tablet_service.cc:1917] Received RequestConsensusVote() RPC: tablet_id: "fd25ca95653c424b963bb8df8b2a41f0" candidate_uuid: "fdcd355943dc415f8e13b4b2ea1f3f88" candidate_term: 1 candidate_status { last_received { term: 0 index: 0 } } ignore_live_leader: false dest_uuid: "3e5573c967d6445dbc698c8212c97921" is_pre_election: true
I20260709 13:09:46.120396 29571 consensus_queue.cc:1048] T f68c572a2bbd40f3b7702a674e392fb2 P fdcd355943dc415f8e13b4b2ea1f3f88 [LEADER]: Connected to new peer: Peer: permanent_uuid: "3e5573c967d6445dbc698c8212c97921" member_type: VOTER last_known_addr { host: "127.27.73.1" port: 39801 }, Status: LMP_MISMATCH, Last received: 0.0, Next index: 1, Last known committed idx: 0, Time since last communication: 0.006s
W20260709 13:09:46.130913 29089 leader_election.cc:343] T fd25ca95653c424b963bb8df8b2a41f0 P fdcd355943dc415f8e13b4b2ea1f3f88 [CANDIDATE]: Term 1 pre-election: Tablet error from VoteRequest() call to peer 3e5573c967d6445dbc698c8212c97921 (127.27.73.1:39801): Illegal state: must be running to vote when last-logged opid is not known
I20260709 13:09:46.131340 29089 leader_election.cc:304] T fd25ca95653c424b963bb8df8b2a41f0 P fdcd355943dc415f8e13b4b2ea1f3f88 [CANDIDATE]: Term 1 pre-election: Election decided. Result: candidate lost. Election summary: received 3 responses out of 3 voters: 1 yes votes; 2 no votes. yes voters: fdcd355943dc415f8e13b4b2ea1f3f88; no voters: 2a672ec81e494273a2f73007ef3ff418, 3e5573c967d6445dbc698c8212c97921
I20260709 13:09:46.135131 29465 raft_consensus.cc:2749] T fd25ca95653c424b963bb8df8b2a41f0 P fdcd355943dc415f8e13b4b2ea1f3f88 [term 0 FOLLOWER]: Leader pre-election lost for term 1. Reason: could not achieve majority
W20260709 13:09:46.138381 29087 leader_election.cc:343] T fa4fd2f308e84e50b83f2916797d9b8c P fdcd355943dc415f8e13b4b2ea1f3f88 [CANDIDATE]: Term 1 pre-election: Tablet error from VoteRequest() call to peer 2a672ec81e494273a2f73007ef3ff418 (127.27.73.3:38977): Illegal state: must be running to vote when last-logged opid is not known
I20260709 13:09:46.138796 29087 leader_election.cc:304] T fa4fd2f308e84e50b83f2916797d9b8c P fdcd355943dc415f8e13b4b2ea1f3f88 [CANDIDATE]: Term 1 pre-election: Election decided. Result: candidate lost. Election summary: received 3 responses out of 3 voters: 1 yes votes; 2 no votes. yes voters: fdcd355943dc415f8e13b4b2ea1f3f88; no voters: 2a672ec81e494273a2f73007ef3ff418, 3e5573c967d6445dbc698c8212c97921
I20260709 13:09:46.140589 29465 raft_consensus.cc:2749] T fa4fd2f308e84e50b83f2916797d9b8c P fdcd355943dc415f8e13b4b2ea1f3f88 [term 0 FOLLOWER]: Leader pre-election lost for term 1. Reason: could not achieve majority
I20260709 13:09:46.153601 29261 consensus_queue.cc:1048] T 40037053f5204d629ca1009f3ee7eb1e P fdcd355943dc415f8e13b4b2ea1f3f88 [LEADER]: Connected to new peer: Peer: permanent_uuid: "3e5573c967d6445dbc698c8212c97921" member_type: VOTER last_known_addr { host: "127.27.73.1" port: 39801 }, Status: LMP_MISMATCH, Last received: 0.0, Next index: 1, Last known committed idx: 0, Time since last communication: 0.000s
I20260709 13:09:46.156183 29240 tablet_bootstrap.cc:492] T 3d482ccba9d140908086c382905a4299 P 3e5573c967d6445dbc698c8212c97921: No bootstrap required, opened a new log
I20260709 13:09:46.156642 29240 ts_tablet_manager.cc:1403] T 3d482ccba9d140908086c382905a4299 P 3e5573c967d6445dbc698c8212c97921: Time spent bootstrapping tablet: real 0.168s	user 0.017s	sys 0.017s
I20260709 13:09:46.157009 29238 raft_consensus.cc:359] T fa4fd2f308e84e50b83f2916797d9b8c P 2a672ec81e494273a2f73007ef3ff418 [term 0 FOLLOWER]: Replica starting. Triggering 0 pending ops. Active config: opid_index: -1 OBSOLETE_local: false peers { permanent_uuid: "3e5573c967d6445dbc698c8212c97921" member_type: VOTER last_known_addr { host: "127.27.73.1" port: 39801 } } peers { permanent_uuid: "fdcd355943dc415f8e13b4b2ea1f3f88" member_type: VOTER last_known_addr { host: "127.27.73.2" port: 43597 } } peers { permanent_uuid: "2a672ec81e494273a2f73007ef3ff418" member_type: VOTER last_known_addr { host: "127.27.73.3" port: 38977 } }
I20260709 13:09:46.157802 29238 raft_consensus.cc:385] T fa4fd2f308e84e50b83f2916797d9b8c P 2a672ec81e494273a2f73007ef3ff418 [term 0 FOLLOWER]: Consensus starting up: Expiring failure detector timer to make a prompt election more likely
I20260709 13:09:46.158159 29238 raft_consensus.cc:740] T fa4fd2f308e84e50b83f2916797d9b8c P 2a672ec81e494273a2f73007ef3ff418 [term 0 FOLLOWER]: Becoming Follower/Learner. State: Replica: 2a672ec81e494273a2f73007ef3ff418, State: Initialized, Role: FOLLOWER
I20260709 13:09:46.159346 29238 consensus_queue.cc:260] T fa4fd2f308e84e50b83f2916797d9b8c P 2a672ec81e494273a2f73007ef3ff418 [NON_LEADER]: Queue going to NON_LEADER mode. State: All replicated index: 0, Majority replicated index: 0, Committed index: 0, Last appended: 0.0, Last appended by leader: 0, Current term: 0, Majority size: -1, State: 0, Mode: NON_LEADER, active raft config: opid_index: -1 OBSOLETE_local: false peers { permanent_uuid: "3e5573c967d6445dbc698c8212c97921" member_type: VOTER last_known_addr { host: "127.27.73.1" port: 39801 } } peers { permanent_uuid: "fdcd355943dc415f8e13b4b2ea1f3f88" member_type: VOTER last_known_addr { host: "127.27.73.2" port: 43597 } } peers { permanent_uuid: "2a672ec81e494273a2f73007ef3ff418" member_type: VOTER last_known_addr { host: "127.27.73.3" port: 38977 } }
I20260709 13:09:46.164021 29238 ts_tablet_manager.cc:1434] T fa4fd2f308e84e50b83f2916797d9b8c P 2a672ec81e494273a2f73007ef3ff418: Time spent starting tablet: real 0.050s	user 0.006s	sys 0.001s
I20260709 13:09:46.164188 29239 tablet_bootstrap.cc:492] T 3ba85363d06343448b4fc4c19528bfb5 P fdcd355943dc415f8e13b4b2ea1f3f88: No bootstrap required, opened a new log
I20260709 13:09:46.169534 29239 ts_tablet_manager.cc:1403] T 3ba85363d06343448b4fc4c19528bfb5 P fdcd355943dc415f8e13b4b2ea1f3f88: Time spent bootstrapping tablet: real 0.251s	user 0.037s	sys 0.045s
I20260709 13:09:46.164623 29240 raft_consensus.cc:359] T 3d482ccba9d140908086c382905a4299 P 3e5573c967d6445dbc698c8212c97921 [term 0 FOLLOWER]: Replica starting. Triggering 0 pending ops. Active config: opid_index: -1 OBSOLETE_local: false peers { permanent_uuid: "3e5573c967d6445dbc698c8212c97921" member_type: VOTER last_known_addr { host: "127.27.73.1" port: 39801 } } peers { permanent_uuid: "fdcd355943dc415f8e13b4b2ea1f3f88" member_type: VOTER last_known_addr { host: "127.27.73.2" port: 43597 } } peers { permanent_uuid: "2a672ec81e494273a2f73007ef3ff418" member_type: VOTER last_known_addr { host: "127.27.73.3" port: 38977 } }
I20260709 13:09:46.171804 29239 raft_consensus.cc:359] T 3ba85363d06343448b4fc4c19528bfb5 P fdcd355943dc415f8e13b4b2ea1f3f88 [term 0 FOLLOWER]: Replica starting. Triggering 0 pending ops. Active config: opid_index: -1 OBSOLETE_local: false peers { permanent_uuid: "3e5573c967d6445dbc698c8212c97921" member_type: VOTER last_known_addr { host: "127.27.73.1" port: 39801 } } peers { permanent_uuid: "fdcd355943dc415f8e13b4b2ea1f3f88" member_type: VOTER last_known_addr { host: "127.27.73.2" port: 43597 } } peers { permanent_uuid: "2a672ec81e494273a2f73007ef3ff418" member_type: VOTER last_known_addr { host: "127.27.73.3" port: 38977 } }
I20260709 13:09:46.172400 29240 raft_consensus.cc:385] T 3d482ccba9d140908086c382905a4299 P 3e5573c967d6445dbc698c8212c97921 [term 0 FOLLOWER]: Consensus starting up: Expiring failure detector timer to make a prompt election more likely
I20260709 13:09:46.172410 29239 raft_consensus.cc:385] T 3ba85363d06343448b4fc4c19528bfb5 P fdcd355943dc415f8e13b4b2ea1f3f88 [term 0 FOLLOWER]: Consensus starting up: Expiring failure detector timer to make a prompt election more likely
I20260709 13:09:46.172874 29240 raft_consensus.cc:740] T 3d482ccba9d140908086c382905a4299 P 3e5573c967d6445dbc698c8212c97921 [term 0 FOLLOWER]: Becoming Follower/Learner. State: Replica: 3e5573c967d6445dbc698c8212c97921, State: Initialized, Role: FOLLOWER
I20260709 13:09:46.172909 29239 raft_consensus.cc:740] T 3ba85363d06343448b4fc4c19528bfb5 P fdcd355943dc415f8e13b4b2ea1f3f88 [term 0 FOLLOWER]: Becoming Follower/Learner. State: Replica: fdcd355943dc415f8e13b4b2ea1f3f88, State: Initialized, Role: FOLLOWER
I20260709 13:09:46.173679 29240 consensus_queue.cc:260] T 3d482ccba9d140908086c382905a4299 P 3e5573c967d6445dbc698c8212c97921 [NON_LEADER]: Queue going to NON_LEADER mode. State: All replicated index: 0, Majority replicated index: 0, Committed index: 0, Last appended: 0.0, Last appended by leader: 0, Current term: 0, Majority size: -1, State: 0, Mode: NON_LEADER, active raft config: opid_index: -1 OBSOLETE_local: false peers { permanent_uuid: "3e5573c967d6445dbc698c8212c97921" member_type: VOTER last_known_addr { host: "127.27.73.1" port: 39801 } } peers { permanent_uuid: "fdcd355943dc415f8e13b4b2ea1f3f88" member_type: VOTER last_known_addr { host: "127.27.73.2" port: 43597 } } peers { permanent_uuid: "2a672ec81e494273a2f73007ef3ff418" member_type: VOTER last_known_addr { host: "127.27.73.3" port: 38977 } }
I20260709 13:09:46.178547 29240 ts_tablet_manager.cc:1434] T 3d482ccba9d140908086c382905a4299 P 3e5573c967d6445dbc698c8212c97921: Time spent starting tablet: real 0.022s	user 0.000s	sys 0.007s
I20260709 13:09:46.175513 29239 consensus_queue.cc:260] T 3ba85363d06343448b4fc4c19528bfb5 P fdcd355943dc415f8e13b4b2ea1f3f88 [NON_LEADER]: Queue going to NON_LEADER mode. State: All replicated index: 0, Majority replicated index: 0, Committed index: 0, Last appended: 0.0, Last appended by leader: 0, Current term: 0, Majority size: -1, State: 0, Mode: NON_LEADER, active raft config: opid_index: -1 OBSOLETE_local: false peers { permanent_uuid: "3e5573c967d6445dbc698c8212c97921" member_type: VOTER last_known_addr { host: "127.27.73.1" port: 39801 } } peers { permanent_uuid: "fdcd355943dc415f8e13b4b2ea1f3f88" member_type: VOTER last_known_addr { host: "127.27.73.2" port: 43597 } } peers { permanent_uuid: "2a672ec81e494273a2f73007ef3ff418" member_type: VOTER last_known_addr { host: "127.27.73.3" port: 38977 } }
I20260709 13:09:46.187256 29421 consensus_queue.cc:1048] T c135ff1a98464d1c8f90ad8aa132a657 P 3e5573c967d6445dbc698c8212c97921 [LEADER]: Connected to new peer: Peer: permanent_uuid: "2a672ec81e494273a2f73007ef3ff418" member_type: VOTER last_known_addr { host: "127.27.73.3" port: 38977 }, Status: LMP_MISMATCH, Last received: 0.0, Next index: 1, Last known committed idx: 0, Time since last communication: 0.006s
I20260709 13:09:46.187901 29240 tablet_bootstrap.cc:492] T 28dce2df7d1245249726faa1596f76c3 P 3e5573c967d6445dbc698c8212c97921: Bootstrap starting.
I20260709 13:09:46.188733 29571 consensus_queue.cc:1048] T f68c572a2bbd40f3b7702a674e392fb2 P fdcd355943dc415f8e13b4b2ea1f3f88 [LEADER]: Connected to new peer: Peer: permanent_uuid: "2a672ec81e494273a2f73007ef3ff418" member_type: VOTER last_known_addr { host: "127.27.73.3" port: 38977 }, Status: LMP_MISMATCH, Last received: 0.0, Next index: 1, Last known committed idx: 0, Time since last communication: 0.000s
I20260709 13:09:46.196553 29238 tablet_bootstrap.cc:492] T fd25ca95653c424b963bb8df8b2a41f0 P 2a672ec81e494273a2f73007ef3ff418: Bootstrap starting.
I20260709 13:09:46.207108 29239 ts_tablet_manager.cc:1434] T 3ba85363d06343448b4fc4c19528bfb5 P fdcd355943dc415f8e13b4b2ea1f3f88: Time spent starting tablet: real 0.037s	user 0.004s	sys 0.003s
I20260709 13:09:46.225423 29571 consensus_queue.cc:1048] T 40037053f5204d629ca1009f3ee7eb1e P fdcd355943dc415f8e13b4b2ea1f3f88 [LEADER]: Connected to new peer: Peer: permanent_uuid: "2a672ec81e494273a2f73007ef3ff418" member_type: VOTER last_known_addr { host: "127.27.73.3" port: 38977 }, Status: LMP_MISMATCH, Last received: 0.0, Next index: 1, Last known committed idx: 0, Time since last communication: 0.000s
I20260709 13:09:46.226842 29239 tablet_bootstrap.cc:492] T 86d385b7f34e4305af1fe18f918203f3 P fdcd355943dc415f8e13b4b2ea1f3f88: Bootstrap starting.
I20260709 13:09:46.241765 29421 consensus_queue.cc:1048] T c135ff1a98464d1c8f90ad8aa132a657 P 3e5573c967d6445dbc698c8212c97921 [LEADER]: Connected to new peer: Peer: permanent_uuid: "fdcd355943dc415f8e13b4b2ea1f3f88" member_type: VOTER last_known_addr { host: "127.27.73.2" port: 43597 }, Status: LMP_MISMATCH, Last received: 0.0, Next index: 1, Last known committed idx: 0, Time since last communication: 0.000s
I20260709 13:09:46.245325 29542 consensus_queue.cc:1048] T 50f237f23fff42fdaab02d15b706bf84 P 2a672ec81e494273a2f73007ef3ff418 [LEADER]: Connected to new peer: Peer: permanent_uuid: "3e5573c967d6445dbc698c8212c97921" member_type: VOTER last_known_addr { host: "127.27.73.1" port: 39801 }, Status: LMP_MISMATCH, Last received: 0.0, Next index: 1, Last known committed idx: 0, Time since last communication: 0.000s
I20260709 13:09:46.249997 29240 tablet_bootstrap.cc:654] T 28dce2df7d1245249726faa1596f76c3 P 3e5573c967d6445dbc698c8212c97921: Neither blocks nor log segments found. Creating new log.
I20260709 13:09:46.270875 29238 tablet_bootstrap.cc:654] T fd25ca95653c424b963bb8df8b2a41f0 P 2a672ec81e494273a2f73007ef3ff418: Neither blocks nor log segments found. Creating new log.
I20260709 13:09:46.256668 29536 raft_consensus.cc:493] T 3d482ccba9d140908086c382905a4299 P 3e5573c967d6445dbc698c8212c97921 [term 0 FOLLOWER]: Starting pre-election (no leader contacted us within the election timeout)
I20260709 13:09:46.276171 29536 raft_consensus.cc:515] T 3d482ccba9d140908086c382905a4299 P 3e5573c967d6445dbc698c8212c97921 [term 0 FOLLOWER]: Starting pre-election with config: opid_index: -1 OBSOLETE_local: false peers { permanent_uuid: "3e5573c967d6445dbc698c8212c97921" member_type: VOTER last_known_addr { host: "127.27.73.1" port: 39801 } } peers { permanent_uuid: "fdcd355943dc415f8e13b4b2ea1f3f88" member_type: VOTER last_known_addr { host: "127.27.73.2" port: 43597 } } peers { permanent_uuid: "2a672ec81e494273a2f73007ef3ff418" member_type: VOTER last_known_addr { host: "127.27.73.3" port: 38977 } }
I20260709 13:09:46.284756 29542 consensus_queue.cc:1048] T 50f237f23fff42fdaab02d15b706bf84 P 2a672ec81e494273a2f73007ef3ff418 [LEADER]: Connected to new peer: Peer: permanent_uuid: "fdcd355943dc415f8e13b4b2ea1f3f88" member_type: VOTER last_known_addr { host: "127.27.73.2" port: 43597 }, Status: LMP_MISMATCH, Last received: 0.0, Next index: 1, Last known committed idx: 0, Time since last communication: 0.000s
I20260709 13:09:46.312674 29536 leader_election.cc:290] T 3d482ccba9d140908086c382905a4299 P 3e5573c967d6445dbc698c8212c97921 [CANDIDATE]: Term 1 pre-election: Requested pre-vote from peers fdcd355943dc415f8e13b4b2ea1f3f88 (127.27.73.2:43597), 2a672ec81e494273a2f73007ef3ff418 (127.27.73.3:38977)
I20260709 13:09:46.317610 29239 tablet_bootstrap.cc:654] T 86d385b7f34e4305af1fe18f918203f3 P fdcd355943dc415f8e13b4b2ea1f3f88: Neither blocks nor log segments found. Creating new log.
I20260709 13:09:46.344897 29463 raft_consensus.cc:493] T 86d385b7f34e4305af1fe18f918203f3 P 3e5573c967d6445dbc698c8212c97921 [term 0 FOLLOWER]: Starting pre-election (no leader contacted us within the election timeout)
I20260709 13:09:46.408092 29455 raft_consensus.cc:493] T fa4fd2f308e84e50b83f2916797d9b8c P 2a672ec81e494273a2f73007ef3ff418 [term 0 FOLLOWER]: Starting pre-election (no leader contacted us within the election timeout)
I20260709 13:09:46.410501 29463 raft_consensus.cc:515] T 86d385b7f34e4305af1fe18f918203f3 P 3e5573c967d6445dbc698c8212c97921 [term 0 FOLLOWER]: Starting pre-election with config: opid_index: -1 OBSOLETE_local: false peers { permanent_uuid: "3e5573c967d6445dbc698c8212c97921" member_type: VOTER last_known_addr { host: "127.27.73.1" port: 39801 } } peers { permanent_uuid: "fdcd355943dc415f8e13b4b2ea1f3f88" member_type: VOTER last_known_addr { host: "127.27.73.2" port: 43597 } } peers { permanent_uuid: "2a672ec81e494273a2f73007ef3ff418" member_type: VOTER last_known_addr { host: "127.27.73.3" port: 38977 } }
I20260709 13:09:46.466490 29122 tablet_service.cc:1917] Received RequestConsensusVote() RPC: tablet_id: "3d482ccba9d140908086c382905a4299" candidate_uuid: "3e5573c967d6445dbc698c8212c97921" candidate_term: 1 candidate_status { last_received { term: 0 index: 0 } } ignore_live_leader: false dest_uuid: "fdcd355943dc415f8e13b4b2ea1f3f88" is_pre_election: true
I20260709 13:09:46.447633 29455 raft_consensus.cc:515] T fa4fd2f308e84e50b83f2916797d9b8c P 2a672ec81e494273a2f73007ef3ff418 [term 0 FOLLOWER]: Starting pre-election with config: opid_index: -1 OBSOLETE_local: false peers { permanent_uuid: "3e5573c967d6445dbc698c8212c97921" member_type: VOTER last_known_addr { host: "127.27.73.1" port: 39801 } } peers { permanent_uuid: "fdcd355943dc415f8e13b4b2ea1f3f88" member_type: VOTER last_known_addr { host: "127.27.73.2" port: 43597 } } peers { permanent_uuid: "2a672ec81e494273a2f73007ef3ff418" member_type: VOTER last_known_addr { host: "127.27.73.3" port: 38977 } }
I20260709 13:09:46.515395 29455 leader_election.cc:290] T fa4fd2f308e84e50b83f2916797d9b8c P 2a672ec81e494273a2f73007ef3ff418 [CANDIDATE]: Term 1 pre-election: Requested pre-vote from peers 3e5573c967d6445dbc698c8212c97921 (127.27.73.1:39801), fdcd355943dc415f8e13b4b2ea1f3f88 (127.27.73.2:43597)
I20260709 13:09:46.622398 29047 tablet_service.cc:1917] Received RequestConsensusVote() RPC: tablet_id: "fa4fd2f308e84e50b83f2916797d9b8c" candidate_uuid: "2a672ec81e494273a2f73007ef3ff418" candidate_term: 1 candidate_status { last_received { term: 0 index: 0 } } ignore_live_leader: false dest_uuid: "3e5573c967d6445dbc698c8212c97921" is_pre_election: true
I20260709 13:09:46.694751 29238 tablet_bootstrap.cc:492] T fd25ca95653c424b963bb8df8b2a41f0 P 2a672ec81e494273a2f73007ef3ff418: No bootstrap required, opened a new log
I20260709 13:09:46.695382 29238 ts_tablet_manager.cc:1403] T fd25ca95653c424b963bb8df8b2a41f0 P 2a672ec81e494273a2f73007ef3ff418: Time spent bootstrapping tablet: real 0.504s	user 0.027s	sys 0.050s
I20260709 13:09:46.706053 29238 raft_consensus.cc:359] T fd25ca95653c424b963bb8df8b2a41f0 P 2a672ec81e494273a2f73007ef3ff418 [term 0 FOLLOWER]: Replica starting. Triggering 0 pending ops. Active config: opid_index: -1 OBSOLETE_local: false peers { permanent_uuid: "3e5573c967d6445dbc698c8212c97921" member_type: VOTER last_known_addr { host: "127.27.73.1" port: 39801 } } peers { permanent_uuid: "fdcd355943dc415f8e13b4b2ea1f3f88" member_type: VOTER last_known_addr { host: "127.27.73.2" port: 43597 } } peers { permanent_uuid: "2a672ec81e494273a2f73007ef3ff418" member_type: VOTER last_known_addr { host: "127.27.73.3" port: 38977 } }
I20260709 13:09:46.706912 29240 tablet_bootstrap.cc:492] T 28dce2df7d1245249726faa1596f76c3 P 3e5573c967d6445dbc698c8212c97921: No bootstrap required, opened a new log
I20260709 13:09:46.707544 29240 ts_tablet_manager.cc:1403] T 28dce2df7d1245249726faa1596f76c3 P 3e5573c967d6445dbc698c8212c97921: Time spent bootstrapping tablet: real 0.528s	user 0.012s	sys 0.025s
I20260709 13:09:46.710919 29240 raft_consensus.cc:359] T 28dce2df7d1245249726faa1596f76c3 P 3e5573c967d6445dbc698c8212c97921 [term 0 FOLLOWER]: Replica starting. Triggering 0 pending ops. Active config: opid_index: -1 OBSOLETE_local: false peers { permanent_uuid: "3e5573c967d6445dbc698c8212c97921" member_type: VOTER last_known_addr { host: "127.27.73.1" port: 39801 } } peers { permanent_uuid: "fdcd355943dc415f8e13b4b2ea1f3f88" member_type: VOTER last_known_addr { host: "127.27.73.2" port: 43597 } } peers { permanent_uuid: "2a672ec81e494273a2f73007ef3ff418" member_type: VOTER last_known_addr { host: "127.27.73.3" port: 38977 } }
I20260709 13:09:46.712349 29240 raft_consensus.cc:385] T 28dce2df7d1245249726faa1596f76c3 P 3e5573c967d6445dbc698c8212c97921 [term 0 FOLLOWER]: Consensus starting up: Expiring failure detector timer to make a prompt election more likely
I20260709 13:09:46.712803 29240 raft_consensus.cc:740] T 28dce2df7d1245249726faa1596f76c3 P 3e5573c967d6445dbc698c8212c97921 [term 0 FOLLOWER]: Becoming Follower/Learner. State: Replica: 3e5573c967d6445dbc698c8212c97921, State: Initialized, Role: FOLLOWER
I20260709 13:09:46.713879 29240 consensus_queue.cc:260] T 28dce2df7d1245249726faa1596f76c3 P 3e5573c967d6445dbc698c8212c97921 [NON_LEADER]: Queue going to NON_LEADER mode. State: All replicated index: 0, Majority replicated index: 0, Committed index: 0, Last appended: 0.0, Last appended by leader: 0, Current term: 0, Majority size: -1, State: 0, Mode: NON_LEADER, active raft config: opid_index: -1 OBSOLETE_local: false peers { permanent_uuid: "3e5573c967d6445dbc698c8212c97921" member_type: VOTER last_known_addr { host: "127.27.73.1" port: 39801 } } peers { permanent_uuid: "fdcd355943dc415f8e13b4b2ea1f3f88" member_type: VOTER last_known_addr { host: "127.27.73.2" port: 43597 } } peers { permanent_uuid: "2a672ec81e494273a2f73007ef3ff418" member_type: VOTER last_known_addr { host: "127.27.73.3" port: 38977 } }
W20260709 13:09:46.722267 29163 leader_election.cc:343] T fa4fd2f308e84e50b83f2916797d9b8c P 2a672ec81e494273a2f73007ef3ff418 [CANDIDATE]: Term 1 pre-election: Tablet error from VoteRequest() call to peer 3e5573c967d6445dbc698c8212c97921 (127.27.73.1:39801): Illegal state: must be running to vote when last-logged opid is not known
I20260709 13:09:46.706945 29238 raft_consensus.cc:385] T fd25ca95653c424b963bb8df8b2a41f0 P 2a672ec81e494273a2f73007ef3ff418 [term 0 FOLLOWER]: Consensus starting up: Expiring failure detector timer to make a prompt election more likely
I20260709 13:09:46.725251 29238 raft_consensus.cc:740] T fd25ca95653c424b963bb8df8b2a41f0 P 2a672ec81e494273a2f73007ef3ff418 [term 0 FOLLOWER]: Becoming Follower/Learner. State: Replica: 2a672ec81e494273a2f73007ef3ff418, State: Initialized, Role: FOLLOWER
I20260709 13:09:46.728667 29239 tablet_bootstrap.cc:492] T 86d385b7f34e4305af1fe18f918203f3 P fdcd355943dc415f8e13b4b2ea1f3f88: No bootstrap required, opened a new log
I20260709 13:09:46.729151 29239 ts_tablet_manager.cc:1403] T 86d385b7f34e4305af1fe18f918203f3 P fdcd355943dc415f8e13b4b2ea1f3f88: Time spent bootstrapping tablet: real 0.505s	user 0.042s	sys 0.060s
I20260709 13:09:46.743395 29463 leader_election.cc:290] T 86d385b7f34e4305af1fe18f918203f3 P 3e5573c967d6445dbc698c8212c97921 [CANDIDATE]: Term 1 pre-election: Requested pre-vote from peers fdcd355943dc415f8e13b4b2ea1f3f88 (127.27.73.2:43597), 2a672ec81e494273a2f73007ef3ff418 (127.27.73.3:38977)
I20260709 13:09:46.749264 29239 raft_consensus.cc:359] T 86d385b7f34e4305af1fe18f918203f3 P fdcd355943dc415f8e13b4b2ea1f3f88 [term 0 FOLLOWER]: Replica starting. Triggering 0 pending ops. Active config: opid_index: -1 OBSOLETE_local: false peers { permanent_uuid: "3e5573c967d6445dbc698c8212c97921" member_type: VOTER last_known_addr { host: "127.27.73.1" port: 39801 } } peers { permanent_uuid: "fdcd355943dc415f8e13b4b2ea1f3f88" member_type: VOTER last_known_addr { host: "127.27.73.2" port: 43597 } } peers { permanent_uuid: "2a672ec81e494273a2f73007ef3ff418" member_type: VOTER last_known_addr { host: "127.27.73.3" port: 38977 } }
I20260709 13:09:46.759444 29239 raft_consensus.cc:385] T 86d385b7f34e4305af1fe18f918203f3 P fdcd355943dc415f8e13b4b2ea1f3f88 [term 0 FOLLOWER]: Consensus starting up: Expiring failure detector timer to make a prompt election more likely
I20260709 13:09:46.759801 29239 raft_consensus.cc:740] T 86d385b7f34e4305af1fe18f918203f3 P fdcd355943dc415f8e13b4b2ea1f3f88 [term 0 FOLLOWER]: Becoming Follower/Learner. State: Replica: fdcd355943dc415f8e13b4b2ea1f3f88, State: Initialized, Role: FOLLOWER
I20260709 13:09:46.760619 29239 consensus_queue.cc:260] T 86d385b7f34e4305af1fe18f918203f3 P fdcd355943dc415f8e13b4b2ea1f3f88 [NON_LEADER]: Queue going to NON_LEADER mode. State: All replicated index: 0, Majority replicated index: 0, Committed index: 0, Last appended: 0.0, Last appended by leader: 0, Current term: 0, Majority size: -1, State: 0, Mode: NON_LEADER, active raft config: opid_index: -1 OBSOLETE_local: false peers { permanent_uuid: "3e5573c967d6445dbc698c8212c97921" member_type: VOTER last_known_addr { host: "127.27.73.1" port: 39801 } } peers { permanent_uuid: "fdcd355943dc415f8e13b4b2ea1f3f88" member_type: VOTER last_known_addr { host: "127.27.73.2" port: 43597 } } peers { permanent_uuid: "2a672ec81e494273a2f73007ef3ff418" member_type: VOTER last_known_addr { host: "127.27.73.3" port: 38977 } }
I20260709 13:09:46.752699 29240 ts_tablet_manager.cc:1434] T 28dce2df7d1245249726faa1596f76c3 P 3e5573c967d6445dbc698c8212c97921: Time spent starting tablet: real 0.045s	user 0.010s	sys 0.000s
I20260709 13:09:46.763552 29239 ts_tablet_manager.cc:1434] T 86d385b7f34e4305af1fe18f918203f3 P fdcd355943dc415f8e13b4b2ea1f3f88: Time spent starting tablet: real 0.034s	user 0.004s	sys 0.004s
I20260709 13:09:46.764809 29239 tablet_bootstrap.cc:492] T 3d482ccba9d140908086c382905a4299 P fdcd355943dc415f8e13b4b2ea1f3f88: Bootstrap starting.
I20260709 13:09:46.771978 29121 raft_consensus.cc:3060] T 3ba85363d06343448b4fc4c19528bfb5 P fdcd355943dc415f8e13b4b2ea1f3f88 [term 0 FOLLOWER]: Advancing to term 1
I20260709 13:09:46.783811 29239 tablet_bootstrap.cc:654] T 3d482ccba9d140908086c382905a4299 P fdcd355943dc415f8e13b4b2ea1f3f88: Neither blocks nor log segments found. Creating new log.
