I20260709 13:09:42.920710 21589 raft_consensus.cc:2804] T bb2ce5a5a1e3461d8e0031fdfef61569 P d41c71e861344f0b90e8d44a8d0a3173 [term 0 FOLLOWER]: Leader pre-election won for term 1
I20260709 13:09:42.921123 21589 raft_consensus.cc:493] T bb2ce5a5a1e3461d8e0031fdfef61569 P d41c71e861344f0b90e8d44a8d0a3173 [term 0 FOLLOWER]: Starting leader election (no leader contacted us within the election timeout)
I20260709 13:09:42.921521 21589 raft_consensus.cc:3060] T bb2ce5a5a1e3461d8e0031fdfef61569 P d41c71e861344f0b90e8d44a8d0a3173 [term 0 FOLLOWER]: Advancing to term 1
I20260709 13:09:42.923317 21321 raft_consensus.cc:3060] T 099cc7d3a89e468b91e21306fa23a0be P 058db415e9884ea0ba23f1e1ff59127a [term 0 FOLLOWER]: Advancing to term 1
I20260709 13:09:42.931718 21670 consensus_queue.cc:1048] T d7bf8c65f80c468c8e47986515ea7c80 P 058db415e9884ea0ba23f1e1ff59127a [LEADER]: Connected to new peer: Peer: permanent_uuid: "d41c71e861344f0b90e8d44a8d0a3173" member_type: VOTER last_known_addr { host: "127.19.185.194" port: 41493 }, Status: LMP_MISMATCH, Last received: 0.0, Next index: 1, Last known committed idx: 0, Time since last communication: 0.001s
I20260709 13:09:42.942560 21510 tablet_bootstrap.cc:492] T bb2ce5a5a1e3461d8e0031fdfef61569 P 33be1cb5cfc143fc90e164888c96cc6f: No bootstrap required, opened a new log
I20260709 13:09:42.943269 21510 ts_tablet_manager.cc:1403] T bb2ce5a5a1e3461d8e0031fdfef61569 P 33be1cb5cfc143fc90e164888c96cc6f: Time spent bootstrapping tablet: real 0.398s	user 0.032s	sys 0.020s
I20260709 13:09:42.950455 21467 raft_consensus.cc:2468] T 849cad40897e412da9a737986240fc35 P 33be1cb5cfc143fc90e164888c96cc6f [term 1 FOLLOWER]: Leader election vote request: Granting yes vote for candidate d41c71e861344f0b90e8d44a8d0a3173 in term 1.
I20260709 13:09:42.956405 21614 consensus_queue.cc:1048] T 099cc7d3a89e468b91e21306fa23a0be P 33be1cb5cfc143fc90e164888c96cc6f [LEADER]: Connected to new peer: Peer: permanent_uuid: "058db415e9884ea0ba23f1e1ff59127a" member_type: VOTER last_known_addr { host: "127.19.185.193" port: 45701 }, Status: LMP_MISMATCH, Last received: 0.0, Next index: 1, Last known committed idx: 0, Time since last communication: 0.000s
I20260709 13:09:42.958547 21511 tablet_bootstrap.cc:654] T 849cad40897e412da9a737986240fc35 P 058db415e9884ea0ba23f1e1ff59127a: Neither blocks nor log segments found. Creating new log.
I20260709 13:09:42.967628 21510 raft_consensus.cc:359] T bb2ce5a5a1e3461d8e0031fdfef61569 P 33be1cb5cfc143fc90e164888c96cc6f [term 0 FOLLOWER]: Replica starting. Triggering 0 pending ops. Active config: opid_index: -1 OBSOLETE_local: false peers { permanent_uuid: "058db415e9884ea0ba23f1e1ff59127a" member_type: VOTER last_known_addr { host: "127.19.185.193" port: 45701 } } peers { permanent_uuid: "d41c71e861344f0b90e8d44a8d0a3173" member_type: VOTER last_known_addr { host: "127.19.185.194" port: 41493 } } peers { permanent_uuid: "33be1cb5cfc143fc90e164888c96cc6f" member_type: VOTER last_known_addr { host: "127.19.185.195" port: 45119 } }
I20260709 13:09:42.968750 21510 raft_consensus.cc:385] T bb2ce5a5a1e3461d8e0031fdfef61569 P 33be1cb5cfc143fc90e164888c96cc6f [term 0 FOLLOWER]: Consensus starting up: Expiring failure detector timer to make a prompt election more likely
I20260709 13:09:42.969092 21510 raft_consensus.cc:740] T bb2ce5a5a1e3461d8e0031fdfef61569 P 33be1cb5cfc143fc90e164888c96cc6f [term 0 FOLLOWER]: Becoming Follower/Learner. State: Replica: 33be1cb5cfc143fc90e164888c96cc6f, State: Initialized, Role: FOLLOWER
I20260709 13:09:42.969931 21510 consensus_queue.cc:260] T bb2ce5a5a1e3461d8e0031fdfef61569 P 33be1cb5cfc143fc90e164888c96cc6f [NON_LEADER]: Queue going to NON_LEADER mode. State: All replicated index: 0, Majority replicated index: 0, Committed index: 0, Last appended: 0.0, Last appended by leader: 0, Current term: 0, Majority size: -1, State: 0, Mode: NON_LEADER, active raft config: opid_index: -1 OBSOLETE_local: false peers { permanent_uuid: "058db415e9884ea0ba23f1e1ff59127a" member_type: VOTER last_known_addr { host: "127.19.185.193" port: 45701 } } peers { permanent_uuid: "d41c71e861344f0b90e8d44a8d0a3173" member_type: VOTER last_known_addr { host: "127.19.185.194" port: 41493 } } peers { permanent_uuid: "33be1cb5cfc143fc90e164888c96cc6f" member_type: VOTER last_known_addr { host: "127.19.185.195" port: 45119 } }
I20260709 13:09:42.977384 21510 ts_tablet_manager.cc:1434] T bb2ce5a5a1e3461d8e0031fdfef61569 P 33be1cb5cfc143fc90e164888c96cc6f: Time spent starting tablet: real 0.034s	user 0.006s	sys 0.001s
I20260709 13:09:42.961333 21360 leader_election.cc:304] T 849cad40897e412da9a737986240fc35 P d41c71e861344f0b90e8d44a8d0a3173 [CANDIDATE]: Term 1 election: Election decided. Result: candidate won. Election summary: received 3 responses out of 3 voters: 2 yes votes; 1 no votes. yes voters: 33be1cb5cfc143fc90e164888c96cc6f, d41c71e861344f0b90e8d44a8d0a3173; no voters: 058db415e9884ea0ba23f1e1ff59127a
I20260709 13:09:42.987349 21766 raft_consensus.cc:2804] T 849cad40897e412da9a737986240fc35 P d41c71e861344f0b90e8d44a8d0a3173 [term 1 FOLLOWER]: Leader election won for term 1
I20260709 13:09:42.987938 21766 raft_consensus.cc:697] T 849cad40897e412da9a737986240fc35 P d41c71e861344f0b90e8d44a8d0a3173 [term 1 LEADER]: Becoming Leader. State: Replica: d41c71e861344f0b90e8d44a8d0a3173, State: Running, Role: LEADER
I20260709 13:09:42.988517 21468 raft_consensus.cc:1275] T 462e641564c94eedaaaa398b75fb188e P 33be1cb5cfc143fc90e164888c96cc6f [term 2 FOLLOWER]: Refusing update from remote peer d41c71e861344f0b90e8d44a8d0a3173: Log matching property violated. Preceding OpId in replica: term: 0 index: 0. Preceding OpId from leader: term: 2 index: 1. (index mismatch)
I20260709 13:09:42.988785 21766 consensus_queue.cc:237] T 849cad40897e412da9a737986240fc35 P d41c71e861344f0b90e8d44a8d0a3173 [LEADER]: Queue going to LEADER mode. State: All replicated index: 0, Majority replicated index: 0, Committed index: 0, Last appended: 0.0, Last appended by leader: 0, Current term: 1, Majority size: 2, State: 0, Mode: LEADER, active raft config: opid_index: -1 OBSOLETE_local: false peers { permanent_uuid: "058db415e9884ea0ba23f1e1ff59127a" member_type: VOTER last_known_addr { host: "127.19.185.193" port: 45701 } } peers { permanent_uuid: "d41c71e861344f0b90e8d44a8d0a3173" member_type: VOTER last_known_addr { host: "127.19.185.194" port: 41493 } } peers { permanent_uuid: "33be1cb5cfc143fc90e164888c96cc6f" member_type: VOTER last_known_addr { host: "127.19.185.195" port: 45119 } }
I20260709 13:09:43.010448 21510 tablet_bootstrap.cc:492] T 71b8185650734d438c79a9d575a2b2f5 P 33be1cb5cfc143fc90e164888c96cc6f: Bootstrap starting.
I20260709 13:09:43.022737 21219 catalog_manager.cc:5697] T f8909ec5d582450ba80932fa543ad4a1 P 33be1cb5cfc143fc90e164888c96cc6f reported cstate change: term changed from 0 to 1, leader changed from <none> to 33be1cb5cfc143fc90e164888c96cc6f (127.19.185.195). New cstate: current_term: 1 leader_uuid: "33be1cb5cfc143fc90e164888c96cc6f" committed_config { opid_index: -1 OBSOLETE_local: false peers { permanent_uuid: "058db415e9884ea0ba23f1e1ff59127a" member_type: VOTER last_known_addr { host: "127.19.185.193" port: 45701 } health_report { overall_health: UNKNOWN } } peers { permanent_uuid: "d41c71e861344f0b90e8d44a8d0a3173" member_type: VOTER last_known_addr { host: "127.19.185.194" port: 41493 } health_report { overall_health: UNKNOWN } } peers { permanent_uuid: "33be1cb5cfc143fc90e164888c96cc6f" member_type: VOTER last_known_addr { host: "127.19.185.195" port: 45119 } health_report { overall_health: HEALTHY } } }
I20260709 13:09:42.995820 21589 raft_consensus.cc:515] T bb2ce5a5a1e3461d8e0031fdfef61569 P d41c71e861344f0b90e8d44a8d0a3173 [term 1 FOLLOWER]: Starting leader election with config: opid_index: -1 OBSOLETE_local: false peers { permanent_uuid: "058db415e9884ea0ba23f1e1ff59127a" member_type: VOTER last_known_addr { host: "127.19.185.193" port: 45701 } } peers { permanent_uuid: "d41c71e861344f0b90e8d44a8d0a3173" member_type: VOTER last_known_addr { host: "127.19.185.194" port: 41493 } } peers { permanent_uuid: "33be1cb5cfc143fc90e164888c96cc6f" member_type: VOTER last_known_addr { host: "127.19.185.195" port: 45119 } }
I20260709 13:09:43.032356 21510 tablet_bootstrap.cc:654] T 71b8185650734d438c79a9d575a2b2f5 P 33be1cb5cfc143fc90e164888c96cc6f: Neither blocks nor log segments found. Creating new log.
I20260709 13:09:43.000478 21682 consensus_queue.cc:1048] T 462e641564c94eedaaaa398b75fb188e P d41c71e861344f0b90e8d44a8d0a3173 [LEADER]: Connected to new peer: Peer: permanent_uuid: "33be1cb5cfc143fc90e164888c96cc6f" member_type: VOTER last_known_addr { host: "127.19.185.195" port: 45119 }, Status: LMP_MISMATCH, Last received: 0.0, Next index: 1, Last known committed idx: 0, Time since last communication: 0.030s
I20260709 13:09:43.039636 21512 tablet_bootstrap.cc:492] T 6d5dc87735964c6b97851e73311aee5a P d41c71e861344f0b90e8d44a8d0a3173: No bootstrap required, opened a new log
I20260709 13:09:43.040199 21512 ts_tablet_manager.cc:1403] T 6d5dc87735964c6b97851e73311aee5a P d41c71e861344f0b90e8d44a8d0a3173: Time spent bootstrapping tablet: real 0.382s	user 0.022s	sys 0.036s
I20260709 13:09:43.048379 21512 raft_consensus.cc:359] T 6d5dc87735964c6b97851e73311aee5a P d41c71e861344f0b90e8d44a8d0a3173 [term 0 FOLLOWER]: Replica starting. Triggering 0 pending ops. Active config: opid_index: -1 OBSOLETE_local: false peers { permanent_uuid: "058db415e9884ea0ba23f1e1ff59127a" member_type: VOTER last_known_addr { host: "127.19.185.193" port: 45701 } } peers { permanent_uuid: "d41c71e861344f0b90e8d44a8d0a3173" member_type: VOTER last_known_addr { host: "127.19.185.194" port: 41493 } } peers { permanent_uuid: "33be1cb5cfc143fc90e164888c96cc6f" member_type: VOTER last_known_addr { host: "127.19.185.195" port: 45119 } }
I20260709 13:09:43.048971 21512 raft_consensus.cc:385] T 6d5dc87735964c6b97851e73311aee5a P d41c71e861344f0b90e8d44a8d0a3173 [term 0 FOLLOWER]: Consensus starting up: Expiring failure detector timer to make a prompt election more likely
I20260709 13:09:43.049258 21512 raft_consensus.cc:740] T 6d5dc87735964c6b97851e73311aee5a P d41c71e861344f0b90e8d44a8d0a3173 [term 0 FOLLOWER]: Becoming Follower/Learner. State: Replica: d41c71e861344f0b90e8d44a8d0a3173, State: Initialized, Role: FOLLOWER
I20260709 13:09:43.051640 21512 consensus_queue.cc:260] T 6d5dc87735964c6b97851e73311aee5a P d41c71e861344f0b90e8d44a8d0a3173 [NON_LEADER]: Queue going to NON_LEADER mode. State: All replicated index: 0, Majority replicated index: 0, Committed index: 0, Last appended: 0.0, Last appended by leader: 0, Current term: 0, Majority size: -1, State: 0, Mode: NON_LEADER, active raft config: opid_index: -1 OBSOLETE_local: false peers { permanent_uuid: "058db415e9884ea0ba23f1e1ff59127a" member_type: VOTER last_known_addr { host: "127.19.185.193" port: 45701 } } peers { permanent_uuid: "d41c71e861344f0b90e8d44a8d0a3173" member_type: VOTER last_known_addr { host: "127.19.185.194" port: 41493 } } peers { permanent_uuid: "33be1cb5cfc143fc90e164888c96cc6f" member_type: VOTER last_known_addr { host: "127.19.185.195" port: 45119 } }
I20260709 13:09:43.053885 21512 ts_tablet_manager.cc:1434] T 6d5dc87735964c6b97851e73311aee5a P d41c71e861344f0b90e8d44a8d0a3173: Time spent starting tablet: real 0.013s	user 0.005s	sys 0.000s
I20260709 13:09:43.054908 21512 tablet_bootstrap.cc:492] T 85584105b0f74652871311c68f5de4db P d41c71e861344f0b90e8d44a8d0a3173: Bootstrap starting.
I20260709 13:09:43.098426 21511 tablet_bootstrap.cc:492] T 849cad40897e412da9a737986240fc35 P 058db415e9884ea0ba23f1e1ff59127a: No bootstrap required, opened a new log
I20260709 13:09:43.099025 21511 ts_tablet_manager.cc:1403] T 849cad40897e412da9a737986240fc35 P 058db415e9884ea0ba23f1e1ff59127a: Time spent bootstrapping tablet: real 0.186s	user 0.013s	sys 0.014s
I20260709 13:09:43.082343 21588 consensus_queue.cc:1048] T 3b2812c891d248ecafa8f302d2b72c45 P 33be1cb5cfc143fc90e164888c96cc6f [LEADER]: Connected to new peer: Peer: permanent_uuid: "058db415e9884ea0ba23f1e1ff59127a" member_type: VOTER last_known_addr { host: "127.19.185.193" port: 45701 }, Status: LMP_MISMATCH, Last received: 0.0, Next index: 1, Last known committed idx: 0, Time since last communication: 0.010s
I20260709 13:09:43.104406 21588 raft_consensus.cc:493] T bb2ce5a5a1e3461d8e0031fdfef61569 P 33be1cb5cfc143fc90e164888c96cc6f [term 0 FOLLOWER]: Starting pre-election (no leader contacted us within the election timeout)
I20260709 13:09:43.104925 21588 raft_consensus.cc:515] T bb2ce5a5a1e3461d8e0031fdfef61569 P 33be1cb5cfc143fc90e164888c96cc6f [term 0 FOLLOWER]: Starting pre-election with config: opid_index: -1 OBSOLETE_local: false peers { permanent_uuid: "058db415e9884ea0ba23f1e1ff59127a" member_type: VOTER last_known_addr { host: "127.19.185.193" port: 45701 } } peers { permanent_uuid: "d41c71e861344f0b90e8d44a8d0a3173" member_type: VOTER last_known_addr { host: "127.19.185.194" port: 41493 } } peers { permanent_uuid: "33be1cb5cfc143fc90e164888c96cc6f" member_type: VOTER last_known_addr { host: "127.19.185.195" port: 45119 } }
I20260709 13:09:43.106899 21321 tablet_service.cc:1917] Received RequestConsensusVote() RPC: tablet_id: "bb2ce5a5a1e3461d8e0031fdfef61569" candidate_uuid: "d41c71e861344f0b90e8d44a8d0a3173" candidate_term: 1 candidate_status { last_received { term: 0 index: 0 } } ignore_live_leader: false dest_uuid: "058db415e9884ea0ba23f1e1ff59127a"
I20260709 13:09:43.107498 21321 raft_consensus.cc:3060] T bb2ce5a5a1e3461d8e0031fdfef61569 P 058db415e9884ea0ba23f1e1ff59127a [term 0 FOLLOWER]: Advancing to term 1
I20260709 13:09:43.123054 21470 tablet_service.cc:1917] Received RequestConsensusVote() RPC: tablet_id: "bb2ce5a5a1e3461d8e0031fdfef61569" candidate_uuid: "d41c71e861344f0b90e8d44a8d0a3173" candidate_term: 1 candidate_status { last_received { term: 0 index: 0 } } ignore_live_leader: false dest_uuid: "33be1cb5cfc143fc90e164888c96cc6f"
I20260709 13:09:43.123739 21470 raft_consensus.cc:3060] T bb2ce5a5a1e3461d8e0031fdfef61569 P 33be1cb5cfc143fc90e164888c96cc6f [term 0 FOLLOWER]: Advancing to term 1
I20260709 13:09:43.104430 21589 leader_election.cc:290] T bb2ce5a5a1e3461d8e0031fdfef61569 P d41c71e861344f0b90e8d44a8d0a3173 [CANDIDATE]: Term 1 election: Requested vote from peers 058db415e9884ea0ba23f1e1ff59127a (127.19.185.193:45701), 33be1cb5cfc143fc90e164888c96cc6f (127.19.185.195:45119)
I20260709 13:09:43.169291 21315 raft_consensus.cc:1275] T 462e641564c94eedaaaa398b75fb188e P 058db415e9884ea0ba23f1e1ff59127a [term 2 FOLLOWER]: Refusing update from remote peer d41c71e861344f0b90e8d44a8d0a3173: Log matching property violated. Preceding OpId in replica: term: 0 index: 0. Preceding OpId from leader: term: 2 index: 1. (index mismatch)
I20260709 13:09:43.174705 21765 consensus_queue.cc:1048] T efd59ed9e9fc41bbae9dde704923fee4 P d41c71e861344f0b90e8d44a8d0a3173 [LEADER]: Connected to new peer: Peer: permanent_uuid: "33be1cb5cfc143fc90e164888c96cc6f" member_type: VOTER last_known_addr { host: "127.19.185.195" port: 45119 }, Status: LMP_MISMATCH, Last received: 0.0, Next index: 1, Last known committed idx: 0, Time since last communication: 0.000s
W20260709 13:09:43.176767 21267 auto_rebalancer.cc:288] Could not retrieve cluster info: Service unavailable: Tablet not running
I20260709 13:09:43.169337 21511 raft_consensus.cc:359] T 849cad40897e412da9a737986240fc35 P 058db415e9884ea0ba23f1e1ff59127a [term 0 FOLLOWER]: Replica starting. Triggering 0 pending ops. Active config: opid_index: -1 OBSOLETE_local: false peers { permanent_uuid: "058db415e9884ea0ba23f1e1ff59127a" member_type: VOTER last_known_addr { host: "127.19.185.193" port: 45701 } } peers { permanent_uuid: "d41c71e861344f0b90e8d44a8d0a3173" member_type: VOTER last_known_addr { host: "127.19.185.194" port: 41493 } } peers { permanent_uuid: "33be1cb5cfc143fc90e164888c96cc6f" member_type: VOTER last_known_addr { host: "127.19.185.195" port: 45119 } }
I20260709 13:09:43.177675 21511 raft_consensus.cc:385] T 849cad40897e412da9a737986240fc35 P 058db415e9884ea0ba23f1e1ff59127a [term 0 FOLLOWER]: Consensus starting up: Expiring failure detector timer to make a prompt election more likely
I20260709 13:09:43.177934 21511 raft_consensus.cc:740] T 849cad40897e412da9a737986240fc35 P 058db415e9884ea0ba23f1e1ff59127a [term 0 FOLLOWER]: Becoming Follower/Learner. State: Replica: 058db415e9884ea0ba23f1e1ff59127a, State: Initialized, Role: FOLLOWER
I20260709 13:09:43.179493 21315 tablet_service.cc:1917] Received RequestConsensusVote() RPC: tablet_id: "bb2ce5a5a1e3461d8e0031fdfef61569" candidate_uuid: "33be1cb5cfc143fc90e164888c96cc6f" candidate_term: 1 candidate_status { last_received { term: 0 index: 0 } } ignore_live_leader: false dest_uuid: "058db415e9884ea0ba23f1e1ff59127a" is_pre_election: true
I20260709 13:09:43.180263 21682 consensus_queue.cc:1048] T 462e641564c94eedaaaa398b75fb188e P d41c71e861344f0b90e8d44a8d0a3173 [LEADER]: Connected to new peer: Peer: permanent_uuid: "058db415e9884ea0ba23f1e1ff59127a" member_type: VOTER last_known_addr { host: "127.19.185.193" port: 45701 }, Status: LMP_MISMATCH, Last received: 0.0, Next index: 1, Last known committed idx: 0, Time since last communication: 0.000s
W20260709 13:09:43.182015 21789 log.cc:927] Time spent T 849cad40897e412da9a737986240fc35 P d41c71e861344f0b90e8d44a8d0a3173: Append to log took a long time: real 0.083s	user 0.001s	sys 0.000s
I20260709 13:09:43.166625 21470 raft_consensus.cc:2468] T bb2ce5a5a1e3461d8e0031fdfef61569 P 33be1cb5cfc143fc90e164888c96cc6f [term 1 FOLLOWER]: Leader election vote request: Granting yes vote for candidate d41c71e861344f0b90e8d44a8d0a3173 in term 1.
I20260709 13:09:43.183754 21511 consensus_queue.cc:260] T 849cad40897e412da9a737986240fc35 P 058db415e9884ea0ba23f1e1ff59127a [NON_LEADER]: Queue going to NON_LEADER mode. State: All replicated index: 0, Majority replicated index: 0, Committed index: 0, Last appended: 0.0, Last appended by leader: 0, Current term: 0, Majority size: -1, State: 0, Mode: NON_LEADER, active raft config: opid_index: -1 OBSOLETE_local: false peers { permanent_uuid: "058db415e9884ea0ba23f1e1ff59127a" member_type: VOTER last_known_addr { host: "127.19.185.193" port: 45701 } } peers { permanent_uuid: "d41c71e861344f0b90e8d44a8d0a3173" member_type: VOTER last_known_addr { host: "127.19.185.194" port: 41493 } } peers { permanent_uuid: "33be1cb5cfc143fc90e164888c96cc6f" member_type: VOTER last_known_addr { host: "127.19.185.195" port: 45119 } }
I20260709 13:09:43.186623 21360 leader_election.cc:304] T bb2ce5a5a1e3461d8e0031fdfef61569 P d41c71e861344f0b90e8d44a8d0a3173 [CANDIDATE]: Term 1 election: Election decided. Result: candidate won. Election summary: received 2 responses out of 3 voters: 2 yes votes; 0 no votes. yes voters: 33be1cb5cfc143fc90e164888c96cc6f, d41c71e861344f0b90e8d44a8d0a3173; no voters: 
I20260709 13:09:43.187405 21589 raft_consensus.cc:2804] T bb2ce5a5a1e3461d8e0031fdfef61569 P d41c71e861344f0b90e8d44a8d0a3173 [term 1 FOLLOWER]: Leader election won for term 1
I20260709 13:09:43.187863 21589 raft_consensus.cc:697] T bb2ce5a5a1e3461d8e0031fdfef61569 P d41c71e861344f0b90e8d44a8d0a3173 [term 1 LEADER]: Becoming Leader. State: Replica: d41c71e861344f0b90e8d44a8d0a3173, State: Running, Role: LEADER
I20260709 13:09:43.186216 21511 ts_tablet_manager.cc:1434] T 849cad40897e412da9a737986240fc35 P 058db415e9884ea0ba23f1e1ff59127a: Time spent starting tablet: real 0.087s	user 0.007s	sys 0.000s
I20260709 13:09:43.186262 21219 catalog_manager.cc:5697] T 849cad40897e412da9a737986240fc35 P d41c71e861344f0b90e8d44a8d0a3173 reported cstate change: term changed from 0 to 1, leader changed from <none> to d41c71e861344f0b90e8d44a8d0a3173 (127.19.185.194). New cstate: current_term: 1 leader_uuid: "d41c71e861344f0b90e8d44a8d0a3173" committed_config { opid_index: -1 OBSOLETE_local: false peers { permanent_uuid: "058db415e9884ea0ba23f1e1ff59127a" member_type: VOTER last_known_addr { host: "127.19.185.193" port: 45701 } health_report { overall_health: UNKNOWN } } peers { permanent_uuid: "d41c71e861344f0b90e8d44a8d0a3173" member_type: VOTER last_known_addr { host: "127.19.185.194" port: 41493 } health_report { overall_health: HEALTHY } } peers { permanent_uuid: "33be1cb5cfc143fc90e164888c96cc6f" member_type: VOTER last_known_addr { host: "127.19.185.195" port: 45119 } health_report { overall_health: UNKNOWN } } }
I20260709 13:09:43.190037 21511 tablet_bootstrap.cc:492] T 6d5dc87735964c6b97851e73311aee5a P 058db415e9884ea0ba23f1e1ff59127a: Bootstrap starting.
I20260709 13:09:43.188690 21589 consensus_queue.cc:237] T bb2ce5a5a1e3461d8e0031fdfef61569 P d41c71e861344f0b90e8d44a8d0a3173 [LEADER]: Queue going to LEADER mode. State: All replicated index: 0, Majority replicated index: 0, Committed index: 0, Last appended: 0.0, Last appended by leader: 0, Current term: 1, Majority size: 2, State: 0, Mode: LEADER, active raft config: opid_index: -1 OBSOLETE_local: false peers { permanent_uuid: "058db415e9884ea0ba23f1e1ff59127a" member_type: VOTER last_known_addr { host: "127.19.185.193" port: 45701 } } peers { permanent_uuid: "d41c71e861344f0b90e8d44a8d0a3173" member_type: VOTER last_known_addr { host: "127.19.185.194" port: 41493 } } peers { permanent_uuid: "33be1cb5cfc143fc90e164888c96cc6f" member_type: VOTER last_known_addr { host: "127.19.185.195" port: 45119 } }
I20260709 13:09:43.185177 21682 consensus_queue.cc:1048] T efd59ed9e9fc41bbae9dde704923fee4 P d41c71e861344f0b90e8d44a8d0a3173 [LEADER]: Connected to new peer: Peer: permanent_uuid: "058db415e9884ea0ba23f1e1ff59127a" member_type: VOTER last_known_addr { host: "127.19.185.193" port: 45701 }, Status: LMP_MISMATCH, Last received: 0.0, Next index: 1, Last known committed idx: 0, Time since last communication: 0.017s
I20260709 13:09:43.188716 21588 leader_election.cc:290] T bb2ce5a5a1e3461d8e0031fdfef61569 P 33be1cb5cfc143fc90e164888c96cc6f [CANDIDATE]: Term 1 pre-election: Requested pre-vote from peers 058db415e9884ea0ba23f1e1ff59127a (127.19.185.193:45701), d41c71e861344f0b90e8d44a8d0a3173 (127.19.185.194:41493)
I20260709 13:09:43.207226 21512 tablet_bootstrap.cc:654] T 85584105b0f74652871311c68f5de4db P d41c71e861344f0b90e8d44a8d0a3173: Neither blocks nor log segments found. Creating new log.
I20260709 13:09:43.214011 21321 raft_consensus.cc:2468] T bb2ce5a5a1e3461d8e0031fdfef61569 P 058db415e9884ea0ba23f1e1ff59127a [term 1 FOLLOWER]: Leader election vote request: Granting yes vote for candidate d41c71e861344f0b90e8d44a8d0a3173 in term 1.
I20260709 13:09:43.209306 21588 consensus_queue.cc:1048] T 099cc7d3a89e468b91e21306fa23a0be P 33be1cb5cfc143fc90e164888c96cc6f [LEADER]: Connected to new peer: Peer: permanent_uuid: "d41c71e861344f0b90e8d44a8d0a3173" member_type: VOTER last_known_addr { host: "127.19.185.194" port: 41493 }, Status: LMP_MISMATCH, Last received: 0.0, Next index: 1, Last known committed idx: 0, Time since last communication: 0.015s
I20260709 13:09:43.226594 21589 raft_consensus.cc:493] T 6d5dc87735964c6b97851e73311aee5a P d41c71e861344f0b90e8d44a8d0a3173 [term 0 FOLLOWER]: Starting pre-election (no leader contacted us within the election timeout)
I20260709 13:09:43.227113 21589 raft_consensus.cc:515] T 6d5dc87735964c6b97851e73311aee5a P d41c71e861344f0b90e8d44a8d0a3173 [term 0 FOLLOWER]: Starting pre-election with config: opid_index: -1 OBSOLETE_local: false peers { permanent_uuid: "058db415e9884ea0ba23f1e1ff59127a" member_type: VOTER last_known_addr { host: "127.19.185.193" port: 45701 } } peers { permanent_uuid: "d41c71e861344f0b90e8d44a8d0a3173" member_type: VOTER last_known_addr { host: "127.19.185.194" port: 41493 } } peers { permanent_uuid: "33be1cb5cfc143fc90e164888c96cc6f" member_type: VOTER last_known_addr { host: "127.19.185.195" port: 45119 } }
I20260709 13:09:43.243799 21670 raft_consensus.cc:493] T 849cad40897e412da9a737986240fc35 P 058db415e9884ea0ba23f1e1ff59127a [term 0 FOLLOWER]: Starting pre-election (no leader contacted us within the election timeout)
I20260709 13:09:43.249099 21670 raft_consensus.cc:515] T 849cad40897e412da9a737986240fc35 P 058db415e9884ea0ba23f1e1ff59127a [term 0 FOLLOWER]: Starting pre-election with config: opid_index: -1 OBSOLETE_local: false peers { permanent_uuid: "058db415e9884ea0ba23f1e1ff59127a" member_type: VOTER last_known_addr { host: "127.19.185.193" port: 45701 } } peers { permanent_uuid: "d41c71e861344f0b90e8d44a8d0a3173" member_type: VOTER last_known_addr { host: "127.19.185.194" port: 41493 } } peers { permanent_uuid: "33be1cb5cfc143fc90e164888c96cc6f" member_type: VOTER last_known_addr { host: "127.19.185.195" port: 45119 } }
I20260709 13:09:43.257102 21670 leader_election.cc:290] T 849cad40897e412da9a737986240fc35 P 058db415e9884ea0ba23f1e1ff59127a [CANDIDATE]: Term 1 pre-election: Requested pre-vote from peers d41c71e861344f0b90e8d44a8d0a3173 (127.19.185.194:41493), 33be1cb5cfc143fc90e164888c96cc6f (127.19.185.195:45119)
I20260709 13:09:43.258864 21470 tablet_service.cc:1917] Received RequestConsensusVote() RPC: tablet_id: "849cad40897e412da9a737986240fc35" candidate_uuid: "058db415e9884ea0ba23f1e1ff59127a" candidate_term: 1 candidate_status { last_received { term: 0 index: 0 } } ignore_live_leader: false dest_uuid: "33be1cb5cfc143fc90e164888c96cc6f" is_pre_election: true
I20260709 13:09:43.259153 21394 tablet_service.cc:1917] Received RequestConsensusVote() RPC: tablet_id: "bb2ce5a5a1e3461d8e0031fdfef61569" candidate_uuid: "33be1cb5cfc143fc90e164888c96cc6f" candidate_term: 1 candidate_status { last_received { term: 0 index: 0 } } ignore_live_leader: false dest_uuid: "d41c71e861344f0b90e8d44a8d0a3173" is_pre_election: true
I20260709 13:09:43.259708 21470 raft_consensus.cc:2393] T 849cad40897e412da9a737986240fc35 P 33be1cb5cfc143fc90e164888c96cc6f [term 1 FOLLOWER]: Leader pre-election vote request: Denying vote to candidate 058db415e9884ea0ba23f1e1ff59127a in current term 1: Already voted for candidate d41c71e861344f0b90e8d44a8d0a3173 in this term.
I20260709 13:09:43.260584 21395 tablet_service.cc:1917] Received RequestConsensusVote() RPC: tablet_id: "849cad40897e412da9a737986240fc35" candidate_uuid: "058db415e9884ea0ba23f1e1ff59127a" candidate_term: 1 candidate_status { last_received { term: 0 index: 0 } } ignore_live_leader: false dest_uuid: "d41c71e861344f0b90e8d44a8d0a3173" is_pre_election: true
I20260709 13:09:43.255348 21511 tablet_bootstrap.cc:654] T 6d5dc87735964c6b97851e73311aee5a P 058db415e9884ea0ba23f1e1ff59127a: Neither blocks nor log segments found. Creating new log.
I20260709 13:09:43.264716 21589 leader_election.cc:290] T 6d5dc87735964c6b97851e73311aee5a P d41c71e861344f0b90e8d44a8d0a3173 [CANDIDATE]: Term 1 pre-election: Requested pre-vote from peers 058db415e9884ea0ba23f1e1ff59127a (127.19.185.193:45701), 33be1cb5cfc143fc90e164888c96cc6f (127.19.185.195:45119)
I20260709 13:09:43.270746 21318 tablet_service.cc:1917] Received RequestConsensusVote() RPC: tablet_id: "6d5dc87735964c6b97851e73311aee5a" candidate_uuid: "d41c71e861344f0b90e8d44a8d0a3173" candidate_term: 1 candidate_status { last_received { term: 0 index: 0 } } ignore_live_leader: false dest_uuid: "058db415e9884ea0ba23f1e1ff59127a" is_pre_election: true
W20260709 13:09:43.272101 21362 leader_election.cc:343] T 6d5dc87735964c6b97851e73311aee5a P d41c71e861344f0b90e8d44a8d0a3173 [CANDIDATE]: Term 1 pre-election: Tablet error from VoteRequest() call to peer 058db415e9884ea0ba23f1e1ff59127a (127.19.185.193:45701): Illegal state: must be running to vote when last-logged opid is not known
I20260709 13:09:43.278257 21468 tablet_service.cc:1917] Received RequestConsensusVote() RPC: tablet_id: "6d5dc87735964c6b97851e73311aee5a" candidate_uuid: "d41c71e861344f0b90e8d44a8d0a3173" candidate_term: 1 candidate_status { last_received { term: 0 index: 0 } } ignore_live_leader: false dest_uuid: "33be1cb5cfc143fc90e164888c96cc6f" is_pre_election: true
I20260709 13:09:43.279443 21285 leader_election.cc:304] T 849cad40897e412da9a737986240fc35 P 058db415e9884ea0ba23f1e1ff59127a [CANDIDATE]: Term 1 pre-election: Election decided. Result: candidate lost. Election summary: received 3 responses out of 3 voters: 1 yes votes; 2 no votes. yes voters: 058db415e9884ea0ba23f1e1ff59127a; no voters: 33be1cb5cfc143fc90e164888c96cc6f, d41c71e861344f0b90e8d44a8d0a3173
I20260709 13:09:43.280308 21434 leader_election.cc:304] T bb2ce5a5a1e3461d8e0031fdfef61569 P 33be1cb5cfc143fc90e164888c96cc6f [CANDIDATE]: Term 1 pre-election: Election decided. Result: candidate lost. Election summary: received 3 responses out of 3 voters: 1 yes votes; 2 no votes. yes voters: 33be1cb5cfc143fc90e164888c96cc6f; no voters: 058db415e9884ea0ba23f1e1ff59127a, d41c71e861344f0b90e8d44a8d0a3173
I20260709 13:09:43.280644 21781 raft_consensus.cc:3060] T 849cad40897e412da9a737986240fc35 P 058db415e9884ea0ba23f1e1ff59127a [term 0 FOLLOWER]: Advancing to term 1
I20260709 13:09:43.278219 21510 tablet_bootstrap.cc:492] T 71b8185650734d438c79a9d575a2b2f5 P 33be1cb5cfc143fc90e164888c96cc6f: No bootstrap required, opened a new log
I20260709 13:09:43.282320 21510 ts_tablet_manager.cc:1403] T 71b8185650734d438c79a9d575a2b2f5 P 33be1cb5cfc143fc90e164888c96cc6f: Time spent bootstrapping tablet: real 0.273s	user 0.018s	sys 0.011s
I20260709 13:09:43.299327 21790 raft_consensus.cc:2749] T bb2ce5a5a1e3461d8e0031fdfef61569 P 33be1cb5cfc143fc90e164888c96cc6f [term 1 FOLLOWER]: Leader pre-election lost for term 1. Reason: could not achieve majority
W20260709 13:09:43.318035 21795 log.cc:927] Time spent T 3b2812c891d248ecafa8f302d2b72c45 P 058db415e9884ea0ba23f1e1ff59127a: Append to log took a long time: real 0.062s	user 0.000s	sys 0.000s
I20260709 13:09:43.335429 21781 raft_consensus.cc:2749] T 849cad40897e412da9a737986240fc35 P 058db415e9884ea0ba23f1e1ff59127a [term 1 FOLLOWER]: Leader pre-election lost for term 1. Reason: could not achieve majority
W20260709 13:09:43.355839 21798 log.cc:927] Time spent T bb2ce5a5a1e3461d8e0031fdfef61569 P d41c71e861344f0b90e8d44a8d0a3173: Append to log took a long time: real 0.093s	user 0.001s	sys 0.000s
W20260709 13:09:43.345146 21360 leader_election.cc:343] T 6d5dc87735964c6b97851e73311aee5a P d41c71e861344f0b90e8d44a8d0a3173 [CANDIDATE]: Term 1 pre-election: Tablet error from VoteRequest() call to peer 33be1cb5cfc143fc90e164888c96cc6f (127.19.185.195:45119): Illegal state: must be running to vote when last-logged opid is not known
I20260709 13:09:43.368273 21360 leader_election.cc:304] T 6d5dc87735964c6b97851e73311aee5a P d41c71e861344f0b90e8d44a8d0a3173 [CANDIDATE]: Term 1 pre-election: Election decided. Result: candidate lost. Election summary: received 3 responses out of 3 voters: 1 yes votes; 2 no votes. yes voters: d41c71e861344f0b90e8d44a8d0a3173; no voters: 058db415e9884ea0ba23f1e1ff59127a, 33be1cb5cfc143fc90e164888c96cc6f
I20260709 13:09:43.369099 21767 raft_consensus.cc:2749] T 6d5dc87735964c6b97851e73311aee5a P d41c71e861344f0b90e8d44a8d0a3173 [term 0 FOLLOWER]: Leader pre-election lost for term 1. Reason: could not achieve majority
I20260709 13:09:43.369940 21790 consensus_queue.cc:1048] T f8909ec5d582450ba80932fa543ad4a1 P 33be1cb5cfc143fc90e164888c96cc6f [LEADER]: Connected to new peer: Peer: permanent_uuid: "d41c71e861344f0b90e8d44a8d0a3173" member_type: VOTER last_known_addr { host: "127.19.185.194" port: 41493 }, Status: LMP_MISMATCH, Last received: 0.0, Next index: 1, Last known committed idx: 0, Time since last communication: 0.000s
I20260709 13:09:43.372521 21510 raft_consensus.cc:359] T 71b8185650734d438c79a9d575a2b2f5 P 33be1cb5cfc143fc90e164888c96cc6f [term 0 FOLLOWER]: Replica starting. Triggering 0 pending ops. Active config: opid_index: -1 OBSOLETE_local: false peers { permanent_uuid: "058db415e9884ea0ba23f1e1ff59127a" member_type: VOTER last_known_addr { host: "127.19.185.193" port: 45701 } } peers { permanent_uuid: "d41c71e861344f0b90e8d44a8d0a3173" member_type: VOTER last_known_addr { host: "127.19.185.194" port: 41493 } } peers { permanent_uuid: "33be1cb5cfc143fc90e164888c96cc6f" member_type: VOTER last_known_addr { host: "127.19.185.195" port: 45119 } }
I20260709 13:09:43.373184 21510 raft_consensus.cc:385] T 71b8185650734d438c79a9d575a2b2f5 P 33be1cb5cfc143fc90e164888c96cc6f [term 0 FOLLOWER]: Consensus starting up: Expiring failure detector timer to make a prompt election more likely
I20260709 13:09:43.373449 21510 raft_consensus.cc:740] T 71b8185650734d438c79a9d575a2b2f5 P 33be1cb5cfc143fc90e164888c96cc6f [term 0 FOLLOWER]: Becoming Follower/Learner. State: Replica: 33be1cb5cfc143fc90e164888c96cc6f, State: Initialized, Role: FOLLOWER
I20260709 13:09:43.374049 21510 consensus_queue.cc:260] T 71b8185650734d438c79a9d575a2b2f5 P 33be1cb5cfc143fc90e164888c96cc6f [NON_LEADER]: Queue going to NON_LEADER mode. State: All replicated index: 0, Majority replicated index: 0, Committed index: 0, Last appended: 0.0, Last appended by leader: 0, Current term: 0, Majority size: -1, State: 0, Mode: NON_LEADER, active raft config: opid_index: -1 OBSOLETE_local: false peers { permanent_uuid: "058db415e9884ea0ba23f1e1ff59127a" member_type: VOTER last_known_addr { host: "127.19.185.193" port: 45701 } } peers { permanent_uuid: "d41c71e861344f0b90e8d44a8d0a3173" member_type: VOTER last_known_addr { host: "127.19.185.194" port: 41493 } } peers { permanent_uuid: "33be1cb5cfc143fc90e164888c96cc6f" member_type: VOTER last_known_addr { host: "127.19.185.195" port: 45119 } }
W20260709 13:09:43.380698 21801 log.cc:927] Time spent T efd59ed9e9fc41bbae9dde704923fee4 P 058db415e9884ea0ba23f1e1ff59127a: Append to log took a long time: real 0.086s	user 0.000s	sys 0.000s
I20260709 13:09:43.381000 21510 ts_tablet_manager.cc:1434] T 71b8185650734d438c79a9d575a2b2f5 P 33be1cb5cfc143fc90e164888c96cc6f: Time spent starting tablet: real 0.098s	user 0.006s	sys 0.000s
I20260709 13:09:43.383113 21510 tablet_bootstrap.cc:492] T d0f870524af94ba487ca21790bc003cc P 33be1cb5cfc143fc90e164888c96cc6f: Bootstrap starting.
I20260709 13:09:43.386759 21512 tablet_bootstrap.cc:492] T 85584105b0f74652871311c68f5de4db P d41c71e861344f0b90e8d44a8d0a3173: No bootstrap required, opened a new log
I20260709 13:09:43.387333 21512 ts_tablet_manager.cc:1403] T 85584105b0f74652871311c68f5de4db P d41c71e861344f0b90e8d44a8d0a3173: Time spent bootstrapping tablet: real 0.333s	user 0.013s	sys 0.006s
I20260709 13:09:43.388183 21511 tablet_bootstrap.cc:492] T 6d5dc87735964c6b97851e73311aee5a P 058db415e9884ea0ba23f1e1ff59127a: No bootstrap required, opened a new log
I20260709 13:09:43.388665 21511 ts_tablet_manager.cc:1403] T 6d5dc87735964c6b97851e73311aee5a P 058db415e9884ea0ba23f1e1ff59127a: Time spent bootstrapping tablet: real 0.199s	user 0.032s	sys 0.039s
W20260709 13:09:43.423611 21360 outbound_call.cc:321] RPC callback for RPC call kudu.consensus.ConsensusService.UpdateConsensus -> {remote=127.19.185.195:45119, user_credentials={real_user=slave}} blocked reactor thread for 53063.8us
I20260709 13:09:43.433424 21512 raft_consensus.cc:359] T 85584105b0f74652871311c68f5de4db P d41c71e861344f0b90e8d44a8d0a3173 [term 0 FOLLOWER]: Replica starting. Triggering 0 pending ops. Active config: opid_index: -1 OBSOLETE_local: false peers { permanent_uuid: "058db415e9884ea0ba23f1e1ff59127a" member_type: VOTER last_known_addr { host: "127.19.185.193" port: 45701 } } peers { permanent_uuid: "d41c71e861344f0b90e8d44a8d0a3173" member_type: VOTER last_known_addr { host: "127.19.185.194" port: 41493 } } peers { permanent_uuid: "33be1cb5cfc143fc90e164888c96cc6f" member_type: VOTER last_known_addr { host: "127.19.185.195" port: 45119 } }
I20260709 13:09:43.433881 21511 raft_consensus.cc:359] T 6d5dc87735964c6b97851e73311aee5a P 058db415e9884ea0ba23f1e1ff59127a [term 0 FOLLOWER]: Replica starting. Triggering 0 pending ops. Active config: opid_index: -1 OBSOLETE_local: false peers { permanent_uuid: "058db415e9884ea0ba23f1e1ff59127a" member_type: VOTER last_known_addr { host: "127.19.185.193" port: 45701 } } peers { permanent_uuid: "d41c71e861344f0b90e8d44a8d0a3173" member_type: VOTER last_known_addr { host: "127.19.185.194" port: 41493 } } peers { permanent_uuid: "33be1cb5cfc143fc90e164888c96cc6f" member_type: VOTER last_known_addr { host: "127.19.185.195" port: 45119 } }
I20260709 13:09:43.443027 21512 raft_consensus.cc:385] T 85584105b0f74652871311c68f5de4db P d41c71e861344f0b90e8d44a8d0a3173 [term 0 FOLLOWER]: Consensus starting up: Expiring failure detector timer to make a prompt election more likely
I20260709 13:09:43.443028 21511 raft_consensus.cc:385] T 6d5dc87735964c6b97851e73311aee5a P 058db415e9884ea0ba23f1e1ff59127a [term 0 FOLLOWER]: Consensus starting up: Expiring failure detector timer to make a prompt election more likely
I20260709 13:09:43.443857 21511 raft_consensus.cc:740] T 6d5dc87735964c6b97851e73311aee5a P 058db415e9884ea0ba23f1e1ff59127a [term 0 FOLLOWER]: Becoming Follower/Learner. State: Replica: 058db415e9884ea0ba23f1e1ff59127a, State: Initialized, Role: FOLLOWER
I20260709 13:09:43.443627 21512 raft_consensus.cc:740] T 85584105b0f74652871311c68f5de4db P d41c71e861344f0b90e8d44a8d0a3173 [term 0 FOLLOWER]: Becoming Follower/Learner. State: Replica: d41c71e861344f0b90e8d44a8d0a3173, State: Initialized, Role: FOLLOWER
I20260709 13:09:43.449347 21686 consensus_queue.cc:1048] T 849cad40897e412da9a737986240fc35 P d41c71e861344f0b90e8d44a8d0a3173 [LEADER]: Connected to new peer: Peer: permanent_uuid: "058db415e9884ea0ba23f1e1ff59127a" member_type: VOTER last_known_addr { host: "127.19.185.193" port: 45701 }, Status: LMP_MISMATCH, Last received: 0.0, Next index: 1, Last known committed idx: 0, Time since last communication: 0.001s
I20260709 13:09:43.455734 21217 catalog_manager.cc:5697] T bb2ce5a5a1e3461d8e0031fdfef61569 P d41c71e861344f0b90e8d44a8d0a3173 reported cstate change: term changed from 0 to 1, leader changed from <none> to d41c71e861344f0b90e8d44a8d0a3173 (127.19.185.194). New cstate: current_term: 1 leader_uuid: "d41c71e861344f0b90e8d44a8d0a3173" committed_config { opid_index: -1 OBSOLETE_local: false peers { permanent_uuid: "058db415e9884ea0ba23f1e1ff59127a" member_type: VOTER last_known_addr { host: "127.19.185.193" port: 45701 } health_report { overall_health: UNKNOWN } } peers { permanent_uuid: "d41c71e861344f0b90e8d44a8d0a3173" member_type: VOTER last_known_addr { host: "127.19.185.194" port: 41493 } health_report { overall_health: HEALTHY } } peers { permanent_uuid: "33be1cb5cfc143fc90e164888c96cc6f" member_type: VOTER last_known_addr { host: "127.19.185.195" port: 45119 } health_report { overall_health: UNKNOWN } } }
I20260709 13:09:43.444989 21511 consensus_queue.cc:260] T 6d5dc87735964c6b97851e73311aee5a P 058db415e9884ea0ba23f1e1ff59127a [NON_LEADER]: Queue going to NON_LEADER mode. State: All replicated index: 0, Majority replicated index: 0, Committed index: 0, Last appended: 0.0, Last appended by leader: 0, Current term: 0, Majority size: -1, State: 0, Mode: NON_LEADER, active raft config: opid_index: -1 OBSOLETE_local: false peers { permanent_uuid: "058db415e9884ea0ba23f1e1ff59127a" member_type: VOTER last_known_addr { host: "127.19.185.193" port: 45701 } } peers { permanent_uuid: "d41c71e861344f0b90e8d44a8d0a3173" member_type: VOTER last_known_addr { host: "127.19.185.194" port: 41493 } } peers { permanent_uuid: "33be1cb5cfc143fc90e164888c96cc6f" member_type: VOTER last_known_addr { host: "127.19.185.195" port: 45119 } }
I20260709 13:09:43.449402 21510 tablet_bootstrap.cc:654] T d0f870524af94ba487ca21790bc003cc P 33be1cb5cfc143fc90e164888c96cc6f: Neither blocks nor log segments found. Creating new log.
I20260709 13:09:43.465392 21511 ts_tablet_manager.cc:1434] T 6d5dc87735964c6b97851e73311aee5a P 058db415e9884ea0ba23f1e1ff59127a: Time spent starting tablet: real 0.076s	user 0.007s	sys 0.006s
I20260709 13:09:43.470225 21512 consensus_queue.cc:260] T 85584105b0f74652871311c68f5de4db P d41c71e861344f0b90e8d44a8d0a3173 [NON_LEADER]: Queue going to NON_LEADER mode. State: All replicated index: 0, Majority replicated index: 0, Committed index: 0, Last appended: 0.0, Last appended by leader: 0, Current term: 0, Majority size: -1, State: 0, Mode: NON_LEADER, active raft config: opid_index: -1 OBSOLETE_local: false peers { permanent_uuid: "058db415e9884ea0ba23f1e1ff59127a" member_type: VOTER last_known_addr { host: "127.19.185.193" port: 45701 } } peers { permanent_uuid: "d41c71e861344f0b90e8d44a8d0a3173" member_type: VOTER last_known_addr { host: "127.19.185.194" port: 41493 } } peers { permanent_uuid: "33be1cb5cfc143fc90e164888c96cc6f" member_type: VOTER last_known_addr { host: "127.19.185.195" port: 45119 } }
I20260709 13:09:43.480249 21512 ts_tablet_manager.cc:1434] T 85584105b0f74652871311c68f5de4db P d41c71e861344f0b90e8d44a8d0a3173: Time spent starting tablet: real 0.093s	user 0.007s	sys 0.004s
I20260709 13:09:43.499567 21791 consensus_queue.cc:1048] T f8909ec5d582450ba80932fa543ad4a1 P 33be1cb5cfc143fc90e164888c96cc6f [LEADER]: Connected to new peer: Peer: permanent_uuid: "058db415e9884ea0ba23f1e1ff59127a" member_type: VOTER last_known_addr { host: "127.19.185.193" port: 45701 }, Status: LMP_MISMATCH, Last received: 0.0, Next index: 1, Last known committed idx: 0, Time since last communication: 0.001s
I20260709 13:09:43.513561 21512 tablet_bootstrap.cc:492] T d0f870524af94ba487ca21790bc003cc P d41c71e861344f0b90e8d44a8d0a3173: Bootstrap starting.
I20260709 13:09:43.519181 21511 tablet_bootstrap.cc:492] T 6629858a6e4c4461a471763a94f0effa P 058db415e9884ea0ba23f1e1ff59127a: Bootstrap starting.
I20260709 13:09:43.575982 21512 tablet_bootstrap.cc:654] T d0f870524af94ba487ca21790bc003cc P d41c71e861344f0b90e8d44a8d0a3173: Neither blocks nor log segments found. Creating new log.
I20260709 13:09:43.577653 21510 tablet_bootstrap.cc:492] T d0f870524af94ba487ca21790bc003cc P 33be1cb5cfc143fc90e164888c96cc6f: No bootstrap required, opened a new log
I20260709 13:09:43.581622 21510 ts_tablet_manager.cc:1403] T d0f870524af94ba487ca21790bc003cc P 33be1cb5cfc143fc90e164888c96cc6f: Time spent bootstrapping tablet: real 0.199s	user 0.008s	sys 0.020s
I20260709 13:09:43.584182 21686 consensus_queue.cc:1048] T bb2ce5a5a1e3461d8e0031fdfef61569 P d41c71e861344f0b90e8d44a8d0a3173 [LEADER]: Connected to new peer: Peer: permanent_uuid: "058db415e9884ea0ba23f1e1ff59127a" member_type: VOTER last_known_addr { host: "127.19.185.193" port: 45701 }, Status: LMP_MISMATCH, Last received: 0.0, Next index: 1, Last known committed idx: 0, Time since last communication: 0.001s
I20260709 13:09:43.584950 21510 raft_consensus.cc:359] T d0f870524af94ba487ca21790bc003cc P 33be1cb5cfc143fc90e164888c96cc6f [term 0 FOLLOWER]: Replica starting. Triggering 0 pending ops. Active config: opid_index: -1 OBSOLETE_local: false peers { permanent_uuid: "058db415e9884ea0ba23f1e1ff59127a" member_type: VOTER last_known_addr { host: "127.19.185.193" port: 45701 } } peers { permanent_uuid: "d41c71e861344f0b90e8d44a8d0a3173" member_type: VOTER last_known_addr { host: "127.19.185.194" port: 41493 } } peers { permanent_uuid: "33be1cb5cfc143fc90e164888c96cc6f" member_type: VOTER last_known_addr { host: "127.19.185.195" port: 45119 } }
I20260709 13:09:43.585647 21510 raft_consensus.cc:385] T d0f870524af94ba487ca21790bc003cc P 33be1cb5cfc143fc90e164888c96cc6f [term 0 FOLLOWER]: Consensus starting up: Expiring failure detector timer to make a prompt election more likely
I20260709 13:09:43.585932 21510 raft_consensus.cc:740] T d0f870524af94ba487ca21790bc003cc P 33be1cb5cfc143fc90e164888c96cc6f [term 0 FOLLOWER]: Becoming Follower/Learner. State: Replica: 33be1cb5cfc143fc90e164888c96cc6f, State: Initialized, Role: FOLLOWER
I20260709 13:09:43.586649 21510 consensus_queue.cc:260] T d0f870524af94ba487ca21790bc003cc P 33be1cb5cfc143fc90e164888c96cc6f [NON_LEADER]: Queue going to NON_LEADER mode. State: All replicated index: 0, Majority replicated index: 0, Committed index: 0, Last appended: 0.0, Last appended by leader: 0, Current term: 0, Majority size: -1, State: 0, Mode: NON_LEADER, active raft config: opid_index: -1 OBSOLETE_local: false peers { permanent_uuid: "058db415e9884ea0ba23f1e1ff59127a" member_type: VOTER last_known_addr { host: "127.19.185.193" port: 45701 } } peers { permanent_uuid: "d41c71e861344f0b90e8d44a8d0a3173" member_type: VOTER last_known_addr { host: "127.19.185.194" port: 41493 } } peers { permanent_uuid: "33be1cb5cfc143fc90e164888c96cc6f" member_type: VOTER last_known_addr { host: "127.19.185.195" port: 45119 } }
I20260709 13:09:43.587929 21511 tablet_bootstrap.cc:654] T 6629858a6e4c4461a471763a94f0effa P 058db415e9884ea0ba23f1e1ff59127a: Neither blocks nor log segments found. Creating new log.
I20260709 13:09:43.602753 21510 ts_tablet_manager.cc:1434] T d0f870524af94ba487ca21790bc003cc P 33be1cb5cfc143fc90e164888c96cc6f: Time spent starting tablet: real 0.021s	user 0.008s	sys 0.000s
I20260709 13:09:43.604350 21510 tablet_bootstrap.cc:492] T 6629858a6e4c4461a471763a94f0effa P 33be1cb5cfc143fc90e164888c96cc6f: Bootstrap starting.
I20260709 13:09:43.627187 21765 consensus_queue.cc:1048] T 849cad40897e412da9a737986240fc35 P d41c71e861344f0b90e8d44a8d0a3173 [LEADER]: Connected to new peer: Peer: permanent_uuid: "33be1cb5cfc143fc90e164888c96cc6f" member_type: VOTER last_known_addr { host: "127.19.185.195" port: 45119 }, Status: LMP_MISMATCH, Last received: 0.0, Next index: 1, Last known committed idx: 0, Time since last communication: 0.001s
I20260709 13:09:43.638095 21511 tablet_bootstrap.cc:492] T 6629858a6e4c4461a471763a94f0effa P 058db415e9884ea0ba23f1e1ff59127a: No bootstrap required, opened a new log
I20260709 13:09:43.641736 21511 ts_tablet_manager.cc:1403] T 6629858a6e4c4461a471763a94f0effa P 058db415e9884ea0ba23f1e1ff59127a: Time spent bootstrapping tablet: real 0.155s	user 0.018s	sys 0.000s
I20260709 13:09:43.643029 21512 tablet_bootstrap.cc:492] T d0f870524af94ba487ca21790bc003cc P d41c71e861344f0b90e8d44a8d0a3173: No bootstrap required, opened a new log
I20260709 13:09:43.640877 21686 consensus_queue.cc:1048] T bb2ce5a5a1e3461d8e0031fdfef61569 P d41c71e861344f0b90e8d44a8d0a3173 [LEADER]: Connected to new peer: Peer: permanent_uuid: "33be1cb5cfc143fc90e164888c96cc6f" member_type: VOTER last_known_addr { host: "127.19.185.195" port: 45119 }, Status: LMP_MISMATCH, Last received: 0.0, Next index: 1, Last known committed idx: 0, Time since last communication: 0.004s
I20260709 13:09:43.647058 21511 raft_consensus.cc:359] T 6629858a6e4c4461a471763a94f0effa P 058db415e9884ea0ba23f1e1ff59127a [term 0 FOLLOWER]: Replica starting. Triggering 0 pending ops. Active config: opid_index: -1 OBSOLETE_local: false peers { permanent_uuid: "058db415e9884ea0ba23f1e1ff59127a" member_type: VOTER last_known_addr { host: "127.19.185.193" port: 45701 } } peers { permanent_uuid: "d41c71e861344f0b90e8d44a8d0a3173" member_type: VOTER last_known_addr { host: "127.19.185.194" port: 41493 } } peers { permanent_uuid: "33be1cb5cfc143fc90e164888c96cc6f" member_type: VOTER last_known_addr { host: "127.19.185.195" port: 45119 } }
I20260709 13:09:43.648090 21512 ts_tablet_manager.cc:1403] T d0f870524af94ba487ca21790bc003cc P d41c71e861344f0b90e8d44a8d0a3173: Time spent bootstrapping tablet: real 0.135s	user 0.014s	sys 0.009s
I20260709 13:09:43.649248 21511 raft_consensus.cc:385] T 6629858a6e4c4461a471763a94f0effa P 058db415e9884ea0ba23f1e1ff59127a [term 0 FOLLOWER]: Consensus starting up: Expiring failure detector timer to make a prompt election more likely
I20260709 13:09:43.651576 21788 raft_consensus.cc:493] T 6d5dc87735964c6b97851e73311aee5a P 058db415e9884ea0ba23f1e1ff59127a [term 0 FOLLOWER]: Starting pre-election (no leader contacted us within the election timeout)
I20260709 13:09:43.652118 21788 raft_consensus.cc:515] T 6d5dc87735964c6b97851e73311aee5a P 058db415e9884ea0ba23f1e1ff59127a [term 0 FOLLOWER]: Starting pre-election with config: opid_index: -1 OBSOLETE_local: false peers { permanent_uuid: "058db415e9884ea0ba23f1e1ff59127a" member_type: VOTER last_known_addr { host: "127.19.185.193" port: 45701 } } peers { permanent_uuid: "d41c71e861344f0b90e8d44a8d0a3173" member_type: VOTER last_known_addr { host: "127.19.185.194" port: 41493 } } peers { permanent_uuid: "33be1cb5cfc143fc90e164888c96cc6f" member_type: VOTER last_known_addr { host: "127.19.185.195" port: 45119 } }
I20260709 13:09:43.650020 21511 raft_consensus.cc:740] T 6629858a6e4c4461a471763a94f0effa P 058db415e9884ea0ba23f1e1ff59127a [term 0 FOLLOWER]: Becoming Follower/Learner. State: Replica: 058db415e9884ea0ba23f1e1ff59127a, State: Initialized, Role: FOLLOWER
I20260709 13:09:43.653345 21511 consensus_queue.cc:260] T 6629858a6e4c4461a471763a94f0effa P 058db415e9884ea0ba23f1e1ff59127a [NON_LEADER]: Queue going to NON_LEADER mode. State: All replicated index: 0, Majority replicated index: 0, Committed index: 0, Last appended: 0.0, Last appended by leader: 0, Current term: 0, Majority size: -1, State: 0, Mode: NON_LEADER, active raft config: opid_index: -1 OBSOLETE_local: false peers { permanent_uuid: "058db415e9884ea0ba23f1e1ff59127a" member_type: VOTER last_known_addr { host: "127.19.185.193" port: 45701 } } peers { permanent_uuid: "d41c71e861344f0b90e8d44a8d0a3173" member_type: VOTER last_known_addr { host: "127.19.185.194" port: 41493 } } peers { permanent_uuid: "33be1cb5cfc143fc90e164888c96cc6f" member_type: VOTER last_known_addr { host: "127.19.185.195" port: 45119 } }
I20260709 13:09:43.655059 21788 leader_election.cc:290] T 6d5dc87735964c6b97851e73311aee5a P 058db415e9884ea0ba23f1e1ff59127a [CANDIDATE]: Term 1 pre-election: Requested pre-vote from peers d41c71e861344f0b90e8d44a8d0a3173 (127.19.185.194:41493), 33be1cb5cfc143fc90e164888c96cc6f (127.19.185.195:45119)
I20260709 13:09:43.658341 21466 tablet_service.cc:1917] Received RequestConsensusVote() RPC: tablet_id: "6d5dc87735964c6b97851e73311aee5a" candidate_uuid: "058db415e9884ea0ba23f1e1ff59127a" candidate_term: 1 candidate_status { last_received { term: 0 index: 0 } } ignore_live_leader: false dest_uuid: "33be1cb5cfc143fc90e164888c96cc6f" is_pre_election: true
