[==========] Running 8 tests from 2 test suites.
[----------] Global test environment set-up.
[----------] 6 tests from LeaderRebalancerTest
[ RUN      ] LeaderRebalancerTest.FunctionalTestForDivided
WARNING: Logging before InitGoogleLogging() is written to STDERR
I20260709 13:09:08.322423 27621 internal_mini_cluster.cc:156] Creating distributed mini masters. Addrs: 127.26.249.126:41181
I20260709 13:09:08.324029 27621 env_posix.cc:2285] Not raising this process' open files per process limit of 1048576; it is already as high as it can go
I20260709 13:09:08.325117 27621 file_cache.cc:504] Constructed file cache file cache with capacity 419430
I20260709 13:09:08.344451 27621 server_base.cc:1061] running on GCE node
W20260709 13:09:08.342785 27628 instance_detector.cc:116] could not retrieve Azure instance metadata: Network error: curl error: HTTP response code said error: The requested URL returned error: 404
W20260709 13:09:08.342777 27627 instance_detector.cc:116] could not retrieve AWS instance metadata: Network error: curl error: HTTP response code said error: The requested URL returned error: 404
W20260709 13:09:08.342730 27630 instance_detector.cc:116] could not retrieve OpenStack instance metadata: Network error: curl error: HTTP response code said error: The requested URL returned error: 404
I20260709 13:09:09.553753 27621 hybrid_clock.cc:584] initializing the hybrid clock with 'system_unsync' time source
W20260709 13:09:09.553997 27621 system_unsync_time.cc:38] NTP support is disabled. Clock error bounds will not be accurate. This configuration is not suitable for distributed clusters.
I20260709 13:09:09.554239 27621 hybrid_clock.cc:648] HybridClock initialized: now 1783602549554196 us; error 0 us; skew 500 ppm
I20260709 13:09:09.555092 27621 server_base.cc:861] Flag tcmalloc_max_total_thread_cache_bytes is not working since tcmalloc is not enabled.
I20260709 13:09:09.560434 27621 webserver.cc:533] Webserver started at http://127.26.249.126:43557/ using document root <none> and password file <none>
I20260709 13:09:09.561295 27621 fs_manager.cc:362] Metadata directory not provided
I20260709 13:09:09.561537 27621 fs_manager.cc:368] Using write-ahead log directory (fs_wal_dir) as metadata directory
I20260709 13:09:09.562057 27621 server_base.cc:909] This appears to be a new deployment of Kudu; creating new FS layout
I20260709 13:09:09.567901 27621 fs_manager.cc:1068] Generated new instance metadata in path /tmp/dist-test-taskt1rluD/test-tmp/auto_leader_rebalancer-test.0.LeaderRebalancerTest.FunctionalTestForDivided.1783602548154850-27621-0/minicluster-data/master-0-root/instance:
uuid: "9cac67e2e4a448a0aa270b4ed92b3e42"
format_stamp: "Formatted at 2026-07-09 13:09:09 on dist-test-slave-kp9f"
I20260709 13:09:09.575846 27621 fs_manager.cc:696] Time spent creating directory manager: real 0.007s	user 0.009s	sys 0.000s
I20260709 13:09:09.581211 27636 log_block_manager.cc:4127] Time spent loading block containers with low live blocks: real 0.000s	user 0.000s	sys 0.000s
I20260709 13:09:09.582448 27621 fs_manager.cc:730] Time spent opening block manager: real 0.004s	user 0.003s	sys 0.000s
I20260709 13:09:09.582821 27621 fs_manager.cc:647] Opened local filesystem: /tmp/dist-test-taskt1rluD/test-tmp/auto_leader_rebalancer-test.0.LeaderRebalancerTest.FunctionalTestForDivided.1783602548154850-27621-0/minicluster-data/master-0-root
uuid: "9cac67e2e4a448a0aa270b4ed92b3e42"
format_stamp: "Formatted at 2026-07-09 13:09:09 on dist-test-slave-kp9f"
I20260709 13:09:09.583209 27621 fs_report.cc:389] FS layout report
--------------------
wal directory: /tmp/dist-test-taskt1rluD/test-tmp/auto_leader_rebalancer-test.0.LeaderRebalancerTest.FunctionalTestForDivided.1783602548154850-27621-0/minicluster-data/master-0-root
metadata directory: /tmp/dist-test-taskt1rluD/test-tmp/auto_leader_rebalancer-test.0.LeaderRebalancerTest.FunctionalTestForDivided.1783602548154850-27621-0/minicluster-data/master-0-root
1 data directories: /tmp/dist-test-taskt1rluD/test-tmp/auto_leader_rebalancer-test.0.LeaderRebalancerTest.FunctionalTestForDivided.1783602548154850-27621-0/minicluster-data/master-0-root/data
Total live blocks: 0
Total live bytes: 0
Total live bytes (after alignment): 0
Total number of LBM containers: 0 (0 full)
Did not check for missing blocks
Did not check for orphaned blocks
Total full LBM containers with extra space: 0 (0 repaired)
Total full LBM container extra space in bytes: 0 (0 repaired)
Total incomplete LBM containers: 0 (0 repaired)
Total LBM partial records: 0 (0 repaired)
Total corrupted LBM metadata records in RocksDB: 0 (0 repaired)
I20260709 13:09:09.639750 27621 rpc_server.cc:225] running with OpenSSL 1.1.1  11 Sep 2018
I20260709 13:09:09.641343 27621 env_posix.cc:2285] Not raising this process' running threads per effective uid limit of 18446744073709551615; it is already as high as it can go
I20260709 13:09:09.641839 27621 kserver.cc:163] Server-wide thread pool size limit: 3276
I20260709 13:09:09.714540 27621 rpc_server.cc:307] RPC server started. Bound to: 127.26.249.126:41181
I20260709 13:09:09.714674 27687 acceptor_pool.cc:272] collecting diagnostics on the listening RPC socket 127.26.249.126:41181 every 8 connection(s)
I20260709 13:09:09.722702 27688 data_dirs.cc:400] Could only allocate 1 dirs of requested 3 for tablet 00000000000000000000000000000000. 1 dirs total, 0 dirs full, 0 dirs failed
I20260709 13:09:09.743947 27688 tablet_bootstrap.cc:492] T 00000000000000000000000000000000 P 9cac67e2e4a448a0aa270b4ed92b3e42: Bootstrap starting.
I20260709 13:09:09.750385 27688 tablet_bootstrap.cc:654] T 00000000000000000000000000000000 P 9cac67e2e4a448a0aa270b4ed92b3e42: Neither blocks nor log segments found. Creating new log.
I20260709 13:09:09.752161 27688 log.cc:826] T 00000000000000000000000000000000 P 9cac67e2e4a448a0aa270b4ed92b3e42: Log is configured to *not* fsync() on all Append() calls
I20260709 13:09:09.756714 27688 tablet_bootstrap.cc:492] T 00000000000000000000000000000000 P 9cac67e2e4a448a0aa270b4ed92b3e42: No bootstrap required, opened a new log
I20260709 13:09:09.777186 27688 raft_consensus.cc:359] T 00000000000000000000000000000000 P 9cac67e2e4a448a0aa270b4ed92b3e42 [term 0 FOLLOWER]: Replica starting. Triggering 0 pending ops. Active config: opid_index: -1 OBSOLETE_local: true peers { permanent_uuid: "9cac67e2e4a448a0aa270b4ed92b3e42" member_type: VOTER }
I20260709 13:09:09.777742 27688 raft_consensus.cc:385] T 00000000000000000000000000000000 P 9cac67e2e4a448a0aa270b4ed92b3e42 [term 0 FOLLOWER]: Consensus starting up: Expiring failure detector timer to make a prompt election more likely
I20260709 13:09:09.777957 27688 raft_consensus.cc:740] T 00000000000000000000000000000000 P 9cac67e2e4a448a0aa270b4ed92b3e42 [term 0 FOLLOWER]: Becoming Follower/Learner. State: Replica: 9cac67e2e4a448a0aa270b4ed92b3e42, State: Initialized, Role: FOLLOWER
I20260709 13:09:09.778779 27688 consensus_queue.cc:260] T 00000000000000000000000000000000 P 9cac67e2e4a448a0aa270b4ed92b3e42 [NON_LEADER]: Queue going to NON_LEADER mode. State: All replicated index: 0, Majority replicated index: 0, Committed index: 0, Last appended: 0.0, Last appended by leader: 0, Current term: 0, Majority size: -1, State: 0, Mode: NON_LEADER, active raft config: opid_index: -1 OBSOLETE_local: true peers { permanent_uuid: "9cac67e2e4a448a0aa270b4ed92b3e42" member_type: VOTER }
I20260709 13:09:09.779242 27688 raft_consensus.cc:399] T 00000000000000000000000000000000 P 9cac67e2e4a448a0aa270b4ed92b3e42 [term 0 FOLLOWER]: Only one voter in the Raft config. Triggering election immediately
I20260709 13:09:09.779480 27688 raft_consensus.cc:493] T 00000000000000000000000000000000 P 9cac67e2e4a448a0aa270b4ed92b3e42 [term 0 FOLLOWER]: Starting leader election (initial election of a single-replica configuration)
I20260709 13:09:09.779759 27688 raft_consensus.cc:3060] T 00000000000000000000000000000000 P 9cac67e2e4a448a0aa270b4ed92b3e42 [term 0 FOLLOWER]: Advancing to term 1
I20260709 13:09:09.783761 27688 raft_consensus.cc:515] T 00000000000000000000000000000000 P 9cac67e2e4a448a0aa270b4ed92b3e42 [term 1 FOLLOWER]: Starting leader election with config: opid_index: -1 OBSOLETE_local: true peers { permanent_uuid: "9cac67e2e4a448a0aa270b4ed92b3e42" member_type: VOTER }
I20260709 13:09:09.784490 27688 leader_election.cc:304] T 00000000000000000000000000000000 P 9cac67e2e4a448a0aa270b4ed92b3e42 [CANDIDATE]: Term 1 election: Election decided. Result: candidate won. Election summary: received 1 responses out of 1 voters: 1 yes votes; 0 no votes. yes voters: 9cac67e2e4a448a0aa270b4ed92b3e42; no voters: 
I20260709 13:09:09.786300 27688 leader_election.cc:290] T 00000000000000000000000000000000 P 9cac67e2e4a448a0aa270b4ed92b3e42 [CANDIDATE]: Term 1 election: Requested vote from peers 
I20260709 13:09:09.786676 27691 raft_consensus.cc:2804] T 00000000000000000000000000000000 P 9cac67e2e4a448a0aa270b4ed92b3e42 [term 1 FOLLOWER]: Leader election won for term 1
I20260709 13:09:09.789527 27691 raft_consensus.cc:697] T 00000000000000000000000000000000 P 9cac67e2e4a448a0aa270b4ed92b3e42 [term 1 LEADER]: Becoming Leader. State: Replica: 9cac67e2e4a448a0aa270b4ed92b3e42, State: Running, Role: LEADER
I20260709 13:09:09.790515 27691 consensus_queue.cc:237] T 00000000000000000000000000000000 P 9cac67e2e4a448a0aa270b4ed92b3e42 [LEADER]: Queue going to LEADER mode. State: All replicated index: 0, Majority replicated index: 0, Committed index: 0, Last appended: 0.0, Last appended by leader: 0, Current term: 1, Majority size: 1, State: 0, Mode: LEADER, active raft config: opid_index: -1 OBSOLETE_local: true peers { permanent_uuid: "9cac67e2e4a448a0aa270b4ed92b3e42" member_type: VOTER }
I20260709 13:09:09.791428 27688 sys_catalog.cc:565] T 00000000000000000000000000000000 P 9cac67e2e4a448a0aa270b4ed92b3e42 [sys.catalog]: configured and running, proceeding with master startup.
I20260709 13:09:09.804100 27692 sys_catalog.cc:455] T 00000000000000000000000000000000 P 9cac67e2e4a448a0aa270b4ed92b3e42 [sys.catalog]: SysCatalogTable state changed. Reason: RaftConsensus started. Latest consensus state: current_term: 1 leader_uuid: "9cac67e2e4a448a0aa270b4ed92b3e42" committed_config { opid_index: -1 OBSOLETE_local: true peers { permanent_uuid: "9cac67e2e4a448a0aa270b4ed92b3e42" member_type: VOTER } }
I20260709 13:09:09.803879 27693 sys_catalog.cc:455] T 00000000000000000000000000000000 P 9cac67e2e4a448a0aa270b4ed92b3e42 [sys.catalog]: SysCatalogTable state changed. Reason: New leader 9cac67e2e4a448a0aa270b4ed92b3e42. Latest consensus state: current_term: 1 leader_uuid: "9cac67e2e4a448a0aa270b4ed92b3e42" committed_config { opid_index: -1 OBSOLETE_local: true peers { permanent_uuid: "9cac67e2e4a448a0aa270b4ed92b3e42" member_type: VOTER } }
I20260709 13:09:09.804643 27692 sys_catalog.cc:458] T 00000000000000000000000000000000 P 9cac67e2e4a448a0aa270b4ed92b3e42 [sys.catalog]: This master's current role is: LEADER
I20260709 13:09:09.804757 27693 sys_catalog.cc:458] T 00000000000000000000000000000000 P 9cac67e2e4a448a0aa270b4ed92b3e42 [sys.catalog]: This master's current role is: LEADER
I20260709 13:09:09.807723 27701 catalog_manager.cc:1511] Loading table and tablet metadata into memory...
I20260709 13:09:09.820946 27701 catalog_manager.cc:1520] Initializing Kudu cluster ID...
I20260709 13:09:09.823755 27621 internal_mini_cluster.cc:184] Waiting to initialize catalog manager on master 0
I20260709 13:09:09.838790 27701 catalog_manager.cc:1383] Generated new cluster ID: ad17ad9348e4418184bffc95b6ee3e43
I20260709 13:09:09.839114 27701 catalog_manager.cc:1531] Initializing Kudu internal certificate authority...
I20260709 13:09:09.853297 27701 catalog_manager.cc:1406] Generated new certificate authority record
I20260709 13:09:09.854935 27701 catalog_manager.cc:1540] Loading token signing keys...
I20260709 13:09:09.869076 27701 catalog_manager.cc:6070] T 00000000000000000000000000000000 P 9cac67e2e4a448a0aa270b4ed92b3e42: Generated new TSK 0
I20260709 13:09:09.870177 27701 catalog_manager.cc:1550] Initializing in-progress tserver states...
I20260709 13:09:09.890563 27621 file_cache.cc:504] Constructed file cache file cache with capacity 419430
W20260709 13:09:09.899607 27710 instance_detector.cc:116] could not retrieve AWS instance metadata: Network error: curl error: HTTP response code said error: The requested URL returned error: 404
W20260709 13:09:09.901520 27711 instance_detector.cc:116] could not retrieve Azure instance metadata: Network error: curl error: HTTP response code said error: The requested URL returned error: 404
W20260709 13:09:09.905517 27713 instance_detector.cc:116] could not retrieve OpenStack instance metadata: Network error: curl error: HTTP response code said error: The requested URL returned error: 404
I20260709 13:09:09.905699 27621 server_base.cc:1061] running on GCE node
I20260709 13:09:09.906744 27621 hybrid_clock.cc:584] initializing the hybrid clock with 'system_unsync' time source
W20260709 13:09:09.906970 27621 system_unsync_time.cc:38] NTP support is disabled. Clock error bounds will not be accurate. This configuration is not suitable for distributed clusters.
I20260709 13:09:09.907191 27621 hybrid_clock.cc:648] HybridClock initialized: now 1783602549907136 us; error 0 us; skew 500 ppm
I20260709 13:09:09.907800 27621 server_base.cc:861] Flag tcmalloc_max_total_thread_cache_bytes is not working since tcmalloc is not enabled.
I20260709 13:09:09.912380 27621 webserver.cc:533] Webserver started at http://127.26.249.65:43075/ using document root <none> and password file <none>
I20260709 13:09:09.912951 27621 fs_manager.cc:362] Metadata directory not provided
I20260709 13:09:09.913162 27621 fs_manager.cc:368] Using write-ahead log directory (fs_wal_dir) as metadata directory
I20260709 13:09:09.913465 27621 server_base.cc:909] This appears to be a new deployment of Kudu; creating new FS layout
I20260709 13:09:09.914636 27621 fs_manager.cc:1068] Generated new instance metadata in path /tmp/dist-test-taskt1rluD/test-tmp/auto_leader_rebalancer-test.0.LeaderRebalancerTest.FunctionalTestForDivided.1783602548154850-27621-0/minicluster-data/ts-0-root/instance:
uuid: "37557b561129464c84a3c10bcbaa50ea"
format_stamp: "Formatted at 2026-07-09 13:09:09 on dist-test-slave-kp9f"
I20260709 13:09:09.920708 27621 fs_manager.cc:696] Time spent creating directory manager: real 0.006s	user 0.006s	sys 0.000s
I20260709 13:09:09.925318 27718 log_block_manager.cc:4127] Time spent loading block containers with low live blocks: real 0.000s	user 0.000s	sys 0.000s
I20260709 13:09:09.926287 27621 fs_manager.cc:730] Time spent opening block manager: real 0.003s	user 0.001s	sys 0.003s
I20260709 13:09:09.926694 27621 fs_manager.cc:647] Opened local filesystem: /tmp/dist-test-taskt1rluD/test-tmp/auto_leader_rebalancer-test.0.LeaderRebalancerTest.FunctionalTestForDivided.1783602548154850-27621-0/minicluster-data/ts-0-root
uuid: "37557b561129464c84a3c10bcbaa50ea"
format_stamp: "Formatted at 2026-07-09 13:09:09 on dist-test-slave-kp9f"
I20260709 13:09:09.927166 27621 fs_report.cc:389] FS layout report
--------------------
wal directory: /tmp/dist-test-taskt1rluD/test-tmp/auto_leader_rebalancer-test.0.LeaderRebalancerTest.FunctionalTestForDivided.1783602548154850-27621-0/minicluster-data/ts-0-root
metadata directory: /tmp/dist-test-taskt1rluD/test-tmp/auto_leader_rebalancer-test.0.LeaderRebalancerTest.FunctionalTestForDivided.1783602548154850-27621-0/minicluster-data/ts-0-root
1 data directories: /tmp/dist-test-taskt1rluD/test-tmp/auto_leader_rebalancer-test.0.LeaderRebalancerTest.FunctionalTestForDivided.1783602548154850-27621-0/minicluster-data/ts-0-root/data
Total live blocks: 0
Total live bytes: 0
Total live bytes (after alignment): 0
Total number of LBM containers: 0 (0 full)
Did not check for missing blocks
Did not check for orphaned blocks
Total full LBM containers with extra space: 0 (0 repaired)
Total full LBM container extra space in bytes: 0 (0 repaired)
Total incomplete LBM containers: 0 (0 repaired)
Total LBM partial records: 0 (0 repaired)
Total corrupted LBM metadata records in RocksDB: 0 (0 repaired)
I20260709 13:09:09.946736 27621 rpc_server.cc:225] running with OpenSSL 1.1.1  11 Sep 2018
I20260709 13:09:09.948751 27621 kserver.cc:163] Server-wide thread pool size limit: 3276
I20260709 13:09:09.951946 27621 txn_system_client.cc:432] TxnSystemClient initialization is disabled...
I20260709 13:09:09.958158 27621 ts_tablet_manager.cc:585] Loaded tablet metadata (0 total tablets, 0 live tablets)
I20260709 13:09:09.958544 27621 ts_tablet_manager.cc:531] Time spent load tablet metadata: real 0.000s	user 0.000s	sys 0.000s
I20260709 13:09:09.958899 27621 ts_tablet_manager.cc:616] Registered 0 tablets
I20260709 13:09:09.959174 27621 ts_tablet_manager.cc:595] Time spent register tablets: real 0.000s	user 0.000s	sys 0.000s
I20260709 13:09:10.057078 27621 rpc_server.cc:307] RPC server started. Bound to: 127.26.249.65:33161
I20260709 13:09:10.057147 27780 acceptor_pool.cc:272] collecting diagnostics on the listening RPC socket 127.26.249.65:33161 every 8 connection(s)
I20260709 13:09:10.065584 27621 file_cache.cc:504] Constructed file cache file cache with capacity 419430
W20260709 13:09:10.080763 27785 instance_detector.cc:116] could not retrieve AWS instance metadata: Network error: curl error: HTTP response code said error: The requested URL returned error: 404
W20260709 13:09:10.089185 27786 instance_detector.cc:116] could not retrieve Azure instance metadata: Network error: curl error: HTTP response code said error: The requested URL returned error: 404
W20260709 13:09:10.100814 27788 instance_detector.cc:116] could not retrieve OpenStack instance metadata: Network error: curl error: HTTP response code said error: The requested URL returned error: 404
I20260709 13:09:10.101258 27621 server_base.cc:1061] running on GCE node
I20260709 13:09:10.102380 27621 hybrid_clock.cc:584] initializing the hybrid clock with 'system_unsync' time source
I20260709 13:09:10.102550 27781 heartbeater.cc:344] Connected to a master server at 127.26.249.126:41181
W20260709 13:09:10.102689 27621 system_unsync_time.cc:38] NTP support is disabled. Clock error bounds will not be accurate. This configuration is not suitable for distributed clusters.
I20260709 13:09:10.102886 27621 hybrid_clock.cc:648] HybridClock initialized: now 1783602550102868 us; error 0 us; skew 500 ppm
I20260709 13:09:10.103025 27781 heartbeater.cc:461] Registering TS with master...
I20260709 13:09:10.103736 27621 server_base.cc:861] Flag tcmalloc_max_total_thread_cache_bytes is not working since tcmalloc is not enabled.
I20260709 13:09:10.104278 27781 heartbeater.cc:507] Master 127.26.249.126:41181 requested a full tablet report, sending...
I20260709 13:09:10.107244 27621 webserver.cc:533] Webserver started at http://127.26.249.66:33519/ using document root <none> and password file <none>
I20260709 13:09:10.108006 27621 fs_manager.cc:362] Metadata directory not provided
I20260709 13:09:10.108305 27621 fs_manager.cc:368] Using write-ahead log directory (fs_wal_dir) as metadata directory
I20260709 13:09:10.108263 27653 ts_manager.cc:194] Registered new tserver with Master: 37557b561129464c84a3c10bcbaa50ea (127.26.249.65:33161)
I20260709 13:09:10.108727 27621 server_base.cc:909] This appears to be a new deployment of Kudu; creating new FS layout
I20260709 13:09:10.110385 27621 fs_manager.cc:1068] Generated new instance metadata in path /tmp/dist-test-taskt1rluD/test-tmp/auto_leader_rebalancer-test.0.LeaderRebalancerTest.FunctionalTestForDivided.1783602548154850-27621-0/minicluster-data/ts-1-root/instance:
uuid: "ee5619eb2da04e46b00e1bd1a0208152"
format_stamp: "Formatted at 2026-07-09 13:09:10 on dist-test-slave-kp9f"
I20260709 13:09:10.111515 27653 master_service.cc:502] Signed X509 certificate for tserver {username='slave'} at 127.0.0.1:50520
I20260709 13:09:10.117287 27621 fs_manager.cc:696] Time spent creating directory manager: real 0.006s	user 0.007s	sys 0.000s
I20260709 13:09:10.121763 27793 log_block_manager.cc:4127] Time spent loading block containers with low live blocks: real 0.000s	user 0.000s	sys 0.000s
I20260709 13:09:10.122689 27621 fs_manager.cc:730] Time spent opening block manager: real 0.003s	user 0.003s	sys 0.000s
I20260709 13:09:10.123003 27621 fs_manager.cc:647] Opened local filesystem: /tmp/dist-test-taskt1rluD/test-tmp/auto_leader_rebalancer-test.0.LeaderRebalancerTest.FunctionalTestForDivided.1783602548154850-27621-0/minicluster-data/ts-1-root
uuid: "ee5619eb2da04e46b00e1bd1a0208152"
format_stamp: "Formatted at 2026-07-09 13:09:10 on dist-test-slave-kp9f"
I20260709 13:09:10.123314 27621 fs_report.cc:389] FS layout report
--------------------
wal directory: /tmp/dist-test-taskt1rluD/test-tmp/auto_leader_rebalancer-test.0.LeaderRebalancerTest.FunctionalTestForDivided.1783602548154850-27621-0/minicluster-data/ts-1-root
metadata directory: /tmp/dist-test-taskt1rluD/test-tmp/auto_leader_rebalancer-test.0.LeaderRebalancerTest.FunctionalTestForDivided.1783602548154850-27621-0/minicluster-data/ts-1-root
1 data directories: /tmp/dist-test-taskt1rluD/test-tmp/auto_leader_rebalancer-test.0.LeaderRebalancerTest.FunctionalTestForDivided.1783602548154850-27621-0/minicluster-data/ts-1-root/data
Total live blocks: 0
Total live bytes: 0
Total live bytes (after alignment): 0
Total number of LBM containers: 0 (0 full)
Did not check for missing blocks
Did not check for orphaned blocks
Total full LBM containers with extra space: 0 (0 repaired)
Total full LBM container extra space in bytes: 0 (0 repaired)
Total incomplete LBM containers: 0 (0 repaired)
Total LBM partial records: 0 (0 repaired)
Total corrupted LBM metadata records in RocksDB: 0 (0 repaired)
I20260709 13:09:10.159202 27621 rpc_server.cc:225] running with OpenSSL 1.1.1  11 Sep 2018
I20260709 13:09:10.160549 27621 kserver.cc:163] Server-wide thread pool size limit: 3276
I20260709 13:09:10.163321 27621 txn_system_client.cc:432] TxnSystemClient initialization is disabled...
I20260709 13:09:10.166563 27621 ts_tablet_manager.cc:585] Loaded tablet metadata (0 total tablets, 0 live tablets)
I20260709 13:09:10.166810 27621 ts_tablet_manager.cc:531] Time spent load tablet metadata: real 0.000s	user 0.000s	sys 0.000s
I20260709 13:09:10.167076 27621 ts_tablet_manager.cc:616] Registered 0 tablets
I20260709 13:09:10.167253 27621 ts_tablet_manager.cc:595] Time spent register tablets: real 0.000s	user 0.000s	sys 0.000s
I20260709 13:09:10.270401 27621 rpc_server.cc:307] RPC server started. Bound to: 127.26.249.66:33655
I20260709 13:09:10.270519 27855 acceptor_pool.cc:272] collecting diagnostics on the listening RPC socket 127.26.249.66:33655 every 8 connection(s)
I20260709 13:09:10.279882 27621 file_cache.cc:504] Constructed file cache file cache with capacity 419430
W20260709 13:09:10.288511 27859 instance_detector.cc:116] could not retrieve AWS instance metadata: Network error: curl error: HTTP response code said error: The requested URL returned error: 404
W20260709 13:09:10.292321 27860 instance_detector.cc:116] could not retrieve Azure instance metadata: Network error: curl error: HTTP response code said error: The requested URL returned error: 404
W20260709 13:09:10.296809 27862 instance_detector.cc:116] could not retrieve OpenStack instance metadata: Network error: curl error: HTTP response code said error: The requested URL returned error: 404
I20260709 13:09:10.297194 27856 heartbeater.cc:344] Connected to a master server at 127.26.249.126:41181
I20260709 13:09:10.297678 27856 heartbeater.cc:461] Registering TS with master...
I20260709 13:09:10.298235 27621 server_base.cc:1061] running on GCE node
I20260709 13:09:10.298671 27856 heartbeater.cc:507] Master 127.26.249.126:41181 requested a full tablet report, sending...
I20260709 13:09:10.299286 27621 hybrid_clock.cc:584] initializing the hybrid clock with 'system_unsync' time source
W20260709 13:09:10.299536 27621 system_unsync_time.cc:38] NTP support is disabled. Clock error bounds will not be accurate. This configuration is not suitable for distributed clusters.
I20260709 13:09:10.299757 27621 hybrid_clock.cc:648] HybridClock initialized: now 1783602550299736 us; error 0 us; skew 500 ppm
I20260709 13:09:10.300616 27621 server_base.cc:861] Flag tcmalloc_max_total_thread_cache_bytes is not working since tcmalloc is not enabled.
I20260709 13:09:10.301144 27653 ts_manager.cc:194] Registered new tserver with Master: ee5619eb2da04e46b00e1bd1a0208152 (127.26.249.66:33655)
I20260709 13:09:10.302922 27653 master_service.cc:502] Signed X509 certificate for tserver {username='slave'} at 127.0.0.1:50524
I20260709 13:09:10.311539 27621 webserver.cc:533] Webserver started at http://127.26.249.67:40031/ using document root <none> and password file <none>
I20260709 13:09:10.312158 27621 fs_manager.cc:362] Metadata directory not provided
I20260709 13:09:10.312407 27621 fs_manager.cc:368] Using write-ahead log directory (fs_wal_dir) as metadata directory
I20260709 13:09:10.312728 27621 server_base.cc:909] This appears to be a new deployment of Kudu; creating new FS layout
I20260709 13:09:10.314107 27621 fs_manager.cc:1068] Generated new instance metadata in path /tmp/dist-test-taskt1rluD/test-tmp/auto_leader_rebalancer-test.0.LeaderRebalancerTest.FunctionalTestForDivided.1783602548154850-27621-0/minicluster-data/ts-2-root/instance:
uuid: "17fa48186740469aaab407e1b2a73763"
format_stamp: "Formatted at 2026-07-09 13:09:10 on dist-test-slave-kp9f"
I20260709 13:09:10.319744 27621 fs_manager.cc:696] Time spent creating directory manager: real 0.005s	user 0.005s	sys 0.000s
I20260709 13:09:10.323541 27867 log_block_manager.cc:4127] Time spent loading block containers with low live blocks: real 0.000s	user 0.000s	sys 0.000s
I20260709 13:09:10.324532 27621 fs_manager.cc:730] Time spent opening block manager: real 0.003s	user 0.001s	sys 0.000s
I20260709 13:09:10.324950 27621 fs_manager.cc:647] Opened local filesystem: /tmp/dist-test-taskt1rluD/test-tmp/auto_leader_rebalancer-test.0.LeaderRebalancerTest.FunctionalTestForDivided.1783602548154850-27621-0/minicluster-data/ts-2-root
uuid: "17fa48186740469aaab407e1b2a73763"
format_stamp: "Formatted at 2026-07-09 13:09:10 on dist-test-slave-kp9f"
I20260709 13:09:10.325305 27621 fs_report.cc:389] FS layout report
--------------------
wal directory: /tmp/dist-test-taskt1rluD/test-tmp/auto_leader_rebalancer-test.0.LeaderRebalancerTest.FunctionalTestForDivided.1783602548154850-27621-0/minicluster-data/ts-2-root
metadata directory: /tmp/dist-test-taskt1rluD/test-tmp/auto_leader_rebalancer-test.0.LeaderRebalancerTest.FunctionalTestForDivided.1783602548154850-27621-0/minicluster-data/ts-2-root
1 data directories: /tmp/dist-test-taskt1rluD/test-tmp/auto_leader_rebalancer-test.0.LeaderRebalancerTest.FunctionalTestForDivided.1783602548154850-27621-0/minicluster-data/ts-2-root/data
Total live blocks: 0
Total live bytes: 0
Total live bytes (after alignment): 0
Total number of LBM containers: 0 (0 full)
Did not check for missing blocks
Did not check for orphaned blocks
Total full LBM containers with extra space: 0 (0 repaired)
Total full LBM container extra space in bytes: 0 (0 repaired)
Total incomplete LBM containers: 0 (0 repaired)
Total LBM partial records: 0 (0 repaired)
Total corrupted LBM metadata records in RocksDB: 0 (0 repaired)
I20260709 13:09:10.337525 27621 rpc_server.cc:225] running with OpenSSL 1.1.1  11 Sep 2018
I20260709 13:09:10.338979 27621 kserver.cc:163] Server-wide thread pool size limit: 3276
I20260709 13:09:10.340989 27621 txn_system_client.cc:432] TxnSystemClient initialization is disabled...
I20260709 13:09:10.345310 27621 ts_tablet_manager.cc:585] Loaded tablet metadata (0 total tablets, 0 live tablets)
I20260709 13:09:10.345531 27621 ts_tablet_manager.cc:531] Time spent load tablet metadata: real 0.000s	user 0.000s	sys 0.000s
I20260709 13:09:10.345896 27621 ts_tablet_manager.cc:616] Registered 0 tablets
I20260709 13:09:10.346081 27621 ts_tablet_manager.cc:595] Time spent register tablets: real 0.000s	user 0.000s	sys 0.000s
I20260709 13:09:10.448616 27621 rpc_server.cc:307] RPC server started. Bound to: 127.26.249.67:37315
I20260709 13:09:10.448767 27929 acceptor_pool.cc:272] collecting diagnostics on the listening RPC socket 127.26.249.67:37315 every 8 connection(s)
I20260709 13:09:10.467336 27930 heartbeater.cc:344] Connected to a master server at 127.26.249.126:41181
I20260709 13:09:10.467768 27930 heartbeater.cc:461] Registering TS with master...
I20260709 13:09:10.468647 27930 heartbeater.cc:507] Master 127.26.249.126:41181 requested a full tablet report, sending...
I20260709 13:09:10.471087 27653 ts_manager.cc:194] Registered new tserver with Master: 17fa48186740469aaab407e1b2a73763 (127.26.249.67:37315)
I20260709 13:09:10.472199 27621 internal_mini_cluster.cc:371] 3 TS(s) registered with all masters after 0.014827802s
I20260709 13:09:10.472687 27653 master_service.cc:502] Signed X509 certificate for tserver {username='slave'} at 127.0.0.1:50540
I20260709 13:09:10.524307 27653 catalog_manager.cc:2283] Servicing CreateTable request from {username='slave'} at 127.0.0.1:50542:
name: "test-workload"
schema {
  columns {
    name: "key"
    type: INT32
    is_key: true
    is_nullable: false
    encoding: AUTO_ENCODING
    compression: DEFAULT_COMPRESSION
    cfile_block_size: 0
    immutable: false
  }
  columns {
    name: "int_val"
    type: INT32
    is_key: false
    is_nullable: false
    encoding: AUTO_ENCODING
    compression: DEFAULT_COMPRESSION
    cfile_block_size: 0
    immutable: false
  }
  columns {
    name: "string_val"
    type: STRING
    is_key: false
    is_nullable: true
    encoding: AUTO_ENCODING
    compression: DEFAULT_COMPRESSION
    cfile_block_size: 0
    immutable: false
  }
}
num_replicas: 3
split_rows_range_bounds {
  rows: "\004\001\000\216\3438\016\004\001\000\034\307q\034\004\001\000\252\252\252*\004\001\0008\216\3438\004\001\000\306q\034G\004\001\000TUUU\004\001\000\3428\216c\004\001\000p\034\307q""\004\001\000\216\3438\016\004\001\000\034\307q\034\004\001\000\252\252\252*\004\001\0008\216\3438\004\001\000\306q\034G\004\001\000TUUU\004\001\000\3428\216c\004\001\000p\034\307q"
  indirect_data: """"
}
partition_schema {
  range_schema {
    columns {
      name: "key"
    }
  }
}
W20260709 13:09:10.528393 27653 catalog_manager.cc:7077] The number of live tablet servers is not enough to re-replicate a tablet replica of the newly created table test-workload in case of a server failure: 4 tablet servers would be needed, 3 are available. Consider bringing up more tablet servers.
I20260709 13:09:10.646804 27893 tablet_service.cc:1511] Processing CreateTablet for tablet ac72be40cff5412ea66240e7e6a15a62 (DEFAULT_TABLE table=test-workload [id=a93fdac1316741dcb32409dc45610ee6]), partition=RANGE (key) PARTITION 477218588 <= VALUES < 715827882
I20260709 13:09:10.647708 27894 tablet_service.cc:1511] Processing CreateTablet for tablet 9a85c1548a724bb1a54ac902b9017c06 (DEFAULT_TABLE table=test-workload [id=a93fdac1316741dcb32409dc45610ee6]), partition=RANGE (key) PARTITION 238609294 <= VALUES < 477218588
I20260709 13:09:10.649957 27891 tablet_service.cc:1511] Processing CreateTablet for tablet dfa1a0da608947a2a3c0ba73f008de9d (DEFAULT_TABLE table=test-workload [id=a93fdac1316741dcb32409dc45610ee6]), partition=RANGE (key) PARTITION 954437176 <= VALUES < 1193046470
I20260709 13:09:10.650806 27892 tablet_service.cc:1511] Processing CreateTablet for tablet 3b67f942412d4431badb313308656398 (DEFAULT_TABLE table=test-workload [id=a93fdac1316741dcb32409dc45610ee6]), partition=RANGE (key) PARTITION 715827882 <= VALUES < 954437176
I20260709 13:09:10.652333 27890 tablet_service.cc:1511] Processing CreateTablet for tablet a200e481cb114e03a9e02b00c34ae2d2 (DEFAULT_TABLE table=test-workload [id=a93fdac1316741dcb32409dc45610ee6]), partition=RANGE (key) PARTITION 1193046470 <= VALUES < 1431655764
I20260709 13:09:10.653499 27819 tablet_service.cc:1511] Processing CreateTablet for tablet ac72be40cff5412ea66240e7e6a15a62 (DEFAULT_TABLE table=test-workload [id=a93fdac1316741dcb32409dc45610ee6]), partition=RANGE (key) PARTITION 477218588 <= VALUES < 715827882
I20260709 13:09:10.654887 27819 data_dirs.cc:400] Could only allocate 1 dirs of requested 3 for tablet ac72be40cff5412ea66240e7e6a15a62. 1 dirs total, 0 dirs full, 0 dirs failed
I20260709 13:09:10.654863 27821 tablet_service.cc:1511] Processing CreateTablet for tablet a33c32ac5b0b42cda80a1a2e076dbad1 (DEFAULT_TABLE table=test-workload [id=a93fdac1316741dcb32409dc45610ee6]), partition=RANGE (key) PARTITION VALUES < 238609294
I20260709 13:09:10.656220 27821 data_dirs.cc:400] Could only allocate 1 dirs of requested 3 for tablet a33c32ac5b0b42cda80a1a2e076dbad1. 1 dirs total, 0 dirs full, 0 dirs failed
I20260709 13:09:10.656342 27818 tablet_service.cc:1511] Processing CreateTablet for tablet 3b67f942412d4431badb313308656398 (DEFAULT_TABLE table=test-workload [id=a93fdac1316741dcb32409dc45610ee6]), partition=RANGE (key) PARTITION 715827882 <= VALUES < 954437176
I20260709 13:09:10.658012 27818 data_dirs.cc:400] Could only allocate 1 dirs of requested 3 for tablet 3b67f942412d4431badb313308656398. 1 dirs total, 0 dirs full, 0 dirs failed
I20260709 13:09:10.658918 27820 tablet_service.cc:1511] Processing CreateTablet for tablet 9a85c1548a724bb1a54ac902b9017c06 (DEFAULT_TABLE table=test-workload [id=a93fdac1316741dcb32409dc45610ee6]), partition=RANGE (key) PARTITION 238609294 <= VALUES < 477218588
I20260709 13:09:10.660279 27820 data_dirs.cc:400] Could only allocate 1 dirs of requested 3 for tablet 9a85c1548a724bb1a54ac902b9017c06. 1 dirs total, 0 dirs full, 0 dirs failed
I20260709 13:09:10.648511 27893 data_dirs.cc:400] Could only allocate 1 dirs of requested 3 for tablet ac72be40cff5412ea66240e7e6a15a62. 1 dirs total, 0 dirs full, 0 dirs failed
I20260709 13:09:10.645359 27895 tablet_service.cc:1511] Processing CreateTablet for tablet a33c32ac5b0b42cda80a1a2e076dbad1 (DEFAULT_TABLE table=test-workload [id=a93fdac1316741dcb32409dc45610ee6]), partition=RANGE (key) PARTITION VALUES < 238609294
I20260709 13:09:10.671959 27890 data_dirs.cc:400] Could only allocate 1 dirs of requested 3 for tablet a200e481cb114e03a9e02b00c34ae2d2. 1 dirs total, 0 dirs full, 0 dirs failed
I20260709 13:09:10.664676 27814 tablet_service.cc:1511] Processing CreateTablet for tablet fea6ad8c91504ecbaf4afdfdefe14566 (DEFAULT_TABLE table=test-workload [id=a93fdac1316741dcb32409dc45610ee6]), partition=RANGE (key) PARTITION 1670265058 <= VALUES < 1908874352
I20260709 13:09:10.675253 27816 tablet_service.cc:1511] Processing CreateTablet for tablet a200e481cb114e03a9e02b00c34ae2d2 (DEFAULT_TABLE table=test-workload [id=a93fdac1316741dcb32409dc45610ee6]), partition=RANGE (key) PARTITION 1193046470 <= VALUES < 1431655764
I20260709 13:09:10.676043 27814 data_dirs.cc:400] Could only allocate 1 dirs of requested 3 for tablet fea6ad8c91504ecbaf4afdfdefe14566. 1 dirs total, 0 dirs full, 0 dirs failed
I20260709 13:09:10.678719 27891 data_dirs.cc:400] Could only allocate 1 dirs of requested 3 for tablet dfa1a0da608947a2a3c0ba73f008de9d. 1 dirs total, 0 dirs full, 0 dirs failed
I20260709 13:09:10.674829 27817 tablet_service.cc:1511] Processing CreateTablet for tablet dfa1a0da608947a2a3c0ba73f008de9d (DEFAULT_TABLE table=test-workload [id=a93fdac1316741dcb32409dc45610ee6]), partition=RANGE (key) PARTITION 954437176 <= VALUES < 1193046470
I20260709 13:09:10.683825 27816 data_dirs.cc:400] Could only allocate 1 dirs of requested 3 for tablet a200e481cb114e03a9e02b00c34ae2d2. 1 dirs total, 0 dirs full, 0 dirs failed
I20260709 13:09:10.678829 27815 tablet_service.cc:1511] Processing CreateTablet for tablet 08f310b50b4742c48d729fbf9f2f8dc1 (DEFAULT_TABLE table=test-workload [id=a93fdac1316741dcb32409dc45610ee6]), partition=RANGE (key) PARTITION 1431655764 <= VALUES < 1670265058
I20260709 13:09:10.687753 27889 tablet_service.cc:1511] Processing CreateTablet for tablet 08f310b50b4742c48d729fbf9f2f8dc1 (DEFAULT_TABLE table=test-workload [id=a93fdac1316741dcb32409dc45610ee6]), partition=RANGE (key) PARTITION 1431655764 <= VALUES < 1670265058
I20260709 13:09:10.690701 27887 tablet_service.cc:1511] Processing CreateTablet for tablet 49ef5f05fad84633aab549ce584d222a (DEFAULT_TABLE table=test-workload [id=a93fdac1316741dcb32409dc45610ee6]), partition=RANGE (key) PARTITION 1908874352 <= VALUES
I20260709 13:09:10.686079 27813 tablet_service.cc:1511] Processing CreateTablet for tablet 49ef5f05fad84633aab549ce584d222a (DEFAULT_TABLE table=test-workload [id=a93fdac1316741dcb32409dc45610ee6]), partition=RANGE (key) PARTITION 1908874352 <= VALUES
I20260709 13:09:10.684264 27888 tablet_service.cc:1511] Processing CreateTablet for tablet fea6ad8c91504ecbaf4afdfdefe14566 (DEFAULT_TABLE table=test-workload [id=a93fdac1316741dcb32409dc45610ee6]), partition=RANGE (key) PARTITION 1670265058 <= VALUES < 1908874352
I20260709 13:09:10.695171 27817 data_dirs.cc:400] Could only allocate 1 dirs of requested 3 for tablet dfa1a0da608947a2a3c0ba73f008de9d. 1 dirs total, 0 dirs full, 0 dirs failed
I20260709 13:09:10.696739 27813 data_dirs.cc:400] Could only allocate 1 dirs of requested 3 for tablet 49ef5f05fad84633aab549ce584d222a. 1 dirs total, 0 dirs full, 0 dirs failed
I20260709 13:09:10.693650 27892 data_dirs.cc:400] Could only allocate 1 dirs of requested 3 for tablet 3b67f942412d4431badb313308656398. 1 dirs total, 0 dirs full, 0 dirs failed
I20260709 13:09:10.697981 27815 data_dirs.cc:400] Could only allocate 1 dirs of requested 3 for tablet 08f310b50b4742c48d729fbf9f2f8dc1. 1 dirs total, 0 dirs full, 0 dirs failed
I20260709 13:09:10.728245 27889 data_dirs.cc:400] Could only allocate 1 dirs of requested 3 for tablet 08f310b50b4742c48d729fbf9f2f8dc1. 1 dirs total, 0 dirs full, 0 dirs failed
I20260709 13:09:10.738801 27895 data_dirs.cc:400] Could only allocate 1 dirs of requested 3 for tablet a33c32ac5b0b42cda80a1a2e076dbad1. 1 dirs total, 0 dirs full, 0 dirs failed
I20260709 13:09:10.746548 27887 data_dirs.cc:400] Could only allocate 1 dirs of requested 3 for tablet 49ef5f05fad84633aab549ce584d222a. 1 dirs total, 0 dirs full, 0 dirs failed
I20260709 13:09:10.753494 27888 data_dirs.cc:400] Could only allocate 1 dirs of requested 3 for tablet fea6ad8c91504ecbaf4afdfdefe14566. 1 dirs total, 0 dirs full, 0 dirs failed
I20260709 13:09:10.774170 27894 data_dirs.cc:400] Could only allocate 1 dirs of requested 3 for tablet 9a85c1548a724bb1a54ac902b9017c06. 1 dirs total, 0 dirs full, 0 dirs failed
I20260709 13:09:10.792140 27746 tablet_service.cc:1511] Processing CreateTablet for tablet a33c32ac5b0b42cda80a1a2e076dbad1 (DEFAULT_TABLE table=test-workload [id=a93fdac1316741dcb32409dc45610ee6]), partition=RANGE (key) PARTITION VALUES < 238609294
I20260709 13:09:10.809861 27744 tablet_service.cc:1511] Processing CreateTablet for tablet ac72be40cff5412ea66240e7e6a15a62 (DEFAULT_TABLE table=test-workload [id=a93fdac1316741dcb32409dc45610ee6]), partition=RANGE (key) PARTITION 477218588 <= VALUES < 715827882
I20260709 13:09:10.847571 27738 tablet_service.cc:1511] Processing CreateTablet for tablet 49ef5f05fad84633aab549ce584d222a (DEFAULT_TABLE table=test-workload [id=a93fdac1316741dcb32409dc45610ee6]), partition=RANGE (key) PARTITION 1908874352 <= VALUES
I20260709 13:09:10.834136 27746 data_dirs.cc:400] Could only allocate 1 dirs of requested 3 for tablet a33c32ac5b0b42cda80a1a2e076dbad1. 1 dirs total, 0 dirs full, 0 dirs failed
I20260709 13:09:10.834908 27740 tablet_service.cc:1511] Processing CreateTablet for tablet 08f310b50b4742c48d729fbf9f2f8dc1 (DEFAULT_TABLE table=test-workload [id=a93fdac1316741dcb32409dc45610ee6]), partition=RANGE (key) PARTITION 1431655764 <= VALUES < 1670265058
I20260709 13:09:10.813308 27743 tablet_service.cc:1511] Processing CreateTablet for tablet 3b67f942412d4431badb313308656398 (DEFAULT_TABLE table=test-workload [id=a93fdac1316741dcb32409dc45610ee6]), partition=RANGE (key) PARTITION 715827882 <= VALUES < 954437176
I20260709 13:09:10.821246 27741 tablet_service.cc:1511] Processing CreateTablet for tablet a200e481cb114e03a9e02b00c34ae2d2 (DEFAULT_TABLE table=test-workload [id=a93fdac1316741dcb32409dc45610ee6]), partition=RANGE (key) PARTITION 1193046470 <= VALUES < 1431655764
I20260709 13:09:10.821358 27742 tablet_service.cc:1511] Processing CreateTablet for tablet dfa1a0da608947a2a3c0ba73f008de9d (DEFAULT_TABLE table=test-workload [id=a93fdac1316741dcb32409dc45610ee6]), partition=RANGE (key) PARTITION 954437176 <= VALUES < 1193046470
I20260709 13:09:10.836522 27739 tablet_service.cc:1511] Processing CreateTablet for tablet fea6ad8c91504ecbaf4afdfdefe14566 (DEFAULT_TABLE table=test-workload [id=a93fdac1316741dcb32409dc45610ee6]), partition=RANGE (key) PARTITION 1670265058 <= VALUES < 1908874352
W20260709 13:09:10.871135 27700 auto_rebalancer.cc:288] Could not retrieve cluster info: Service unavailable: Tablet not running
I20260709 13:09:10.821233 27745 tablet_service.cc:1511] Processing CreateTablet for tablet 9a85c1548a724bb1a54ac902b9017c06 (DEFAULT_TABLE table=test-workload [id=a93fdac1316741dcb32409dc45610ee6]), partition=RANGE (key) PARTITION 238609294 <= VALUES < 477218588
I20260709 13:09:10.874979 27740 data_dirs.cc:400] Could only allocate 1 dirs of requested 3 for tablet 08f310b50b4742c48d729fbf9f2f8dc1. 1 dirs total, 0 dirs full, 0 dirs failed
I20260709 13:09:10.878185 27743 data_dirs.cc:400] Could only allocate 1 dirs of requested 3 for tablet 3b67f942412d4431badb313308656398. 1 dirs total, 0 dirs full, 0 dirs failed
I20260709 13:09:10.887658 27745 data_dirs.cc:400] Could only allocate 1 dirs of requested 3 for tablet 9a85c1548a724bb1a54ac902b9017c06. 1 dirs total, 0 dirs full, 0 dirs failed
I20260709 13:09:10.890465 27741 data_dirs.cc:400] Could only allocate 1 dirs of requested 3 for tablet a200e481cb114e03a9e02b00c34ae2d2. 1 dirs total, 0 dirs full, 0 dirs failed
I20260709 13:09:10.891836 27739 data_dirs.cc:400] Could only allocate 1 dirs of requested 3 for tablet fea6ad8c91504ecbaf4afdfdefe14566. 1 dirs total, 0 dirs full, 0 dirs failed
I20260709 13:09:10.893064 27742 data_dirs.cc:400] Could only allocate 1 dirs of requested 3 for tablet dfa1a0da608947a2a3c0ba73f008de9d. 1 dirs total, 0 dirs full, 0 dirs failed
I20260709 13:09:10.894774 27744 data_dirs.cc:400] Could only allocate 1 dirs of requested 3 for tablet ac72be40cff5412ea66240e7e6a15a62. 1 dirs total, 0 dirs full, 0 dirs failed
I20260709 13:09:10.896261 27738 data_dirs.cc:400] Could only allocate 1 dirs of requested 3 for tablet 49ef5f05fad84633aab549ce584d222a. 1 dirs total, 0 dirs full, 0 dirs failed
I20260709 13:09:10.983482 27949 tablet_bootstrap.cc:492] T ac72be40cff5412ea66240e7e6a15a62 P 17fa48186740469aaab407e1b2a73763: Bootstrap starting.
I20260709 13:09:11.013051 27948 tablet_bootstrap.cc:492] T a33c32ac5b0b42cda80a1a2e076dbad1 P ee5619eb2da04e46b00e1bd1a0208152: Bootstrap starting.
I20260709 13:09:11.078828 27949 tablet_bootstrap.cc:654] T ac72be40cff5412ea66240e7e6a15a62 P 17fa48186740469aaab407e1b2a73763: Neither blocks nor log segments found. Creating new log.
I20260709 13:09:11.113133 27951 tablet_bootstrap.cc:492] T a200e481cb114e03a9e02b00c34ae2d2 P 37557b561129464c84a3c10bcbaa50ea: Bootstrap starting.
I20260709 13:09:11.116070 27781 heartbeater.cc:499] Master 127.26.249.126:41181 was elected leader, sending a full tablet report...
I20260709 13:09:11.120121 27949 tablet_bootstrap.cc:492] T ac72be40cff5412ea66240e7e6a15a62 P 17fa48186740469aaab407e1b2a73763: No bootstrap required, opened a new log
I20260709 13:09:11.120677 27949 ts_tablet_manager.cc:1403] T ac72be40cff5412ea66240e7e6a15a62 P 17fa48186740469aaab407e1b2a73763: Time spent bootstrapping tablet: real 0.144s	user 0.014s	sys 0.017s
I20260709 13:09:11.121376 27948 tablet_bootstrap.cc:654] T a33c32ac5b0b42cda80a1a2e076dbad1 P ee5619eb2da04e46b00e1bd1a0208152: Neither blocks nor log segments found. Creating new log.
I20260709 13:09:11.128798 27949 raft_consensus.cc:359] T ac72be40cff5412ea66240e7e6a15a62 P 17fa48186740469aaab407e1b2a73763 [term 0 FOLLOWER]: Replica starting. Triggering 0 pending ops. Active config: opid_index: -1 OBSOLETE_local: false peers { permanent_uuid: "37557b561129464c84a3c10bcbaa50ea" member_type: VOTER last_known_addr { host: "127.26.249.65" port: 33161 } } peers { permanent_uuid: "ee5619eb2da04e46b00e1bd1a0208152" member_type: VOTER last_known_addr { host: "127.26.249.66" port: 33655 } } peers { permanent_uuid: "17fa48186740469aaab407e1b2a73763" member_type: VOTER last_known_addr { host: "127.26.249.67" port: 37315 } }
I20260709 13:09:11.129729 27949 raft_consensus.cc:385] T ac72be40cff5412ea66240e7e6a15a62 P 17fa48186740469aaab407e1b2a73763 [term 0 FOLLOWER]: Consensus starting up: Expiring failure detector timer to make a prompt election more likely
I20260709 13:09:11.130190 27949 raft_consensus.cc:740] T ac72be40cff5412ea66240e7e6a15a62 P 17fa48186740469aaab407e1b2a73763 [term 0 FOLLOWER]: Becoming Follower/Learner. State: Replica: 17fa48186740469aaab407e1b2a73763, State: Initialized, Role: FOLLOWER
I20260709 13:09:11.132666 27949 consensus_queue.cc:260] T ac72be40cff5412ea66240e7e6a15a62 P 17fa48186740469aaab407e1b2a73763 [NON_LEADER]: Queue going to NON_LEADER mode. State: All replicated index: 0, Majority replicated index: 0, Committed index: 0, Last appended: 0.0, Last appended by leader: 0, Current term: 0, Majority size: -1, State: 0, Mode: NON_LEADER, active raft config: opid_index: -1 OBSOLETE_local: false peers { permanent_uuid: "37557b561129464c84a3c10bcbaa50ea" member_type: VOTER last_known_addr { host: "127.26.249.65" port: 33161 } } peers { permanent_uuid: "ee5619eb2da04e46b00e1bd1a0208152" member_type: VOTER last_known_addr { host: "127.26.249.66" port: 33655 } } peers { permanent_uuid: "17fa48186740469aaab407e1b2a73763" member_type: VOTER last_known_addr { host: "127.26.249.67" port: 37315 } }
I20260709 13:09:11.139236 27951 tablet_bootstrap.cc:654] T a200e481cb114e03a9e02b00c34ae2d2 P 37557b561129464c84a3c10bcbaa50ea: Neither blocks nor log segments found. Creating new log.
I20260709 13:09:11.140302 27930 heartbeater.cc:499] Master 127.26.249.126:41181 was elected leader, sending a full tablet report...
I20260709 13:09:11.141427 27949 ts_tablet_manager.cc:1434] T ac72be40cff5412ea66240e7e6a15a62 P 17fa48186740469aaab407e1b2a73763: Time spent starting tablet: real 0.020s	user 0.008s	sys 0.003s
I20260709 13:09:11.142696 27949 tablet_bootstrap.cc:492] T a200e481cb114e03a9e02b00c34ae2d2 P 17fa48186740469aaab407e1b2a73763: Bootstrap starting.
I20260709 13:09:11.150228 27949 tablet_bootstrap.cc:654] T a200e481cb114e03a9e02b00c34ae2d2 P 17fa48186740469aaab407e1b2a73763: Neither blocks nor log segments found. Creating new log.
I20260709 13:09:11.150290 27951 tablet_bootstrap.cc:492] T a200e481cb114e03a9e02b00c34ae2d2 P 37557b561129464c84a3c10bcbaa50ea: No bootstrap required, opened a new log
I20260709 13:09:11.151422 27951 ts_tablet_manager.cc:1403] T a200e481cb114e03a9e02b00c34ae2d2 P 37557b561129464c84a3c10bcbaa50ea: Time spent bootstrapping tablet: real 0.042s	user 0.011s	sys 0.003s
I20260709 13:09:11.156616 27948 tablet_bootstrap.cc:492] T a33c32ac5b0b42cda80a1a2e076dbad1 P ee5619eb2da04e46b00e1bd1a0208152: No bootstrap required, opened a new log
I20260709 13:09:11.157254 27948 ts_tablet_manager.cc:1403] T a33c32ac5b0b42cda80a1a2e076dbad1 P ee5619eb2da04e46b00e1bd1a0208152: Time spent bootstrapping tablet: real 0.177s	user 0.010s	sys 0.006s
I20260709 13:09:11.161811 27949 tablet_bootstrap.cc:492] T a200e481cb114e03a9e02b00c34ae2d2 P 17fa48186740469aaab407e1b2a73763: No bootstrap required, opened a new log
I20260709 13:09:11.162283 27949 ts_tablet_manager.cc:1403] T a200e481cb114e03a9e02b00c34ae2d2 P 17fa48186740469aaab407e1b2a73763: Time spent bootstrapping tablet: real 0.020s	user 0.011s	sys 0.008s
I20260709 13:09:11.161541 27948 raft_consensus.cc:359] T a33c32ac5b0b42cda80a1a2e076dbad1 P ee5619eb2da04e46b00e1bd1a0208152 [term 0 FOLLOWER]: Replica starting. Triggering 0 pending ops. Active config: opid_index: -1 OBSOLETE_local: false peers { permanent_uuid: "17fa48186740469aaab407e1b2a73763" member_type: VOTER last_known_addr { host: "127.26.249.67" port: 37315 } } peers { permanent_uuid: "ee5619eb2da04e46b00e1bd1a0208152" member_type: VOTER last_known_addr { host: "127.26.249.66" port: 33655 } } peers { permanent_uuid: "37557b561129464c84a3c10bcbaa50ea" member_type: VOTER last_known_addr { host: "127.26.249.65" port: 33161 } }
I20260709 13:09:11.165520 27949 raft_consensus.cc:359] T a200e481cb114e03a9e02b00c34ae2d2 P 17fa48186740469aaab407e1b2a73763 [term 0 FOLLOWER]: Replica starting. Triggering 0 pending ops. Active config: opid_index: -1 OBSOLETE_local: false peers { permanent_uuid: "37557b561129464c84a3c10bcbaa50ea" member_type: VOTER last_known_addr { host: "127.26.249.65" port: 33161 } } peers { permanent_uuid: "ee5619eb2da04e46b00e1bd1a0208152" member_type: VOTER last_known_addr { host: "127.26.249.66" port: 33655 } } peers { permanent_uuid: "17fa48186740469aaab407e1b2a73763" member_type: VOTER last_known_addr { host: "127.26.249.67" port: 37315 } }
I20260709 13:09:11.166261 27949 raft_consensus.cc:385] T a200e481cb114e03a9e02b00c34ae2d2 P 17fa48186740469aaab407e1b2a73763 [term 0 FOLLOWER]: Consensus starting up: Expiring failure detector timer to make a prompt election more likely
I20260709 13:09:11.166599 27949 raft_consensus.cc:740] T a200e481cb114e03a9e02b00c34ae2d2 P 17fa48186740469aaab407e1b2a73763 [term 0 FOLLOWER]: Becoming Follower/Learner. State: Replica: 17fa48186740469aaab407e1b2a73763, State: Initialized, Role: FOLLOWER
