I20260709 13:09:20.735652  2023 tablet_replica.cc:333] T 00e456e8254a48299ea2f933849c950a P 82ed58003b014a258ac6d11af29b270e: stopping tablet replica
I20260709 13:09:20.736104  2023 raft_consensus.cc:2243] T 00e456e8254a48299ea2f933849c950a P 82ed58003b014a258ac6d11af29b270e [term 2 LEADER]: Raft consensus shutting down.
I20260709 13:09:20.736757  2023 raft_consensus.cc:2272] T 00e456e8254a48299ea2f933849c950a P 82ed58003b014a258ac6d11af29b270e [term 2 FOLLOWER]: Raft consensus is shut down!
I20260709 13:09:20.738216  2023 tablet_replica.cc:333] T 27831feda513474abbb48e90f6616998 P 82ed58003b014a258ac6d11af29b270e: stopping tablet replica
I20260709 13:09:20.738655  2023 raft_consensus.cc:2243] T 27831feda513474abbb48e90f6616998 P 82ed58003b014a258ac6d11af29b270e [term 1 LEADER]: Raft consensus shutting down.
I20260709 13:09:20.739286  2023 raft_consensus.cc:2272] T 27831feda513474abbb48e90f6616998 P 82ed58003b014a258ac6d11af29b270e [term 1 FOLLOWER]: Raft consensus is shut down!
I20260709 13:09:20.740686  2023 tablet_replica.cc:333] T 531c30d3a77e4b91b7e845bf6bd2e27d P 82ed58003b014a258ac6d11af29b270e: stopping tablet replica
I20260709 13:09:20.741088  2023 raft_consensus.cc:2243] T 531c30d3a77e4b91b7e845bf6bd2e27d P 82ed58003b014a258ac6d11af29b270e [term 4 FOLLOWER]: Raft consensus shutting down.
I20260709 13:09:20.741421  2023 raft_consensus.cc:2272] T 531c30d3a77e4b91b7e845bf6bd2e27d P 82ed58003b014a258ac6d11af29b270e [term 4 FOLLOWER]: Raft consensus is shut down!
I20260709 13:09:20.743232  2023 tablet_replica.cc:333] T b7fb8d93717a4844a1b8c55fd042fb09 P 82ed58003b014a258ac6d11af29b270e: stopping tablet replica
I20260709 13:09:20.743667  2023 raft_consensus.cc:2243] T b7fb8d93717a4844a1b8c55fd042fb09 P 82ed58003b014a258ac6d11af29b270e [term 2 FOLLOWER]: Raft consensus shutting down.
I20260709 13:09:20.744014  2023 raft_consensus.cc:2272] T b7fb8d93717a4844a1b8c55fd042fb09 P 82ed58003b014a258ac6d11af29b270e [term 2 FOLLOWER]: Raft consensus is shut down!
I20260709 13:09:20.745345  2023 tablet_replica.cc:333] T c4d8b969fb7f4f3190f25fe30d386ae2 P 82ed58003b014a258ac6d11af29b270e: stopping tablet replica
I20260709 13:09:20.745721  2023 raft_consensus.cc:2243] T c4d8b969fb7f4f3190f25fe30d386ae2 P 82ed58003b014a258ac6d11af29b270e [term 4 FOLLOWER]: Raft consensus shutting down.
I20260709 13:09:20.746044  2023 raft_consensus.cc:2272] T c4d8b969fb7f4f3190f25fe30d386ae2 P 82ed58003b014a258ac6d11af29b270e [term 4 FOLLOWER]: Raft consensus is shut down!
W20260709 13:09:20.751086  2272 consensus_peers.cc:597] T c4d8b969fb7f4f3190f25fe30d386ae2 P a47a230a79ec41ed9a0eef9b888871ff -> Peer 82ed58003b014a258ac6d11af29b270e (127.1.249.194:38541): Couldn't send request to peer 82ed58003b014a258ac6d11af29b270e. Status: Remote error: Service unavailable: service kudu.consensus.ConsensusService not registered on TabletServer. This is attempt 1: this message will repeat every 5th retry.
I20260709 13:09:20.772769  2023 tablet_server.cc:196] TabletServer@127.1.249.194:0 shutdown complete.
W20260709 13:09:20.786731  2273 consensus_peers.cc:597] T b33d780d31e54c7bab6dd1e2ed9d3307 P a47a230a79ec41ed9a0eef9b888871ff -> Peer 954ff451c32349d99c74fa542ed94bff (127.1.249.193:43511): Couldn't send request to peer 954ff451c32349d99c74fa542ed94bff. Status: Network error: Client connection negotiation failed: client connection to 127.1.249.193:43511: connect: Connection refused (error 111). This is attempt 1: this message will repeat every 5th retry.
I20260709 13:09:20.790048  2023 tablet_server.cc:179] TabletServer@127.1.249.195:0 shutting down...
I20260709 13:09:20.808880  2023 ts_tablet_manager.cc:1507] Shutting down tablet manager...
I20260709 13:09:20.809458  2023 tablet_replica.cc:333] T 27831feda513474abbb48e90f6616998 P a47a230a79ec41ed9a0eef9b888871ff: stopping tablet replica
I20260709 13:09:20.810019  2023 raft_consensus.cc:2243] T 27831feda513474abbb48e90f6616998 P a47a230a79ec41ed9a0eef9b888871ff [term 1 FOLLOWER]: Raft consensus shutting down.
I20260709 13:09:20.810485  2023 raft_consensus.cc:2272] T 27831feda513474abbb48e90f6616998 P a47a230a79ec41ed9a0eef9b888871ff [term 1 FOLLOWER]: Raft consensus is shut down!
I20260709 13:09:20.812465  2023 tablet_replica.cc:333] T 531c30d3a77e4b91b7e845bf6bd2e27d P a47a230a79ec41ed9a0eef9b888871ff: stopping tablet replica
I20260709 13:09:20.812940  2023 raft_consensus.cc:2243] T 531c30d3a77e4b91b7e845bf6bd2e27d P a47a230a79ec41ed9a0eef9b888871ff [term 4 FOLLOWER]: Raft consensus shutting down.
I20260709 13:09:20.813280  2023 raft_consensus.cc:2272] T 531c30d3a77e4b91b7e845bf6bd2e27d P a47a230a79ec41ed9a0eef9b888871ff [term 4 FOLLOWER]: Raft consensus is shut down!
I20260709 13:09:20.815397  2023 tablet_replica.cc:333] T c4d8b969fb7f4f3190f25fe30d386ae2 P a47a230a79ec41ed9a0eef9b888871ff: stopping tablet replica
I20260709 13:09:20.815883  2023 raft_consensus.cc:2243] T c4d8b969fb7f4f3190f25fe30d386ae2 P a47a230a79ec41ed9a0eef9b888871ff [term 4 LEADER]: Raft consensus shutting down.
I20260709 13:09:20.816499  2023 raft_consensus.cc:2272] T c4d8b969fb7f4f3190f25fe30d386ae2 P a47a230a79ec41ed9a0eef9b888871ff [term 4 FOLLOWER]: Raft consensus is shut down!
I20260709 13:09:20.818289  2023 tablet_replica.cc:333] T b7fb8d93717a4844a1b8c55fd042fb09 P a47a230a79ec41ed9a0eef9b888871ff: stopping tablet replica
I20260709 13:09:20.818782  2023 raft_consensus.cc:2243] T b7fb8d93717a4844a1b8c55fd042fb09 P a47a230a79ec41ed9a0eef9b888871ff [term 2 LEADER]: Raft consensus shutting down.
I20260709 13:09:20.819396  2023 raft_consensus.cc:2272] T b7fb8d93717a4844a1b8c55fd042fb09 P a47a230a79ec41ed9a0eef9b888871ff [term 2 FOLLOWER]: Raft consensus is shut down!
I20260709 13:09:20.820849  2023 tablet_replica.cc:333] T 00e456e8254a48299ea2f933849c950a P a47a230a79ec41ed9a0eef9b888871ff: stopping tablet replica
I20260709 13:09:20.821251  2023 raft_consensus.cc:2243] T 00e456e8254a48299ea2f933849c950a P a47a230a79ec41ed9a0eef9b888871ff [term 2 FOLLOWER]: Raft consensus shutting down.
I20260709 13:09:20.821575  2023 raft_consensus.cc:2272] T 00e456e8254a48299ea2f933849c950a P a47a230a79ec41ed9a0eef9b888871ff [term 2 FOLLOWER]: Raft consensus is shut down!
I20260709 13:09:20.822978  2023 tablet_replica.cc:333] T 2a9f9ff0e83d4c86a13cd76a7008e3a7 P a47a230a79ec41ed9a0eef9b888871ff: stopping tablet replica
I20260709 13:09:20.823367  2023 raft_consensus.cc:2243] T 2a9f9ff0e83d4c86a13cd76a7008e3a7 P a47a230a79ec41ed9a0eef9b888871ff [term 2 FOLLOWER]: Raft consensus shutting down.
I20260709 13:09:20.823688  2023 raft_consensus.cc:2272] T 2a9f9ff0e83d4c86a13cd76a7008e3a7 P a47a230a79ec41ed9a0eef9b888871ff [term 2 FOLLOWER]: Raft consensus is shut down!
I20260709 13:09:20.825304  2023 tablet_replica.cc:333] T b33d780d31e54c7bab6dd1e2ed9d3307 P a47a230a79ec41ed9a0eef9b888871ff: stopping tablet replica
I20260709 13:09:20.825693  2023 raft_consensus.cc:2243] T b33d780d31e54c7bab6dd1e2ed9d3307 P a47a230a79ec41ed9a0eef9b888871ff [term 4 LEADER]: Raft consensus shutting down.
I20260709 13:09:20.826341  2023 raft_consensus.cc:2272] T b33d780d31e54c7bab6dd1e2ed9d3307 P a47a230a79ec41ed9a0eef9b888871ff [term 4 FOLLOWER]: Raft consensus is shut down!
I20260709 13:09:20.828069  2023 tablet_replica.cc:333] T 27542429165340d0ad7c4cea9ea3ed9d P a47a230a79ec41ed9a0eef9b888871ff: stopping tablet replica
I20260709 13:09:20.828459  2023 raft_consensus.cc:2243] T 27542429165340d0ad7c4cea9ea3ed9d P a47a230a79ec41ed9a0eef9b888871ff [term 3 FOLLOWER]: Raft consensus shutting down.
I20260709 13:09:20.828771  2023 raft_consensus.cc:2272] T 27542429165340d0ad7c4cea9ea3ed9d P a47a230a79ec41ed9a0eef9b888871ff [term 3 FOLLOWER]: Raft consensus is shut down!
I20260709 13:09:20.830174  2023 tablet_replica.cc:333] T d156c07c4ce840d79932becbb204a3e5 P a47a230a79ec41ed9a0eef9b888871ff: stopping tablet replica
I20260709 13:09:20.830539  2023 raft_consensus.cc:2243] T d156c07c4ce840d79932becbb204a3e5 P a47a230a79ec41ed9a0eef9b888871ff [term 5 FOLLOWER]: Raft consensus shutting down.
I20260709 13:09:20.830915  2023 raft_consensus.cc:2272] T d156c07c4ce840d79932becbb204a3e5 P a47a230a79ec41ed9a0eef9b888871ff [term 5 FOLLOWER]: Raft consensus is shut down!
I20260709 13:09:20.855914  2023 tablet_server.cc:196] TabletServer@127.1.249.195:0 shutdown complete.
I20260709 13:09:20.870879  2023 master.cc:562] Master@127.1.249.254:44767 shutting down...
I20260709 13:09:21.007885  2023 raft_consensus.cc:2243] T 00000000000000000000000000000000 P bf26309474924639ba50c027bf23cd1b [term 1 LEADER]: Raft consensus shutting down.
I20260709 13:09:21.008406  2023 raft_consensus.cc:2272] T 00000000000000000000000000000000 P bf26309474924639ba50c027bf23cd1b [term 1 FOLLOWER]: Raft consensus is shut down!
I20260709 13:09:21.008701  2023 tablet_replica.cc:333] T 00000000000000000000000000000000 P bf26309474924639ba50c027bf23cd1b: stopping tablet replica
I20260709 13:09:21.027016  2023 master.cc:584] Master@127.1.249.254:44767 shutdown complete.
82ed58003b014a258ac6d11af29b270e  4
954ff451c32349d99c74fa542ed94bff  4
a47a230a79ec41ed9a0eef9b888871ff  1
[       OK ] LeaderRebalancerTest.FunctionalTestForDivided (13494 ms)
[ RUN      ] LeaderRebalancerTest.FunctionalTestForNotDivided
I20260709 13:09:21.061874  2023 internal_mini_cluster.cc:156] Creating distributed mini masters. Addrs: 127.1.249.254:33865
I20260709 13:09:21.062912  2023 file_cache.cc:504] Constructed file cache file cache with capacity 419430
W20260709 13:09:21.067775  2549 instance_detector.cc:116] could not retrieve AWS instance metadata: Network error: curl error: HTTP response code said error: The requested URL returned error: 404
W20260709 13:09:21.068236  2550 instance_detector.cc:116] could not retrieve Azure instance metadata: Network error: curl error: HTTP response code said error: The requested URL returned error: 404
W20260709 13:09:21.069792  2552 instance_detector.cc:116] could not retrieve OpenStack instance metadata: Network error: curl error: HTTP response code said error: The requested URL returned error: 404
I20260709 13:09:21.070042  2023 server_base.cc:1061] running on GCE node
I20260709 13:09:21.070834  2023 hybrid_clock.cc:584] initializing the hybrid clock with 'system_unsync' time source
W20260709 13:09:21.071010  2023 system_unsync_time.cc:38] NTP support is disabled. Clock error bounds will not be accurate. This configuration is not suitable for distributed clusters.
I20260709 13:09:21.071151  2023 hybrid_clock.cc:648] HybridClock initialized: now 1783602561071132 us; error 0 us; skew 500 ppm
I20260709 13:09:21.071609  2023 server_base.cc:861] Flag tcmalloc_max_total_thread_cache_bytes is not working since tcmalloc is not enabled.
I20260709 13:09:21.073769  2023 webserver.cc:533] Webserver started at http://127.1.249.254:33303/ using document root <none> and password file <none>
I20260709 13:09:21.074198  2023 fs_manager.cc:362] Metadata directory not provided
I20260709 13:09:21.074360  2023 fs_manager.cc:368] Using write-ahead log directory (fs_wal_dir) as metadata directory
I20260709 13:09:21.074594  2023 server_base.cc:909] This appears to be a new deployment of Kudu; creating new FS layout
I20260709 13:09:21.075641  2023 fs_manager.cc:1068] Generated new instance metadata in path /tmp/dist-test-tasky5CSGs/test-tmp/auto_leader_rebalancer-test.0.LeaderRebalancerTest.FunctionalTestForNotDivided.1783602547406674-2023-0/minicluster-data/master-0-root/instance:
uuid: "0642cab0d2e94d949b4b5e99e247ee20"
format_stamp: "Formatted at 2026-07-09 13:09:21 on dist-test-slave-f8td"
I20260709 13:09:21.079900  2023 fs_manager.cc:696] Time spent creating directory manager: real 0.004s	user 0.004s	sys 0.000s
I20260709 13:09:21.082767  2557 log_block_manager.cc:4127] Time spent loading block containers with low live blocks: real 0.000s	user 0.000s	sys 0.000s
I20260709 13:09:21.083411  2023 fs_manager.cc:730] Time spent opening block manager: real 0.002s	user 0.002s	sys 0.000s
I20260709 13:09:21.083653  2023 fs_manager.cc:647] Opened local filesystem: /tmp/dist-test-tasky5CSGs/test-tmp/auto_leader_rebalancer-test.0.LeaderRebalancerTest.FunctionalTestForNotDivided.1783602547406674-2023-0/minicluster-data/master-0-root
uuid: "0642cab0d2e94d949b4b5e99e247ee20"
format_stamp: "Formatted at 2026-07-09 13:09:21 on dist-test-slave-f8td"
I20260709 13:09:21.083902  2023 fs_report.cc:389] FS layout report
--------------------
wal directory: /tmp/dist-test-tasky5CSGs/test-tmp/auto_leader_rebalancer-test.0.LeaderRebalancerTest.FunctionalTestForNotDivided.1783602547406674-2023-0/minicluster-data/master-0-root
metadata directory: /tmp/dist-test-tasky5CSGs/test-tmp/auto_leader_rebalancer-test.0.LeaderRebalancerTest.FunctionalTestForNotDivided.1783602547406674-2023-0/minicluster-data/master-0-root
1 data directories: /tmp/dist-test-tasky5CSGs/test-tmp/auto_leader_rebalancer-test.0.LeaderRebalancerTest.FunctionalTestForNotDivided.1783602547406674-2023-0/minicluster-data/master-0-root/data
Total live blocks: 0
Total live bytes: 0
Total live bytes (after alignment): 0
Total number of LBM containers: 0 (0 full)
Did not check for missing blocks
Did not check for orphaned blocks
Total full LBM containers with extra space: 0 (0 repaired)
Total full LBM container extra space in bytes: 0 (0 repaired)
Total incomplete LBM containers: 0 (0 repaired)
Total LBM partial records: 0 (0 repaired)
Total corrupted LBM metadata records in RocksDB: 0 (0 repaired)
I20260709 13:09:21.095603  2023 rpc_server.cc:225] running with OpenSSL 1.1.1  11 Sep 2018
I20260709 13:09:21.096637  2023 kserver.cc:163] Server-wide thread pool size limit: 3276
I20260709 13:09:21.130568  2023 rpc_server.cc:307] RPC server started. Bound to: 127.1.249.254:33865
I20260709 13:09:21.130674  2608 acceptor_pool.cc:272] collecting diagnostics on the listening RPC socket 127.1.249.254:33865 every 8 connection(s)
I20260709 13:09:21.134052  2609 data_dirs.cc:400] Could only allocate 1 dirs of requested 3 for tablet 00000000000000000000000000000000. 1 dirs total, 0 dirs full, 0 dirs failed
I20260709 13:09:21.142601  2609 tablet_bootstrap.cc:492] T 00000000000000000000000000000000 P 0642cab0d2e94d949b4b5e99e247ee20: Bootstrap starting.
I20260709 13:09:21.147006  2609 tablet_bootstrap.cc:654] T 00000000000000000000000000000000 P 0642cab0d2e94d949b4b5e99e247ee20: Neither blocks nor log segments found. Creating new log.
I20260709 13:09:21.150532  2609 tablet_bootstrap.cc:492] T 00000000000000000000000000000000 P 0642cab0d2e94d949b4b5e99e247ee20: No bootstrap required, opened a new log
I20260709 13:09:21.152391  2609 raft_consensus.cc:359] T 00000000000000000000000000000000 P 0642cab0d2e94d949b4b5e99e247ee20 [term 0 FOLLOWER]: Replica starting. Triggering 0 pending ops. Active config: opid_index: -1 OBSOLETE_local: true peers { permanent_uuid: "0642cab0d2e94d949b4b5e99e247ee20" member_type: VOTER }
I20260709 13:09:21.152731  2609 raft_consensus.cc:385] T 00000000000000000000000000000000 P 0642cab0d2e94d949b4b5e99e247ee20 [term 0 FOLLOWER]: Consensus starting up: Expiring failure detector timer to make a prompt election more likely
I20260709 13:09:21.152900  2609 raft_consensus.cc:740] T 00000000000000000000000000000000 P 0642cab0d2e94d949b4b5e99e247ee20 [term 0 FOLLOWER]: Becoming Follower/Learner. State: Replica: 0642cab0d2e94d949b4b5e99e247ee20, State: Initialized, Role: FOLLOWER
I20260709 13:09:21.153328  2609 consensus_queue.cc:260] T 00000000000000000000000000000000 P 0642cab0d2e94d949b4b5e99e247ee20 [NON_LEADER]: Queue going to NON_LEADER mode. State: All replicated index: 0, Majority replicated index: 0, Committed index: 0, Last appended: 0.0, Last appended by leader: 0, Current term: 0, Majority size: -1, State: 0, Mode: NON_LEADER, active raft config: opid_index: -1 OBSOLETE_local: true peers { permanent_uuid: "0642cab0d2e94d949b4b5e99e247ee20" member_type: VOTER }
I20260709 13:09:21.153702  2609 raft_consensus.cc:399] T 00000000000000000000000000000000 P 0642cab0d2e94d949b4b5e99e247ee20 [term 0 FOLLOWER]: Only one voter in the Raft config. Triggering election immediately
I20260709 13:09:21.153892  2609 raft_consensus.cc:493] T 00000000000000000000000000000000 P 0642cab0d2e94d949b4b5e99e247ee20 [term 0 FOLLOWER]: Starting leader election (initial election of a single-replica configuration)
I20260709 13:09:21.154084  2609 raft_consensus.cc:3060] T 00000000000000000000000000000000 P 0642cab0d2e94d949b4b5e99e247ee20 [term 0 FOLLOWER]: Advancing to term 1
I20260709 13:09:21.157646  2609 raft_consensus.cc:515] T 00000000000000000000000000000000 P 0642cab0d2e94d949b4b5e99e247ee20 [term 1 FOLLOWER]: Starting leader election with config: opid_index: -1 OBSOLETE_local: true peers { permanent_uuid: "0642cab0d2e94d949b4b5e99e247ee20" member_type: VOTER }
I20260709 13:09:21.158078  2609 leader_election.cc:304] T 00000000000000000000000000000000 P 0642cab0d2e94d949b4b5e99e247ee20 [CANDIDATE]: Term 1 election: Election decided. Result: candidate won. Election summary: received 1 responses out of 1 voters: 1 yes votes; 0 no votes. yes voters: 0642cab0d2e94d949b4b5e99e247ee20; no voters: 
I20260709 13:09:21.159046  2609 leader_election.cc:290] T 00000000000000000000000000000000 P 0642cab0d2e94d949b4b5e99e247ee20 [CANDIDATE]: Term 1 election: Requested vote from peers 
I20260709 13:09:21.159377  2612 raft_consensus.cc:2804] T 00000000000000000000000000000000 P 0642cab0d2e94d949b4b5e99e247ee20 [term 1 FOLLOWER]: Leader election won for term 1
I20260709 13:09:21.160531  2612 raft_consensus.cc:697] T 00000000000000000000000000000000 P 0642cab0d2e94d949b4b5e99e247ee20 [term 1 LEADER]: Becoming Leader. State: Replica: 0642cab0d2e94d949b4b5e99e247ee20, State: Running, Role: LEADER
I20260709 13:09:21.161118  2612 consensus_queue.cc:237] T 00000000000000000000000000000000 P 0642cab0d2e94d949b4b5e99e247ee20 [LEADER]: Queue going to LEADER mode. State: All replicated index: 0, Majority replicated index: 0, Committed index: 0, Last appended: 0.0, Last appended by leader: 0, Current term: 1, Majority size: 1, State: 0, Mode: LEADER, active raft config: opid_index: -1 OBSOLETE_local: true peers { permanent_uuid: "0642cab0d2e94d949b4b5e99e247ee20" member_type: VOTER }
I20260709 13:09:21.161609  2609 sys_catalog.cc:565] T 00000000000000000000000000000000 P 0642cab0d2e94d949b4b5e99e247ee20 [sys.catalog]: configured and running, proceeding with master startup.
I20260709 13:09:21.165166  2613 sys_catalog.cc:455] T 00000000000000000000000000000000 P 0642cab0d2e94d949b4b5e99e247ee20 [sys.catalog]: SysCatalogTable state changed. Reason: RaftConsensus started. Latest consensus state: current_term: 1 leader_uuid: "0642cab0d2e94d949b4b5e99e247ee20" committed_config { opid_index: -1 OBSOLETE_local: true peers { permanent_uuid: "0642cab0d2e94d949b4b5e99e247ee20" member_type: VOTER } }
I20260709 13:09:21.165343  2614 sys_catalog.cc:455] T 00000000000000000000000000000000 P 0642cab0d2e94d949b4b5e99e247ee20 [sys.catalog]: SysCatalogTable state changed. Reason: New leader 0642cab0d2e94d949b4b5e99e247ee20. Latest consensus state: current_term: 1 leader_uuid: "0642cab0d2e94d949b4b5e99e247ee20" committed_config { opid_index: -1 OBSOLETE_local: true peers { permanent_uuid: "0642cab0d2e94d949b4b5e99e247ee20" member_type: VOTER } }
I20260709 13:09:21.165840  2614 sys_catalog.cc:458] T 00000000000000000000000000000000 P 0642cab0d2e94d949b4b5e99e247ee20 [sys.catalog]: This master's current role is: LEADER
I20260709 13:09:21.165843  2613 sys_catalog.cc:458] T 00000000000000000000000000000000 P 0642cab0d2e94d949b4b5e99e247ee20 [sys.catalog]: This master's current role is: LEADER
I20260709 13:09:21.169193  2620 catalog_manager.cc:1511] Loading table and tablet metadata into memory...
I20260709 13:09:21.173743  2620 catalog_manager.cc:1520] Initializing Kudu cluster ID...
I20260709 13:09:21.175879  2023 internal_mini_cluster.cc:184] Waiting to initialize catalog manager on master 0
I20260709 13:09:21.181296  2620 catalog_manager.cc:1383] Generated new cluster ID: ae00a2e082494f82a3b84bcf5fe12f4c
I20260709 13:09:21.181516  2620 catalog_manager.cc:1531] Initializing Kudu internal certificate authority...
I20260709 13:09:21.231196  2620 catalog_manager.cc:1406] Generated new certificate authority record
I20260709 13:09:21.232673  2620 catalog_manager.cc:1540] Loading token signing keys...
I20260709 13:09:21.243897  2620 catalog_manager.cc:6070] T 00000000000000000000000000000000 P 0642cab0d2e94d949b4b5e99e247ee20: Generated new TSK 0
I20260709 13:09:21.244390  2620 catalog_manager.cc:1550] Initializing in-progress tserver states...
I20260709 13:09:21.306522  2023 file_cache.cc:504] Constructed file cache file cache with capacity 419430
W20260709 13:09:21.311861  2630 instance_detector.cc:116] could not retrieve AWS instance metadata: Network error: curl error: HTTP response code said error: The requested URL returned error: 404
W20260709 13:09:21.312463  2631 instance_detector.cc:116] could not retrieve Azure instance metadata: Network error: curl error: HTTP response code said error: The requested URL returned error: 404
W20260709 13:09:21.313737  2633 instance_detector.cc:116] could not retrieve OpenStack instance metadata: Network error: curl error: HTTP response code said error: The requested URL returned error: 404
I20260709 13:09:21.313968  2023 server_base.cc:1061] running on GCE node
I20260709 13:09:21.314769  2023 hybrid_clock.cc:584] initializing the hybrid clock with 'system_unsync' time source
W20260709 13:09:21.314939  2023 system_unsync_time.cc:38] NTP support is disabled. Clock error bounds will not be accurate. This configuration is not suitable for distributed clusters.
I20260709 13:09:21.315052  2023 hybrid_clock.cc:648] HybridClock initialized: now 1783602561315041 us; error 0 us; skew 500 ppm
I20260709 13:09:21.315482  2023 server_base.cc:861] Flag tcmalloc_max_total_thread_cache_bytes is not working since tcmalloc is not enabled.
I20260709 13:09:21.317425  2023 webserver.cc:533] Webserver started at http://127.1.249.193:36915/ using document root <none> and password file <none>
I20260709 13:09:21.317822  2023 fs_manager.cc:362] Metadata directory not provided
I20260709 13:09:21.317967  2023 fs_manager.cc:368] Using write-ahead log directory (fs_wal_dir) as metadata directory
I20260709 13:09:21.318168  2023 server_base.cc:909] This appears to be a new deployment of Kudu; creating new FS layout
I20260709 13:09:21.319126  2023 fs_manager.cc:1068] Generated new instance metadata in path /tmp/dist-test-tasky5CSGs/test-tmp/auto_leader_rebalancer-test.0.LeaderRebalancerTest.FunctionalTestForNotDivided.1783602547406674-2023-0/minicluster-data/ts-0-root/instance:
uuid: "206300a8c5ca4711967606c25542b394"
format_stamp: "Formatted at 2026-07-09 13:09:21 on dist-test-slave-f8td"
I20260709 13:09:21.323130  2023 fs_manager.cc:696] Time spent creating directory manager: real 0.004s	user 0.004s	sys 0.000s
I20260709 13:09:21.325941  2638 log_block_manager.cc:4127] Time spent loading block containers with low live blocks: real 0.000s	user 0.000s	sys 0.000s
I20260709 13:09:21.326581  2023 fs_manager.cc:730] Time spent opening block manager: real 0.002s	user 0.003s	sys 0.000s
I20260709 13:09:21.326841  2023 fs_manager.cc:647] Opened local filesystem: /tmp/dist-test-tasky5CSGs/test-tmp/auto_leader_rebalancer-test.0.LeaderRebalancerTest.FunctionalTestForNotDivided.1783602547406674-2023-0/minicluster-data/ts-0-root
uuid: "206300a8c5ca4711967606c25542b394"
format_stamp: "Formatted at 2026-07-09 13:09:21 on dist-test-slave-f8td"
I20260709 13:09:21.327073  2023 fs_report.cc:389] FS layout report
--------------------
wal directory: /tmp/dist-test-tasky5CSGs/test-tmp/auto_leader_rebalancer-test.0.LeaderRebalancerTest.FunctionalTestForNotDivided.1783602547406674-2023-0/minicluster-data/ts-0-root
metadata directory: /tmp/dist-test-tasky5CSGs/test-tmp/auto_leader_rebalancer-test.0.LeaderRebalancerTest.FunctionalTestForNotDivided.1783602547406674-2023-0/minicluster-data/ts-0-root
1 data directories: /tmp/dist-test-tasky5CSGs/test-tmp/auto_leader_rebalancer-test.0.LeaderRebalancerTest.FunctionalTestForNotDivided.1783602547406674-2023-0/minicluster-data/ts-0-root/data
Total live blocks: 0
Total live bytes: 0
Total live bytes (after alignment): 0
Total number of LBM containers: 0 (0 full)
Did not check for missing blocks
Did not check for orphaned blocks
Total full LBM containers with extra space: 0 (0 repaired)
Total full LBM container extra space in bytes: 0 (0 repaired)
Total incomplete LBM containers: 0 (0 repaired)
Total LBM partial records: 0 (0 repaired)
Total corrupted LBM metadata records in RocksDB: 0 (0 repaired)
I20260709 13:09:21.345988  2023 rpc_server.cc:225] running with OpenSSL 1.1.1  11 Sep 2018
I20260709 13:09:21.347137  2023 kserver.cc:163] Server-wide thread pool size limit: 3276
I20260709 13:09:21.348408  2023 txn_system_client.cc:432] TxnSystemClient initialization is disabled...
I20260709 13:09:21.350440  2023 ts_tablet_manager.cc:585] Loaded tablet metadata (0 total tablets, 0 live tablets)
I20260709 13:09:21.350602  2023 ts_tablet_manager.cc:531] Time spent load tablet metadata: real 0.000s	user 0.000s	sys 0.000s
I20260709 13:09:21.350816  2023 ts_tablet_manager.cc:616] Registered 0 tablets
I20260709 13:09:21.350960  2023 ts_tablet_manager.cc:595] Time spent register tablets: real 0.000s	user 0.000s	sys 0.000s
I20260709 13:09:21.387291  2023 rpc_server.cc:307] RPC server started. Bound to: 127.1.249.193:39969
I20260709 13:09:21.387391  2700 acceptor_pool.cc:272] collecting diagnostics on the listening RPC socket 127.1.249.193:39969 every 8 connection(s)
I20260709 13:09:21.391680  2023 file_cache.cc:504] Constructed file cache file cache with capacity 419430
W20260709 13:09:21.398372  2705 instance_detector.cc:116] could not retrieve AWS instance metadata: Network error: curl error: HTTP response code said error: The requested URL returned error: 404
W20260709 13:09:21.399400  2706 instance_detector.cc:116] could not retrieve Azure instance metadata: Network error: curl error: HTTP response code said error: The requested URL returned error: 404
W20260709 13:09:21.401949  2709 instance_detector.cc:116] could not retrieve OpenStack instance metadata: Network error: curl error: HTTP response code said error: The requested URL returned error: 404
I20260709 13:09:21.402375  2023 server_base.cc:1061] running on GCE node
I20260709 13:09:21.403365  2023 hybrid_clock.cc:584] initializing the hybrid clock with 'system_unsync' time source
W20260709 13:09:21.403554  2023 system_unsync_time.cc:38] NTP support is disabled. Clock error bounds will not be accurate. This configuration is not suitable for distributed clusters.
I20260709 13:09:21.403700  2023 hybrid_clock.cc:648] HybridClock initialized: now 1783602561403682 us; error 0 us; skew 500 ppm
I20260709 13:09:21.404172  2023 server_base.cc:861] Flag tcmalloc_max_total_thread_cache_bytes is not working since tcmalloc is not enabled.
I20260709 13:09:21.406165  2023 webserver.cc:533] Webserver started at http://127.1.249.194:45515/ using document root <none> and password file <none>
I20260709 13:09:21.406690  2023 fs_manager.cc:362] Metadata directory not provided
I20260709 13:09:21.406886  2023 fs_manager.cc:368] Using write-ahead log directory (fs_wal_dir) as metadata directory
I20260709 13:09:21.407124  2023 server_base.cc:909] This appears to be a new deployment of Kudu; creating new FS layout
I20260709 13:09:21.408218  2023 fs_manager.cc:1068] Generated new instance metadata in path /tmp/dist-test-tasky5CSGs/test-tmp/auto_leader_rebalancer-test.0.LeaderRebalancerTest.FunctionalTestForNotDivided.1783602547406674-2023-0/minicluster-data/ts-1-root/instance:
uuid: "3d6c2be5b7cf4570a75b25c70448ff73"
format_stamp: "Formatted at 2026-07-09 13:09:21 on dist-test-slave-f8td"
I20260709 13:09:21.409462  2701 heartbeater.cc:344] Connected to a master server at 127.1.249.254:33865
I20260709 13:09:21.409752  2701 heartbeater.cc:461] Registering TS with master...
I20260709 13:09:21.410394  2701 heartbeater.cc:507] Master 127.1.249.254:33865 requested a full tablet report, sending...
I20260709 13:09:21.412406  2574 ts_manager.cc:194] Registered new tserver with Master: 206300a8c5ca4711967606c25542b394 (127.1.249.193:39969)
I20260709 13:09:21.413051  2023 fs_manager.cc:696] Time spent creating directory manager: real 0.004s	user 0.005s	sys 0.001s
I20260709 13:09:21.414614  2574 master_service.cc:502] Signed X509 certificate for tserver {username='slave'} at 127.0.0.1:60100
I20260709 13:09:21.417112  2713 log_block_manager.cc:4127] Time spent loading block containers with low live blocks: real 0.000s	user 0.000s	sys 0.000s
I20260709 13:09:21.417786  2023 fs_manager.cc:730] Time spent opening block manager: real 0.002s	user 0.002s	sys 0.000s
I20260709 13:09:21.418033  2023 fs_manager.cc:647] Opened local filesystem: /tmp/dist-test-tasky5CSGs/test-tmp/auto_leader_rebalancer-test.0.LeaderRebalancerTest.FunctionalTestForNotDivided.1783602547406674-2023-0/minicluster-data/ts-1-root
uuid: "3d6c2be5b7cf4570a75b25c70448ff73"
format_stamp: "Formatted at 2026-07-09 13:09:21 on dist-test-slave-f8td"
I20260709 13:09:21.418274  2023 fs_report.cc:389] FS layout report
--------------------
wal directory: /tmp/dist-test-tasky5CSGs/test-tmp/auto_leader_rebalancer-test.0.LeaderRebalancerTest.FunctionalTestForNotDivided.1783602547406674-2023-0/minicluster-data/ts-1-root
metadata directory: /tmp/dist-test-tasky5CSGs/test-tmp/auto_leader_rebalancer-test.0.LeaderRebalancerTest.FunctionalTestForNotDivided.1783602547406674-2023-0/minicluster-data/ts-1-root
1 data directories: /tmp/dist-test-tasky5CSGs/test-tmp/auto_leader_rebalancer-test.0.LeaderRebalancerTest.FunctionalTestForNotDivided.1783602547406674-2023-0/minicluster-data/ts-1-root/data
Total live blocks: 0
Total live bytes: 0
Total live bytes (after alignment): 0
Total number of LBM containers: 0 (0 full)
Did not check for missing blocks
Did not check for orphaned blocks
Total full LBM containers with extra space: 0 (0 repaired)
Total full LBM container extra space in bytes: 0 (0 repaired)
Total incomplete LBM containers: 0 (0 repaired)
Total LBM partial records: 0 (0 repaired)
Total corrupted LBM metadata records in RocksDB: 0 (0 repaired)
I20260709 13:09:21.442732  2023 rpc_server.cc:225] running with OpenSSL 1.1.1  11 Sep 2018
I20260709 13:09:21.444252  2023 kserver.cc:163] Server-wide thread pool size limit: 3276
I20260709 13:09:21.446530  2023 txn_system_client.cc:432] TxnSystemClient initialization is disabled...
I20260709 13:09:21.448958  2023 ts_tablet_manager.cc:585] Loaded tablet metadata (0 total tablets, 0 live tablets)
I20260709 13:09:21.449179  2023 ts_tablet_manager.cc:531] Time spent load tablet metadata: real 0.000s	user 0.000s	sys 0.000s
I20260709 13:09:21.449419  2023 ts_tablet_manager.cc:616] Registered 0 tablets
I20260709 13:09:21.449571  2023 ts_tablet_manager.cc:595] Time spent register tablets: real 0.000s	user 0.000s	sys 0.000s
I20260709 13:09:21.493839  2023 rpc_server.cc:307] RPC server started. Bound to: 127.1.249.194:37403
I20260709 13:09:21.493952  2775 acceptor_pool.cc:272] collecting diagnostics on the listening RPC socket 127.1.249.194:37403 every 8 connection(s)
I20260709 13:09:21.498159  2023 file_cache.cc:504] Constructed file cache file cache with capacity 419430
W20260709 13:09:21.504633  2779 instance_detector.cc:116] could not retrieve AWS instance metadata: Network error: curl error: HTTP response code said error: The requested URL returned error: 404
W20260709 13:09:21.506325  2780 instance_detector.cc:116] could not retrieve Azure instance metadata: Network error: curl error: HTTP response code said error: The requested URL returned error: 404
I20260709 13:09:21.508800  2023 server_base.cc:1061] running on GCE node
W20260709 13:09:21.509262  2782 instance_detector.cc:116] could not retrieve OpenStack instance metadata: Network error: curl error: HTTP response code said error: The requested URL returned error: 404
I20260709 13:09:21.509668  2776 heartbeater.cc:344] Connected to a master server at 127.1.249.254:33865
I20260709 13:09:21.510051  2776 heartbeater.cc:461] Registering TS with master...
I20260709 13:09:21.510223  2023 hybrid_clock.cc:584] initializing the hybrid clock with 'system_unsync' time source
W20260709 13:09:21.510470  2023 system_unsync_time.cc:38] NTP support is disabled. Clock error bounds will not be accurate. This configuration is not suitable for distributed clusters.
I20260709 13:09:21.510682  2023 hybrid_clock.cc:648] HybridClock initialized: now 1783602561510663 us; error 0 us; skew 500 ppm
I20260709 13:09:21.510950  2776 heartbeater.cc:507] Master 127.1.249.254:33865 requested a full tablet report, sending...
I20260709 13:09:21.511420  2023 server_base.cc:861] Flag tcmalloc_max_total_thread_cache_bytes is not working since tcmalloc is not enabled.
I20260709 13:09:21.513147  2574 ts_manager.cc:194] Registered new tserver with Master: 3d6c2be5b7cf4570a75b25c70448ff73 (127.1.249.194:37403)
I20260709 13:09:21.514133  2023 webserver.cc:533] Webserver started at http://127.1.249.195:41051/ using document root <none> and password file <none>
I20260709 13:09:21.514767  2023 fs_manager.cc:362] Metadata directory not provided
I20260709 13:09:21.514889  2574 master_service.cc:502] Signed X509 certificate for tserver {username='slave'} at 127.0.0.1:60104
I20260709 13:09:21.515013  2023 fs_manager.cc:368] Using write-ahead log directory (fs_wal_dir) as metadata directory
I20260709 13:09:21.515367  2023 server_base.cc:909] This appears to be a new deployment of Kudu; creating new FS layout
I20260709 13:09:21.516739  2023 fs_manager.cc:1068] Generated new instance metadata in path /tmp/dist-test-tasky5CSGs/test-tmp/auto_leader_rebalancer-test.0.LeaderRebalancerTest.FunctionalTestForNotDivided.1783602547406674-2023-0/minicluster-data/ts-2-root/instance:
uuid: "b02530c39d2e4862823bcc6696f97a6f"
format_stamp: "Formatted at 2026-07-09 13:09:21 on dist-test-slave-f8td"
I20260709 13:09:21.521070  2023 fs_manager.cc:696] Time spent creating directory manager: real 0.004s	user 0.001s	sys 0.004s
I20260709 13:09:21.524109  2787 log_block_manager.cc:4127] Time spent loading block containers with low live blocks: real 0.000s	user 0.000s	sys 0.000s
I20260709 13:09:21.524868  2023 fs_manager.cc:730] Time spent opening block manager: real 0.002s	user 0.001s	sys 0.000s
I20260709 13:09:21.525152  2023 fs_manager.cc:647] Opened local filesystem: /tmp/dist-test-tasky5CSGs/test-tmp/auto_leader_rebalancer-test.0.LeaderRebalancerTest.FunctionalTestForNotDivided.1783602547406674-2023-0/minicluster-data/ts-2-root
uuid: "b02530c39d2e4862823bcc6696f97a6f"
format_stamp: "Formatted at 2026-07-09 13:09:21 on dist-test-slave-f8td"
I20260709 13:09:21.525419  2023 fs_report.cc:389] FS layout report
--------------------
wal directory: /tmp/dist-test-tasky5CSGs/test-tmp/auto_leader_rebalancer-test.0.LeaderRebalancerTest.FunctionalTestForNotDivided.1783602547406674-2023-0/minicluster-data/ts-2-root
metadata directory: /tmp/dist-test-tasky5CSGs/test-tmp/auto_leader_rebalancer-test.0.LeaderRebalancerTest.FunctionalTestForNotDivided.1783602547406674-2023-0/minicluster-data/ts-2-root
1 data directories: /tmp/dist-test-tasky5CSGs/test-tmp/auto_leader_rebalancer-test.0.LeaderRebalancerTest.FunctionalTestForNotDivided.1783602547406674-2023-0/minicluster-data/ts-2-root/data
Total live blocks: 0
Total live bytes: 0
Total live bytes (after alignment): 0
Total number of LBM containers: 0 (0 full)
Did not check for missing blocks
Did not check for orphaned blocks
Total full LBM containers with extra space: 0 (0 repaired)
Total full LBM container extra space in bytes: 0 (0 repaired)
Total incomplete LBM containers: 0 (0 repaired)
Total LBM partial records: 0 (0 repaired)
Total corrupted LBM metadata records in RocksDB: 0 (0 repaired)
I20260709 13:09:21.554795  2023 rpc_server.cc:225] running with OpenSSL 1.1.1  11 Sep 2018
I20260709 13:09:21.556039  2023 kserver.cc:163] Server-wide thread pool size limit: 3276
I20260709 13:09:21.557508  2023 txn_system_client.cc:432] TxnSystemClient initialization is disabled...
I20260709 13:09:21.559679  2023 ts_tablet_manager.cc:585] Loaded tablet metadata (0 total tablets, 0 live tablets)
I20260709 13:09:21.559875  2023 ts_tablet_manager.cc:531] Time spent load tablet metadata: real 0.000s	user 0.000s	sys 0.000s
I20260709 13:09:21.560125  2023 ts_tablet_manager.cc:616] Registered 0 tablets
I20260709 13:09:21.560281  2023 ts_tablet_manager.cc:595] Time spent register tablets: real 0.000s	user 0.000s	sys 0.000s
I20260709 13:09:21.599004  2023 rpc_server.cc:307] RPC server started. Bound to: 127.1.249.195:42481
I20260709 13:09:21.599085  2849 acceptor_pool.cc:272] collecting diagnostics on the listening RPC socket 127.1.249.195:42481 every 8 connection(s)
I20260709 13:09:21.611253  2850 heartbeater.cc:344] Connected to a master server at 127.1.249.254:33865
I20260709 13:09:21.611692  2850 heartbeater.cc:461] Registering TS with master...
I20260709 13:09:21.612363  2850 heartbeater.cc:507] Master 127.1.249.254:33865 requested a full tablet report, sending...
I20260709 13:09:21.614202  2574 ts_manager.cc:194] Registered new tserver with Master: b02530c39d2e4862823bcc6696f97a6f (127.1.249.195:42481)
I20260709 13:09:21.615039  2023 internal_mini_cluster.cc:371] 3 TS(s) registered with all masters after 0.013144823s
I20260709 13:09:21.615720  2574 master_service.cc:502] Signed X509 certificate for tserver {username='slave'} at 127.0.0.1:60108
I20260709 13:09:21.640508  2574 catalog_manager.cc:2283] Servicing CreateTable request from {username='slave'} at 127.0.0.1:60112:
name: "test-workload"
schema {
  columns {
    name: "key"
    type: INT32
    is_key: true
    is_nullable: false
    encoding: AUTO_ENCODING
    compression: DEFAULT_COMPRESSION
    cfile_block_size: 0
    immutable: false
  }
  columns {
    name: "int_val"
    type: INT32
    is_key: false
    is_nullable: false
    encoding: AUTO_ENCODING
    compression: DEFAULT_COMPRESSION
    cfile_block_size: 0
    immutable: false
  }
  columns {
    name: "string_val"
    type: STRING
    is_key: false
    is_nullable: true
    encoding: AUTO_ENCODING
    compression: DEFAULT_COMPRESSION
    cfile_block_size: 0
    immutable: false
  }
}
num_replicas: 3
split_rows_range_bounds {
  rows: "\004\001\000\314\314\314\014\004\001\000\230\231\231\031\004\001\000dff&\004\001\0000333\004\001\000\374\377\377?\004\001\000\310\314\314L\004\001\000\224\231\231Y\004\001\000`fff\004\001\000,33s""\004\001\000\314\314\314\014\004\001\000\230\231\231\031\004\001\000dff&\004\001\0000333\004\001\000\374\377\377?\004\001\000\310\314\314L\004\001\000\224\231\231Y\004\001\000`fff\004\001\000,33s"
  indirect_data: """"
}
partition_schema {
  range_schema {
    columns {
      name: "key"
    }
  }
}
W20260709 13:09:21.643623  2574 catalog_manager.cc:7077] The number of live tablet servers is not enough to re-replicate a tablet replica of the newly created table test-workload in case of a server failure: 4 tablet servers would be needed, 3 are available. Consider bringing up more tablet servers.
I20260709 13:09:21.713302  2666 tablet_service.cc:1511] Processing CreateTablet for tablet ec018e6726fa4080975b58969a3f5cdd (DEFAULT_TABLE table=test-workload [id=dd842f68dda34bc29b91579a54112071]), partition=RANGE (key) PARTITION VALUES < 214748364
I20260709 13:09:21.714697  2666 data_dirs.cc:400] Could only allocate 1 dirs of requested 3 for tablet ec018e6726fa4080975b58969a3f5cdd. 1 dirs total, 0 dirs full, 0 dirs failed
I20260709 13:09:21.715641  2662 tablet_service.cc:1511] Processing CreateTablet for tablet 0d4c2a0a3a9d4eaf8b3773cff2a9da1e (DEFAULT_TABLE table=test-workload [id=dd842f68dda34bc29b91579a54112071]), partition=RANGE (key) PARTITION 858993456 <= VALUES < 1073741820
I20260709 13:09:21.716928  2662 data_dirs.cc:400] Could only allocate 1 dirs of requested 3 for tablet 0d4c2a0a3a9d4eaf8b3773cff2a9da1e. 1 dirs total, 0 dirs full, 0 dirs failed
I20260709 13:09:21.718886  2665 tablet_service.cc:1511] Processing CreateTablet for tablet 59b8effa927046b5ac871e0261d63728 (DEFAULT_TABLE table=test-workload [id=dd842f68dda34bc29b91579a54112071]), partition=RANGE (key) PARTITION 214748364 <= VALUES < 429496728
I20260709 13:09:21.720219  2665 data_dirs.cc:400] Could only allocate 1 dirs of requested 3 for tablet 59b8effa927046b5ac871e0261d63728. 1 dirs total, 0 dirs full, 0 dirs failed
I20260709 13:09:21.718801  2663 tablet_service.cc:1511] Processing CreateTablet for tablet 65973816587d4ddc85479ba4328dade0 (DEFAULT_TABLE table=test-workload [id=dd842f68dda34bc29b91579a54112071]), partition=RANGE (key) PARTITION 644245092 <= VALUES < 858993456
I20260709 13:09:21.723519  2663 data_dirs.cc:400] Could only allocate 1 dirs of requested 3 for tablet 65973816587d4ddc85479ba4328dade0. 1 dirs total, 0 dirs full, 0 dirs failed
I20260709 13:09:21.723801  2664 tablet_service.cc:1511] Processing CreateTablet for tablet 268607b345d44e1aada77352be8ffa1f (DEFAULT_TABLE table=test-workload [id=dd842f68dda34bc29b91579a54112071]), partition=RANGE (key) PARTITION 429496728 <= VALUES < 644245092
I20260709 13:09:21.725067  2664 data_dirs.cc:400] Could only allocate 1 dirs of requested 3 for tablet 268607b345d44e1aada77352be8ffa1f. 1 dirs total, 0 dirs full, 0 dirs failed
I20260709 13:09:21.727895  2741 tablet_service.cc:1511] Processing CreateTablet for tablet ec018e6726fa4080975b58969a3f5cdd (DEFAULT_TABLE table=test-workload [id=dd842f68dda34bc29b91579a54112071]), partition=RANGE (key) PARTITION VALUES < 214748364
I20260709 13:09:21.728650  2739 tablet_service.cc:1511] Processing CreateTablet for tablet 268607b345d44e1aada77352be8ffa1f (DEFAULT_TABLE table=test-workload [id=dd842f68dda34bc29b91579a54112071]), partition=RANGE (key) PARTITION 429496728 <= VALUES < 644245092
I20260709 13:09:21.729233  2741 data_dirs.cc:400] Could only allocate 1 dirs of requested 3 for tablet ec018e6726fa4080975b58969a3f5cdd. 1 dirs total, 0 dirs full, 0 dirs failed
I20260709 13:09:21.729858  2739 data_dirs.cc:400] Could only allocate 1 dirs of requested 3 for tablet 268607b345d44e1aada77352be8ffa1f. 1 dirs total, 0 dirs full, 0 dirs failed
I20260709 13:09:21.731230  2740 tablet_service.cc:1511] Processing CreateTablet for tablet 59b8effa927046b5ac871e0261d63728 (DEFAULT_TABLE table=test-workload [id=dd842f68dda34bc29b91579a54112071]), partition=RANGE (key) PARTITION 214748364 <= VALUES < 429496728
I20260709 13:09:21.731741  2815 tablet_service.cc:1511] Processing CreateTablet for tablet ec018e6726fa4080975b58969a3f5cdd (DEFAULT_TABLE table=test-workload [id=dd842f68dda34bc29b91579a54112071]), partition=RANGE (key) PARTITION VALUES < 214748364
I20260709 13:09:21.732895  2815 data_dirs.cc:400] Could only allocate 1 dirs of requested 3 for tablet ec018e6726fa4080975b58969a3f5cdd. 1 dirs total, 0 dirs full, 0 dirs failed
I20260709 13:09:21.735834  2814 tablet_service.cc:1511] Processing CreateTablet for tablet 59b8effa927046b5ac871e0261d63728 (DEFAULT_TABLE table=test-workload [id=dd842f68dda34bc29b91579a54112071]), partition=RANGE (key) PARTITION 214748364 <= VALUES < 429496728
I20260709 13:09:21.737154  2814 data_dirs.cc:400] Could only allocate 1 dirs of requested 3 for tablet 59b8effa927046b5ac871e0261d63728. 1 dirs total, 0 dirs full, 0 dirs failed
I20260709 13:09:21.739817  2813 tablet_service.cc:1511] Processing CreateTablet for tablet 268607b345d44e1aada77352be8ffa1f (DEFAULT_TABLE table=test-workload [id=dd842f68dda34bc29b91579a54112071]), partition=RANGE (key) PARTITION 429496728 <= VALUES < 644245092
I20260709 13:09:21.741317  2813 data_dirs.cc:400] Could only allocate 1 dirs of requested 3 for tablet 268607b345d44e1aada77352be8ffa1f. 1 dirs total, 0 dirs full, 0 dirs failed
I20260709 13:09:21.743942  2812 tablet_service.cc:1511] Processing CreateTablet for tablet 65973816587d4ddc85479ba4328dade0 (DEFAULT_TABLE table=test-workload [id=dd842f68dda34bc29b91579a54112071]), partition=RANGE (key) PARTITION 644245092 <= VALUES < 858993456
I20260709 13:09:21.745294  2812 data_dirs.cc:400] Could only allocate 1 dirs of requested 3 for tablet 65973816587d4ddc85479ba4328dade0. 1 dirs total, 0 dirs full, 0 dirs failed
I20260709 13:09:21.747807  2811 tablet_service.cc:1511] Processing CreateTablet for tablet 0d4c2a0a3a9d4eaf8b3773cff2a9da1e (DEFAULT_TABLE table=test-workload [id=dd842f68dda34bc29b91579a54112071]), partition=RANGE (key) PARTITION 858993456 <= VALUES < 1073741820
I20260709 13:09:21.749187  2811 data_dirs.cc:400] Could only allocate 1 dirs of requested 3 for tablet 0d4c2a0a3a9d4eaf8b3773cff2a9da1e. 1 dirs total, 0 dirs full, 0 dirs failed
I20260709 13:09:21.751892  2740 data_dirs.cc:400] Could only allocate 1 dirs of requested 3 for tablet 59b8effa927046b5ac871e0261d63728. 1 dirs total, 0 dirs full, 0 dirs failed
I20260709 13:09:21.752218  2738 tablet_service.cc:1511] Processing CreateTablet for tablet 65973816587d4ddc85479ba4328dade0 (DEFAULT_TABLE table=test-workload [id=dd842f68dda34bc29b91579a54112071]), partition=RANGE (key) PARTITION 644245092 <= VALUES < 858993456
I20260709 13:09:21.753437  2738 data_dirs.cc:400] Could only allocate 1 dirs of requested 3 for tablet 65973816587d4ddc85479ba4328dade0. 1 dirs total, 0 dirs full, 0 dirs failed
I20260709 13:09:21.759714  2737 tablet_service.cc:1511] Processing CreateTablet for tablet 0d4c2a0a3a9d4eaf8b3773cff2a9da1e (DEFAULT_TABLE table=test-workload [id=dd842f68dda34bc29b91579a54112071]), partition=RANGE (key) PARTITION 858993456 <= VALUES < 1073741820
I20260709 13:09:21.761157  2737 data_dirs.cc:400] Could only allocate 1 dirs of requested 3 for tablet 0d4c2a0a3a9d4eaf8b3773cff2a9da1e. 1 dirs total, 0 dirs full, 0 dirs failed
I20260709 13:09:21.786499  2663 tablet_service.cc:1511] Processing CreateTablet for tablet 51731f6c94ab47aa8fdf86bc1223eb37 (DEFAULT_TABLE table=test-workload [id=dd842f68dda34bc29b91579a54112071]), partition=RANGE (key) PARTITION 1073741820 <= VALUES < 1288490184
I20260709 13:09:21.787930  2663 data_dirs.cc:400] Could only allocate 1 dirs of requested 3 for tablet 51731f6c94ab47aa8fdf86bc1223eb37. 1 dirs total, 0 dirs full, 0 dirs failed
I20260709 13:09:21.802167  2866 tablet_bootstrap.cc:492] T ec018e6726fa4080975b58969a3f5cdd P 3d6c2be5b7cf4570a75b25c70448ff73: Bootstrap starting.
I20260709 13:09:21.805285  2864 tablet_bootstrap.cc:492] T ec018e6726fa4080975b58969a3f5cdd P 206300a8c5ca4711967606c25542b394: Bootstrap starting.
I20260709 13:09:21.803922  2865 tablet_bootstrap.cc:492] T 65973816587d4ddc85479ba4328dade0 P b02530c39d2e4862823bcc6696f97a6f: Bootstrap starting.
I20260709 13:09:21.810863  2741 tablet_service.cc:1511] Processing CreateTablet for tablet 51731f6c94ab47aa8fdf86bc1223eb37 (DEFAULT_TABLE table=test-workload [id=dd842f68dda34bc29b91579a54112071]), partition=RANGE (key) PARTITION 1073741820 <= VALUES < 1288490184
I20260709 13:09:21.812323  2741 data_dirs.cc:400] Could only allocate 1 dirs of requested 3 for tablet 51731f6c94ab47aa8fdf86bc1223eb37. 1 dirs total, 0 dirs full, 0 dirs failed
I20260709 13:09:21.812260  2810 tablet_service.cc:1511] Processing CreateTablet for tablet 51731f6c94ab47aa8fdf86bc1223eb37 (DEFAULT_TABLE table=test-workload [id=dd842f68dda34bc29b91579a54112071]), partition=RANGE (key) PARTITION 1073741820 <= VALUES < 1288490184
I20260709 13:09:21.814188  2810 data_dirs.cc:400] Could only allocate 1 dirs of requested 3 for tablet 51731f6c94ab47aa8fdf86bc1223eb37. 1 dirs total, 0 dirs full, 0 dirs failed
I20260709 13:09:21.818480  2666 tablet_service.cc:1511] Processing CreateTablet for tablet 481e22d6b3474e83893507cd5285b4a8 (DEFAULT_TABLE table=test-workload [id=dd842f68dda34bc29b91579a54112071]), partition=RANGE (key) PARTITION 1288490184 <= VALUES < 1503238548
I20260709 13:09:21.820413  2666 data_dirs.cc:400] Could only allocate 1 dirs of requested 3 for tablet 481e22d6b3474e83893507cd5285b4a8. 1 dirs total, 0 dirs full, 0 dirs failed
I20260709 13:09:21.824093  2866 tablet_bootstrap.cc:654] T ec018e6726fa4080975b58969a3f5cdd P 3d6c2be5b7cf4570a75b25c70448ff73: Neither blocks nor log segments found. Creating new log.
I20260709 13:09:21.829849  2865 tablet_bootstrap.cc:654] T 65973816587d4ddc85479ba4328dade0 P b02530c39d2e4862823bcc6696f97a6f: Neither blocks nor log segments found. Creating new log.
I20260709 13:09:21.832978  2737 tablet_service.cc:1511] Processing CreateTablet for tablet 481e22d6b3474e83893507cd5285b4a8 (DEFAULT_TABLE table=test-workload [id=dd842f68dda34bc29b91579a54112071]), partition=RANGE (key) PARTITION 1288490184 <= VALUES < 1503238548
I20260709 13:09:21.834388  2864 tablet_bootstrap.cc:654] T ec018e6726fa4080975b58969a3f5cdd P 206300a8c5ca4711967606c25542b394: Neither blocks nor log segments found. Creating new log.
I20260709 13:09:21.836007  2737 data_dirs.cc:400] Could only allocate 1 dirs of requested 3 for tablet 481e22d6b3474e83893507cd5285b4a8. 1 dirs total, 0 dirs full, 0 dirs failed
I20260709 13:09:21.836937  2815 tablet_service.cc:1511] Processing CreateTablet for tablet 481e22d6b3474e83893507cd5285b4a8 (DEFAULT_TABLE table=test-workload [id=dd842f68dda34bc29b91579a54112071]), partition=RANGE (key) PARTITION 1288490184 <= VALUES < 1503238548
I20260709 13:09:21.839447  2740 tablet_service.cc:1511] Processing CreateTablet for tablet 6338fd6dc8d245438c6064ec53882e09 (DEFAULT_TABLE table=test-workload [id=dd842f68dda34bc29b91579a54112071]), partition=RANGE (key) PARTITION 1503238548 <= VALUES < 1717986912
I20260709 13:09:21.843416  2740 data_dirs.cc:400] Could only allocate 1 dirs of requested 3 for tablet 6338fd6dc8d245438c6064ec53882e09. 1 dirs total, 0 dirs full, 0 dirs failed
I20260709 13:09:21.840651  2813 tablet_service.cc:1511] Processing CreateTablet for tablet 6338fd6dc8d245438c6064ec53882e09 (DEFAULT_TABLE table=test-workload [id=dd842f68dda34bc29b91579a54112071]), partition=RANGE (key) PARTITION 1503238548 <= VALUES < 1717986912
