I20260709 13:09:18.675864 26202 ts_tablet_manager.cc:1403] T 2c0f8aa786be483db4fb5f206a682097 P 5cfa8ae1e613467b9308424d7fa12fac: Time spent bootstrapping tablet: real 0.047s	user 0.019s	sys 0.016s
I20260709 13:09:18.670753 26158 raft_consensus.cc:2468] T 84fcc91899ea4396b0adcdcdef36849c P 5cfa8ae1e613467b9308424d7fa12fac [term 0 FOLLOWER]: Leader pre-election vote request: Granting yes vote for candidate 1de31998e0c748d2be7ffe6b07e8997f in term 0.
I20260709 13:09:18.677424 26223 raft_consensus.cc:2804] T 84fcc91899ea4396b0adcdcdef36849c P 7b299e0e2542462ea59ded017686c247 [term 0 FOLLOWER]: Leader pre-election won for term 1
I20260709 13:09:18.675225 26051 leader_election.cc:304] T 84fcc91899ea4396b0adcdcdef36849c P 1de31998e0c748d2be7ffe6b07e8997f [CANDIDATE]: Term 1 pre-election: Election decided. Result: candidate won. Election summary: received 2 responses out of 3 voters: 2 yes votes; 0 no votes. yes voters: 1de31998e0c748d2be7ffe6b07e8997f, 7b299e0e2542462ea59ded017686c247; no voters: 
I20260709 13:09:18.677800 26223 raft_consensus.cc:493] T 84fcc91899ea4396b0adcdcdef36849c P 7b299e0e2542462ea59ded017686c247 [term 0 FOLLOWER]: Starting leader election (no leader contacted us within the election timeout)
I20260709 13:09:18.680213 26223 raft_consensus.cc:3060] T 84fcc91899ea4396b0adcdcdef36849c P 7b299e0e2542462ea59ded017686c247 [term 0 FOLLOWER]: Advancing to term 1
I20260709 13:09:18.679911 26202 raft_consensus.cc:359] T 2c0f8aa786be483db4fb5f206a682097 P 5cfa8ae1e613467b9308424d7fa12fac [term 0 FOLLOWER]: Replica starting. Triggering 0 pending ops. Active config: opid_index: -1 OBSOLETE_local: false peers { permanent_uuid: "7b299e0e2542462ea59ded017686c247" member_type: VOTER last_known_addr { host: "127.24.80.193" port: 32813 } } peers { permanent_uuid: "1de31998e0c748d2be7ffe6b07e8997f" member_type: VOTER last_known_addr { host: "127.24.80.194" port: 37609 } } peers { permanent_uuid: "5cfa8ae1e613467b9308424d7fa12fac" member_type: VOTER last_known_addr { host: "127.24.80.195" port: 36483 } }
I20260709 13:09:18.680621 26251 raft_consensus.cc:2804] T 84fcc91899ea4396b0adcdcdef36849c P 1de31998e0c748d2be7ffe6b07e8997f [term 0 FOLLOWER]: Leader pre-election won for term 1
I20260709 13:09:18.681000 26251 raft_consensus.cc:493] T 84fcc91899ea4396b0adcdcdef36849c P 1de31998e0c748d2be7ffe6b07e8997f [term 0 FOLLOWER]: Starting leader election (no leader contacted us within the election timeout)
I20260709 13:09:18.681350 26251 raft_consensus.cc:3060] T 84fcc91899ea4396b0adcdcdef36849c P 1de31998e0c748d2be7ffe6b07e8997f [term 0 FOLLOWER]: Advancing to term 1
I20260709 13:09:18.685978 26212 consensus_queue.cc:1048] T ccd43587e1544cb99be91f09af3e5c73 P 5cfa8ae1e613467b9308424d7fa12fac [LEADER]: Connected to new peer: Peer: permanent_uuid: "7b299e0e2542462ea59ded017686c247" member_type: VOTER last_known_addr { host: "127.24.80.193" port: 32813 }, Status: LMP_MISMATCH, Last received: 0.0, Next index: 1, Last known committed idx: 0, Time since last communication: 0.000s
I20260709 13:09:18.680648 26202 raft_consensus.cc:385] T 2c0f8aa786be483db4fb5f206a682097 P 5cfa8ae1e613467b9308424d7fa12fac [term 0 FOLLOWER]: Consensus starting up: Expiring failure detector timer to make a prompt election more likely
I20260709 13:09:18.689142 26202 raft_consensus.cc:740] T 2c0f8aa786be483db4fb5f206a682097 P 5cfa8ae1e613467b9308424d7fa12fac [term 0 FOLLOWER]: Becoming Follower/Learner. State: Replica: 5cfa8ae1e613467b9308424d7fa12fac, State: Initialized, Role: FOLLOWER
I20260709 13:09:18.690012 26202 consensus_queue.cc:260] T 2c0f8aa786be483db4fb5f206a682097 P 5cfa8ae1e613467b9308424d7fa12fac [NON_LEADER]: Queue going to NON_LEADER mode. State: All replicated index: 0, Majority replicated index: 0, Committed index: 0, Last appended: 0.0, Last appended by leader: 0, Current term: 0, Majority size: -1, State: 0, Mode: NON_LEADER, active raft config: opid_index: -1 OBSOLETE_local: false peers { permanent_uuid: "7b299e0e2542462ea59ded017686c247" member_type: VOTER last_known_addr { host: "127.24.80.193" port: 32813 } } peers { permanent_uuid: "1de31998e0c748d2be7ffe6b07e8997f" member_type: VOTER last_known_addr { host: "127.24.80.194" port: 37609 } } peers { permanent_uuid: "5cfa8ae1e613467b9308424d7fa12fac" member_type: VOTER last_known_addr { host: "127.24.80.195" port: 36483 } }
I20260709 13:09:18.690944 26223 raft_consensus.cc:515] T 84fcc91899ea4396b0adcdcdef36849c P 7b299e0e2542462ea59ded017686c247 [term 1 FOLLOWER]: Starting leader election with config: opid_index: -1 OBSOLETE_local: false peers { permanent_uuid: "7b299e0e2542462ea59ded017686c247" member_type: VOTER last_known_addr { host: "127.24.80.193" port: 32813 } } peers { permanent_uuid: "1de31998e0c748d2be7ffe6b07e8997f" member_type: VOTER last_known_addr { host: "127.24.80.194" port: 37609 } } peers { permanent_uuid: "5cfa8ae1e613467b9308424d7fa12fac" member_type: VOTER last_known_addr { host: "127.24.80.195" port: 36483 } }
I20260709 13:09:18.691851 26202 ts_tablet_manager.cc:1434] T 2c0f8aa786be483db4fb5f206a682097 P 5cfa8ae1e613467b9308424d7fa12fac: Time spent starting tablet: real 0.016s	user 0.005s	sys 0.001s
I20260709 13:09:18.693410 26251 raft_consensus.cc:515] T 84fcc91899ea4396b0adcdcdef36849c P 1de31998e0c748d2be7ffe6b07e8997f [term 1 FOLLOWER]: Starting leader election with config: opid_index: -1 OBSOLETE_local: false peers { permanent_uuid: "7b299e0e2542462ea59ded017686c247" member_type: VOTER last_known_addr { host: "127.24.80.193" port: 32813 } } peers { permanent_uuid: "1de31998e0c748d2be7ffe6b07e8997f" member_type: VOTER last_known_addr { host: "127.24.80.194" port: 37609 } } peers { permanent_uuid: "5cfa8ae1e613467b9308424d7fa12fac" member_type: VOTER last_known_addr { host: "127.24.80.195" port: 36483 } }
I20260709 13:09:18.694046 26084 tablet_service.cc:1917] Received RequestConsensusVote() RPC: tablet_id: "84fcc91899ea4396b0adcdcdef36849c" candidate_uuid: "7b299e0e2542462ea59ded017686c247" candidate_term: 1 candidate_status { last_received { term: 0 index: 0 } } ignore_live_leader: false dest_uuid: "1de31998e0c748d2be7ffe6b07e8997f"
I20260709 13:09:18.694751 26084 raft_consensus.cc:2393] T 84fcc91899ea4396b0adcdcdef36849c P 1de31998e0c748d2be7ffe6b07e8997f [term 1 FOLLOWER]: Leader election vote request: Denying vote to candidate 7b299e0e2542462ea59ded017686c247 in current term 1: Already voted for candidate 1de31998e0c748d2be7ffe6b07e8997f in this term.
I20260709 13:09:18.695340 26251 leader_election.cc:290] T 84fcc91899ea4396b0adcdcdef36849c P 1de31998e0c748d2be7ffe6b07e8997f [CANDIDATE]: Term 1 election: Requested vote from peers 7b299e0e2542462ea59ded017686c247 (127.24.80.193:32813), 5cfa8ae1e613467b9308424d7fa12fac (127.24.80.195:36483)
I20260709 13:09:18.697232 26158 tablet_service.cc:1917] Received RequestConsensusVote() RPC: tablet_id: "84fcc91899ea4396b0adcdcdef36849c" candidate_uuid: "1de31998e0c748d2be7ffe6b07e8997f" candidate_term: 1 candidate_status { last_received { term: 0 index: 0 } } ignore_live_leader: false dest_uuid: "5cfa8ae1e613467b9308424d7fa12fac"
I20260709 13:09:18.697788 26158 raft_consensus.cc:3060] T 84fcc91899ea4396b0adcdcdef36849c P 5cfa8ae1e613467b9308424d7fa12fac [term 0 FOLLOWER]: Advancing to term 1
I20260709 13:09:18.698197 26201 tablet_bootstrap.cc:492] T dc14b33a67e74e3f9cf035a9b1ef5623 P 1de31998e0c748d2be7ffe6b07e8997f: No bootstrap required, opened a new log
I20260709 13:09:18.698614 26201 ts_tablet_manager.cc:1403] T dc14b33a67e74e3f9cf035a9b1ef5623 P 1de31998e0c748d2be7ffe6b07e8997f: Time spent bootstrapping tablet: real 0.064s	user 0.005s	sys 0.005s
I20260709 13:09:18.701917 26010 tablet_service.cc:1917] Received RequestConsensusVote() RPC: tablet_id: "84fcc91899ea4396b0adcdcdef36849c" candidate_uuid: "1de31998e0c748d2be7ffe6b07e8997f" candidate_term: 1 candidate_status { last_received { term: 0 index: 0 } } ignore_live_leader: false dest_uuid: "7b299e0e2542462ea59ded017686c247"
I20260709 13:09:18.702667 26010 raft_consensus.cc:2393] T 84fcc91899ea4396b0adcdcdef36849c P 7b299e0e2542462ea59ded017686c247 [term 1 FOLLOWER]: Leader election vote request: Denying vote to candidate 1de31998e0c748d2be7ffe6b07e8997f in current term 1: Already voted for candidate 7b299e0e2542462ea59ded017686c247 in this term.
I20260709 13:09:18.701082 26201 raft_consensus.cc:359] T dc14b33a67e74e3f9cf035a9b1ef5623 P 1de31998e0c748d2be7ffe6b07e8997f [term 0 FOLLOWER]: Replica starting. Triggering 0 pending ops. Active config: opid_index: -1 OBSOLETE_local: false peers { permanent_uuid: "7b299e0e2542462ea59ded017686c247" member_type: VOTER last_known_addr { host: "127.24.80.193" port: 32813 } } peers { permanent_uuid: "1de31998e0c748d2be7ffe6b07e8997f" member_type: VOTER last_known_addr { host: "127.24.80.194" port: 37609 } } peers { permanent_uuid: "5cfa8ae1e613467b9308424d7fa12fac" member_type: VOTER last_known_addr { host: "127.24.80.195" port: 36483 } }
I20260709 13:09:18.704072 26201 raft_consensus.cc:385] T dc14b33a67e74e3f9cf035a9b1ef5623 P 1de31998e0c748d2be7ffe6b07e8997f [term 0 FOLLOWER]: Consensus starting up: Expiring failure detector timer to make a prompt election more likely
I20260709 13:09:18.704356 26201 raft_consensus.cc:740] T dc14b33a67e74e3f9cf035a9b1ef5623 P 1de31998e0c748d2be7ffe6b07e8997f [term 0 FOLLOWER]: Becoming Follower/Learner. State: Replica: 1de31998e0c748d2be7ffe6b07e8997f, State: Initialized, Role: FOLLOWER
I20260709 13:09:18.705083 26201 consensus_queue.cc:260] T dc14b33a67e74e3f9cf035a9b1ef5623 P 1de31998e0c748d2be7ffe6b07e8997f [NON_LEADER]: Queue going to NON_LEADER mode. State: All replicated index: 0, Majority replicated index: 0, Committed index: 0, Last appended: 0.0, Last appended by leader: 0, Current term: 0, Majority size: -1, State: 0, Mode: NON_LEADER, active raft config: opid_index: -1 OBSOLETE_local: false peers { permanent_uuid: "7b299e0e2542462ea59ded017686c247" member_type: VOTER last_known_addr { host: "127.24.80.193" port: 32813 } } peers { permanent_uuid: "1de31998e0c748d2be7ffe6b07e8997f" member_type: VOTER last_known_addr { host: "127.24.80.194" port: 37609 } } peers { permanent_uuid: "5cfa8ae1e613467b9308424d7fa12fac" member_type: VOTER last_known_addr { host: "127.24.80.195" port: 36483 } }
I20260709 13:09:18.706586 26201 ts_tablet_manager.cc:1434] T dc14b33a67e74e3f9cf035a9b1ef5623 P 1de31998e0c748d2be7ffe6b07e8997f: Time spent starting tablet: real 0.008s	user 0.003s	sys 0.002s
I20260709 13:09:18.709638 26158 raft_consensus.cc:2468] T 84fcc91899ea4396b0adcdcdef36849c P 5cfa8ae1e613467b9308424d7fa12fac [term 1 FOLLOWER]: Leader election vote request: Granting yes vote for candidate 1de31998e0c748d2be7ffe6b07e8997f in term 1.
I20260709 13:09:18.711150 26223 leader_election.cc:290] T 84fcc91899ea4396b0adcdcdef36849c P 7b299e0e2542462ea59ded017686c247 [CANDIDATE]: Term 1 election: Requested vote from peers 1de31998e0c748d2be7ffe6b07e8997f (127.24.80.194:37609), 5cfa8ae1e613467b9308424d7fa12fac (127.24.80.195:36483)
I20260709 13:09:18.697748 26202 tablet_bootstrap.cc:492] T 89035a704d514b598283a07bd75a65a5 P 5cfa8ae1e613467b9308424d7fa12fac: Bootstrap starting.
I20260709 13:09:18.713642 26049 leader_election.cc:304] T 84fcc91899ea4396b0adcdcdef36849c P 1de31998e0c748d2be7ffe6b07e8997f [CANDIDATE]: Term 1 election: Election decided. Result: candidate won. Election summary: received 3 responses out of 3 voters: 2 yes votes; 1 no votes. yes voters: 1de31998e0c748d2be7ffe6b07e8997f, 5cfa8ae1e613467b9308424d7fa12fac; no voters: 7b299e0e2542462ea59ded017686c247
I20260709 13:09:18.714496 26251 raft_consensus.cc:2804] T 84fcc91899ea4396b0adcdcdef36849c P 1de31998e0c748d2be7ffe6b07e8997f [term 1 FOLLOWER]: Leader election won for term 1
I20260709 13:09:18.715276 26251 raft_consensus.cc:697] T 84fcc91899ea4396b0adcdcdef36849c P 1de31998e0c748d2be7ffe6b07e8997f [term 1 LEADER]: Becoming Leader. State: Replica: 1de31998e0c748d2be7ffe6b07e8997f, State: Running, Role: LEADER
I20260709 13:09:18.716933 26202 tablet_bootstrap.cc:654] T 89035a704d514b598283a07bd75a65a5 P 5cfa8ae1e613467b9308424d7fa12fac: Neither blocks nor log segments found. Creating new log.
I20260709 13:09:18.716784 26158 tablet_service.cc:1917] Received RequestConsensusVote() RPC: tablet_id: "84fcc91899ea4396b0adcdcdef36849c" candidate_uuid: "7b299e0e2542462ea59ded017686c247" candidate_term: 1 candidate_status { last_received { term: 0 index: 0 } } ignore_live_leader: false dest_uuid: "5cfa8ae1e613467b9308424d7fa12fac"
I20260709 13:09:18.717516 26158 raft_consensus.cc:2393] T 84fcc91899ea4396b0adcdcdef36849c P 5cfa8ae1e613467b9308424d7fa12fac [term 1 FOLLOWER]: Leader election vote request: Denying vote to candidate 7b299e0e2542462ea59ded017686c247 in current term 1: Already voted for candidate 1de31998e0c748d2be7ffe6b07e8997f in this term.
I20260709 13:09:18.718604 25974 leader_election.cc:304] T 84fcc91899ea4396b0adcdcdef36849c P 7b299e0e2542462ea59ded017686c247 [CANDIDATE]: Term 1 election: Election decided. Result: candidate lost. Election summary: received 3 responses out of 3 voters: 1 yes votes; 2 no votes. yes voters: 7b299e0e2542462ea59ded017686c247; no voters: 1de31998e0c748d2be7ffe6b07e8997f, 5cfa8ae1e613467b9308424d7fa12fac
I20260709 13:09:18.720054 26205 raft_consensus.cc:493] T 89035a704d514b598283a07bd75a65a5 P 7b299e0e2542462ea59ded017686c247 [term 0 FOLLOWER]: Starting pre-election (no leader contacted us within the election timeout)
I20260709 13:09:18.720577 26205 raft_consensus.cc:515] T 89035a704d514b598283a07bd75a65a5 P 7b299e0e2542462ea59ded017686c247 [term 0 FOLLOWER]: Starting pre-election with config: opid_index: -1 OBSOLETE_local: false peers { permanent_uuid: "7b299e0e2542462ea59ded017686c247" member_type: VOTER last_known_addr { host: "127.24.80.193" port: 32813 } } peers { permanent_uuid: "1de31998e0c748d2be7ffe6b07e8997f" member_type: VOTER last_known_addr { host: "127.24.80.194" port: 37609 } } peers { permanent_uuid: "5cfa8ae1e613467b9308424d7fa12fac" member_type: VOTER last_known_addr { host: "127.24.80.195" port: 36483 } }
I20260709 13:09:18.721092 26201 tablet_bootstrap.cc:492] T 760fde16aea04806b034738f747d53f4 P 1de31998e0c748d2be7ffe6b07e8997f: Bootstrap starting.
I20260709 13:09:18.722620 26205 leader_election.cc:290] T 89035a704d514b598283a07bd75a65a5 P 7b299e0e2542462ea59ded017686c247 [CANDIDATE]: Term 1 pre-election: Requested pre-vote from peers 1de31998e0c748d2be7ffe6b07e8997f (127.24.80.194:37609), 5cfa8ae1e613467b9308424d7fa12fac (127.24.80.195:36483)
I20260709 13:09:18.723212 26212 consensus_queue.cc:1048] T ccd43587e1544cb99be91f09af3e5c73 P 5cfa8ae1e613467b9308424d7fa12fac [LEADER]: Connected to new peer: Peer: permanent_uuid: "1de31998e0c748d2be7ffe6b07e8997f" member_type: VOTER last_known_addr { host: "127.24.80.194" port: 37609 }, Status: LMP_MISMATCH, Last received: 0.0, Next index: 1, Last known committed idx: 0, Time since last communication: 0.000s
I20260709 13:09:18.724100 26202 tablet_bootstrap.cc:492] T 89035a704d514b598283a07bd75a65a5 P 5cfa8ae1e613467b9308424d7fa12fac: No bootstrap required, opened a new log
I20260709 13:09:18.724552 26202 ts_tablet_manager.cc:1403] T 89035a704d514b598283a07bd75a65a5 P 5cfa8ae1e613467b9308424d7fa12fac: Time spent bootstrapping tablet: real 0.027s	user 0.008s	sys 0.000s
I20260709 13:09:18.720002 26223 raft_consensus.cc:2749] T 84fcc91899ea4396b0adcdcdef36849c P 7b299e0e2542462ea59ded017686c247 [term 1 FOLLOWER]: Leader election lost for term 1. Reason: could not achieve majority
I20260709 13:09:18.726300 26199 tablet_bootstrap.cc:492] T 760fde16aea04806b034738f747d53f4 P 7b299e0e2542462ea59ded017686c247: No bootstrap required, opened a new log
I20260709 13:09:18.726730 26199 ts_tablet_manager.cc:1403] T 760fde16aea04806b034738f747d53f4 P 7b299e0e2542462ea59ded017686c247: Time spent bootstrapping tablet: real 0.086s	user 0.022s	sys 0.026s
I20260709 13:09:18.726603 26085 tablet_service.cc:1917] Received RequestConsensusVote() RPC: tablet_id: "89035a704d514b598283a07bd75a65a5" candidate_uuid: "7b299e0e2542462ea59ded017686c247" candidate_term: 1 candidate_status { last_received { term: 0 index: 0 } } ignore_live_leader: false dest_uuid: "1de31998e0c748d2be7ffe6b07e8997f" is_pre_election: true
I20260709 13:09:18.727224 26085 raft_consensus.cc:2468] T 89035a704d514b598283a07bd75a65a5 P 1de31998e0c748d2be7ffe6b07e8997f [term 0 FOLLOWER]: Leader pre-election vote request: Granting yes vote for candidate 7b299e0e2542462ea59ded017686c247 in term 0.
I20260709 13:09:18.727169 26202 raft_consensus.cc:359] T 89035a704d514b598283a07bd75a65a5 P 5cfa8ae1e613467b9308424d7fa12fac [term 0 FOLLOWER]: Replica starting. Triggering 0 pending ops. Active config: opid_index: -1 OBSOLETE_local: false peers { permanent_uuid: "7b299e0e2542462ea59ded017686c247" member_type: VOTER last_known_addr { host: "127.24.80.193" port: 32813 } } peers { permanent_uuid: "1de31998e0c748d2be7ffe6b07e8997f" member_type: VOTER last_known_addr { host: "127.24.80.194" port: 37609 } } peers { permanent_uuid: "5cfa8ae1e613467b9308424d7fa12fac" member_type: VOTER last_known_addr { host: "127.24.80.195" port: 36483 } }
I20260709 13:09:18.727918 26202 raft_consensus.cc:385] T 89035a704d514b598283a07bd75a65a5 P 5cfa8ae1e613467b9308424d7fa12fac [term 0 FOLLOWER]: Consensus starting up: Expiring failure detector timer to make a prompt election more likely
I20260709 13:09:18.728180 26202 raft_consensus.cc:740] T 89035a704d514b598283a07bd75a65a5 P 5cfa8ae1e613467b9308424d7fa12fac [term 0 FOLLOWER]: Becoming Follower/Learner. State: Replica: 5cfa8ae1e613467b9308424d7fa12fac, State: Initialized, Role: FOLLOWER
I20260709 13:09:18.728430 26201 tablet_bootstrap.cc:654] T 760fde16aea04806b034738f747d53f4 P 1de31998e0c748d2be7ffe6b07e8997f: Neither blocks nor log segments found. Creating new log.
I20260709 13:09:18.729250 26199 raft_consensus.cc:359] T 760fde16aea04806b034738f747d53f4 P 7b299e0e2542462ea59ded017686c247 [term 0 FOLLOWER]: Replica starting. Triggering 0 pending ops. Active config: opid_index: -1 OBSOLETE_local: false peers { permanent_uuid: "7b299e0e2542462ea59ded017686c247" member_type: VOTER last_known_addr { host: "127.24.80.193" port: 32813 } } peers { permanent_uuid: "1de31998e0c748d2be7ffe6b07e8997f" member_type: VOTER last_known_addr { host: "127.24.80.194" port: 37609 } } peers { permanent_uuid: "5cfa8ae1e613467b9308424d7fa12fac" member_type: VOTER last_known_addr { host: "127.24.80.195" port: 36483 } }
I20260709 13:09:18.729411 26158 tablet_service.cc:1917] Received RequestConsensusVote() RPC: tablet_id: "89035a704d514b598283a07bd75a65a5" candidate_uuid: "7b299e0e2542462ea59ded017686c247" candidate_term: 1 candidate_status { last_received { term: 0 index: 0 } } ignore_live_leader: false dest_uuid: "5cfa8ae1e613467b9308424d7fa12fac" is_pre_election: true
I20260709 13:09:18.729930 26199 raft_consensus.cc:385] T 760fde16aea04806b034738f747d53f4 P 7b299e0e2542462ea59ded017686c247 [term 0 FOLLOWER]: Consensus starting up: Expiring failure detector timer to make a prompt election more likely
I20260709 13:09:18.730232 26199 raft_consensus.cc:740] T 760fde16aea04806b034738f747d53f4 P 7b299e0e2542462ea59ded017686c247 [term 0 FOLLOWER]: Becoming Follower/Learner. State: Replica: 7b299e0e2542462ea59ded017686c247, State: Initialized, Role: FOLLOWER
I20260709 13:09:18.730288 26202 consensus_queue.cc:260] T 89035a704d514b598283a07bd75a65a5 P 5cfa8ae1e613467b9308424d7fa12fac [NON_LEADER]: Queue going to NON_LEADER mode. State: All replicated index: 0, Majority replicated index: 0, Committed index: 0, Last appended: 0.0, Last appended by leader: 0, Current term: 0, Majority size: -1, State: 0, Mode: NON_LEADER, active raft config: opid_index: -1 OBSOLETE_local: false peers { permanent_uuid: "7b299e0e2542462ea59ded017686c247" member_type: VOTER last_known_addr { host: "127.24.80.193" port: 32813 } } peers { permanent_uuid: "1de31998e0c748d2be7ffe6b07e8997f" member_type: VOTER last_known_addr { host: "127.24.80.194" port: 37609 } } peers { permanent_uuid: "5cfa8ae1e613467b9308424d7fa12fac" member_type: VOTER last_known_addr { host: "127.24.80.195" port: 36483 } }
I20260709 13:09:18.731204 26158 raft_consensus.cc:2468] T 89035a704d514b598283a07bd75a65a5 P 5cfa8ae1e613467b9308424d7fa12fac [term 0 FOLLOWER]: Leader pre-election vote request: Granting yes vote for candidate 7b299e0e2542462ea59ded017686c247 in term 0.
I20260709 13:09:18.730955 26199 consensus_queue.cc:260] T 760fde16aea04806b034738f747d53f4 P 7b299e0e2542462ea59ded017686c247 [NON_LEADER]: Queue going to NON_LEADER mode. State: All replicated index: 0, Majority replicated index: 0, Committed index: 0, Last appended: 0.0, Last appended by leader: 0, Current term: 0, Majority size: -1, State: 0, Mode: NON_LEADER, active raft config: opid_index: -1 OBSOLETE_local: false peers { permanent_uuid: "7b299e0e2542462ea59ded017686c247" member_type: VOTER last_known_addr { host: "127.24.80.193" port: 32813 } } peers { permanent_uuid: "1de31998e0c748d2be7ffe6b07e8997f" member_type: VOTER last_known_addr { host: "127.24.80.194" port: 37609 } } peers { permanent_uuid: "5cfa8ae1e613467b9308424d7fa12fac" member_type: VOTER last_known_addr { host: "127.24.80.195" port: 36483 } }
I20260709 13:09:18.735657 26199 ts_tablet_manager.cc:1434] T 760fde16aea04806b034738f747d53f4 P 7b299e0e2542462ea59ded017686c247: Time spent starting tablet: real 0.009s	user 0.004s	sys 0.002s
I20260709 13:09:18.736743 25974 leader_election.cc:304] T 89035a704d514b598283a07bd75a65a5 P 7b299e0e2542462ea59ded017686c247 [CANDIDATE]: Term 1 pre-election: Election decided. Result: candidate won. Election summary: received 2 responses out of 3 voters: 2 yes votes; 0 no votes. yes voters: 5cfa8ae1e613467b9308424d7fa12fac, 7b299e0e2542462ea59ded017686c247; no voters: 
I20260709 13:09:18.738184 26202 ts_tablet_manager.cc:1434] T 89035a704d514b598283a07bd75a65a5 P 5cfa8ae1e613467b9308424d7fa12fac: Time spent starting tablet: real 0.013s	user 0.007s	sys 0.000s
I20260709 13:09:18.738952 26223 raft_consensus.cc:2804] T 89035a704d514b598283a07bd75a65a5 P 7b299e0e2542462ea59ded017686c247 [term 0 FOLLOWER]: Leader pre-election won for term 1
I20260709 13:09:18.739360 26223 raft_consensus.cc:493] T 89035a704d514b598283a07bd75a65a5 P 7b299e0e2542462ea59ded017686c247 [term 0 FOLLOWER]: Starting leader election (no leader contacted us within the election timeout)
I20260709 13:09:18.739719 26223 raft_consensus.cc:3060] T 89035a704d514b598283a07bd75a65a5 P 7b299e0e2542462ea59ded017686c247 [term 0 FOLLOWER]: Advancing to term 1
I20260709 13:09:18.737785 26251 consensus_queue.cc:237] T 84fcc91899ea4396b0adcdcdef36849c P 1de31998e0c748d2be7ffe6b07e8997f [LEADER]: Queue going to LEADER mode. State: All replicated index: 0, Majority replicated index: 0, Committed index: 0, Last appended: 0.0, Last appended by leader: 0, Current term: 1, Majority size: 2, State: 0, Mode: LEADER, active raft config: opid_index: -1 OBSOLETE_local: false peers { permanent_uuid: "7b299e0e2542462ea59ded017686c247" member_type: VOTER last_known_addr { host: "127.24.80.193" port: 32813 } } peers { permanent_uuid: "1de31998e0c748d2be7ffe6b07e8997f" member_type: VOTER last_known_addr { host: "127.24.80.194" port: 37609 } } peers { permanent_uuid: "5cfa8ae1e613467b9308424d7fa12fac" member_type: VOTER last_known_addr { host: "127.24.80.195" port: 36483 } }
I20260709 13:09:18.736706 26199 tablet_bootstrap.cc:492] T 9701e1b225ce4034b4ba6b64172ba2dc P 7b299e0e2542462ea59ded017686c247: Bootstrap starting.
I20260709 13:09:18.744019 26201 tablet_bootstrap.cc:492] T 760fde16aea04806b034738f747d53f4 P 1de31998e0c748d2be7ffe6b07e8997f: No bootstrap required, opened a new log
I20260709 13:09:18.744530 26201 ts_tablet_manager.cc:1403] T 760fde16aea04806b034738f747d53f4 P 1de31998e0c748d2be7ffe6b07e8997f: Time spent bootstrapping tablet: real 0.024s	user 0.011s	sys 0.004s
I20260709 13:09:18.747277 26201 raft_consensus.cc:359] T 760fde16aea04806b034738f747d53f4 P 1de31998e0c748d2be7ffe6b07e8997f [term 0 FOLLOWER]: Replica starting. Triggering 0 pending ops. Active config: opid_index: -1 OBSOLETE_local: false peers { permanent_uuid: "7b299e0e2542462ea59ded017686c247" member_type: VOTER last_known_addr { host: "127.24.80.193" port: 32813 } } peers { permanent_uuid: "1de31998e0c748d2be7ffe6b07e8997f" member_type: VOTER last_known_addr { host: "127.24.80.194" port: 37609 } } peers { permanent_uuid: "5cfa8ae1e613467b9308424d7fa12fac" member_type: VOTER last_known_addr { host: "127.24.80.195" port: 36483 } }
I20260709 13:09:18.748026 26201 raft_consensus.cc:385] T 760fde16aea04806b034738f747d53f4 P 1de31998e0c748d2be7ffe6b07e8997f [term 0 FOLLOWER]: Consensus starting up: Expiring failure detector timer to make a prompt election more likely
I20260709 13:09:18.748275 26201 raft_consensus.cc:740] T 760fde16aea04806b034738f747d53f4 P 1de31998e0c748d2be7ffe6b07e8997f [term 0 FOLLOWER]: Becoming Follower/Learner. State: Replica: 1de31998e0c748d2be7ffe6b07e8997f, State: Initialized, Role: FOLLOWER
I20260709 13:09:18.749333 26202 tablet_bootstrap.cc:492] T dc14b33a67e74e3f9cf035a9b1ef5623 P 5cfa8ae1e613467b9308424d7fa12fac: Bootstrap starting.
I20260709 13:09:18.752234 26205 raft_consensus.cc:493] T 760fde16aea04806b034738f747d53f4 P 7b299e0e2542462ea59ded017686c247 [term 0 FOLLOWER]: Starting pre-election (no leader contacted us within the election timeout)
I20260709 13:09:18.752506 26199 tablet_bootstrap.cc:654] T 9701e1b225ce4034b4ba6b64172ba2dc P 7b299e0e2542462ea59ded017686c247: Neither blocks nor log segments found. Creating new log.
I20260709 13:09:18.752759 26205 raft_consensus.cc:515] T 760fde16aea04806b034738f747d53f4 P 7b299e0e2542462ea59ded017686c247 [term 0 FOLLOWER]: Starting pre-election with config: opid_index: -1 OBSOLETE_local: false peers { permanent_uuid: "7b299e0e2542462ea59ded017686c247" member_type: VOTER last_known_addr { host: "127.24.80.193" port: 32813 } } peers { permanent_uuid: "1de31998e0c748d2be7ffe6b07e8997f" member_type: VOTER last_known_addr { host: "127.24.80.194" port: 37609 } } peers { permanent_uuid: "5cfa8ae1e613467b9308424d7fa12fac" member_type: VOTER last_known_addr { host: "127.24.80.195" port: 36483 } }
I20260709 13:09:18.754906 26205 leader_election.cc:290] T 760fde16aea04806b034738f747d53f4 P 7b299e0e2542462ea59ded017686c247 [CANDIDATE]: Term 1 pre-election: Requested pre-vote from peers 1de31998e0c748d2be7ffe6b07e8997f (127.24.80.194:37609), 5cfa8ae1e613467b9308424d7fa12fac (127.24.80.195:36483)
I20260709 13:09:18.759948 26158 tablet_service.cc:1917] Received RequestConsensusVote() RPC: tablet_id: "760fde16aea04806b034738f747d53f4" candidate_uuid: "7b299e0e2542462ea59ded017686c247" candidate_term: 1 candidate_status { last_received { term: 0 index: 0 } } ignore_live_leader: false dest_uuid: "5cfa8ae1e613467b9308424d7fa12fac" is_pre_election: true
I20260709 13:09:18.748943 26201 consensus_queue.cc:260] T 760fde16aea04806b034738f747d53f4 P 1de31998e0c748d2be7ffe6b07e8997f [NON_LEADER]: Queue going to NON_LEADER mode. State: All replicated index: 0, Majority replicated index: 0, Committed index: 0, Last appended: 0.0, Last appended by leader: 0, Current term: 0, Majority size: -1, State: 0, Mode: NON_LEADER, active raft config: opid_index: -1 OBSOLETE_local: false peers { permanent_uuid: "7b299e0e2542462ea59ded017686c247" member_type: VOTER last_known_addr { host: "127.24.80.193" port: 32813 } } peers { permanent_uuid: "1de31998e0c748d2be7ffe6b07e8997f" member_type: VOTER last_known_addr { host: "127.24.80.194" port: 37609 } } peers { permanent_uuid: "5cfa8ae1e613467b9308424d7fa12fac" member_type: VOTER last_known_addr { host: "127.24.80.195" port: 36483 } }
I20260709 13:09:18.748346 26223 raft_consensus.cc:515] T 89035a704d514b598283a07bd75a65a5 P 7b299e0e2542462ea59ded017686c247 [term 1 FOLLOWER]: Starting leader election with config: opid_index: -1 OBSOLETE_local: false peers { permanent_uuid: "7b299e0e2542462ea59ded017686c247" member_type: VOTER last_known_addr { host: "127.24.80.193" port: 32813 } } peers { permanent_uuid: "1de31998e0c748d2be7ffe6b07e8997f" member_type: VOTER last_known_addr { host: "127.24.80.194" port: 37609 } } peers { permanent_uuid: "5cfa8ae1e613467b9308424d7fa12fac" member_type: VOTER last_known_addr { host: "127.24.80.195" port: 36483 } }
W20260709 13:09:18.761736 25974 leader_election.cc:343] T 760fde16aea04806b034738f747d53f4 P 7b299e0e2542462ea59ded017686c247 [CANDIDATE]: Term 1 pre-election: Tablet error from VoteRequest() call to peer 5cfa8ae1e613467b9308424d7fa12fac (127.24.80.195:36483): Illegal state: must be running to vote when last-logged opid is not known
I20260709 13:09:18.762806 26223 leader_election.cc:290] T 89035a704d514b598283a07bd75a65a5 P 7b299e0e2542462ea59ded017686c247 [CANDIDATE]: Term 1 election: Requested vote from peers 1de31998e0c748d2be7ffe6b07e8997f (127.24.80.194:37609), 5cfa8ae1e613467b9308424d7fa12fac (127.24.80.195:36483)
I20260709 13:09:18.764732 26158 tablet_service.cc:1917] Received RequestConsensusVote() RPC: tablet_id: "89035a704d514b598283a07bd75a65a5" candidate_uuid: "7b299e0e2542462ea59ded017686c247" candidate_term: 1 candidate_status { last_received { term: 0 index: 0 } } ignore_live_leader: false dest_uuid: "5cfa8ae1e613467b9308424d7fa12fac"
I20260709 13:09:18.765390 26158 raft_consensus.cc:3060] T 89035a704d514b598283a07bd75a65a5 P 5cfa8ae1e613467b9308424d7fa12fac [term 0 FOLLOWER]: Advancing to term 1
I20260709 13:09:18.766230 26085 tablet_service.cc:1917] Received RequestConsensusVote() RPC: tablet_id: "760fde16aea04806b034738f747d53f4" candidate_uuid: "7b299e0e2542462ea59ded017686c247" candidate_term: 1 candidate_status { last_received { term: 0 index: 0 } } ignore_live_leader: false dest_uuid: "1de31998e0c748d2be7ffe6b07e8997f" is_pre_election: true
I20260709 13:09:18.769788 26201 ts_tablet_manager.cc:1434] T 760fde16aea04806b034738f747d53f4 P 1de31998e0c748d2be7ffe6b07e8997f: Time spent starting tablet: real 0.025s	user 0.008s	sys 0.000s
I20260709 13:09:18.772570 26201 tablet_bootstrap.cc:492] T 3be9bff6de0849b28840b569bd18cb5e P 1de31998e0c748d2be7ffe6b07e8997f: Bootstrap starting.
I20260709 13:09:18.773276 26202 tablet_bootstrap.cc:654] T dc14b33a67e74e3f9cf035a9b1ef5623 P 5cfa8ae1e613467b9308424d7fa12fac: Neither blocks nor log segments found. Creating new log.
I20260709 13:09:18.773600 26158 raft_consensus.cc:2468] T 89035a704d514b598283a07bd75a65a5 P 5cfa8ae1e613467b9308424d7fa12fac [term 1 FOLLOWER]: Leader election vote request: Granting yes vote for candidate 7b299e0e2542462ea59ded017686c247 in term 1.
I20260709 13:09:18.766815 26085 raft_consensus.cc:2468] T 760fde16aea04806b034738f747d53f4 P 1de31998e0c748d2be7ffe6b07e8997f [term 0 FOLLOWER]: Leader pre-election vote request: Granting yes vote for candidate 7b299e0e2542462ea59ded017686c247 in term 0.
I20260709 13:09:18.776206 26083 tablet_service.cc:1917] Received RequestConsensusVote() RPC: tablet_id: "89035a704d514b598283a07bd75a65a5" candidate_uuid: "7b299e0e2542462ea59ded017686c247" candidate_term: 1 candidate_status { last_received { term: 0 index: 0 } } ignore_live_leader: false dest_uuid: "1de31998e0c748d2be7ffe6b07e8997f"
I20260709 13:09:18.780643 26083 raft_consensus.cc:3060] T 89035a704d514b598283a07bd75a65a5 P 1de31998e0c748d2be7ffe6b07e8997f [term 0 FOLLOWER]: Advancing to term 1
I20260709 13:09:18.774319 26212 raft_consensus.cc:493] T 2ff3176a2aa044aaa193362006c3c0ae P 5cfa8ae1e613467b9308424d7fa12fac [term 0 FOLLOWER]: Starting pre-election (no leader contacted us within the election timeout)
I20260709 13:09:18.790979 26212 raft_consensus.cc:515] T 2ff3176a2aa044aaa193362006c3c0ae P 5cfa8ae1e613467b9308424d7fa12fac [term 0 FOLLOWER]: Starting pre-election with config: opid_index: -1 OBSOLETE_local: false peers { permanent_uuid: "1de31998e0c748d2be7ffe6b07e8997f" member_type: VOTER last_known_addr { host: "127.24.80.194" port: 37609 } } peers { permanent_uuid: "7b299e0e2542462ea59ded017686c247" member_type: VOTER last_known_addr { host: "127.24.80.193" port: 32813 } } peers { permanent_uuid: "5cfa8ae1e613467b9308424d7fa12fac" member_type: VOTER last_known_addr { host: "127.24.80.195" port: 36483 } }
I20260709 13:09:18.810990 26201 tablet_bootstrap.cc:654] T 3be9bff6de0849b28840b569bd18cb5e P 1de31998e0c748d2be7ffe6b07e8997f: Neither blocks nor log segments found. Creating new log.
I20260709 13:09:18.814932 26085 tablet_service.cc:1917] Received RequestConsensusVote() RPC: tablet_id: "2ff3176a2aa044aaa193362006c3c0ae" candidate_uuid: "5cfa8ae1e613467b9308424d7fa12fac" candidate_term: 1 candidate_status { last_received { term: 0 index: 0 } } ignore_live_leader: false dest_uuid: "1de31998e0c748d2be7ffe6b07e8997f" is_pre_election: true
I20260709 13:09:18.815610 26085 raft_consensus.cc:2468] T 2ff3176a2aa044aaa193362006c3c0ae P 1de31998e0c748d2be7ffe6b07e8997f [term 0 FOLLOWER]: Leader pre-election vote request: Granting yes vote for candidate 5cfa8ae1e613467b9308424d7fa12fac in term 0.
I20260709 13:09:18.816391 26199 tablet_bootstrap.cc:492] T 9701e1b225ce4034b4ba6b64172ba2dc P 7b299e0e2542462ea59ded017686c247: No bootstrap required, opened a new log
I20260709 13:09:18.816874 26199 ts_tablet_manager.cc:1403] T 9701e1b225ce4034b4ba6b64172ba2dc P 7b299e0e2542462ea59ded017686c247: Time spent bootstrapping tablet: real 0.080s	user 0.016s	sys 0.002s
I20260709 13:09:18.816969 26123 leader_election.cc:304] T 2ff3176a2aa044aaa193362006c3c0ae P 5cfa8ae1e613467b9308424d7fa12fac [CANDIDATE]: Term 1 pre-election: Election decided. Result: candidate won. Election summary: received 2 responses out of 3 voters: 2 yes votes; 0 no votes. yes voters: 1de31998e0c748d2be7ffe6b07e8997f, 5cfa8ae1e613467b9308424d7fa12fac; no voters: 
I20260709 13:09:18.818054 26216 raft_consensus.cc:2804] T 2ff3176a2aa044aaa193362006c3c0ae P 5cfa8ae1e613467b9308424d7fa12fac [term 0 FOLLOWER]: Leader pre-election won for term 1
I20260709 13:09:18.818424 26216 raft_consensus.cc:493] T 2ff3176a2aa044aaa193362006c3c0ae P 5cfa8ae1e613467b9308424d7fa12fac [term 0 FOLLOWER]: Starting leader election (no leader contacted us within the election timeout)
I20260709 13:09:18.818739 26216 raft_consensus.cc:3060] T 2ff3176a2aa044aaa193362006c3c0ae P 5cfa8ae1e613467b9308424d7fa12fac [term 0 FOLLOWER]: Advancing to term 1
I20260709 13:09:18.821332 26251 raft_consensus.cc:493] T 63d98da2e7754dfdaeb9ed2b4d3e4039 P 1de31998e0c748d2be7ffe6b07e8997f [term 0 FOLLOWER]: Starting pre-election (no leader contacted us within the election timeout)
I20260709 13:09:18.821787 26251 raft_consensus.cc:515] T 63d98da2e7754dfdaeb9ed2b4d3e4039 P 1de31998e0c748d2be7ffe6b07e8997f [term 0 FOLLOWER]: Starting pre-election with config: opid_index: -1 OBSOLETE_local: false peers { permanent_uuid: "7b299e0e2542462ea59ded017686c247" member_type: VOTER last_known_addr { host: "127.24.80.193" port: 32813 } } peers { permanent_uuid: "1de31998e0c748d2be7ffe6b07e8997f" member_type: VOTER last_known_addr { host: "127.24.80.194" port: 37609 } } peers { permanent_uuid: "5cfa8ae1e613467b9308424d7fa12fac" member_type: VOTER last_known_addr { host: "127.24.80.195" port: 36483 } }
I20260709 13:09:18.822875 26199 raft_consensus.cc:359] T 9701e1b225ce4034b4ba6b64172ba2dc P 7b299e0e2542462ea59ded017686c247 [term 0 FOLLOWER]: Replica starting. Triggering 0 pending ops. Active config: opid_index: -1 OBSOLETE_local: false peers { permanent_uuid: "7b299e0e2542462ea59ded017686c247" member_type: VOTER last_known_addr { host: "127.24.80.193" port: 32813 } } peers { permanent_uuid: "1de31998e0c748d2be7ffe6b07e8997f" member_type: VOTER last_known_addr { host: "127.24.80.194" port: 37609 } } peers { permanent_uuid: "5cfa8ae1e613467b9308424d7fa12fac" member_type: VOTER last_known_addr { host: "127.24.80.195" port: 36483 } }
I20260709 13:09:18.823556 26199 raft_consensus.cc:385] T 9701e1b225ce4034b4ba6b64172ba2dc P 7b299e0e2542462ea59ded017686c247 [term 0 FOLLOWER]: Consensus starting up: Expiring failure detector timer to make a prompt election more likely
I20260709 13:09:18.823802 26199 raft_consensus.cc:740] T 9701e1b225ce4034b4ba6b64172ba2dc P 7b299e0e2542462ea59ded017686c247 [term 0 FOLLOWER]: Becoming Follower/Learner. State: Replica: 7b299e0e2542462ea59ded017686c247, State: Initialized, Role: FOLLOWER
I20260709 13:09:18.823952 26251 leader_election.cc:290] T 63d98da2e7754dfdaeb9ed2b4d3e4039 P 1de31998e0c748d2be7ffe6b07e8997f [CANDIDATE]: Term 1 pre-election: Requested pre-vote from peers 7b299e0e2542462ea59ded017686c247 (127.24.80.193:32813), 5cfa8ae1e613467b9308424d7fa12fac (127.24.80.195:36483)
I20260709 13:09:18.824460 26199 consensus_queue.cc:260] T 9701e1b225ce4034b4ba6b64172ba2dc P 7b299e0e2542462ea59ded017686c247 [NON_LEADER]: Queue going to NON_LEADER mode. State: All replicated index: 0, Majority replicated index: 0, Committed index: 0, Last appended: 0.0, Last appended by leader: 0, Current term: 0, Majority size: -1, State: 0, Mode: NON_LEADER, active raft config: opid_index: -1 OBSOLETE_local: false peers { permanent_uuid: "7b299e0e2542462ea59ded017686c247" member_type: VOTER last_known_addr { host: "127.24.80.193" port: 32813 } } peers { permanent_uuid: "1de31998e0c748d2be7ffe6b07e8997f" member_type: VOTER last_known_addr { host: "127.24.80.194" port: 37609 } } peers { permanent_uuid: "5cfa8ae1e613467b9308424d7fa12fac" member_type: VOTER last_known_addr { host: "127.24.80.195" port: 36483 } }
I20260709 13:09:18.825634 26212 leader_election.cc:290] T 2ff3176a2aa044aaa193362006c3c0ae P 5cfa8ae1e613467b9308424d7fa12fac [CANDIDATE]: Term 1 pre-election: Requested pre-vote from peers 1de31998e0c748d2be7ffe6b07e8997f (127.24.80.194:37609), 7b299e0e2542462ea59ded017686c247 (127.24.80.193:32813)
I20260709 13:09:18.811584 26083 raft_consensus.cc:2468] T 89035a704d514b598283a07bd75a65a5 P 1de31998e0c748d2be7ffe6b07e8997f [term 1 FOLLOWER]: Leader election vote request: Granting yes vote for candidate 7b299e0e2542462ea59ded017686c247 in term 1.
I20260709 13:09:18.826304 26216 raft_consensus.cc:515] T 2ff3176a2aa044aaa193362006c3c0ae P 5cfa8ae1e613467b9308424d7fa12fac [term 1 FOLLOWER]: Starting leader election with config: opid_index: -1 OBSOLETE_local: false peers { permanent_uuid: "1de31998e0c748d2be7ffe6b07e8997f" member_type: VOTER last_known_addr { host: "127.24.80.194" port: 37609 } } peers { permanent_uuid: "7b299e0e2542462ea59ded017686c247" member_type: VOTER last_known_addr { host: "127.24.80.193" port: 32813 } } peers { permanent_uuid: "5cfa8ae1e613467b9308424d7fa12fac" member_type: VOTER last_known_addr { host: "127.24.80.195" port: 36483 } }
I20260709 13:09:18.828697 26199 ts_tablet_manager.cc:1434] T 9701e1b225ce4034b4ba6b64172ba2dc P 7b299e0e2542462ea59ded017686c247: Time spent starting tablet: real 0.012s	user 0.006s	sys 0.001s
I20260709 13:09:18.829663 26199 tablet_bootstrap.cc:492] T bfc3aa8489a24cc6b9fc7d64447a0073 P 7b299e0e2542462ea59ded017686c247: Bootstrap starting.
I20260709 13:09:18.830681 26216 leader_election.cc:290] T 2ff3176a2aa044aaa193362006c3c0ae P 5cfa8ae1e613467b9308424d7fa12fac [CANDIDATE]: Term 1 election: Requested vote from peers 1de31998e0c748d2be7ffe6b07e8997f (127.24.80.194:37609), 7b299e0e2542462ea59ded017686c247 (127.24.80.193:32813)
I20260709 13:09:18.835392 26158 tablet_service.cc:1917] Received RequestConsensusVote() RPC: tablet_id: "63d98da2e7754dfdaeb9ed2b4d3e4039" candidate_uuid: "1de31998e0c748d2be7ffe6b07e8997f" candidate_term: 1 candidate_status { last_received { term: 0 index: 0 } } ignore_live_leader: false dest_uuid: "5cfa8ae1e613467b9308424d7fa12fac" is_pre_election: true
I20260709 13:09:18.836026 26158 raft_consensus.cc:2468] T 63d98da2e7754dfdaeb9ed2b4d3e4039 P 5cfa8ae1e613467b9308424d7fa12fac [term 0 FOLLOWER]: Leader pre-election vote request: Granting yes vote for candidate 1de31998e0c748d2be7ffe6b07e8997f in term 0.
I20260709 13:09:18.836314 26084 tablet_service.cc:1917] Received RequestConsensusVote() RPC: tablet_id: "2ff3176a2aa044aaa193362006c3c0ae" candidate_uuid: "5cfa8ae1e613467b9308424d7fa12fac" candidate_term: 1 candidate_status { last_received { term: 0 index: 0 } } ignore_live_leader: false dest_uuid: "1de31998e0c748d2be7ffe6b07e8997f"
I20260709 13:09:18.838445 26084 raft_consensus.cc:3060] T 2ff3176a2aa044aaa193362006c3c0ae P 1de31998e0c748d2be7ffe6b07e8997f [term 0 FOLLOWER]: Advancing to term 1
I20260709 13:09:18.841207 26049 leader_election.cc:304] T 63d98da2e7754dfdaeb9ed2b4d3e4039 P 1de31998e0c748d2be7ffe6b07e8997f [CANDIDATE]: Term 1 pre-election: Election decided. Result: candidate won. Election summary: received 2 responses out of 3 voters: 2 yes votes; 0 no votes. yes voters: 1de31998e0c748d2be7ffe6b07e8997f, 5cfa8ae1e613467b9308424d7fa12fac; no voters: 
I20260709 13:09:18.842458 26223 raft_consensus.cc:493] T 4671ad0d778f4272981682b8f9a2f37c P 7b299e0e2542462ea59ded017686c247 [term 0 FOLLOWER]: Starting pre-election (no leader contacted us within the election timeout)
I20260709 13:09:18.842950 26223 raft_consensus.cc:515] T 4671ad0d778f4272981682b8f9a2f37c P 7b299e0e2542462ea59ded017686c247 [term 0 FOLLOWER]: Starting pre-election with config: opid_index: -1 OBSOLETE_local: false peers { permanent_uuid: "7b299e0e2542462ea59ded017686c247" member_type: VOTER last_known_addr { host: "127.24.80.193" port: 32813 } } peers { permanent_uuid: "1de31998e0c748d2be7ffe6b07e8997f" member_type: VOTER last_known_addr { host: "127.24.80.194" port: 37609 } } peers { permanent_uuid: "5cfa8ae1e613467b9308424d7fa12fac" member_type: VOTER last_known_addr { host: "127.24.80.195" port: 36483 } }
I20260709 13:09:18.844935 26223 leader_election.cc:290] T 4671ad0d778f4272981682b8f9a2f37c P 7b299e0e2542462ea59ded017686c247 [CANDIDATE]: Term 1 pre-election: Requested pre-vote from peers 1de31998e0c748d2be7ffe6b07e8997f (127.24.80.194:37609), 5cfa8ae1e613467b9308424d7fa12fac (127.24.80.195:36483)
I20260709 13:09:18.845634 26251 raft_consensus.cc:2804] T 63d98da2e7754dfdaeb9ed2b4d3e4039 P 1de31998e0c748d2be7ffe6b07e8997f [term 0 FOLLOWER]: Leader pre-election won for term 1
I20260709 13:09:18.847399 26251 raft_consensus.cc:493] T 63d98da2e7754dfdaeb9ed2b4d3e4039 P 1de31998e0c748d2be7ffe6b07e8997f [term 0 FOLLOWER]: Starting leader election (no leader contacted us within the election timeout)
I20260709 13:09:18.848186 26251 raft_consensus.cc:3060] T 63d98da2e7754dfdaeb9ed2b4d3e4039 P 1de31998e0c748d2be7ffe6b07e8997f [term 0 FOLLOWER]: Advancing to term 1
I20260709 13:09:18.855811 26084 raft_consensus.cc:2468] T 2ff3176a2aa044aaa193362006c3c0ae P 1de31998e0c748d2be7ffe6b07e8997f [term 1 FOLLOWER]: Leader election vote request: Granting yes vote for candidate 5cfa8ae1e613467b9308424d7fa12fac in term 1.
I20260709 13:09:18.857337 26251 raft_consensus.cc:515] T 63d98da2e7754dfdaeb9ed2b4d3e4039 P 1de31998e0c748d2be7ffe6b07e8997f [term 1 FOLLOWER]: Starting leader election with config: opid_index: -1 OBSOLETE_local: false peers { permanent_uuid: "7b299e0e2542462ea59ded017686c247" member_type: VOTER last_known_addr { host: "127.24.80.193" port: 32813 } } peers { permanent_uuid: "1de31998e0c748d2be7ffe6b07e8997f" member_type: VOTER last_known_addr { host: "127.24.80.194" port: 37609 } } peers { permanent_uuid: "5cfa8ae1e613467b9308424d7fa12fac" member_type: VOTER last_known_addr { host: "127.24.80.195" port: 36483 } }
I20260709 13:09:18.855243 25907 catalog_manager.cc:5697] T 84fcc91899ea4396b0adcdcdef36849c P 1de31998e0c748d2be7ffe6b07e8997f reported cstate change: term changed from 0 to 1, leader changed from <none> to 1de31998e0c748d2be7ffe6b07e8997f (127.24.80.194). New cstate: current_term: 1 leader_uuid: "1de31998e0c748d2be7ffe6b07e8997f" committed_config { opid_index: -1 OBSOLETE_local: false peers { permanent_uuid: "7b299e0e2542462ea59ded017686c247" member_type: VOTER last_known_addr { host: "127.24.80.193" port: 32813 } health_report { overall_health: UNKNOWN } } peers { permanent_uuid: "1de31998e0c748d2be7ffe6b07e8997f" member_type: VOTER last_known_addr { host: "127.24.80.194" port: 37609 } health_report { overall_health: HEALTHY } } peers { permanent_uuid: "5cfa8ae1e613467b9308424d7fa12fac" member_type: VOTER last_known_addr { host: "127.24.80.195" port: 36483 } health_report { overall_health: UNKNOWN } } }
I20260709 13:09:18.861488 26251 leader_election.cc:290] T 63d98da2e7754dfdaeb9ed2b4d3e4039 P 1de31998e0c748d2be7ffe6b07e8997f [CANDIDATE]: Term 1 election: Requested vote from peers 7b299e0e2542462ea59ded017686c247 (127.24.80.193:32813), 5cfa8ae1e613467b9308424d7fa12fac (127.24.80.195:36483)
I20260709 13:09:18.864674 26201 tablet_bootstrap.cc:492] T 3be9bff6de0849b28840b569bd18cb5e P 1de31998e0c748d2be7ffe6b07e8997f: No bootstrap required, opened a new log
I20260709 13:09:18.865166 26201 ts_tablet_manager.cc:1403] T 3be9bff6de0849b28840b569bd18cb5e P 1de31998e0c748d2be7ffe6b07e8997f: Time spent bootstrapping tablet: real 0.093s	user 0.024s	sys 0.000s
I20260709 13:09:18.865367 26199 tablet_bootstrap.cc:654] T bfc3aa8489a24cc6b9fc7d64447a0073 P 7b299e0e2542462ea59ded017686c247: Neither blocks nor log segments found. Creating new log.
I20260709 13:09:18.869514 26266 raft_consensus.cc:493] T 4671ad0d778f4272981682b8f9a2f37c P 5cfa8ae1e613467b9308424d7fa12fac [term 0 FOLLOWER]: Starting pre-election (no leader contacted us within the election timeout)
I20260709 13:09:18.869761 26158 tablet_service.cc:1917] Received RequestConsensusVote() RPC: tablet_id: "63d98da2e7754dfdaeb9ed2b4d3e4039" candidate_uuid: "1de31998e0c748d2be7ffe6b07e8997f" candidate_term: 1 candidate_status { last_received { term: 0 index: 0 } } ignore_live_leader: false dest_uuid: "5cfa8ae1e613467b9308424d7fa12fac"
I20260709 13:09:18.870313 26158 raft_consensus.cc:3060] T 63d98da2e7754dfdaeb9ed2b4d3e4039 P 5cfa8ae1e613467b9308424d7fa12fac [term 0 FOLLOWER]: Advancing to term 1
I20260709 13:09:18.870102 26266 raft_consensus.cc:515] T 4671ad0d778f4272981682b8f9a2f37c P 5cfa8ae1e613467b9308424d7fa12fac [term 0 FOLLOWER]: Starting pre-election with config: opid_index: -1 OBSOLETE_local: false peers { permanent_uuid: "7b299e0e2542462ea59ded017686c247" member_type: VOTER last_known_addr { host: "127.24.80.193" port: 32813 } } peers { permanent_uuid: "1de31998e0c748d2be7ffe6b07e8997f" member_type: VOTER last_known_addr { host: "127.24.80.194" port: 37609 } } peers { permanent_uuid: "5cfa8ae1e613467b9308424d7fa12fac" member_type: VOTER last_known_addr { host: "127.24.80.195" port: 36483 } }
I20260709 13:09:18.876410 26201 raft_consensus.cc:359] T 3be9bff6de0849b28840b569bd18cb5e P 1de31998e0c748d2be7ffe6b07e8997f [term 0 FOLLOWER]: Replica starting. Triggering 0 pending ops. Active config: opid_index: -1 OBSOLETE_local: false peers { permanent_uuid: "7b299e0e2542462ea59ded017686c247" member_type: VOTER last_known_addr { host: "127.24.80.193" port: 32813 } } peers { permanent_uuid: "1de31998e0c748d2be7ffe6b07e8997f" member_type: VOTER last_known_addr { host: "127.24.80.194" port: 37609 } } peers { permanent_uuid: "5cfa8ae1e613467b9308424d7fa12fac" member_type: VOTER last_known_addr { host: "127.24.80.195" port: 36483 } }
I20260709 13:09:18.878403 26201 raft_consensus.cc:385] T 3be9bff6de0849b28840b569bd18cb5e P 1de31998e0c748d2be7ffe6b07e8997f [term 0 FOLLOWER]: Consensus starting up: Expiring failure detector timer to make a prompt election more likely
I20260709 13:09:18.867163 26123 leader_election.cc:304] T 2ff3176a2aa044aaa193362006c3c0ae P 5cfa8ae1e613467b9308424d7fa12fac [CANDIDATE]: Term 1 election: Election decided. Result: candidate won. Election summary: received 2 responses out of 3 voters: 2 yes votes; 0 no votes. yes voters: 1de31998e0c748d2be7ffe6b07e8997f, 5cfa8ae1e613467b9308424d7fa12fac; no voters: 
W20260709 13:09:19.506053 26123 outbound_call.cc:321] RPC callback for RPC call kudu.consensus.ConsensusService.RequestConsensusVote -> {remote=127.24.80.194:37609, user_credentials={real_user=slave}} blocked reactor thread for 643559us
I20260709 13:09:18.882423 26266 leader_election.cc:290] T 4671ad0d778f4272981682b8f9a2f37c P 5cfa8ae1e613467b9308424d7fa12fac [CANDIDATE]: Term 1 pre-election: Requested pre-vote from peers 7b299e0e2542462ea59ded017686c247 (127.24.80.193:32813), 1de31998e0c748d2be7ffe6b07e8997f (127.24.80.194:37609)
I20260709 13:09:19.507187 26266 raft_consensus.cc:2804] T 2ff3176a2aa044aaa193362006c3c0ae P 5cfa8ae1e613467b9308424d7fa12fac [term 1 FOLLOWER]: Leader election won for term 1
I20260709 13:09:19.507655 26266 raft_consensus.cc:697] T 2ff3176a2aa044aaa193362006c3c0ae P 5cfa8ae1e613467b9308424d7fa12fac [term 1 LEADER]: Becoming Leader. State: Replica: 5cfa8ae1e613467b9308424d7fa12fac, State: Running, Role: LEADER
I20260709 13:09:18.878676 26201 raft_consensus.cc:740] T 3be9bff6de0849b28840b569bd18cb5e P 1de31998e0c748d2be7ffe6b07e8997f [term 0 FOLLOWER]: Becoming Follower/Learner. State: Replica: 1de31998e0c748d2be7ffe6b07e8997f, State: Initialized, Role: FOLLOWER
I20260709 13:09:19.515726 26201 consensus_queue.cc:260] T 3be9bff6de0849b28840b569bd18cb5e P 1de31998e0c748d2be7ffe6b07e8997f [NON_LEADER]: Queue going to NON_LEADER mode. State: All replicated index: 0, Majority replicated index: 0, Committed index: 0, Last appended: 0.0, Last appended by leader: 0, Current term: 0, Majority size: -1, State: 0, Mode: NON_LEADER, active raft config: opid_index: -1 OBSOLETE_local: false peers { permanent_uuid: "7b299e0e2542462ea59ded017686c247" member_type: VOTER last_known_addr { host: "127.24.80.193" port: 32813 } } peers { permanent_uuid: "1de31998e0c748d2be7ffe6b07e8997f" member_type: VOTER last_known_addr { host: "127.24.80.194" port: 37609 } } peers { permanent_uuid: "5cfa8ae1e613467b9308424d7fa12fac" member_type: VOTER last_known_addr { host: "127.24.80.195" port: 36483 } }
I20260709 13:09:19.032094 25974 leader_election.cc:304] T 760fde16aea04806b034738f747d53f4 P 7b299e0e2542462ea59ded017686c247 [CANDIDATE]: Term 1 pre-election: Election decided. Result: candidate won. Election summary: received 3 responses out of 3 voters: 2 yes votes; 1 no votes. yes voters: 1de31998e0c748d2be7ffe6b07e8997f, 7b299e0e2542462ea59ded017686c247; no voters: 5cfa8ae1e613467b9308424d7fa12fac
