I20260709 13:09:15.423091 28741 raft_consensus.cc:2804] T 30bbc1d7073f43f196ecac43753f5480 P cd1f4558c32c4945b7afd56d20a6d08e [term 1 FOLLOWER]: Leader election won for term 1
I20260709 13:09:15.423732 28741 raft_consensus.cc:697] T 30bbc1d7073f43f196ecac43753f5480 P cd1f4558c32c4945b7afd56d20a6d08e [term 1 LEADER]: Becoming Leader. State: Replica: cd1f4558c32c4945b7afd56d20a6d08e, State: Running, Role: LEADER
I20260709 13:09:15.424540 28741 consensus_queue.cc:237] T 30bbc1d7073f43f196ecac43753f5480 P cd1f4558c32c4945b7afd56d20a6d08e [LEADER]: Queue going to LEADER mode. State: All replicated index: 0, Majority replicated index: 0, Committed index: 0, Last appended: 0.0, Last appended by leader: 0, Current term: 1, Majority size: 2, State: 0, Mode: LEADER, active raft config: opid_index: -1 OBSOLETE_local: false peers { permanent_uuid: "cd1f4558c32c4945b7afd56d20a6d08e" member_type: VOTER last_known_addr { host: "127.26.180.193" port: 41823 } } peers { permanent_uuid: "a7f6fbd26d1f411b9d826bb190020197" member_type: VOTER last_known_addr { host: "127.26.180.194" port: 36863 } } peers { permanent_uuid: "feaadd148f4444bab16c1e2080a4d63f" member_type: VOTER last_known_addr { host: "127.26.180.195" port: 45063 } }
I20260709 13:09:15.426211 28706 raft_consensus.cc:515] T 6cf6460604f242ec9bf408ac7be8c595 P a7f6fbd26d1f411b9d826bb190020197 [term 1 FOLLOWER]: Starting leader election with config: opid_index: -1 OBSOLETE_local: false peers { permanent_uuid: "cd1f4558c32c4945b7afd56d20a6d08e" member_type: VOTER last_known_addr { host: "127.26.180.193" port: 41823 } } peers { permanent_uuid: "a7f6fbd26d1f411b9d826bb190020197" member_type: VOTER last_known_addr { host: "127.26.180.194" port: 36863 } } peers { permanent_uuid: "feaadd148f4444bab16c1e2080a4d63f" member_type: VOTER last_known_addr { host: "127.26.180.195" port: 45063 } }
I20260709 13:09:15.428828 28503 leader_election.cc:304] T db61f7bf9a6f4c979d6f6e5b77e377ef P a7f6fbd26d1f411b9d826bb190020197 [CANDIDATE]: Term 1 election: Election decided. Result: candidate won. Election summary: received 2 responses out of 3 voters: 2 yes votes; 0 no votes. yes voters: a7f6fbd26d1f411b9d826bb190020197, cd1f4558c32c4945b7afd56d20a6d08e; no voters: 
I20260709 13:09:15.432674 28752 raft_consensus.cc:2804] T db61f7bf9a6f4c979d6f6e5b77e377ef P a7f6fbd26d1f411b9d826bb190020197 [term 1 FOLLOWER]: Leader election won for term 1
I20260709 13:09:15.418377 28660 raft_consensus.cc:493] T 6e2d0377f43c44f0b6fa8f75c50b627a P a7f6fbd26d1f411b9d826bb190020197 [term 0 FOLLOWER]: Starting pre-election (no leader contacted us within the election timeout)
I20260709 13:09:15.434620 28660 raft_consensus.cc:515] T 6e2d0377f43c44f0b6fa8f75c50b627a P a7f6fbd26d1f411b9d826bb190020197 [term 0 FOLLOWER]: Starting pre-election with config: opid_index: -1 OBSOLETE_local: false peers { permanent_uuid: "cd1f4558c32c4945b7afd56d20a6d08e" member_type: VOTER last_known_addr { host: "127.26.180.193" port: 41823 } } peers { permanent_uuid: "a7f6fbd26d1f411b9d826bb190020197" member_type: VOTER last_known_addr { host: "127.26.180.194" port: 36863 } } peers { permanent_uuid: "feaadd148f4444bab16c1e2080a4d63f" member_type: VOTER last_known_addr { host: "127.26.180.195" port: 45063 } }
I20260709 13:09:15.437613 28752 raft_consensus.cc:697] T db61f7bf9a6f4c979d6f6e5b77e377ef P a7f6fbd26d1f411b9d826bb190020197 [term 1 LEADER]: Becoming Leader. State: Replica: a7f6fbd26d1f411b9d826bb190020197, State: Running, Role: LEADER
I20260709 13:09:15.438200 28461 tablet_service.cc:1917] Received RequestConsensusVote() RPC: tablet_id: "6e2d0377f43c44f0b6fa8f75c50b627a" candidate_uuid: "a7f6fbd26d1f411b9d826bb190020197" candidate_term: 1 candidate_status { last_received { term: 0 index: 0 } } ignore_live_leader: false dest_uuid: "cd1f4558c32c4945b7afd56d20a6d08e" is_pre_election: true
W20260709 13:09:15.439711 28503 leader_election.cc:343] T 6e2d0377f43c44f0b6fa8f75c50b627a P a7f6fbd26d1f411b9d826bb190020197 [CANDIDATE]: Term 1 pre-election: Tablet error from VoteRequest() call to peer cd1f4558c32c4945b7afd56d20a6d08e (127.26.180.193:41823): Illegal state: must be running to vote when last-logged opid is not known
I20260709 13:09:15.442677 28611 raft_consensus.cc:2468] T 30bbc1d7073f43f196ecac43753f5480 P feaadd148f4444bab16c1e2080a4d63f [term 1 FOLLOWER]: Leader election vote request: Granting yes vote for candidate cd1f4558c32c4945b7afd56d20a6d08e in term 1.
W20260709 13:09:15.446552 28501 leader_election.cc:343] T db61f7bf9a6f4c979d6f6e5b77e377ef P a7f6fbd26d1f411b9d826bb190020197 [CANDIDATE]: Term 1 pre-election: Tablet error from VoteRequest() call to peer feaadd148f4444bab16c1e2080a4d63f (127.26.180.195:45063): Illegal state: must be running to vote when last-logged opid is not known
I20260709 13:09:15.446636 28652 tablet_bootstrap.cc:654] T 1d67271b83c14ba5834fe7a204c571df P feaadd148f4444bab16c1e2080a4d63f: Neither blocks nor log segments found. Creating new log.
I20260709 13:09:15.438504 28752 consensus_queue.cc:237] T db61f7bf9a6f4c979d6f6e5b77e377ef P a7f6fbd26d1f411b9d826bb190020197 [LEADER]: Queue going to LEADER mode. State: All replicated index: 0, Majority replicated index: 0, Committed index: 0, Last appended: 0.0, Last appended by leader: 0, Current term: 1, Majority size: 2, State: 0, Mode: LEADER, active raft config: opid_index: -1 OBSOLETE_local: false peers { permanent_uuid: "cd1f4558c32c4945b7afd56d20a6d08e" member_type: VOTER last_known_addr { host: "127.26.180.193" port: 41823 } } peers { permanent_uuid: "a7f6fbd26d1f411b9d826bb190020197" member_type: VOTER last_known_addr { host: "127.26.180.194" port: 36863 } } peers { permanent_uuid: "feaadd148f4444bab16c1e2080a4d63f" member_type: VOTER last_known_addr { host: "127.26.180.195" port: 45063 } }
I20260709 13:09:15.452709 28655 tablet_bootstrap.cc:492] T ad891fbfcafa48c4abe7b3ec6cea18a0 P cd1f4558c32c4945b7afd56d20a6d08e: No bootstrap required, opened a new log
I20260709 13:09:15.453179 28655 ts_tablet_manager.cc:1403] T ad891fbfcafa48c4abe7b3ec6cea18a0 P cd1f4558c32c4945b7afd56d20a6d08e: Time spent bootstrapping tablet: real 0.068s	user 0.012s	sys 0.004s
I20260709 13:09:15.454918 28660 leader_election.cc:290] T 6e2d0377f43c44f0b6fa8f75c50b627a P a7f6fbd26d1f411b9d826bb190020197 [CANDIDATE]: Term 1 pre-election: Requested pre-vote from peers cd1f4558c32c4945b7afd56d20a6d08e (127.26.180.193:41823), feaadd148f4444bab16c1e2080a4d63f (127.26.180.195:45063)
I20260709 13:09:15.458352 28611 tablet_service.cc:1917] Received RequestConsensusVote() RPC: tablet_id: "db61f7bf9a6f4c979d6f6e5b77e377ef" candidate_uuid: "a7f6fbd26d1f411b9d826bb190020197" candidate_term: 1 candidate_status { last_received { term: 0 index: 0 } } ignore_live_leader: false dest_uuid: "feaadd148f4444bab16c1e2080a4d63f"
I20260709 13:09:15.455915 28655 raft_consensus.cc:359] T ad891fbfcafa48c4abe7b3ec6cea18a0 P cd1f4558c32c4945b7afd56d20a6d08e [term 0 FOLLOWER]: Replica starting. Triggering 0 pending ops. Active config: opid_index: -1 OBSOLETE_local: false peers { permanent_uuid: "cd1f4558c32c4945b7afd56d20a6d08e" member_type: VOTER last_known_addr { host: "127.26.180.193" port: 41823 } } peers { permanent_uuid: "a7f6fbd26d1f411b9d826bb190020197" member_type: VOTER last_known_addr { host: "127.26.180.194" port: 36863 } } peers { permanent_uuid: "feaadd148f4444bab16c1e2080a4d63f" member_type: VOTER last_known_addr { host: "127.26.180.195" port: 45063 } }
I20260709 13:09:15.458978 28611 raft_consensus.cc:3060] T db61f7bf9a6f4c979d6f6e5b77e377ef P feaadd148f4444bab16c1e2080a4d63f [term 0 FOLLOWER]: Advancing to term 1
I20260709 13:09:15.459149 28655 raft_consensus.cc:385] T ad891fbfcafa48c4abe7b3ec6cea18a0 P cd1f4558c32c4945b7afd56d20a6d08e [term 0 FOLLOWER]: Consensus starting up: Expiring failure detector timer to make a prompt election more likely
I20260709 13:09:15.459481 28655 raft_consensus.cc:740] T ad891fbfcafa48c4abe7b3ec6cea18a0 P cd1f4558c32c4945b7afd56d20a6d08e [term 0 FOLLOWER]: Becoming Follower/Learner. State: Replica: cd1f4558c32c4945b7afd56d20a6d08e, State: Initialized, Role: FOLLOWER
I20260709 13:09:15.462095 28655 consensus_queue.cc:260] T ad891fbfcafa48c4abe7b3ec6cea18a0 P cd1f4558c32c4945b7afd56d20a6d08e [NON_LEADER]: Queue going to NON_LEADER mode. State: All replicated index: 0, Majority replicated index: 0, Committed index: 0, Last appended: 0.0, Last appended by leader: 0, Current term: 0, Majority size: -1, State: 0, Mode: NON_LEADER, active raft config: opid_index: -1 OBSOLETE_local: false peers { permanent_uuid: "cd1f4558c32c4945b7afd56d20a6d08e" member_type: VOTER last_known_addr { host: "127.26.180.193" port: 41823 } } peers { permanent_uuid: "a7f6fbd26d1f411b9d826bb190020197" member_type: VOTER last_known_addr { host: "127.26.180.194" port: 36863 } } peers { permanent_uuid: "feaadd148f4444bab16c1e2080a4d63f" member_type: VOTER last_known_addr { host: "127.26.180.195" port: 45063 } }
I20260709 13:09:15.463987 28609 tablet_service.cc:1917] Received RequestConsensusVote() RPC: tablet_id: "6e2d0377f43c44f0b6fa8f75c50b627a" candidate_uuid: "a7f6fbd26d1f411b9d826bb190020197" candidate_term: 1 candidate_status { last_received { term: 0 index: 0 } } ignore_live_leader: false dest_uuid: "feaadd148f4444bab16c1e2080a4d63f" is_pre_election: true
I20260709 13:09:15.465914 28461 tablet_service.cc:1917] Received RequestConsensusVote() RPC: tablet_id: "6cf6460604f242ec9bf408ac7be8c595" candidate_uuid: "a7f6fbd26d1f411b9d826bb190020197" candidate_term: 1 candidate_status { last_received { term: 0 index: 0 } } ignore_live_leader: false dest_uuid: "cd1f4558c32c4945b7afd56d20a6d08e"
I20260709 13:09:15.466198 28611 raft_consensus.cc:2468] T db61f7bf9a6f4c979d6f6e5b77e377ef P feaadd148f4444bab16c1e2080a4d63f [term 1 FOLLOWER]: Leader election vote request: Granting yes vote for candidate a7f6fbd26d1f411b9d826bb190020197 in term 1.
I20260709 13:09:15.466439 28461 raft_consensus.cc:3060] T 6cf6460604f242ec9bf408ac7be8c595 P cd1f4558c32c4945b7afd56d20a6d08e [term 0 FOLLOWER]: Advancing to term 1
I20260709 13:09:15.467882 28655 ts_tablet_manager.cc:1434] T ad891fbfcafa48c4abe7b3ec6cea18a0 P cd1f4558c32c4945b7afd56d20a6d08e: Time spent starting tablet: real 0.014s	user 0.008s	sys 0.000s
I20260709 13:09:15.468302 28653 tablet_bootstrap.cc:492] T b6b265859c3849ffba3c24db5dbb9db6 P a7f6fbd26d1f411b9d826bb190020197: No bootstrap required, opened a new log
I20260709 13:09:15.468752 28653 ts_tablet_manager.cc:1403] T b6b265859c3849ffba3c24db5dbb9db6 P a7f6fbd26d1f411b9d826bb190020197: Time spent bootstrapping tablet: real 0.056s	user 0.014s	sys 0.030s
I20260709 13:09:15.469416 28652 tablet_bootstrap.cc:492] T 1d67271b83c14ba5834fe7a204c571df P feaadd148f4444bab16c1e2080a4d63f: No bootstrap required, opened a new log
I20260709 13:09:15.469902 28652 ts_tablet_manager.cc:1403] T 1d67271b83c14ba5834fe7a204c571df P feaadd148f4444bab16c1e2080a4d63f: Time spent bootstrapping tablet: real 0.051s	user 0.019s	sys 0.001s
I20260709 13:09:15.471501 28653 raft_consensus.cc:359] T b6b265859c3849ffba3c24db5dbb9db6 P a7f6fbd26d1f411b9d826bb190020197 [term 0 FOLLOWER]: Replica starting. Triggering 0 pending ops. Active config: opid_index: -1 OBSOLETE_local: false peers { permanent_uuid: "cd1f4558c32c4945b7afd56d20a6d08e" member_type: VOTER last_known_addr { host: "127.26.180.193" port: 41823 } } peers { permanent_uuid: "a7f6fbd26d1f411b9d826bb190020197" member_type: VOTER last_known_addr { host: "127.26.180.194" port: 36863 } } peers { permanent_uuid: "feaadd148f4444bab16c1e2080a4d63f" member_type: VOTER last_known_addr { host: "127.26.180.195" port: 45063 } }
W20260709 13:09:15.471745 28501 leader_election.cc:343] T 6e2d0377f43c44f0b6fa8f75c50b627a P a7f6fbd26d1f411b9d826bb190020197 [CANDIDATE]: Term 1 pre-election: Tablet error from VoteRequest() call to peer feaadd148f4444bab16c1e2080a4d63f (127.26.180.195:45063): Illegal state: must be running to vote when last-logged opid is not known
I20260709 13:09:15.472213 28653 raft_consensus.cc:385] T b6b265859c3849ffba3c24db5dbb9db6 P a7f6fbd26d1f411b9d826bb190020197 [term 0 FOLLOWER]: Consensus starting up: Expiring failure detector timer to make a prompt election more likely
I20260709 13:09:15.472374 28501 leader_election.cc:304] T 6e2d0377f43c44f0b6fa8f75c50b627a P a7f6fbd26d1f411b9d826bb190020197 [CANDIDATE]: Term 1 pre-election: Election decided. Result: candidate lost. Election summary: received 3 responses out of 3 voters: 1 yes votes; 2 no votes. yes voters: a7f6fbd26d1f411b9d826bb190020197; no voters: cd1f4558c32c4945b7afd56d20a6d08e, feaadd148f4444bab16c1e2080a4d63f
I20260709 13:09:15.472890 28461 raft_consensus.cc:2468] T 6cf6460604f242ec9bf408ac7be8c595 P cd1f4558c32c4945b7afd56d20a6d08e [term 1 FOLLOWER]: Leader election vote request: Granting yes vote for candidate a7f6fbd26d1f411b9d826bb190020197 in term 1.
I20260709 13:09:15.472936 28653 raft_consensus.cc:740] T b6b265859c3849ffba3c24db5dbb9db6 P a7f6fbd26d1f411b9d826bb190020197 [term 0 FOLLOWER]: Becoming Follower/Learner. State: Replica: a7f6fbd26d1f411b9d826bb190020197, State: Initialized, Role: FOLLOWER
I20260709 13:09:15.473917 28750 raft_consensus.cc:2749] T 6e2d0377f43c44f0b6fa8f75c50b627a P a7f6fbd26d1f411b9d826bb190020197 [term 0 FOLLOWER]: Leader pre-election lost for term 1. Reason: could not achieve majority
I20260709 13:09:15.473511 28652 raft_consensus.cc:359] T 1d67271b83c14ba5834fe7a204c571df P feaadd148f4444bab16c1e2080a4d63f [term 0 FOLLOWER]: Replica starting. Triggering 0 pending ops. Active config: opid_index: -1 OBSOLETE_local: false peers { permanent_uuid: "cd1f4558c32c4945b7afd56d20a6d08e" member_type: VOTER last_known_addr { host: "127.26.180.193" port: 41823 } } peers { permanent_uuid: "a7f6fbd26d1f411b9d826bb190020197" member_type: VOTER last_known_addr { host: "127.26.180.194" port: 36863 } } peers { permanent_uuid: "feaadd148f4444bab16c1e2080a4d63f" member_type: VOTER last_known_addr { host: "127.26.180.195" port: 45063 } }
I20260709 13:09:15.474699 28653 consensus_queue.cc:260] T b6b265859c3849ffba3c24db5dbb9db6 P a7f6fbd26d1f411b9d826bb190020197 [NON_LEADER]: Queue going to NON_LEADER mode. State: All replicated index: 0, Majority replicated index: 0, Committed index: 0, Last appended: 0.0, Last appended by leader: 0, Current term: 0, Majority size: -1, State: 0, Mode: NON_LEADER, active raft config: opid_index: -1 OBSOLETE_local: false peers { permanent_uuid: "cd1f4558c32c4945b7afd56d20a6d08e" member_type: VOTER last_known_addr { host: "127.26.180.193" port: 41823 } } peers { permanent_uuid: "a7f6fbd26d1f411b9d826bb190020197" member_type: VOTER last_known_addr { host: "127.26.180.194" port: 36863 } } peers { permanent_uuid: "feaadd148f4444bab16c1e2080a4d63f" member_type: VOTER last_known_addr { host: "127.26.180.195" port: 45063 } }
I20260709 13:09:15.475172 28652 raft_consensus.cc:385] T 1d67271b83c14ba5834fe7a204c571df P feaadd148f4444bab16c1e2080a4d63f [term 0 FOLLOWER]: Consensus starting up: Expiring failure detector timer to make a prompt election more likely
I20260709 13:09:15.475601 28652 raft_consensus.cc:740] T 1d67271b83c14ba5834fe7a204c571df P feaadd148f4444bab16c1e2080a4d63f [term 0 FOLLOWER]: Becoming Follower/Learner. State: Replica: feaadd148f4444bab16c1e2080a4d63f, State: Initialized, Role: FOLLOWER
I20260709 13:09:15.475507 28503 leader_election.cc:304] T 6cf6460604f242ec9bf408ac7be8c595 P a7f6fbd26d1f411b9d826bb190020197 [CANDIDATE]: Term 1 election: Election decided. Result: candidate won. Election summary: received 2 responses out of 3 voters: 2 yes votes; 0 no votes. yes voters: a7f6fbd26d1f411b9d826bb190020197, cd1f4558c32c4945b7afd56d20a6d08e; no voters: 
I20260709 13:09:15.476518 28750 raft_consensus.cc:2804] T 6cf6460604f242ec9bf408ac7be8c595 P a7f6fbd26d1f411b9d826bb190020197 [term 1 FOLLOWER]: Leader election won for term 1
I20260709 13:09:15.476933 28750 raft_consensus.cc:697] T 6cf6460604f242ec9bf408ac7be8c595 P a7f6fbd26d1f411b9d826bb190020197 [term 1 LEADER]: Becoming Leader. State: Replica: a7f6fbd26d1f411b9d826bb190020197, State: Running, Role: LEADER
I20260709 13:09:15.476994 28653 ts_tablet_manager.cc:1434] T b6b265859c3849ffba3c24db5dbb9db6 P a7f6fbd26d1f411b9d826bb190020197: Time spent starting tablet: real 0.008s	user 0.005s	sys 0.002s
I20260709 13:09:15.476994 28652 consensus_queue.cc:260] T 1d67271b83c14ba5834fe7a204c571df P feaadd148f4444bab16c1e2080a4d63f [NON_LEADER]: Queue going to NON_LEADER mode. State: All replicated index: 0, Majority replicated index: 0, Committed index: 0, Last appended: 0.0, Last appended by leader: 0, Current term: 0, Majority size: -1, State: 0, Mode: NON_LEADER, active raft config: opid_index: -1 OBSOLETE_local: false peers { permanent_uuid: "cd1f4558c32c4945b7afd56d20a6d08e" member_type: VOTER last_known_addr { host: "127.26.180.193" port: 41823 } } peers { permanent_uuid: "a7f6fbd26d1f411b9d826bb190020197" member_type: VOTER last_known_addr { host: "127.26.180.194" port: 36863 } } peers { permanent_uuid: "feaadd148f4444bab16c1e2080a4d63f" member_type: VOTER last_known_addr { host: "127.26.180.195" port: 45063 } }
I20260709 13:09:15.477742 28750 consensus_queue.cc:237] T 6cf6460604f242ec9bf408ac7be8c595 P a7f6fbd26d1f411b9d826bb190020197 [LEADER]: Queue going to LEADER mode. State: All replicated index: 0, Majority replicated index: 0, Committed index: 0, Last appended: 0.0, Last appended by leader: 0, Current term: 1, Majority size: 2, State: 0, Mode: LEADER, active raft config: opid_index: -1 OBSOLETE_local: false peers { permanent_uuid: "cd1f4558c32c4945b7afd56d20a6d08e" member_type: VOTER last_known_addr { host: "127.26.180.193" port: 41823 } } peers { permanent_uuid: "a7f6fbd26d1f411b9d826bb190020197" member_type: VOTER last_known_addr { host: "127.26.180.194" port: 36863 } } peers { permanent_uuid: "feaadd148f4444bab16c1e2080a4d63f" member_type: VOTER last_known_addr { host: "127.26.180.195" port: 45063 } }
I20260709 13:09:15.478353 28655 tablet_bootstrap.cc:492] T 1d67271b83c14ba5834fe7a204c571df P cd1f4558c32c4945b7afd56d20a6d08e: Bootstrap starting.
I20260709 13:09:15.478606 28653 tablet_bootstrap.cc:492] T a12465a92fa14432b670117d354455df P a7f6fbd26d1f411b9d826bb190020197: Bootstrap starting.
I20260709 13:09:15.480057 28652 ts_tablet_manager.cc:1434] T 1d67271b83c14ba5834fe7a204c571df P feaadd148f4444bab16c1e2080a4d63f: Time spent starting tablet: real 0.010s	user 0.005s	sys 0.000s
I20260709 13:09:15.482282 28361 catalog_manager.cc:5697] T 30bbc1d7073f43f196ecac43753f5480 P cd1f4558c32c4945b7afd56d20a6d08e reported cstate change: term changed from 0 to 1, leader changed from <none> to cd1f4558c32c4945b7afd56d20a6d08e (127.26.180.193). New cstate: current_term: 1 leader_uuid: "cd1f4558c32c4945b7afd56d20a6d08e" committed_config { opid_index: -1 OBSOLETE_local: false peers { permanent_uuid: "cd1f4558c32c4945b7afd56d20a6d08e" member_type: VOTER last_known_addr { host: "127.26.180.193" port: 41823 } health_report { overall_health: HEALTHY } } peers { permanent_uuid: "a7f6fbd26d1f411b9d826bb190020197" member_type: VOTER last_known_addr { host: "127.26.180.194" port: 36863 } health_report { overall_health: UNKNOWN } } peers { permanent_uuid: "feaadd148f4444bab16c1e2080a4d63f" member_type: VOTER last_known_addr { host: "127.26.180.195" port: 45063 } health_report { overall_health: UNKNOWN } } }
I20260709 13:09:15.483325 28652 tablet_bootstrap.cc:492] T dc4b56bd7d2d40559e4d9c5b797f2cd9 P feaadd148f4444bab16c1e2080a4d63f: Bootstrap starting.
I20260709 13:09:15.485630 28653 tablet_bootstrap.cc:654] T a12465a92fa14432b670117d354455df P a7f6fbd26d1f411b9d826bb190020197: Neither blocks nor log segments found. Creating new log.
I20260709 13:09:15.488394 28741 consensus_queue.cc:1048] T 2497e1cce3a54c119d107f0e0217e460 P cd1f4558c32c4945b7afd56d20a6d08e [LEADER]: Connected to new peer: Peer: permanent_uuid: "feaadd148f4444bab16c1e2080a4d63f" member_type: VOTER last_known_addr { host: "127.26.180.195" port: 45063 }, Status: LMP_MISMATCH, Last received: 0.0, Next index: 1, Last known committed idx: 0, Time since last communication: 0.001s
I20260709 13:09:15.491698 28706 leader_election.cc:290] T 6cf6460604f242ec9bf408ac7be8c595 P a7f6fbd26d1f411b9d826bb190020197 [CANDIDATE]: Term 1 election: Requested vote from peers cd1f4558c32c4945b7afd56d20a6d08e (127.26.180.193:41823), feaadd148f4444bab16c1e2080a4d63f (127.26.180.195:45063)
I20260709 13:09:15.495468 28655 tablet_bootstrap.cc:654] T 1d67271b83c14ba5834fe7a204c571df P cd1f4558c32c4945b7afd56d20a6d08e: Neither blocks nor log segments found. Creating new log.
I20260709 13:09:15.520815 28652 tablet_bootstrap.cc:654] T dc4b56bd7d2d40559e4d9c5b797f2cd9 P feaadd148f4444bab16c1e2080a4d63f: Neither blocks nor log segments found. Creating new log.
W20260709 13:09:15.521544 28503 outbound_call.cc:321] RPC callback for RPC call kudu.consensus.ConsensusService.RequestConsensusVote -> {remote=127.26.180.193:41823, user_credentials={real_user=slave}} blocked reactor thread for 46114.4us
I20260709 13:09:15.525701 28752 consensus_queue.cc:1048] T efad3df501a547ab8f85249f6047b55d P a7f6fbd26d1f411b9d826bb190020197 [LEADER]: Connected to new peer: Peer: permanent_uuid: "cd1f4558c32c4945b7afd56d20a6d08e" member_type: VOTER last_known_addr { host: "127.26.180.193" port: 41823 }, Status: LMP_MISMATCH, Last received: 0.0, Next index: 1, Last known committed idx: 0, Time since last communication: 0.000s
I20260709 13:09:15.530572 28361 catalog_manager.cc:5697] T db61f7bf9a6f4c979d6f6e5b77e377ef P a7f6fbd26d1f411b9d826bb190020197 reported cstate change: term changed from 0 to 1, leader changed from <none> to a7f6fbd26d1f411b9d826bb190020197 (127.26.180.194). New cstate: current_term: 1 leader_uuid: "a7f6fbd26d1f411b9d826bb190020197" committed_config { opid_index: -1 OBSOLETE_local: false peers { permanent_uuid: "cd1f4558c32c4945b7afd56d20a6d08e" member_type: VOTER last_known_addr { host: "127.26.180.193" port: 41823 } health_report { overall_health: UNKNOWN } } peers { permanent_uuid: "a7f6fbd26d1f411b9d826bb190020197" member_type: VOTER last_known_addr { host: "127.26.180.194" port: 36863 } health_report { overall_health: HEALTHY } } peers { permanent_uuid: "feaadd148f4444bab16c1e2080a4d63f" member_type: VOTER last_known_addr { host: "127.26.180.195" port: 45063 } health_report { overall_health: UNKNOWN } } }
I20260709 13:09:15.533663 28611 tablet_service.cc:1917] Received RequestConsensusVote() RPC: tablet_id: "6cf6460604f242ec9bf408ac7be8c595" candidate_uuid: "a7f6fbd26d1f411b9d826bb190020197" candidate_term: 1 candidate_status { last_received { term: 0 index: 0 } } ignore_live_leader: false dest_uuid: "feaadd148f4444bab16c1e2080a4d63f"
I20260709 13:09:15.551453 28611 raft_consensus.cc:3060] T 6cf6460604f242ec9bf408ac7be8c595 P feaadd148f4444bab16c1e2080a4d63f [term 0 FOLLOWER]: Advancing to term 1
I20260709 13:09:15.541354 28741 consensus_queue.cc:1048] T 2497e1cce3a54c119d107f0e0217e460 P cd1f4558c32c4945b7afd56d20a6d08e [LEADER]: Connected to new peer: Peer: permanent_uuid: "a7f6fbd26d1f411b9d826bb190020197" member_type: VOTER last_known_addr { host: "127.26.180.194" port: 36863 }, Status: LMP_MISMATCH, Last received: 0.0, Next index: 1, Last known committed idx: 0, Time since last communication: 0.001s
I20260709 13:09:15.548472 28683 consensus_queue.cc:1048] T 0e57c23e76a44799b4d5152c2018df3d P cd1f4558c32c4945b7afd56d20a6d08e [LEADER]: Connected to new peer: Peer: permanent_uuid: "a7f6fbd26d1f411b9d826bb190020197" member_type: VOTER last_known_addr { host: "127.26.180.194" port: 36863 }, Status: LMP_MISMATCH, Last received: 0.0, Next index: 1, Last known committed idx: 0, Time since last communication: 0.001s
I20260709 13:09:15.564661 28750 raft_consensus.cc:493] T dc4b56bd7d2d40559e4d9c5b797f2cd9 P a7f6fbd26d1f411b9d826bb190020197 [term 0 FOLLOWER]: Starting pre-election (no leader contacted us within the election timeout)
I20260709 13:09:15.565466 28750 raft_consensus.cc:515] T dc4b56bd7d2d40559e4d9c5b797f2cd9 P a7f6fbd26d1f411b9d826bb190020197 [term 0 FOLLOWER]: Starting pre-election with config: opid_index: -1 OBSOLETE_local: false peers { permanent_uuid: "cd1f4558c32c4945b7afd56d20a6d08e" member_type: VOTER last_known_addr { host: "127.26.180.193" port: 41823 } } peers { permanent_uuid: "a7f6fbd26d1f411b9d826bb190020197" member_type: VOTER last_known_addr { host: "127.26.180.194" port: 36863 } } peers { permanent_uuid: "feaadd148f4444bab16c1e2080a4d63f" member_type: VOTER last_known_addr { host: "127.26.180.195" port: 45063 } }
I20260709 13:09:15.569082 28462 tablet_service.cc:1917] Received RequestConsensusVote() RPC: tablet_id: "dc4b56bd7d2d40559e4d9c5b797f2cd9" candidate_uuid: "a7f6fbd26d1f411b9d826bb190020197" candidate_term: 1 candidate_status { last_received { term: 0 index: 0 } } ignore_live_leader: false dest_uuid: "cd1f4558c32c4945b7afd56d20a6d08e" is_pre_election: true
I20260709 13:09:15.569280 28750 leader_election.cc:290] T dc4b56bd7d2d40559e4d9c5b797f2cd9 P a7f6fbd26d1f411b9d826bb190020197 [CANDIDATE]: Term 1 pre-election: Requested pre-vote from peers cd1f4558c32c4945b7afd56d20a6d08e (127.26.180.193:41823), feaadd148f4444bab16c1e2080a4d63f (127.26.180.195:45063)
I20260709 13:09:15.569808 28611 raft_consensus.cc:2468] T 6cf6460604f242ec9bf408ac7be8c595 P feaadd148f4444bab16c1e2080a4d63f [term 1 FOLLOWER]: Leader election vote request: Granting yes vote for candidate a7f6fbd26d1f411b9d826bb190020197 in term 1.
W20260709 13:09:15.570578 28503 leader_election.cc:343] T dc4b56bd7d2d40559e4d9c5b797f2cd9 P a7f6fbd26d1f411b9d826bb190020197 [CANDIDATE]: Term 1 pre-election: Tablet error from VoteRequest() call to peer cd1f4558c32c4945b7afd56d20a6d08e (127.26.180.193:41823): Illegal state: must be running to vote when last-logged opid is not known
I20260709 13:09:15.572880 28652 tablet_bootstrap.cc:492] T dc4b56bd7d2d40559e4d9c5b797f2cd9 P feaadd148f4444bab16c1e2080a4d63f: No bootstrap required, opened a new log
I20260709 13:09:15.573539 28652 ts_tablet_manager.cc:1403] T dc4b56bd7d2d40559e4d9c5b797f2cd9 P feaadd148f4444bab16c1e2080a4d63f: Time spent bootstrapping tablet: real 0.090s	user 0.010s	sys 0.004s
I20260709 13:09:15.582065 28612 tablet_service.cc:1917] Received RequestConsensusVote() RPC: tablet_id: "dc4b56bd7d2d40559e4d9c5b797f2cd9" candidate_uuid: "a7f6fbd26d1f411b9d826bb190020197" candidate_term: 1 candidate_status { last_received { term: 0 index: 0 } } ignore_live_leader: false dest_uuid: "feaadd148f4444bab16c1e2080a4d63f" is_pre_election: true
I20260709 13:09:15.593552 28358 catalog_manager.cc:5697] T 6cf6460604f242ec9bf408ac7be8c595 P a7f6fbd26d1f411b9d826bb190020197 reported cstate change: term changed from 0 to 1, leader changed from <none> to a7f6fbd26d1f411b9d826bb190020197 (127.26.180.194). New cstate: current_term: 1 leader_uuid: "a7f6fbd26d1f411b9d826bb190020197" committed_config { opid_index: -1 OBSOLETE_local: false peers { permanent_uuid: "cd1f4558c32c4945b7afd56d20a6d08e" member_type: VOTER last_known_addr { host: "127.26.180.193" port: 41823 } health_report { overall_health: UNKNOWN } } peers { permanent_uuid: "a7f6fbd26d1f411b9d826bb190020197" member_type: VOTER last_known_addr { host: "127.26.180.194" port: 36863 } health_report { overall_health: HEALTHY } } peers { permanent_uuid: "feaadd148f4444bab16c1e2080a4d63f" member_type: VOTER last_known_addr { host: "127.26.180.195" port: 45063 } health_report { overall_health: UNKNOWN } } }
I20260709 13:09:15.608199 28750 consensus_queue.cc:1048] T efad3df501a547ab8f85249f6047b55d P a7f6fbd26d1f411b9d826bb190020197 [LEADER]: Connected to new peer: Peer: permanent_uuid: "feaadd148f4444bab16c1e2080a4d63f" member_type: VOTER last_known_addr { host: "127.26.180.195" port: 45063 }, Status: LMP_MISMATCH, Last received: 0.0, Next index: 1, Last known committed idx: 0, Time since last communication: 0.000s
I20260709 13:09:15.612612 28653 tablet_bootstrap.cc:492] T a12465a92fa14432b670117d354455df P a7f6fbd26d1f411b9d826bb190020197: No bootstrap required, opened a new log
I20260709 13:09:15.613101 28653 ts_tablet_manager.cc:1403] T a12465a92fa14432b670117d354455df P a7f6fbd26d1f411b9d826bb190020197: Time spent bootstrapping tablet: real 0.135s	user 0.051s	sys 0.051s
I20260709 13:09:15.615942 28653 raft_consensus.cc:359] T a12465a92fa14432b670117d354455df P a7f6fbd26d1f411b9d826bb190020197 [term 0 FOLLOWER]: Replica starting. Triggering 0 pending ops. Active config: opid_index: -1 OBSOLETE_local: false peers { permanent_uuid: "cd1f4558c32c4945b7afd56d20a6d08e" member_type: VOTER last_known_addr { host: "127.26.180.193" port: 41823 } } peers { permanent_uuid: "a7f6fbd26d1f411b9d826bb190020197" member_type: VOTER last_known_addr { host: "127.26.180.194" port: 36863 } } peers { permanent_uuid: "feaadd148f4444bab16c1e2080a4d63f" member_type: VOTER last_known_addr { host: "127.26.180.195" port: 45063 } }
I20260709 13:09:15.616640 28653 raft_consensus.cc:385] T a12465a92fa14432b670117d354455df P a7f6fbd26d1f411b9d826bb190020197 [term 0 FOLLOWER]: Consensus starting up: Expiring failure detector timer to make a prompt election more likely
I20260709 13:09:15.616896 28653 raft_consensus.cc:740] T a12465a92fa14432b670117d354455df P a7f6fbd26d1f411b9d826bb190020197 [term 0 FOLLOWER]: Becoming Follower/Learner. State: Replica: a7f6fbd26d1f411b9d826bb190020197, State: Initialized, Role: FOLLOWER
I20260709 13:09:15.617538 28653 consensus_queue.cc:260] T a12465a92fa14432b670117d354455df P a7f6fbd26d1f411b9d826bb190020197 [NON_LEADER]: Queue going to NON_LEADER mode. State: All replicated index: 0, Majority replicated index: 0, Committed index: 0, Last appended: 0.0, Last appended by leader: 0, Current term: 0, Majority size: -1, State: 0, Mode: NON_LEADER, active raft config: opid_index: -1 OBSOLETE_local: false peers { permanent_uuid: "cd1f4558c32c4945b7afd56d20a6d08e" member_type: VOTER last_known_addr { host: "127.26.180.193" port: 41823 } } peers { permanent_uuid: "a7f6fbd26d1f411b9d826bb190020197" member_type: VOTER last_known_addr { host: "127.26.180.194" port: 36863 } } peers { permanent_uuid: "feaadd148f4444bab16c1e2080a4d63f" member_type: VOTER last_known_addr { host: "127.26.180.195" port: 45063 } }
I20260709 13:09:15.614073 28652 raft_consensus.cc:359] T dc4b56bd7d2d40559e4d9c5b797f2cd9 P feaadd148f4444bab16c1e2080a4d63f [term 0 FOLLOWER]: Replica starting. Triggering 0 pending ops. Active config: opid_index: -1 OBSOLETE_local: false peers { permanent_uuid: "cd1f4558c32c4945b7afd56d20a6d08e" member_type: VOTER last_known_addr { host: "127.26.180.193" port: 41823 } } peers { permanent_uuid: "a7f6fbd26d1f411b9d826bb190020197" member_type: VOTER last_known_addr { host: "127.26.180.194" port: 36863 } } peers { permanent_uuid: "feaadd148f4444bab16c1e2080a4d63f" member_type: VOTER last_known_addr { host: "127.26.180.195" port: 45063 } }
I20260709 13:09:15.619585 28652 raft_consensus.cc:385] T dc4b56bd7d2d40559e4d9c5b797f2cd9 P feaadd148f4444bab16c1e2080a4d63f [term 0 FOLLOWER]: Consensus starting up: Expiring failure detector timer to make a prompt election more likely
I20260709 13:09:15.619856 28652 raft_consensus.cc:740] T dc4b56bd7d2d40559e4d9c5b797f2cd9 P feaadd148f4444bab16c1e2080a4d63f [term 0 FOLLOWER]: Becoming Follower/Learner. State: Replica: feaadd148f4444bab16c1e2080a4d63f, State: Initialized, Role: FOLLOWER
I20260709 13:09:15.620561 28655 tablet_bootstrap.cc:492] T 1d67271b83c14ba5834fe7a204c571df P cd1f4558c32c4945b7afd56d20a6d08e: No bootstrap required, opened a new log
I20260709 13:09:15.620757 28653 ts_tablet_manager.cc:1434] T a12465a92fa14432b670117d354455df P a7f6fbd26d1f411b9d826bb190020197: Time spent starting tablet: real 0.007s	user 0.007s	sys 0.000s
I20260709 13:09:15.620998 28655 ts_tablet_manager.cc:1403] T 1d67271b83c14ba5834fe7a204c571df P cd1f4558c32c4945b7afd56d20a6d08e: Time spent bootstrapping tablet: real 0.143s	user 0.020s	sys 0.027s
I20260709 13:09:15.621610 28653 tablet_bootstrap.cc:492] T 1d67271b83c14ba5834fe7a204c571df P a7f6fbd26d1f411b9d826bb190020197: Bootstrap starting.
I20260709 13:09:15.622577 28652 consensus_queue.cc:260] T dc4b56bd7d2d40559e4d9c5b797f2cd9 P feaadd148f4444bab16c1e2080a4d63f [NON_LEADER]: Queue going to NON_LEADER mode. State: All replicated index: 0, Majority replicated index: 0, Committed index: 0, Last appended: 0.0, Last appended by leader: 0, Current term: 0, Majority size: -1, State: 0, Mode: NON_LEADER, active raft config: opid_index: -1 OBSOLETE_local: false peers { permanent_uuid: "cd1f4558c32c4945b7afd56d20a6d08e" member_type: VOTER last_known_addr { host: "127.26.180.193" port: 41823 } } peers { permanent_uuid: "a7f6fbd26d1f411b9d826bb190020197" member_type: VOTER last_known_addr { host: "127.26.180.194" port: 36863 } } peers { permanent_uuid: "feaadd148f4444bab16c1e2080a4d63f" member_type: VOTER last_known_addr { host: "127.26.180.195" port: 45063 } }
I20260709 13:09:15.623430 28655 raft_consensus.cc:359] T 1d67271b83c14ba5834fe7a204c571df P cd1f4558c32c4945b7afd56d20a6d08e [term 0 FOLLOWER]: Replica starting. Triggering 0 pending ops. Active config: opid_index: -1 OBSOLETE_local: false peers { permanent_uuid: "cd1f4558c32c4945b7afd56d20a6d08e" member_type: VOTER last_known_addr { host: "127.26.180.193" port: 41823 } } peers { permanent_uuid: "a7f6fbd26d1f411b9d826bb190020197" member_type: VOTER last_known_addr { host: "127.26.180.194" port: 36863 } } peers { permanent_uuid: "feaadd148f4444bab16c1e2080a4d63f" member_type: VOTER last_known_addr { host: "127.26.180.195" port: 45063 } }
I20260709 13:09:15.624063 28655 raft_consensus.cc:385] T 1d67271b83c14ba5834fe7a204c571df P cd1f4558c32c4945b7afd56d20a6d08e [term 0 FOLLOWER]: Consensus starting up: Expiring failure detector timer to make a prompt election more likely
I20260709 13:09:15.624445 28655 raft_consensus.cc:740] T 1d67271b83c14ba5834fe7a204c571df P cd1f4558c32c4945b7afd56d20a6d08e [term 0 FOLLOWER]: Becoming Follower/Learner. State: Replica: cd1f4558c32c4945b7afd56d20a6d08e, State: Initialized, Role: FOLLOWER
I20260709 13:09:15.625164 28652 ts_tablet_manager.cc:1434] T dc4b56bd7d2d40559e4d9c5b797f2cd9 P feaadd148f4444bab16c1e2080a4d63f: Time spent starting tablet: real 0.051s	user 0.002s	sys 0.006s
I20260709 13:09:15.625211 28655 consensus_queue.cc:260] T 1d67271b83c14ba5834fe7a204c571df P cd1f4558c32c4945b7afd56d20a6d08e [NON_LEADER]: Queue going to NON_LEADER mode. State: All replicated index: 0, Majority replicated index: 0, Committed index: 0, Last appended: 0.0, Last appended by leader: 0, Current term: 0, Majority size: -1, State: 0, Mode: NON_LEADER, active raft config: opid_index: -1 OBSOLETE_local: false peers { permanent_uuid: "cd1f4558c32c4945b7afd56d20a6d08e" member_type: VOTER last_known_addr { host: "127.26.180.193" port: 41823 } } peers { permanent_uuid: "a7f6fbd26d1f411b9d826bb190020197" member_type: VOTER last_known_addr { host: "127.26.180.194" port: 36863 } } peers { permanent_uuid: "feaadd148f4444bab16c1e2080a4d63f" member_type: VOTER last_known_addr { host: "127.26.180.195" port: 45063 } }
I20260709 13:09:15.626209 28660 raft_consensus.cc:493] T 9581eb36ec7a44ad8ef49b0124ba46f3 P a7f6fbd26d1f411b9d826bb190020197 [term 0 FOLLOWER]: Starting pre-election (no leader contacted us within the election timeout)
I20260709 13:09:15.626659 28660 raft_consensus.cc:515] T 9581eb36ec7a44ad8ef49b0124ba46f3 P a7f6fbd26d1f411b9d826bb190020197 [term 0 FOLLOWER]: Starting pre-election with config: opid_index: -1 OBSOLETE_local: false peers { permanent_uuid: "cd1f4558c32c4945b7afd56d20a6d08e" member_type: VOTER last_known_addr { host: "127.26.180.193" port: 41823 } } peers { permanent_uuid: "a7f6fbd26d1f411b9d826bb190020197" member_type: VOTER last_known_addr { host: "127.26.180.194" port: 36863 } } peers { permanent_uuid: "feaadd148f4444bab16c1e2080a4d63f" member_type: VOTER last_known_addr { host: "127.26.180.195" port: 45063 } }
I20260709 13:09:15.627369 28655 ts_tablet_manager.cc:1434] T 1d67271b83c14ba5834fe7a204c571df P cd1f4558c32c4945b7afd56d20a6d08e: Time spent starting tablet: real 0.006s	user 0.007s	sys 0.001s
I20260709 13:09:15.627884 28653 tablet_bootstrap.cc:654] T 1d67271b83c14ba5834fe7a204c571df P a7f6fbd26d1f411b9d826bb190020197: Neither blocks nor log segments found. Creating new log.
I20260709 13:09:15.628367 28655 tablet_bootstrap.cc:492] T dc4b56bd7d2d40559e4d9c5b797f2cd9 P cd1f4558c32c4945b7afd56d20a6d08e: Bootstrap starting.
I20260709 13:09:15.628505 28660 leader_election.cc:290] T 9581eb36ec7a44ad8ef49b0124ba46f3 P a7f6fbd26d1f411b9d826bb190020197 [CANDIDATE]: Term 1 pre-election: Requested pre-vote from peers cd1f4558c32c4945b7afd56d20a6d08e (127.26.180.193:41823), feaadd148f4444bab16c1e2080a4d63f (127.26.180.195:45063)
I20260709 13:09:15.629173 28462 tablet_service.cc:1917] Received RequestConsensusVote() RPC: tablet_id: "9581eb36ec7a44ad8ef49b0124ba46f3" candidate_uuid: "a7f6fbd26d1f411b9d826bb190020197" candidate_term: 1 candidate_status { last_received { term: 0 index: 0 } } ignore_live_leader: false dest_uuid: "cd1f4558c32c4945b7afd56d20a6d08e" is_pre_election: true
I20260709 13:09:15.631843 28612 raft_consensus.cc:2468] T dc4b56bd7d2d40559e4d9c5b797f2cd9 P feaadd148f4444bab16c1e2080a4d63f [term 0 FOLLOWER]: Leader pre-election vote request: Granting yes vote for candidate a7f6fbd26d1f411b9d826bb190020197 in term 0.
I20260709 13:09:15.632918 28652 tablet_bootstrap.cc:492] T 6e2d0377f43c44f0b6fa8f75c50b627a P feaadd148f4444bab16c1e2080a4d63f: Bootstrap starting.
I20260709 13:09:15.639099 28653 tablet_bootstrap.cc:492] T 1d67271b83c14ba5834fe7a204c571df P a7f6fbd26d1f411b9d826bb190020197: No bootstrap required, opened a new log
I20260709 13:09:15.633249 28611 tablet_service.cc:1917] Received RequestConsensusVote() RPC: tablet_id: "9581eb36ec7a44ad8ef49b0124ba46f3" candidate_uuid: "a7f6fbd26d1f411b9d826bb190020197" candidate_term: 1 candidate_status { last_received { term: 0 index: 0 } } ignore_live_leader: false dest_uuid: "feaadd148f4444bab16c1e2080a4d63f" is_pre_election: true
I20260709 13:09:15.639549 28653 ts_tablet_manager.cc:1403] T 1d67271b83c14ba5834fe7a204c571df P a7f6fbd26d1f411b9d826bb190020197: Time spent bootstrapping tablet: real 0.018s	user 0.009s	sys 0.008s
I20260709 13:09:15.636063 28655 tablet_bootstrap.cc:654] T dc4b56bd7d2d40559e4d9c5b797f2cd9 P cd1f4558c32c4945b7afd56d20a6d08e: Neither blocks nor log segments found. Creating new log.
W20260709 13:09:15.635986 28503 leader_election.cc:343] T 9581eb36ec7a44ad8ef49b0124ba46f3 P a7f6fbd26d1f411b9d826bb190020197 [CANDIDATE]: Term 1 pre-election: Tablet error from VoteRequest() call to peer cd1f4558c32c4945b7afd56d20a6d08e (127.26.180.193:41823): Illegal state: must be running to vote when last-logged opid is not known
I20260709 13:09:15.642038 28501 leader_election.cc:304] T dc4b56bd7d2d40559e4d9c5b797f2cd9 P a7f6fbd26d1f411b9d826bb190020197 [CANDIDATE]: Term 1 pre-election: Election decided. Result: candidate won. Election summary: received 3 responses out of 3 voters: 2 yes votes; 1 no votes. yes voters: a7f6fbd26d1f411b9d826bb190020197, feaadd148f4444bab16c1e2080a4d63f; no voters: cd1f4558c32c4945b7afd56d20a6d08e
I20260709 13:09:15.642352 28653 raft_consensus.cc:359] T 1d67271b83c14ba5834fe7a204c571df P a7f6fbd26d1f411b9d826bb190020197 [term 0 FOLLOWER]: Replica starting. Triggering 0 pending ops. Active config: opid_index: -1 OBSOLETE_local: false peers { permanent_uuid: "cd1f4558c32c4945b7afd56d20a6d08e" member_type: VOTER last_known_addr { host: "127.26.180.193" port: 41823 } } peers { permanent_uuid: "a7f6fbd26d1f411b9d826bb190020197" member_type: VOTER last_known_addr { host: "127.26.180.194" port: 36863 } } peers { permanent_uuid: "feaadd148f4444bab16c1e2080a4d63f" member_type: VOTER last_known_addr { host: "127.26.180.195" port: 45063 } }
I20260709 13:09:15.642817 28660 raft_consensus.cc:2804] T dc4b56bd7d2d40559e4d9c5b797f2cd9 P a7f6fbd26d1f411b9d826bb190020197 [term 0 FOLLOWER]: Leader pre-election won for term 1
I20260709 13:09:15.643124 28653 raft_consensus.cc:385] T 1d67271b83c14ba5834fe7a204c571df P a7f6fbd26d1f411b9d826bb190020197 [term 0 FOLLOWER]: Consensus starting up: Expiring failure detector timer to make a prompt election more likely
I20260709 13:09:15.643252 28660 raft_consensus.cc:493] T dc4b56bd7d2d40559e4d9c5b797f2cd9 P a7f6fbd26d1f411b9d826bb190020197 [term 0 FOLLOWER]: Starting leader election (no leader contacted us within the election timeout)
I20260709 13:09:15.643456 28653 raft_consensus.cc:740] T 1d67271b83c14ba5834fe7a204c571df P a7f6fbd26d1f411b9d826bb190020197 [term 0 FOLLOWER]: Becoming Follower/Learner. State: Replica: a7f6fbd26d1f411b9d826bb190020197, State: Initialized, Role: FOLLOWER
I20260709 13:09:15.643662 28660 raft_consensus.cc:3060] T dc4b56bd7d2d40559e4d9c5b797f2cd9 P a7f6fbd26d1f411b9d826bb190020197 [term 0 FOLLOWER]: Advancing to term 1
I20260709 13:09:15.644265 28653 consensus_queue.cc:260] T 1d67271b83c14ba5834fe7a204c571df P a7f6fbd26d1f411b9d826bb190020197 [NON_LEADER]: Queue going to NON_LEADER mode. State: All replicated index: 0, Majority replicated index: 0, Committed index: 0, Last appended: 0.0, Last appended by leader: 0, Current term: 0, Majority size: -1, State: 0, Mode: NON_LEADER, active raft config: opid_index: -1 OBSOLETE_local: false peers { permanent_uuid: "cd1f4558c32c4945b7afd56d20a6d08e" member_type: VOTER last_known_addr { host: "127.26.180.193" port: 41823 } } peers { permanent_uuid: "a7f6fbd26d1f411b9d826bb190020197" member_type: VOTER last_known_addr { host: "127.26.180.194" port: 36863 } } peers { permanent_uuid: "feaadd148f4444bab16c1e2080a4d63f" member_type: VOTER last_known_addr { host: "127.26.180.195" port: 45063 } }
I20260709 13:09:15.646485 28653 ts_tablet_manager.cc:1434] T 1d67271b83c14ba5834fe7a204c571df P a7f6fbd26d1f411b9d826bb190020197: Time spent starting tablet: real 0.007s	user 0.006s	sys 0.000s
I20260709 13:09:15.647382 28653 tablet_bootstrap.cc:492] T 8fd8690fe9fd4b7e9d9601aad5b2dfb1 P a7f6fbd26d1f411b9d826bb190020197: Bootstrap starting.
I20260709 13:09:15.647754 28750 raft_consensus.cc:493] T ad891fbfcafa48c4abe7b3ec6cea18a0 P a7f6fbd26d1f411b9d826bb190020197 [term 0 FOLLOWER]: Starting pre-election (no leader contacted us within the election timeout)
I20260709 13:09:15.648211 28750 raft_consensus.cc:515] T ad891fbfcafa48c4abe7b3ec6cea18a0 P a7f6fbd26d1f411b9d826bb190020197 [term 0 FOLLOWER]: Starting pre-election with config: opid_index: -1 OBSOLETE_local: false peers { permanent_uuid: "cd1f4558c32c4945b7afd56d20a6d08e" member_type: VOTER last_known_addr { host: "127.26.180.193" port: 41823 } } peers { permanent_uuid: "a7f6fbd26d1f411b9d826bb190020197" member_type: VOTER last_known_addr { host: "127.26.180.194" port: 36863 } } peers { permanent_uuid: "feaadd148f4444bab16c1e2080a4d63f" member_type: VOTER last_known_addr { host: "127.26.180.195" port: 45063 } }
I20260709 13:09:15.650609 28652 tablet_bootstrap.cc:654] T 6e2d0377f43c44f0b6fa8f75c50b627a P feaadd148f4444bab16c1e2080a4d63f: Neither blocks nor log segments found. Creating new log.
I20260709 13:09:15.650993 28750 leader_election.cc:290] T ad891fbfcafa48c4abe7b3ec6cea18a0 P a7f6fbd26d1f411b9d826bb190020197 [CANDIDATE]: Term 1 pre-election: Requested pre-vote from peers cd1f4558c32c4945b7afd56d20a6d08e (127.26.180.193:41823), feaadd148f4444bab16c1e2080a4d63f (127.26.180.195:45063)
I20260709 13:09:15.650828 28462 tablet_service.cc:1917] Received RequestConsensusVote() RPC: tablet_id: "ad891fbfcafa48c4abe7b3ec6cea18a0" candidate_uuid: "a7f6fbd26d1f411b9d826bb190020197" candidate_term: 1 candidate_status { last_received { term: 0 index: 0 } } ignore_live_leader: false dest_uuid: "cd1f4558c32c4945b7afd56d20a6d08e" is_pre_election: true
W20260709 13:09:15.656502 28501 leader_election.cc:343] T 9581eb36ec7a44ad8ef49b0124ba46f3 P a7f6fbd26d1f411b9d826bb190020197 [CANDIDATE]: Term 1 pre-election: Tablet error from VoteRequest() call to peer feaadd148f4444bab16c1e2080a4d63f (127.26.180.195:45063): Illegal state: must be running to vote when last-logged opid is not known
I20260709 13:09:15.657018 28501 leader_election.cc:304] T 9581eb36ec7a44ad8ef49b0124ba46f3 P a7f6fbd26d1f411b9d826bb190020197 [CANDIDATE]: Term 1 pre-election: Election decided. Result: candidate lost. Election summary: received 3 responses out of 3 voters: 1 yes votes; 2 no votes. yes voters: a7f6fbd26d1f411b9d826bb190020197; no voters: cd1f4558c32c4945b7afd56d20a6d08e, feaadd148f4444bab16c1e2080a4d63f
I20260709 13:09:15.657789 28462 raft_consensus.cc:2468] T ad891fbfcafa48c4abe7b3ec6cea18a0 P cd1f4558c32c4945b7afd56d20a6d08e [term 0 FOLLOWER]: Leader pre-election vote request: Granting yes vote for candidate a7f6fbd26d1f411b9d826bb190020197 in term 0.
I20260709 13:09:15.659287 28503 leader_election.cc:304] T ad891fbfcafa48c4abe7b3ec6cea18a0 P a7f6fbd26d1f411b9d826bb190020197 [CANDIDATE]: Term 1 pre-election: Election decided. Result: candidate won. Election summary: received 2 responses out of 3 voters: 2 yes votes; 0 no votes. yes voters: a7f6fbd26d1f411b9d826bb190020197, cd1f4558c32c4945b7afd56d20a6d08e; no voters: 
I20260709 13:09:15.659719 28653 tablet_bootstrap.cc:654] T 8fd8690fe9fd4b7e9d9601aad5b2dfb1 P a7f6fbd26d1f411b9d826bb190020197: Neither blocks nor log segments found. Creating new log.
I20260709 13:09:15.660359 28750 raft_consensus.cc:2749] T 9581eb36ec7a44ad8ef49b0124ba46f3 P a7f6fbd26d1f411b9d826bb190020197 [term 0 FOLLOWER]: Leader pre-election lost for term 1. Reason: could not achieve majority
I20260709 13:09:15.661194 28750 raft_consensus.cc:2804] T ad891fbfcafa48c4abe7b3ec6cea18a0 P a7f6fbd26d1f411b9d826bb190020197 [term 0 FOLLOWER]: Leader pre-election won for term 1
I20260709 13:09:15.661511 28750 raft_consensus.cc:493] T ad891fbfcafa48c4abe7b3ec6cea18a0 P a7f6fbd26d1f411b9d826bb190020197 [term 0 FOLLOWER]: Starting leader election (no leader contacted us within the election timeout)
I20260709 13:09:15.661855 28750 raft_consensus.cc:3060] T ad891fbfcafa48c4abe7b3ec6cea18a0 P a7f6fbd26d1f411b9d826bb190020197 [term 0 FOLLOWER]: Advancing to term 1
I20260709 13:09:15.669354 28750 raft_consensus.cc:515] T ad891fbfcafa48c4abe7b3ec6cea18a0 P a7f6fbd26d1f411b9d826bb190020197 [term 1 FOLLOWER]: Starting leader election with config: opid_index: -1 OBSOLETE_local: false peers { permanent_uuid: "cd1f4558c32c4945b7afd56d20a6d08e" member_type: VOTER last_known_addr { host: "127.26.180.193" port: 41823 } } peers { permanent_uuid: "a7f6fbd26d1f411b9d826bb190020197" member_type: VOTER last_known_addr { host: "127.26.180.194" port: 36863 } } peers { permanent_uuid: "feaadd148f4444bab16c1e2080a4d63f" member_type: VOTER last_known_addr { host: "127.26.180.195" port: 45063 } }
I20260709 13:09:15.670617 28652 tablet_bootstrap.cc:492] T 6e2d0377f43c44f0b6fa8f75c50b627a P feaadd148f4444bab16c1e2080a4d63f: No bootstrap required, opened a new log
I20260709 13:09:15.671133 28652 ts_tablet_manager.cc:1403] T 6e2d0377f43c44f0b6fa8f75c50b627a P feaadd148f4444bab16c1e2080a4d63f: Time spent bootstrapping tablet: real 0.038s	user 0.016s	sys 0.002s
I20260709 13:09:15.671929 28462 tablet_service.cc:1917] Received RequestConsensusVote() RPC: tablet_id: "ad891fbfcafa48c4abe7b3ec6cea18a0" candidate_uuid: "a7f6fbd26d1f411b9d826bb190020197" candidate_term: 1 candidate_status { last_received { term: 0 index: 0 } } ignore_live_leader: false dest_uuid: "cd1f4558c32c4945b7afd56d20a6d08e"
I20260709 13:09:15.672483 28462 raft_consensus.cc:3060] T ad891fbfcafa48c4abe7b3ec6cea18a0 P cd1f4558c32c4945b7afd56d20a6d08e [term 0 FOLLOWER]: Advancing to term 1
I20260709 13:09:15.678860 28462 raft_consensus.cc:2468] T ad891fbfcafa48c4abe7b3ec6cea18a0 P cd1f4558c32c4945b7afd56d20a6d08e [term 1 FOLLOWER]: Leader election vote request: Granting yes vote for candidate a7f6fbd26d1f411b9d826bb190020197 in term 1.
I20260709 13:09:15.679980 28503 leader_election.cc:304] T ad891fbfcafa48c4abe7b3ec6cea18a0 P a7f6fbd26d1f411b9d826bb190020197 [CANDIDATE]: Term 1 election: Election decided. Result: candidate won. Election summary: received 2 responses out of 3 voters: 2 yes votes; 0 no votes. yes voters: a7f6fbd26d1f411b9d826bb190020197, cd1f4558c32c4945b7afd56d20a6d08e; no voters: 
I20260709 13:09:15.680156 28652 raft_consensus.cc:359] T 6e2d0377f43c44f0b6fa8f75c50b627a P feaadd148f4444bab16c1e2080a4d63f [term 0 FOLLOWER]: Replica starting. Triggering 0 pending ops. Active config: opid_index: -1 OBSOLETE_local: false peers { permanent_uuid: "cd1f4558c32c4945b7afd56d20a6d08e" member_type: VOTER last_known_addr { host: "127.26.180.193" port: 41823 } } peers { permanent_uuid: "a7f6fbd26d1f411b9d826bb190020197" member_type: VOTER last_known_addr { host: "127.26.180.194" port: 36863 } } peers { permanent_uuid: "feaadd148f4444bab16c1e2080a4d63f" member_type: VOTER last_known_addr { host: "127.26.180.195" port: 45063 } }
I20260709 13:09:15.680859 28752 raft_consensus.cc:2804] T ad891fbfcafa48c4abe7b3ec6cea18a0 P a7f6fbd26d1f411b9d826bb190020197 [term 1 FOLLOWER]: Leader election won for term 1
I20260709 13:09:15.681049 28652 raft_consensus.cc:385] T 6e2d0377f43c44f0b6fa8f75c50b627a P feaadd148f4444bab16c1e2080a4d63f [term 0 FOLLOWER]: Consensus starting up: Expiring failure detector timer to make a prompt election more likely
I20260709 13:09:15.681365 28752 raft_consensus.cc:697] T ad891fbfcafa48c4abe7b3ec6cea18a0 P a7f6fbd26d1f411b9d826bb190020197 [term 1 LEADER]: Becoming Leader. State: Replica: a7f6fbd26d1f411b9d826bb190020197, State: Running, Role: LEADER
I20260709 13:09:15.681461 28652 raft_consensus.cc:740] T 6e2d0377f43c44f0b6fa8f75c50b627a P feaadd148f4444bab16c1e2080a4d63f [term 0 FOLLOWER]: Becoming Follower/Learner. State: Replica: feaadd148f4444bab16c1e2080a4d63f, State: Initialized, Role: FOLLOWER
