I20260709 13:09:05.925566 30601 raft_consensus.cc:740] T 1640dd5756f749fd8546ca110299cc59 P 027e191e31da4af2bc83c5ddc0c15d05 [term 0 FOLLOWER]: Becoming Follower/Learner. State: Replica: 027e191e31da4af2bc83c5ddc0c15d05, State: Initialized, Role: FOLLOWER
I20260709 13:09:05.925829 30600 tablet_bootstrap.cc:492] T 0500eacf70c44cb5bb9527f23aea9b1d P ce312b0d7a1747c8898a748f8d76df81: Bootstrap starting.
I20260709 13:09:05.926226 30601 consensus_queue.cc:260] T 1640dd5756f749fd8546ca110299cc59 P 027e191e31da4af2bc83c5ddc0c15d05 [NON_LEADER]: Queue going to NON_LEADER mode. State: All replicated index: 0, Majority replicated index: 0, Committed index: 0, Last appended: 0.0, Last appended by leader: 0, Current term: 0, Majority size: -1, State: 0, Mode: NON_LEADER, active raft config: opid_index: -1 OBSOLETE_local: false peers { permanent_uuid: "0472fa7187444a91b443058ef89fceb9" member_type: VOTER last_known_addr { host: "127.28.152.1" port: 33099 } } peers { permanent_uuid: "ce312b0d7a1747c8898a748f8d76df81" member_type: VOTER last_known_addr { host: "127.28.152.2" port: 33247 } } peers { permanent_uuid: "027e191e31da4af2bc83c5ddc0c15d05" member_type: VOTER last_known_addr { host: "127.28.152.3" port: 43783 } }
I20260709 13:09:05.928954 30601 ts_tablet_manager.cc:1434] T 1640dd5756f749fd8546ca110299cc59 P 027e191e31da4af2bc83c5ddc0c15d05: Time spent starting tablet: real 0.007s	user 0.003s	sys 0.004s
I20260709 13:09:05.929951 30602 ts_tablet_manager.cc:1434] T eb1e5995c7614e97bf058caeaa374e54 P 0472fa7187444a91b443058ef89fceb9: Time spent starting tablet: real 0.008s	user 0.005s	sys 0.001s
I20260709 13:09:05.930823 30602 tablet_bootstrap.cc:492] T 2c7503235ec641f7b8929ebbf8124038 P 0472fa7187444a91b443058ef89fceb9: Bootstrap starting.
I20260709 13:09:05.930837 30669 consensus_queue.cc:1048] T 3d72c167bcb8445c86bea233eccc0132 P ce312b0d7a1747c8898a748f8d76df81 [LEADER]: Connected to new peer: Peer: permanent_uuid: "0472fa7187444a91b443058ef89fceb9" member_type: VOTER last_known_addr { host: "127.28.152.1" port: 33099 }, Status: LMP_MISMATCH, Last received: 0.0, Next index: 1, Last known committed idx: 0, Time since last communication: 0.000s
I20260709 13:09:05.933481 30600 tablet_bootstrap.cc:654] T 0500eacf70c44cb5bb9527f23aea9b1d P ce312b0d7a1747c8898a748f8d76df81: Neither blocks nor log segments found. Creating new log.
I20260709 13:09:05.936318 30601 tablet_bootstrap.cc:492] T 0500eacf70c44cb5bb9527f23aea9b1d P 027e191e31da4af2bc83c5ddc0c15d05: Bootstrap starting.
I20260709 13:09:05.936906 30602 tablet_bootstrap.cc:654] T 2c7503235ec641f7b8929ebbf8124038 P 0472fa7187444a91b443058ef89fceb9: Neither blocks nor log segments found. Creating new log.
I20260709 13:09:05.942577 30601 tablet_bootstrap.cc:654] T 0500eacf70c44cb5bb9527f23aea9b1d P 027e191e31da4af2bc83c5ddc0c15d05: Neither blocks nor log segments found. Creating new log.
I20260709 13:09:05.942869 30669 raft_consensus.cc:493] T 1640dd5756f749fd8546ca110299cc59 P ce312b0d7a1747c8898a748f8d76df81 [term 0 FOLLOWER]: Starting pre-election (no leader contacted us within the election timeout)
I20260709 13:09:05.943503 30669 raft_consensus.cc:515] T 1640dd5756f749fd8546ca110299cc59 P ce312b0d7a1747c8898a748f8d76df81 [term 0 FOLLOWER]: Starting pre-election with config: opid_index: -1 OBSOLETE_local: false peers { permanent_uuid: "0472fa7187444a91b443058ef89fceb9" member_type: VOTER last_known_addr { host: "127.28.152.1" port: 33099 } } peers { permanent_uuid: "ce312b0d7a1747c8898a748f8d76df81" member_type: VOTER last_known_addr { host: "127.28.152.2" port: 33247 } } peers { permanent_uuid: "027e191e31da4af2bc83c5ddc0c15d05" member_type: VOTER last_known_addr { host: "127.28.152.3" port: 43783 } }
I20260709 13:09:05.946460 30669 leader_election.cc:290] T 1640dd5756f749fd8546ca110299cc59 P ce312b0d7a1747c8898a748f8d76df81 [CANDIDATE]: Term 1 pre-election: Requested pre-vote from peers 0472fa7187444a91b443058ef89fceb9 (127.28.152.1:33099), 027e191e31da4af2bc83c5ddc0c15d05 (127.28.152.3:43783)
I20260709 13:09:05.948261 30408 tablet_service.cc:1917] Received RequestConsensusVote() RPC: tablet_id: "1640dd5756f749fd8546ca110299cc59" candidate_uuid: "ce312b0d7a1747c8898a748f8d76df81" candidate_term: 1 candidate_status { last_received { term: 0 index: 0 } } ignore_live_leader: false dest_uuid: "0472fa7187444a91b443058ef89fceb9" is_pre_election: true
I20260709 13:09:05.950228 30559 tablet_service.cc:1917] Received RequestConsensusVote() RPC: tablet_id: "1640dd5756f749fd8546ca110299cc59" candidate_uuid: "ce312b0d7a1747c8898a748f8d76df81" candidate_term: 1 candidate_status { last_received { term: 0 index: 0 } } ignore_live_leader: false dest_uuid: "027e191e31da4af2bc83c5ddc0c15d05" is_pre_election: true
I20260709 13:09:05.950861 30559 raft_consensus.cc:2468] T 1640dd5756f749fd8546ca110299cc59 P 027e191e31da4af2bc83c5ddc0c15d05 [term 0 FOLLOWER]: Leader pre-election vote request: Granting yes vote for candidate ce312b0d7a1747c8898a748f8d76df81 in term 0.
W20260709 13:09:05.951948 30450 leader_election.cc:343] T 1640dd5756f749fd8546ca110299cc59 P ce312b0d7a1747c8898a748f8d76df81 [CANDIDATE]: Term 1 pre-election: Tablet error from VoteRequest() call to peer 0472fa7187444a91b443058ef89fceb9 (127.28.152.1:33099): Illegal state: must be running to vote when last-logged opid is not known
I20260709 13:09:05.953296 30451 leader_election.cc:304] T 1640dd5756f749fd8546ca110299cc59 P ce312b0d7a1747c8898a748f8d76df81 [CANDIDATE]: Term 1 pre-election: Election decided. Result: candidate won. Election summary: received 3 responses out of 3 voters: 2 yes votes; 1 no votes. yes voters: 027e191e31da4af2bc83c5ddc0c15d05, ce312b0d7a1747c8898a748f8d76df81; no voters: 0472fa7187444a91b443058ef89fceb9
I20260709 13:09:05.954763 30669 raft_consensus.cc:2804] T 1640dd5756f749fd8546ca110299cc59 P ce312b0d7a1747c8898a748f8d76df81 [term 0 FOLLOWER]: Leader pre-election won for term 1
I20260709 13:09:05.955250 30669 raft_consensus.cc:493] T 1640dd5756f749fd8546ca110299cc59 P ce312b0d7a1747c8898a748f8d76df81 [term 0 FOLLOWER]: Starting leader election (no leader contacted us within the election timeout)
I20260709 13:09:05.955703 30669 raft_consensus.cc:3060] T 1640dd5756f749fd8546ca110299cc59 P ce312b0d7a1747c8898a748f8d76df81 [term 0 FOLLOWER]: Advancing to term 1
I20260709 13:09:05.957459 30601 tablet_bootstrap.cc:492] T 0500eacf70c44cb5bb9527f23aea9b1d P 027e191e31da4af2bc83c5ddc0c15d05: No bootstrap required, opened a new log
I20260709 13:09:05.957947 30601 ts_tablet_manager.cc:1403] T 0500eacf70c44cb5bb9527f23aea9b1d P 027e191e31da4af2bc83c5ddc0c15d05: Time spent bootstrapping tablet: real 0.022s	user 0.010s	sys 0.007s
I20260709 13:09:05.964989 30601 raft_consensus.cc:359] T 0500eacf70c44cb5bb9527f23aea9b1d P 027e191e31da4af2bc83c5ddc0c15d05 [term 0 FOLLOWER]: Replica starting. Triggering 0 pending ops. Active config: opid_index: -1 OBSOLETE_local: false peers { permanent_uuid: "0472fa7187444a91b443058ef89fceb9" member_type: VOTER last_known_addr { host: "127.28.152.1" port: 33099 } } peers { permanent_uuid: "ce312b0d7a1747c8898a748f8d76df81" member_type: VOTER last_known_addr { host: "127.28.152.2" port: 33247 } } peers { permanent_uuid: "027e191e31da4af2bc83c5ddc0c15d05" member_type: VOTER last_known_addr { host: "127.28.152.3" port: 43783 } }
I20260709 13:09:05.966284 30601 raft_consensus.cc:385] T 0500eacf70c44cb5bb9527f23aea9b1d P 027e191e31da4af2bc83c5ddc0c15d05 [term 0 FOLLOWER]: Consensus starting up: Expiring failure detector timer to make a prompt election more likely
I20260709 13:09:05.966605 30601 raft_consensus.cc:740] T 0500eacf70c44cb5bb9527f23aea9b1d P 027e191e31da4af2bc83c5ddc0c15d05 [term 0 FOLLOWER]: Becoming Follower/Learner. State: Replica: 027e191e31da4af2bc83c5ddc0c15d05, State: Initialized, Role: FOLLOWER
I20260709 13:09:05.967447 30601 consensus_queue.cc:260] T 0500eacf70c44cb5bb9527f23aea9b1d P 027e191e31da4af2bc83c5ddc0c15d05 [NON_LEADER]: Queue going to NON_LEADER mode. State: All replicated index: 0, Majority replicated index: 0, Committed index: 0, Last appended: 0.0, Last appended by leader: 0, Current term: 0, Majority size: -1, State: 0, Mode: NON_LEADER, active raft config: opid_index: -1 OBSOLETE_local: false peers { permanent_uuid: "0472fa7187444a91b443058ef89fceb9" member_type: VOTER last_known_addr { host: "127.28.152.1" port: 33099 } } peers { permanent_uuid: "ce312b0d7a1747c8898a748f8d76df81" member_type: VOTER last_known_addr { host: "127.28.152.2" port: 33247 } } peers { permanent_uuid: "027e191e31da4af2bc83c5ddc0c15d05" member_type: VOTER last_known_addr { host: "127.28.152.3" port: 43783 } }
I20260709 13:09:05.970175 30601 ts_tablet_manager.cc:1434] T 0500eacf70c44cb5bb9527f23aea9b1d P 027e191e31da4af2bc83c5ddc0c15d05: Time spent starting tablet: real 0.012s	user 0.005s	sys 0.000s
I20260709 13:09:05.970077 30647 consensus_queue.cc:1048] T 3d72c167bcb8445c86bea233eccc0132 P ce312b0d7a1747c8898a748f8d76df81 [LEADER]: Connected to new peer: Peer: permanent_uuid: "027e191e31da4af2bc83c5ddc0c15d05" member_type: VOTER last_known_addr { host: "127.28.152.3" port: 43783 }, Status: LMP_MISMATCH, Last received: 0.0, Next index: 1, Last known committed idx: 0, Time since last communication: 0.001s
I20260709 13:09:05.971390 30601 tablet_bootstrap.cc:492] T 2ba0b89a2fc4499a917166e3b4b88cf9 P 027e191e31da4af2bc83c5ddc0c15d05: Bootstrap starting.
I20260709 13:09:05.977533 30609 raft_consensus.cc:493] T 0500eacf70c44cb5bb9527f23aea9b1d P 0472fa7187444a91b443058ef89fceb9 [term 0 FOLLOWER]: Starting pre-election (no leader contacted us within the election timeout)
I20260709 13:09:05.978017 30609 raft_consensus.cc:515] T 0500eacf70c44cb5bb9527f23aea9b1d P 0472fa7187444a91b443058ef89fceb9 [term 0 FOLLOWER]: Starting pre-election with config: opid_index: -1 OBSOLETE_local: false peers { permanent_uuid: "0472fa7187444a91b443058ef89fceb9" member_type: VOTER last_known_addr { host: "127.28.152.1" port: 33099 } } peers { permanent_uuid: "ce312b0d7a1747c8898a748f8d76df81" member_type: VOTER last_known_addr { host: "127.28.152.2" port: 33247 } } peers { permanent_uuid: "027e191e31da4af2bc83c5ddc0c15d05" member_type: VOTER last_known_addr { host: "127.28.152.3" port: 43783 } }
I20260709 13:09:05.980141 30609 leader_election.cc:290] T 0500eacf70c44cb5bb9527f23aea9b1d P 0472fa7187444a91b443058ef89fceb9 [CANDIDATE]: Term 1 pre-election: Requested pre-vote from peers ce312b0d7a1747c8898a748f8d76df81 (127.28.152.2:33247), 027e191e31da4af2bc83c5ddc0c15d05 (127.28.152.3:43783)
I20260709 13:09:05.981717 30482 tablet_service.cc:1917] Received RequestConsensusVote() RPC: tablet_id: "0500eacf70c44cb5bb9527f23aea9b1d" candidate_uuid: "0472fa7187444a91b443058ef89fceb9" candidate_term: 1 candidate_status { last_received { term: 0 index: 0 } } ignore_live_leader: false dest_uuid: "ce312b0d7a1747c8898a748f8d76df81" is_pre_election: true
W20260709 13:09:05.983187 30374 leader_election.cc:343] T 0500eacf70c44cb5bb9527f23aea9b1d P 0472fa7187444a91b443058ef89fceb9 [CANDIDATE]: Term 1 pre-election: Tablet error from VoteRequest() call to peer ce312b0d7a1747c8898a748f8d76df81 (127.28.152.2:33247): Illegal state: must be running to vote when last-logged opid is not known
I20260709 13:09:05.984715 30560 tablet_service.cc:1917] Received RequestConsensusVote() RPC: tablet_id: "0500eacf70c44cb5bb9527f23aea9b1d" candidate_uuid: "0472fa7187444a91b443058ef89fceb9" candidate_term: 1 candidate_status { last_received { term: 0 index: 0 } } ignore_live_leader: false dest_uuid: "027e191e31da4af2bc83c5ddc0c15d05" is_pre_election: true
I20260709 13:09:05.985342 30560 raft_consensus.cc:2468] T 0500eacf70c44cb5bb9527f23aea9b1d P 027e191e31da4af2bc83c5ddc0c15d05 [term 0 FOLLOWER]: Leader pre-election vote request: Granting yes vote for candidate 0472fa7187444a91b443058ef89fceb9 in term 0.
I20260709 13:09:05.987152 30376 leader_election.cc:304] T 0500eacf70c44cb5bb9527f23aea9b1d P 0472fa7187444a91b443058ef89fceb9 [CANDIDATE]: Term 1 pre-election: Election decided. Result: candidate won. Election summary: received 3 responses out of 3 voters: 2 yes votes; 1 no votes. yes voters: 027e191e31da4af2bc83c5ddc0c15d05, 0472fa7187444a91b443058ef89fceb9; no voters: ce312b0d7a1747c8898a748f8d76df81
I20260709 13:09:05.990757 30609 consensus_queue.cc:1048] T e809575d6fe84ef3afe48c9cf7532868 P 0472fa7187444a91b443058ef89fceb9 [LEADER]: Connected to new peer: Peer: permanent_uuid: "ce312b0d7a1747c8898a748f8d76df81" member_type: VOTER last_known_addr { host: "127.28.152.2" port: 33247 }, Status: LMP_MISMATCH, Last received: 0.0, Next index: 1, Last known committed idx: 0, Time since last communication: 0.000s
I20260709 13:09:05.991668 30655 raft_consensus.cc:2804] T 0500eacf70c44cb5bb9527f23aea9b1d P 0472fa7187444a91b443058ef89fceb9 [term 0 FOLLOWER]: Leader pre-election won for term 1
I20260709 13:09:05.992180 30655 raft_consensus.cc:493] T 0500eacf70c44cb5bb9527f23aea9b1d P 0472fa7187444a91b443058ef89fceb9 [term 0 FOLLOWER]: Starting leader election (no leader contacted us within the election timeout)
I20260709 13:09:05.992617 30655 raft_consensus.cc:3060] T 0500eacf70c44cb5bb9527f23aea9b1d P 0472fa7187444a91b443058ef89fceb9 [term 0 FOLLOWER]: Advancing to term 1
I20260709 13:09:06.000527 30602 tablet_bootstrap.cc:492] T 2c7503235ec641f7b8929ebbf8124038 P 0472fa7187444a91b443058ef89fceb9: No bootstrap required, opened a new log
I20260709 13:09:06.001024 30602 ts_tablet_manager.cc:1403] T 2c7503235ec641f7b8929ebbf8124038 P 0472fa7187444a91b443058ef89fceb9: Time spent bootstrapping tablet: real 0.070s	user 0.027s	sys 0.035s
I20260709 13:09:06.000870 30655 raft_consensus.cc:515] T 0500eacf70c44cb5bb9527f23aea9b1d P 0472fa7187444a91b443058ef89fceb9 [term 1 FOLLOWER]: Starting leader election with config: opid_index: -1 OBSOLETE_local: false peers { permanent_uuid: "0472fa7187444a91b443058ef89fceb9" member_type: VOTER last_known_addr { host: "127.28.152.1" port: 33099 } } peers { permanent_uuid: "ce312b0d7a1747c8898a748f8d76df81" member_type: VOTER last_known_addr { host: "127.28.152.2" port: 33247 } } peers { permanent_uuid: "027e191e31da4af2bc83c5ddc0c15d05" member_type: VOTER last_known_addr { host: "127.28.152.3" port: 43783 } }
I20260709 13:09:06.002321 30601 tablet_bootstrap.cc:654] T 2ba0b89a2fc4499a917166e3b4b88cf9 P 027e191e31da4af2bc83c5ddc0c15d05: Neither blocks nor log segments found. Creating new log.
I20260709 13:09:06.003547 30486 tablet_service.cc:1917] Received RequestConsensusVote() RPC: tablet_id: "0500eacf70c44cb5bb9527f23aea9b1d" candidate_uuid: "0472fa7187444a91b443058ef89fceb9" candidate_term: 1 candidate_status { last_received { term: 0 index: 0 } } ignore_live_leader: false dest_uuid: "ce312b0d7a1747c8898a748f8d76df81"
I20260709 13:09:06.003646 30602 raft_consensus.cc:359] T 2c7503235ec641f7b8929ebbf8124038 P 0472fa7187444a91b443058ef89fceb9 [term 0 FOLLOWER]: Replica starting. Triggering 0 pending ops. Active config: opid_index: -1 OBSOLETE_local: false peers { permanent_uuid: "0472fa7187444a91b443058ef89fceb9" member_type: VOTER last_known_addr { host: "127.28.152.1" port: 33099 } } peers { permanent_uuid: "ce312b0d7a1747c8898a748f8d76df81" member_type: VOTER last_known_addr { host: "127.28.152.2" port: 33247 } } peers { permanent_uuid: "027e191e31da4af2bc83c5ddc0c15d05" member_type: VOTER last_known_addr { host: "127.28.152.3" port: 43783 } }
I20260709 13:09:06.004462 30602 raft_consensus.cc:385] T 2c7503235ec641f7b8929ebbf8124038 P 0472fa7187444a91b443058ef89fceb9 [term 0 FOLLOWER]: Consensus starting up: Expiring failure detector timer to make a prompt election more likely
I20260709 13:09:06.004734 30602 raft_consensus.cc:740] T 2c7503235ec641f7b8929ebbf8124038 P 0472fa7187444a91b443058ef89fceb9 [term 0 FOLLOWER]: Becoming Follower/Learner. State: Replica: 0472fa7187444a91b443058ef89fceb9, State: Initialized, Role: FOLLOWER
W20260709 13:09:06.004981 30374 leader_election.cc:343] T 0500eacf70c44cb5bb9527f23aea9b1d P 0472fa7187444a91b443058ef89fceb9 [CANDIDATE]: Term 1 election: Tablet error from VoteRequest() call to peer ce312b0d7a1747c8898a748f8d76df81 (127.28.152.2:33247): Illegal state: must be running to vote when last-logged opid is not known
I20260709 13:09:06.005471 30602 consensus_queue.cc:260] T 2c7503235ec641f7b8929ebbf8124038 P 0472fa7187444a91b443058ef89fceb9 [NON_LEADER]: Queue going to NON_LEADER mode. State: All replicated index: 0, Majority replicated index: 0, Committed index: 0, Last appended: 0.0, Last appended by leader: 0, Current term: 0, Majority size: -1, State: 0, Mode: NON_LEADER, active raft config: opid_index: -1 OBSOLETE_local: false peers { permanent_uuid: "0472fa7187444a91b443058ef89fceb9" member_type: VOTER last_known_addr { host: "127.28.152.1" port: 33099 } } peers { permanent_uuid: "ce312b0d7a1747c8898a748f8d76df81" member_type: VOTER last_known_addr { host: "127.28.152.2" port: 33247 } } peers { permanent_uuid: "027e191e31da4af2bc83c5ddc0c15d05" member_type: VOTER last_known_addr { host: "127.28.152.3" port: 43783 } }
I20260709 13:09:06.007525 30600 tablet_bootstrap.cc:492] T 0500eacf70c44cb5bb9527f23aea9b1d P ce312b0d7a1747c8898a748f8d76df81: No bootstrap required, opened a new log
I20260709 13:09:06.007745 30602 ts_tablet_manager.cc:1434] T 2c7503235ec641f7b8929ebbf8124038 P 0472fa7187444a91b443058ef89fceb9: Time spent starting tablet: real 0.006s	user 0.006s	sys 0.002s
I20260709 13:09:06.007947 30600 ts_tablet_manager.cc:1403] T 0500eacf70c44cb5bb9527f23aea9b1d P ce312b0d7a1747c8898a748f8d76df81: Time spent bootstrapping tablet: real 0.082s	user 0.013s	sys 0.004s
I20260709 13:09:06.009241 30602 tablet_bootstrap.cc:492] T 7846efa5da12423cb3343cd5f3483869 P 0472fa7187444a91b443058ef89fceb9: Bootstrap starting.
I20260709 13:09:06.016031 30602 tablet_bootstrap.cc:654] T 7846efa5da12423cb3343cd5f3483869 P 0472fa7187444a91b443058ef89fceb9: Neither blocks nor log segments found. Creating new log.
I20260709 13:09:06.018764 30601 tablet_bootstrap.cc:492] T 2ba0b89a2fc4499a917166e3b4b88cf9 P 027e191e31da4af2bc83c5ddc0c15d05: No bootstrap required, opened a new log
I20260709 13:09:06.019225 30601 ts_tablet_manager.cc:1403] T 2ba0b89a2fc4499a917166e3b4b88cf9 P 027e191e31da4af2bc83c5ddc0c15d05: Time spent bootstrapping tablet: real 0.048s	user 0.011s	sys 0.001s
I20260709 13:09:06.027300 30602 tablet_bootstrap.cc:492] T 7846efa5da12423cb3343cd5f3483869 P 0472fa7187444a91b443058ef89fceb9: No bootstrap required, opened a new log
I20260709 13:09:06.027769 30602 ts_tablet_manager.cc:1403] T 7846efa5da12423cb3343cd5f3483869 P 0472fa7187444a91b443058ef89fceb9: Time spent bootstrapping tablet: real 0.019s	user 0.015s	sys 0.000s
I20260709 13:09:06.030275 30601 raft_consensus.cc:359] T 2ba0b89a2fc4499a917166e3b4b88cf9 P 027e191e31da4af2bc83c5ddc0c15d05 [term 0 FOLLOWER]: Replica starting. Triggering 0 pending ops. Active config: opid_index: -1 OBSOLETE_local: false peers { permanent_uuid: "0472fa7187444a91b443058ef89fceb9" member_type: VOTER last_known_addr { host: "127.28.152.1" port: 33099 } } peers { permanent_uuid: "ce312b0d7a1747c8898a748f8d76df81" member_type: VOTER last_known_addr { host: "127.28.152.2" port: 33247 } } peers { permanent_uuid: "027e191e31da4af2bc83c5ddc0c15d05" member_type: VOTER last_known_addr { host: "127.28.152.3" port: 43783 } }
I20260709 13:09:06.030498 30602 raft_consensus.cc:359] T 7846efa5da12423cb3343cd5f3483869 P 0472fa7187444a91b443058ef89fceb9 [term 0 FOLLOWER]: Replica starting. Triggering 0 pending ops. Active config: opid_index: -1 OBSOLETE_local: false peers { permanent_uuid: "0472fa7187444a91b443058ef89fceb9" member_type: VOTER last_known_addr { host: "127.28.152.1" port: 33099 } } peers { permanent_uuid: "ce312b0d7a1747c8898a748f8d76df81" member_type: VOTER last_known_addr { host: "127.28.152.2" port: 33247 } } peers { permanent_uuid: "027e191e31da4af2bc83c5ddc0c15d05" member_type: VOTER last_known_addr { host: "127.28.152.3" port: 43783 } }
I20260709 13:09:06.031073 30601 raft_consensus.cc:385] T 2ba0b89a2fc4499a917166e3b4b88cf9 P 027e191e31da4af2bc83c5ddc0c15d05 [term 0 FOLLOWER]: Consensus starting up: Expiring failure detector timer to make a prompt election more likely
I20260709 13:09:06.031216 30602 raft_consensus.cc:385] T 7846efa5da12423cb3343cd5f3483869 P 0472fa7187444a91b443058ef89fceb9 [term 0 FOLLOWER]: Consensus starting up: Expiring failure detector timer to make a prompt election more likely
I20260709 13:09:06.031590 30601 raft_consensus.cc:740] T 2ba0b89a2fc4499a917166e3b4b88cf9 P 027e191e31da4af2bc83c5ddc0c15d05 [term 0 FOLLOWER]: Becoming Follower/Learner. State: Replica: 027e191e31da4af2bc83c5ddc0c15d05, State: Initialized, Role: FOLLOWER
I20260709 13:09:06.031612 30602 raft_consensus.cc:740] T 7846efa5da12423cb3343cd5f3483869 P 0472fa7187444a91b443058ef89fceb9 [term 0 FOLLOWER]: Becoming Follower/Learner. State: Replica: 0472fa7187444a91b443058ef89fceb9, State: Initialized, Role: FOLLOWER
I20260709 13:09:06.032490 30601 consensus_queue.cc:260] T 2ba0b89a2fc4499a917166e3b4b88cf9 P 027e191e31da4af2bc83c5ddc0c15d05 [NON_LEADER]: Queue going to NON_LEADER mode. State: All replicated index: 0, Majority replicated index: 0, Committed index: 0, Last appended: 0.0, Last appended by leader: 0, Current term: 0, Majority size: -1, State: 0, Mode: NON_LEADER, active raft config: opid_index: -1 OBSOLETE_local: false peers { permanent_uuid: "0472fa7187444a91b443058ef89fceb9" member_type: VOTER last_known_addr { host: "127.28.152.1" port: 33099 } } peers { permanent_uuid: "ce312b0d7a1747c8898a748f8d76df81" member_type: VOTER last_known_addr { host: "127.28.152.2" port: 33247 } } peers { permanent_uuid: "027e191e31da4af2bc83c5ddc0c15d05" member_type: VOTER last_known_addr { host: "127.28.152.3" port: 43783 } }
I20260709 13:09:06.032642 30602 consensus_queue.cc:260] T 7846efa5da12423cb3343cd5f3483869 P 0472fa7187444a91b443058ef89fceb9 [NON_LEADER]: Queue going to NON_LEADER mode. State: All replicated index: 0, Majority replicated index: 0, Committed index: 0, Last appended: 0.0, Last appended by leader: 0, Current term: 0, Majority size: -1, State: 0, Mode: NON_LEADER, active raft config: opid_index: -1 OBSOLETE_local: false peers { permanent_uuid: "0472fa7187444a91b443058ef89fceb9" member_type: VOTER last_known_addr { host: "127.28.152.1" port: 33099 } } peers { permanent_uuid: "ce312b0d7a1747c8898a748f8d76df81" member_type: VOTER last_known_addr { host: "127.28.152.2" port: 33247 } } peers { permanent_uuid: "027e191e31da4af2bc83c5ddc0c15d05" member_type: VOTER last_known_addr { host: "127.28.152.3" port: 43783 } }
I20260709 13:09:06.034770 30601 ts_tablet_manager.cc:1434] T 2ba0b89a2fc4499a917166e3b4b88cf9 P 027e191e31da4af2bc83c5ddc0c15d05: Time spent starting tablet: real 0.015s	user 0.007s	sys 0.000s
I20260709 13:09:06.035686 30601 tablet_bootstrap.cc:492] T 2e1b5d40df944767ab310e2bd822d5b0 P 027e191e31da4af2bc83c5ddc0c15d05: Bootstrap starting.
I20260709 13:09:06.040678 30669 raft_consensus.cc:515] T 1640dd5756f749fd8546ca110299cc59 P ce312b0d7a1747c8898a748f8d76df81 [term 1 FOLLOWER]: Starting leader election with config: opid_index: -1 OBSOLETE_local: false peers { permanent_uuid: "0472fa7187444a91b443058ef89fceb9" member_type: VOTER last_known_addr { host: "127.28.152.1" port: 33099 } } peers { permanent_uuid: "ce312b0d7a1747c8898a748f8d76df81" member_type: VOTER last_known_addr { host: "127.28.152.2" port: 33247 } } peers { permanent_uuid: "027e191e31da4af2bc83c5ddc0c15d05" member_type: VOTER last_known_addr { host: "127.28.152.3" port: 43783 } }
I20260709 13:09:06.041463 30601 tablet_bootstrap.cc:654] T 2e1b5d40df944767ab310e2bd822d5b0 P 027e191e31da4af2bc83c5ddc0c15d05: Neither blocks nor log segments found. Creating new log.
I20260709 13:09:06.042672 30602 ts_tablet_manager.cc:1434] T 7846efa5da12423cb3343cd5f3483869 P 0472fa7187444a91b443058ef89fceb9: Time spent starting tablet: real 0.015s	user 0.008s	sys 0.005s
I20260709 13:09:06.043958 30560 tablet_service.cc:1917] Received RequestConsensusVote() RPC: tablet_id: "0500eacf70c44cb5bb9527f23aea9b1d" candidate_uuid: "0472fa7187444a91b443058ef89fceb9" candidate_term: 1 candidate_status { last_received { term: 0 index: 0 } } ignore_live_leader: false dest_uuid: "027e191e31da4af2bc83c5ddc0c15d05"
I20260709 13:09:06.044274 30602 tablet_bootstrap.cc:492] T 7244cfd402714902be2b9ef1ac7af65a P 0472fa7187444a91b443058ef89fceb9: Bootstrap starting.
I20260709 13:09:06.044654 30560 raft_consensus.cc:3060] T 0500eacf70c44cb5bb9527f23aea9b1d P 027e191e31da4af2bc83c5ddc0c15d05 [term 0 FOLLOWER]: Advancing to term 1
I20260709 13:09:06.049237 30609 consensus_queue.cc:1048] T e809575d6fe84ef3afe48c9cf7532868 P 0472fa7187444a91b443058ef89fceb9 [LEADER]: Connected to new peer: Peer: permanent_uuid: "027e191e31da4af2bc83c5ddc0c15d05" member_type: VOTER last_known_addr { host: "127.28.152.3" port: 43783 }, Status: LMP_MISMATCH, Last received: 0.0, Next index: 1, Last known committed idx: 0, Time since last communication: 0.000s
I20260709 13:09:06.050483 30602 tablet_bootstrap.cc:654] T 7244cfd402714902be2b9ef1ac7af65a P 0472fa7187444a91b443058ef89fceb9: Neither blocks nor log segments found. Creating new log.
I20260709 13:09:06.062839 30655 leader_election.cc:290] T 0500eacf70c44cb5bb9527f23aea9b1d P 0472fa7187444a91b443058ef89fceb9 [CANDIDATE]: Term 1 election: Requested vote from peers ce312b0d7a1747c8898a748f8d76df81 (127.28.152.2:33247), 027e191e31da4af2bc83c5ddc0c15d05 (127.28.152.3:43783)
I20260709 13:09:06.067816 30560 raft_consensus.cc:2468] T 0500eacf70c44cb5bb9527f23aea9b1d P 027e191e31da4af2bc83c5ddc0c15d05 [term 1 FOLLOWER]: Leader election vote request: Granting yes vote for candidate 0472fa7187444a91b443058ef89fceb9 in term 1.
I20260709 13:09:06.069417 30602 tablet_bootstrap.cc:492] T 7244cfd402714902be2b9ef1ac7af65a P 0472fa7187444a91b443058ef89fceb9: No bootstrap required, opened a new log
I20260709 13:09:06.069913 30602 ts_tablet_manager.cc:1403] T 7244cfd402714902be2b9ef1ac7af65a P 0472fa7187444a91b443058ef89fceb9: Time spent bootstrapping tablet: real 0.026s	user 0.009s	sys 0.006s
I20260709 13:09:06.070552 30376 leader_election.cc:304] T 0500eacf70c44cb5bb9527f23aea9b1d P 0472fa7187444a91b443058ef89fceb9 [CANDIDATE]: Term 1 election: Election decided. Result: candidate won. Election summary: received 3 responses out of 3 voters: 2 yes votes; 1 no votes. yes voters: 027e191e31da4af2bc83c5ddc0c15d05, 0472fa7187444a91b443058ef89fceb9; no voters: ce312b0d7a1747c8898a748f8d76df81
I20260709 13:09:06.072237 30702 raft_consensus.cc:2804] T 0500eacf70c44cb5bb9527f23aea9b1d P 0472fa7187444a91b443058ef89fceb9 [term 1 FOLLOWER]: Leader election won for term 1
I20260709 13:09:06.072456 30602 raft_consensus.cc:359] T 7244cfd402714902be2b9ef1ac7af65a P 0472fa7187444a91b443058ef89fceb9 [term 0 FOLLOWER]: Replica starting. Triggering 0 pending ops. Active config: opid_index: -1 OBSOLETE_local: false peers { permanent_uuid: "0472fa7187444a91b443058ef89fceb9" member_type: VOTER last_known_addr { host: "127.28.152.1" port: 33099 } } peers { permanent_uuid: "ce312b0d7a1747c8898a748f8d76df81" member_type: VOTER last_known_addr { host: "127.28.152.2" port: 33247 } } peers { permanent_uuid: "027e191e31da4af2bc83c5ddc0c15d05" member_type: VOTER last_known_addr { host: "127.28.152.3" port: 43783 } }
I20260709 13:09:06.072932 30702 raft_consensus.cc:697] T 0500eacf70c44cb5bb9527f23aea9b1d P 0472fa7187444a91b443058ef89fceb9 [term 1 LEADER]: Becoming Leader. State: Replica: 0472fa7187444a91b443058ef89fceb9, State: Running, Role: LEADER
I20260709 13:09:06.073213 30602 raft_consensus.cc:385] T 7244cfd402714902be2b9ef1ac7af65a P 0472fa7187444a91b443058ef89fceb9 [term 0 FOLLOWER]: Consensus starting up: Expiring failure detector timer to make a prompt election more likely
I20260709 13:09:06.073532 30602 raft_consensus.cc:740] T 7244cfd402714902be2b9ef1ac7af65a P 0472fa7187444a91b443058ef89fceb9 [term 0 FOLLOWER]: Becoming Follower/Learner. State: Replica: 0472fa7187444a91b443058ef89fceb9, State: Initialized, Role: FOLLOWER
I20260709 13:09:06.074332 30602 consensus_queue.cc:260] T 7244cfd402714902be2b9ef1ac7af65a P 0472fa7187444a91b443058ef89fceb9 [NON_LEADER]: Queue going to NON_LEADER mode. State: All replicated index: 0, Majority replicated index: 0, Committed index: 0, Last appended: 0.0, Last appended by leader: 0, Current term: 0, Majority size: -1, State: 0, Mode: NON_LEADER, active raft config: opid_index: -1 OBSOLETE_local: false peers { permanent_uuid: "0472fa7187444a91b443058ef89fceb9" member_type: VOTER last_known_addr { host: "127.28.152.1" port: 33099 } } peers { permanent_uuid: "ce312b0d7a1747c8898a748f8d76df81" member_type: VOTER last_known_addr { host: "127.28.152.2" port: 33247 } } peers { permanent_uuid: "027e191e31da4af2bc83c5ddc0c15d05" member_type: VOTER last_known_addr { host: "127.28.152.3" port: 43783 } }
I20260709 13:09:06.010354 30600 raft_consensus.cc:359] T 0500eacf70c44cb5bb9527f23aea9b1d P ce312b0d7a1747c8898a748f8d76df81 [term 0 FOLLOWER]: Replica starting. Triggering 0 pending ops. Active config: opid_index: -1 OBSOLETE_local: false peers { permanent_uuid: "0472fa7187444a91b443058ef89fceb9" member_type: VOTER last_known_addr { host: "127.28.152.1" port: 33099 } } peers { permanent_uuid: "ce312b0d7a1747c8898a748f8d76df81" member_type: VOTER last_known_addr { host: "127.28.152.2" port: 33247 } } peers { permanent_uuid: "027e191e31da4af2bc83c5ddc0c15d05" member_type: VOTER last_known_addr { host: "127.28.152.3" port: 43783 } }
I20260709 13:09:06.075950 30600 raft_consensus.cc:385] T 0500eacf70c44cb5bb9527f23aea9b1d P ce312b0d7a1747c8898a748f8d76df81 [term 0 FOLLOWER]: Consensus starting up: Expiring failure detector timer to make a prompt election more likely
I20260709 13:09:06.076320 30600 raft_consensus.cc:740] T 0500eacf70c44cb5bb9527f23aea9b1d P ce312b0d7a1747c8898a748f8d76df81 [term 0 FOLLOWER]: Becoming Follower/Learner. State: Replica: ce312b0d7a1747c8898a748f8d76df81, State: Initialized, Role: FOLLOWER
I20260709 13:09:06.076459 30602 ts_tablet_manager.cc:1434] T 7244cfd402714902be2b9ef1ac7af65a P 0472fa7187444a91b443058ef89fceb9: Time spent starting tablet: real 0.006s	user 0.007s	sys 0.000s
I20260709 13:09:06.074142 30702 consensus_queue.cc:237] T 0500eacf70c44cb5bb9527f23aea9b1d P 0472fa7187444a91b443058ef89fceb9 [LEADER]: Queue going to LEADER mode. State: All replicated index: 0, Majority replicated index: 0, Committed index: 0, Last appended: 0.0, Last appended by leader: 0, Current term: 1, Majority size: 2, State: 0, Mode: LEADER, active raft config: opid_index: -1 OBSOLETE_local: false peers { permanent_uuid: "0472fa7187444a91b443058ef89fceb9" member_type: VOTER last_known_addr { host: "127.28.152.1" port: 33099 } } peers { permanent_uuid: "ce312b0d7a1747c8898a748f8d76df81" member_type: VOTER last_known_addr { host: "127.28.152.2" port: 33247 } } peers { permanent_uuid: "027e191e31da4af2bc83c5ddc0c15d05" member_type: VOTER last_known_addr { host: "127.28.152.3" port: 43783 } }
I20260709 13:09:06.077669 30602 tablet_bootstrap.cc:492] T 2ba0b89a2fc4499a917166e3b4b88cf9 P 0472fa7187444a91b443058ef89fceb9: Bootstrap starting.
I20260709 13:09:06.080638 30409 tablet_service.cc:1917] Received RequestConsensusVote() RPC: tablet_id: "1640dd5756f749fd8546ca110299cc59" candidate_uuid: "ce312b0d7a1747c8898a748f8d76df81" candidate_term: 1 candidate_status { last_received { term: 0 index: 0 } } ignore_live_leader: false dest_uuid: "0472fa7187444a91b443058ef89fceb9"
I20260709 13:09:06.080588 30600 consensus_queue.cc:260] T 0500eacf70c44cb5bb9527f23aea9b1d P ce312b0d7a1747c8898a748f8d76df81 [NON_LEADER]: Queue going to NON_LEADER mode. State: All replicated index: 0, Majority replicated index: 0, Committed index: 0, Last appended: 0.0, Last appended by leader: 0, Current term: 0, Majority size: -1, State: 0, Mode: NON_LEADER, active raft config: opid_index: -1 OBSOLETE_local: false peers { permanent_uuid: "0472fa7187444a91b443058ef89fceb9" member_type: VOTER last_known_addr { host: "127.28.152.1" port: 33099 } } peers { permanent_uuid: "ce312b0d7a1747c8898a748f8d76df81" member_type: VOTER last_known_addr { host: "127.28.152.2" port: 33247 } } peers { permanent_uuid: "027e191e31da4af2bc83c5ddc0c15d05" member_type: VOTER last_known_addr { host: "127.28.152.3" port: 43783 } }
I20260709 13:09:06.082031 30669 leader_election.cc:290] T 1640dd5756f749fd8546ca110299cc59 P ce312b0d7a1747c8898a748f8d76df81 [CANDIDATE]: Term 1 election: Requested vote from peers 0472fa7187444a91b443058ef89fceb9 (127.28.152.1:33099), 027e191e31da4af2bc83c5ddc0c15d05 (127.28.152.3:43783)
W20260709 13:09:06.082227 30450 leader_election.cc:343] T 1640dd5756f749fd8546ca110299cc59 P ce312b0d7a1747c8898a748f8d76df81 [CANDIDATE]: Term 1 election: Tablet error from VoteRequest() call to peer 0472fa7187444a91b443058ef89fceb9 (127.28.152.1:33099): Illegal state: must be running to vote when last-logged opid is not known
I20260709 13:09:06.083592 30560 tablet_service.cc:1917] Received RequestConsensusVote() RPC: tablet_id: "1640dd5756f749fd8546ca110299cc59" candidate_uuid: "ce312b0d7a1747c8898a748f8d76df81" candidate_term: 1 candidate_status { last_received { term: 0 index: 0 } } ignore_live_leader: false dest_uuid: "027e191e31da4af2bc83c5ddc0c15d05"
I20260709 13:09:06.084592 30560 raft_consensus.cc:3060] T 1640dd5756f749fd8546ca110299cc59 P 027e191e31da4af2bc83c5ddc0c15d05 [term 0 FOLLOWER]: Advancing to term 1
I20260709 13:09:06.083987 30602 tablet_bootstrap.cc:654] T 2ba0b89a2fc4499a917166e3b4b88cf9 P 0472fa7187444a91b443058ef89fceb9: Neither blocks nor log segments found. Creating new log.
I20260709 13:09:06.086052 30409 raft_consensus.cc:3060] T 2c7503235ec641f7b8929ebbf8124038 P 0472fa7187444a91b443058ef89fceb9 [term 0 FOLLOWER]: Advancing to term 1
I20260709 13:09:06.092720 30600 ts_tablet_manager.cc:1434] T 0500eacf70c44cb5bb9527f23aea9b1d P ce312b0d7a1747c8898a748f8d76df81: Time spent starting tablet: real 0.084s	user 0.007s	sys 0.000s
I20260709 13:09:06.093663 30600 tablet_bootstrap.cc:492] T 3320ad6cc8ec4755a5fcf40ada291b5a P ce312b0d7a1747c8898a748f8d76df81: Bootstrap starting.
I20260709 13:09:06.093907 30672 consensus_queue.cc:1048] T 2c7503235ec641f7b8929ebbf8124038 P 027e191e31da4af2bc83c5ddc0c15d05 [LEADER]: Connected to new peer: Peer: permanent_uuid: "0472fa7187444a91b443058ef89fceb9" member_type: VOTER last_known_addr { host: "127.28.152.1" port: 33099 }, Status: LMP_MISMATCH, Last received: 0.0, Next index: 1, Last known committed idx: 0, Time since last communication: 0.000s
I20260709 13:09:06.103583 30669 consensus_queue.cc:1048] T 497264cf15754f0e9029cd057a54a7fb P ce312b0d7a1747c8898a748f8d76df81 [LEADER]: Connected to new peer: Peer: permanent_uuid: "0472fa7187444a91b443058ef89fceb9" member_type: VOTER last_known_addr { host: "127.28.152.1" port: 33099 }, Status: LMP_MISMATCH, Last received: 0.0, Next index: 1, Last known committed idx: 0, Time since last communication: 0.001s
I20260709 13:09:06.107362 30655 raft_consensus.cc:493] T 0d1e11d913434fda8959a45d48772c1f P 0472fa7187444a91b443058ef89fceb9 [term 0 FOLLOWER]: Starting pre-election (no leader contacted us within the election timeout)
I20260709 13:09:06.107827 30655 raft_consensus.cc:515] T 0d1e11d913434fda8959a45d48772c1f P 0472fa7187444a91b443058ef89fceb9 [term 0 FOLLOWER]: Starting pre-election with config: opid_index: -1 OBSOLETE_local: false peers { permanent_uuid: "0472fa7187444a91b443058ef89fceb9" member_type: VOTER last_known_addr { host: "127.28.152.1" port: 33099 } } peers { permanent_uuid: "ce312b0d7a1747c8898a748f8d76df81" member_type: VOTER last_known_addr { host: "127.28.152.2" port: 33247 } } peers { permanent_uuid: "027e191e31da4af2bc83c5ddc0c15d05" member_type: VOTER last_known_addr { host: "127.28.152.3" port: 43783 } }
I20260709 13:09:06.109858 30655 leader_election.cc:290] T 0d1e11d913434fda8959a45d48772c1f P 0472fa7187444a91b443058ef89fceb9 [CANDIDATE]: Term 1 pre-election: Requested pre-vote from peers ce312b0d7a1747c8898a748f8d76df81 (127.28.152.2:33247), 027e191e31da4af2bc83c5ddc0c15d05 (127.28.152.3:43783)
I20260709 13:09:06.113312 30482 tablet_service.cc:1917] Received RequestConsensusVote() RPC: tablet_id: "0d1e11d913434fda8959a45d48772c1f" candidate_uuid: "0472fa7187444a91b443058ef89fceb9" candidate_term: 1 candidate_status { last_received { term: 0 index: 0 } } ignore_live_leader: false dest_uuid: "ce312b0d7a1747c8898a748f8d76df81" is_pre_election: true
I20260709 13:09:06.114051 30482 raft_consensus.cc:2393] T 0d1e11d913434fda8959a45d48772c1f P ce312b0d7a1747c8898a748f8d76df81 [term 1 FOLLOWER]: Leader pre-election vote request: Denying vote to candidate 0472fa7187444a91b443058ef89fceb9 in current term 1: Already voted for candidate 027e191e31da4af2bc83c5ddc0c15d05 in this term.
I20260709 13:09:06.119769 30600 tablet_bootstrap.cc:654] T 3320ad6cc8ec4755a5fcf40ada291b5a P ce312b0d7a1747c8898a748f8d76df81: Neither blocks nor log segments found. Creating new log.
I20260709 13:09:06.119840 30559 tablet_service.cc:1917] Received RequestConsensusVote() RPC: tablet_id: "0d1e11d913434fda8959a45d48772c1f" candidate_uuid: "0472fa7187444a91b443058ef89fceb9" candidate_term: 1 candidate_status { last_received { term: 0 index: 0 } } ignore_live_leader: false dest_uuid: "027e191e31da4af2bc83c5ddc0c15d05" is_pre_election: true
I20260709 13:09:06.129242 30376 leader_election.cc:304] T 0d1e11d913434fda8959a45d48772c1f P 0472fa7187444a91b443058ef89fceb9 [CANDIDATE]: Term 1 pre-election: Election decided. Result: candidate lost. Election summary: received 3 responses out of 3 voters: 1 yes votes; 2 no votes. yes voters: 0472fa7187444a91b443058ef89fceb9; no voters: 027e191e31da4af2bc83c5ddc0c15d05, ce312b0d7a1747c8898a748f8d76df81
I20260709 13:09:06.150918 30560 raft_consensus.cc:2468] T 1640dd5756f749fd8546ca110299cc59 P 027e191e31da4af2bc83c5ddc0c15d05 [term 1 FOLLOWER]: Leader election vote request: Granting yes vote for candidate ce312b0d7a1747c8898a748f8d76df81 in term 1.
I20260709 13:09:06.157302 30664 consensus_queue.cc:1048] T ed91464a4fda479c9d2d6dfa8ca92193 P 0472fa7187444a91b443058ef89fceb9 [LEADER]: Connected to new peer: Peer: permanent_uuid: "ce312b0d7a1747c8898a748f8d76df81" member_type: VOTER last_known_addr { host: "127.28.152.2" port: 33247 }, Status: LMP_MISMATCH, Last received: 0.0, Next index: 1, Last known committed idx: 0, Time since last communication: 0.000s
I20260709 13:09:06.160236 30451 leader_election.cc:304] T 1640dd5756f749fd8546ca110299cc59 P ce312b0d7a1747c8898a748f8d76df81 [CANDIDATE]: Term 1 election: Election decided. Result: candidate won. Election summary: received 3 responses out of 3 voters: 2 yes votes; 1 no votes. yes voters: 027e191e31da4af2bc83c5ddc0c15d05, ce312b0d7a1747c8898a748f8d76df81; no voters: 0472fa7187444a91b443058ef89fceb9
I20260709 13:09:06.156425 30655 raft_consensus.cc:3060] T 0d1e11d913434fda8959a45d48772c1f P 0472fa7187444a91b443058ef89fceb9 [term 0 FOLLOWER]: Advancing to term 1
I20260709 13:09:06.161625 30698 raft_consensus.cc:2804] T 1640dd5756f749fd8546ca110299cc59 P ce312b0d7a1747c8898a748f8d76df81 [term 1 FOLLOWER]: Leader election won for term 1
I20260709 13:09:06.161876 30672 consensus_queue.cc:1048] T 2c7503235ec641f7b8929ebbf8124038 P 027e191e31da4af2bc83c5ddc0c15d05 [LEADER]: Connected to new peer: Peer: permanent_uuid: "ce312b0d7a1747c8898a748f8d76df81" member_type: VOTER last_known_addr { host: "127.28.152.2" port: 33247 }, Status: LMP_MISMATCH, Last received: 0.0, Next index: 1, Last known committed idx: 0, Time since last communication: 0.000s
I20260709 13:09:06.168313 30669 consensus_queue.cc:1048] T 497264cf15754f0e9029cd057a54a7fb P ce312b0d7a1747c8898a748f8d76df81 [LEADER]: Connected to new peer: Peer: permanent_uuid: "027e191e31da4af2bc83c5ddc0c15d05" member_type: VOTER last_known_addr { host: "127.28.152.3" port: 43783 }, Status: LMP_MISMATCH, Last received: 0.0, Next index: 1, Last known committed idx: 0, Time since last communication: 0.000s
I20260709 13:09:06.168887 30601 tablet_bootstrap.cc:492] T 2e1b5d40df944767ab310e2bd822d5b0 P 027e191e31da4af2bc83c5ddc0c15d05: No bootstrap required, opened a new log
I20260709 13:09:06.168951 30698 raft_consensus.cc:697] T 1640dd5756f749fd8546ca110299cc59 P ce312b0d7a1747c8898a748f8d76df81 [term 1 LEADER]: Becoming Leader. State: Replica: ce312b0d7a1747c8898a748f8d76df81, State: Running, Role: LEADER
I20260709 13:09:06.169406 30601 ts_tablet_manager.cc:1403] T 2e1b5d40df944767ab310e2bd822d5b0 P 027e191e31da4af2bc83c5ddc0c15d05: Time spent bootstrapping tablet: real 0.134s	user 0.020s	sys 0.040s
I20260709 13:09:06.172454 30602 tablet_bootstrap.cc:492] T 2ba0b89a2fc4499a917166e3b4b88cf9 P 0472fa7187444a91b443058ef89fceb9: No bootstrap required, opened a new log
I20260709 13:09:06.172931 30602 ts_tablet_manager.cc:1403] T 2ba0b89a2fc4499a917166e3b4b88cf9 P 0472fa7187444a91b443058ef89fceb9: Time spent bootstrapping tablet: real 0.095s	user 0.012s	sys 0.015s
I20260709 13:09:06.169883 30698 consensus_queue.cc:237] T 1640dd5756f749fd8546ca110299cc59 P ce312b0d7a1747c8898a748f8d76df81 [LEADER]: Queue going to LEADER mode. State: All replicated index: 0, Majority replicated index: 0, Committed index: 0, Last appended: 0.0, Last appended by leader: 0, Current term: 1, Majority size: 2, State: 0, Mode: LEADER, active raft config: opid_index: -1 OBSOLETE_local: false peers { permanent_uuid: "0472fa7187444a91b443058ef89fceb9" member_type: VOTER last_known_addr { host: "127.28.152.1" port: 33099 } } peers { permanent_uuid: "ce312b0d7a1747c8898a748f8d76df81" member_type: VOTER last_known_addr { host: "127.28.152.2" port: 33247 } } peers { permanent_uuid: "027e191e31da4af2bc83c5ddc0c15d05" member_type: VOTER last_known_addr { host: "127.28.152.3" port: 43783 } }
I20260709 13:09:06.173565 30601 raft_consensus.cc:359] T 2e1b5d40df944767ab310e2bd822d5b0 P 027e191e31da4af2bc83c5ddc0c15d05 [term 0 FOLLOWER]: Replica starting. Triggering 0 pending ops. Active config: opid_index: -1 OBSOLETE_local: false peers { permanent_uuid: "0472fa7187444a91b443058ef89fceb9" member_type: VOTER last_known_addr { host: "127.28.152.1" port: 33099 } } peers { permanent_uuid: "ce312b0d7a1747c8898a748f8d76df81" member_type: VOTER last_known_addr { host: "127.28.152.2" port: 33247 } } peers { permanent_uuid: "027e191e31da4af2bc83c5ddc0c15d05" member_type: VOTER last_known_addr { host: "127.28.152.3" port: 43783 } }
I20260709 13:09:06.271471 30601 raft_consensus.cc:385] T 2e1b5d40df944767ab310e2bd822d5b0 P 027e191e31da4af2bc83c5ddc0c15d05 [term 0 FOLLOWER]: Consensus starting up: Expiring failure detector timer to make a prompt election more likely
I20260709 13:09:06.271818 30601 raft_consensus.cc:740] T 2e1b5d40df944767ab310e2bd822d5b0 P 027e191e31da4af2bc83c5ddc0c15d05 [term 0 FOLLOWER]: Becoming Follower/Learner. State: Replica: 027e191e31da4af2bc83c5ddc0c15d05, State: Initialized, Role: FOLLOWER
I20260709 13:09:06.193929 30670 consensus_queue.cc:1048] T 0d1e11d913434fda8959a45d48772c1f P 027e191e31da4af2bc83c5ddc0c15d05 [LEADER]: Connected to new peer: Peer: permanent_uuid: "ce312b0d7a1747c8898a748f8d76df81" member_type: VOTER last_known_addr { host: "127.28.152.2" port: 33247 }, Status: LMP_MISMATCH, Last received: 0.0, Next index: 1, Last known committed idx: 0, Time since last communication: 0.081s
I20260709 13:09:06.194099 30672 raft_consensus.cc:493] T 7244cfd402714902be2b9ef1ac7af65a P 027e191e31da4af2bc83c5ddc0c15d05 [term 0 FOLLOWER]: Starting pre-election (no leader contacted us within the election timeout)
I20260709 13:09:06.278191 30670 raft_consensus.cc:493] T 3320ad6cc8ec4755a5fcf40ada291b5a P 027e191e31da4af2bc83c5ddc0c15d05 [term 0 FOLLOWER]: Starting pre-election (no leader contacted us within the election timeout)
I20260709 13:09:06.269114 30647 raft_consensus.cc:493] T 0500eacf70c44cb5bb9527f23aea9b1d P ce312b0d7a1747c8898a748f8d76df81 [term 0 FOLLOWER]: Starting pre-election (no leader contacted us within the election timeout)
I20260709 13:09:06.265558 30669 raft_consensus.cc:493] T 7846efa5da12423cb3343cd5f3483869 P ce312b0d7a1747c8898a748f8d76df81 [term 0 FOLLOWER]: Starting pre-election (no leader contacted us within the election timeout)
I20260709 13:09:06.278779 30602 raft_consensus.cc:359] T 2ba0b89a2fc4499a917166e3b4b88cf9 P 0472fa7187444a91b443058ef89fceb9 [term 0 FOLLOWER]: Replica starting. Triggering 0 pending ops. Active config: opid_index: -1 OBSOLETE_local: false peers { permanent_uuid: "0472fa7187444a91b443058ef89fceb9" member_type: VOTER last_known_addr { host: "127.28.152.1" port: 33099 } } peers { permanent_uuid: "ce312b0d7a1747c8898a748f8d76df81" member_type: VOTER last_known_addr { host: "127.28.152.2" port: 33247 } } peers { permanent_uuid: "027e191e31da4af2bc83c5ddc0c15d05" member_type: VOTER last_known_addr { host: "127.28.152.3" port: 43783 } }
I20260709 13:09:06.281082 30602 raft_consensus.cc:385] T 2ba0b89a2fc4499a917166e3b4b88cf9 P 0472fa7187444a91b443058ef89fceb9 [term 0 FOLLOWER]: Consensus starting up: Expiring failure detector timer to make a prompt election more likely
I20260709 13:09:06.280019 30601 consensus_queue.cc:260] T 2e1b5d40df944767ab310e2bd822d5b0 P 027e191e31da4af2bc83c5ddc0c15d05 [NON_LEADER]: Queue going to NON_LEADER mode. State: All replicated index: 0, Majority replicated index: 0, Committed index: 0, Last appended: 0.0, Last appended by leader: 0, Current term: 0, Majority size: -1, State: 0, Mode: NON_LEADER, active raft config: opid_index: -1 OBSOLETE_local: false peers { permanent_uuid: "0472fa7187444a91b443058ef89fceb9" member_type: VOTER last_known_addr { host: "127.28.152.1" port: 33099 } } peers { permanent_uuid: "ce312b0d7a1747c8898a748f8d76df81" member_type: VOTER last_known_addr { host: "127.28.152.2" port: 33247 } } peers { permanent_uuid: "027e191e31da4af2bc83c5ddc0c15d05" member_type: VOTER last_known_addr { host: "127.28.152.3" port: 43783 } }
I20260709 13:09:06.192759 30655 raft_consensus.cc:2749] T 0d1e11d913434fda8959a45d48772c1f P 0472fa7187444a91b443058ef89fceb9 [term 1 FOLLOWER]: Leader pre-election lost for term 1. Reason: could not achieve majority
I20260709 13:09:06.277094 30672 raft_consensus.cc:515] T 7244cfd402714902be2b9ef1ac7af65a P 027e191e31da4af2bc83c5ddc0c15d05 [term 0 FOLLOWER]: Starting pre-election with config: opid_index: -1 OBSOLETE_local: false peers { permanent_uuid: "0472fa7187444a91b443058ef89fceb9" member_type: VOTER last_known_addr { host: "127.28.152.1" port: 33099 } } peers { permanent_uuid: "ce312b0d7a1747c8898a748f8d76df81" member_type: VOTER last_known_addr { host: "127.28.152.2" port: 33247 } } peers { permanent_uuid: "027e191e31da4af2bc83c5ddc0c15d05" member_type: VOTER last_known_addr { host: "127.28.152.3" port: 43783 } }
I20260709 13:09:06.282841 30647 raft_consensus.cc:515] T 0500eacf70c44cb5bb9527f23aea9b1d P ce312b0d7a1747c8898a748f8d76df81 [term 0 FOLLOWER]: Starting pre-election with config: opid_index: -1 OBSOLETE_local: false peers { permanent_uuid: "0472fa7187444a91b443058ef89fceb9" member_type: VOTER last_known_addr { host: "127.28.152.1" port: 33099 } } peers { permanent_uuid: "ce312b0d7a1747c8898a748f8d76df81" member_type: VOTER last_known_addr { host: "127.28.152.2" port: 33247 } } peers { permanent_uuid: "027e191e31da4af2bc83c5ddc0c15d05" member_type: VOTER last_known_addr { host: "127.28.152.3" port: 43783 } }
I20260709 13:09:06.281478 30602 raft_consensus.cc:740] T 2ba0b89a2fc4499a917166e3b4b88cf9 P 0472fa7187444a91b443058ef89fceb9 [term 0 FOLLOWER]: Becoming Follower/Learner. State: Replica: 0472fa7187444a91b443058ef89fceb9, State: Initialized, Role: FOLLOWER
I20260709 13:09:06.285053 30670 raft_consensus.cc:515] T 3320ad6cc8ec4755a5fcf40ada291b5a P 027e191e31da4af2bc83c5ddc0c15d05 [term 0 FOLLOWER]: Starting pre-election with config: opid_index: -1 OBSOLETE_local: false peers { permanent_uuid: "0472fa7187444a91b443058ef89fceb9" member_type: VOTER last_known_addr { host: "127.28.152.1" port: 33099 } } peers { permanent_uuid: "ce312b0d7a1747c8898a748f8d76df81" member_type: VOTER last_known_addr { host: "127.28.152.2" port: 33247 } } peers { permanent_uuid: "027e191e31da4af2bc83c5ddc0c15d05" member_type: VOTER last_known_addr { host: "127.28.152.3" port: 43783 } }
I20260709 13:09:06.286710 30647 leader_election.cc:290] T 0500eacf70c44cb5bb9527f23aea9b1d P ce312b0d7a1747c8898a748f8d76df81 [CANDIDATE]: Term 1 pre-election: Requested pre-vote from peers 0472fa7187444a91b443058ef89fceb9 (127.28.152.1:33099), 027e191e31da4af2bc83c5ddc0c15d05 (127.28.152.3:43783)
I20260709 13:09:06.287460 30408 tablet_service.cc:1917] Received RequestConsensusVote() RPC: tablet_id: "0500eacf70c44cb5bb9527f23aea9b1d" candidate_uuid: "ce312b0d7a1747c8898a748f8d76df81" candidate_term: 1 candidate_status { last_received { term: 0 index: 0 } } ignore_live_leader: false dest_uuid: "0472fa7187444a91b443058ef89fceb9" is_pre_election: true
I20260709 13:09:06.287937 30669 raft_consensus.cc:515] T 7846efa5da12423cb3343cd5f3483869 P ce312b0d7a1747c8898a748f8d76df81 [term 0 FOLLOWER]: Starting pre-election with config: opid_index: -1 OBSOLETE_local: false peers { permanent_uuid: "0472fa7187444a91b443058ef89fceb9" member_type: VOTER last_known_addr { host: "127.28.152.1" port: 33099 } } peers { permanent_uuid: "ce312b0d7a1747c8898a748f8d76df81" member_type: VOTER last_known_addr { host: "127.28.152.2" port: 33247 } } peers { permanent_uuid: "027e191e31da4af2bc83c5ddc0c15d05" member_type: VOTER last_known_addr { host: "127.28.152.3" port: 43783 } }
I20260709 13:09:06.292114 30560 tablet_service.cc:1917] Received RequestConsensusVote() RPC: tablet_id: "0500eacf70c44cb5bb9527f23aea9b1d" candidate_uuid: "ce312b0d7a1747c8898a748f8d76df81" candidate_term: 1 candidate_status { last_received { term: 0 index: 0 } } ignore_live_leader: false dest_uuid: "027e191e31da4af2bc83c5ddc0c15d05" is_pre_election: true
