I20260709 13:08:43.709996 29641 consensus_queue.cc:237] T 2c9b1fa464614b3c86e5f7a01f9cd5ba P 3644324927284bb3a0eb4c1c10f5e565 [LEADER]: Queue going to LEADER mode. State: All replicated index: 0, Majority replicated index: 1, Committed index: 1, Last appended: 1.1, Last appended by leader: 1, Current term: 2, Majority size: 2, State: 0, Mode: LEADER, active raft config: opid_index: -1 OBSOLETE_local: false peers { permanent_uuid: "3644324927284bb3a0eb4c1c10f5e565" member_type: VOTER last_known_addr { host: "127.28.152.1" port: 35673 } } peers { permanent_uuid: "b9122ed3bd39401dbb86fc07556fc78c" member_type: VOTER last_known_addr { host: "127.28.152.2" port: 43605 } } peers { permanent_uuid: "90cf0f51cc5249ad830ec0f497446b4d" member_type: VOTER last_known_addr { host: "127.28.152.3" port: 37127 } }
I20260709 13:08:43.716462 29312 catalog_manager.cc:5697] T 2c9b1fa464614b3c86e5f7a01f9cd5ba P 3644324927284bb3a0eb4c1c10f5e565 reported cstate change: term changed from 1 to 2, leader changed from 90cf0f51cc5249ad830ec0f497446b4d (127.28.152.3) to 3644324927284bb3a0eb4c1c10f5e565 (127.28.152.1). New cstate: current_term: 2 leader_uuid: "3644324927284bb3a0eb4c1c10f5e565" committed_config { opid_index: -1 OBSOLETE_local: false peers { permanent_uuid: "3644324927284bb3a0eb4c1c10f5e565" member_type: VOTER last_known_addr { host: "127.28.152.1" port: 35673 } health_report { overall_health: HEALTHY } } peers { permanent_uuid: "b9122ed3bd39401dbb86fc07556fc78c" member_type: VOTER last_known_addr { host: "127.28.152.2" port: 43605 } health_report { overall_health: UNKNOWN } } peers { permanent_uuid: "90cf0f51cc5249ad830ec0f497446b4d" member_type: VOTER last_known_addr { host: "127.28.152.3" port: 37127 } health_report { overall_health: UNKNOWN } } }
I20260709 13:08:43.830255 29647 raft_consensus.cc:993] T 4cdae9576e3b4cf6978eb766eb8d1b04 P 90cf0f51cc5249ad830ec0f497446b4d: : Instructing follower b9122ed3bd39401dbb86fc07556fc78c to start an election
I20260709 13:08:43.830734 29636 raft_consensus.cc:1081] T 4cdae9576e3b4cf6978eb766eb8d1b04 P 90cf0f51cc5249ad830ec0f497446b4d [term 1 LEADER]: Signalling peer b9122ed3bd39401dbb86fc07556fc78c to start an election
I20260709 13:08:43.832263 29490 tablet_service.cc:2044] Received Run Leader Election RPC: tablet_id: "4cdae9576e3b4cf6978eb766eb8d1b04"
dest_uuid: "b9122ed3bd39401dbb86fc07556fc78c"
 from {username='slave'} at 127.0.0.1:55020
I20260709 13:08:43.832770 29490 raft_consensus.cc:493] T 4cdae9576e3b4cf6978eb766eb8d1b04 P b9122ed3bd39401dbb86fc07556fc78c [term 1 FOLLOWER]: Starting forced leader election (received explicit request)
I20260709 13:08:43.833068 29490 raft_consensus.cc:3060] T 4cdae9576e3b4cf6978eb766eb8d1b04 P b9122ed3bd39401dbb86fc07556fc78c [term 1 FOLLOWER]: Advancing to term 2
I20260709 13:08:43.837481 29490 raft_consensus.cc:515] T 4cdae9576e3b4cf6978eb766eb8d1b04 P b9122ed3bd39401dbb86fc07556fc78c [term 2 FOLLOWER]: Starting forced leader election with config: opid_index: -1 OBSOLETE_local: false peers { permanent_uuid: "3644324927284bb3a0eb4c1c10f5e565" member_type: VOTER last_known_addr { host: "127.28.152.1" port: 35673 } } peers { permanent_uuid: "b9122ed3bd39401dbb86fc07556fc78c" member_type: VOTER last_known_addr { host: "127.28.152.2" port: 43605 } } peers { permanent_uuid: "90cf0f51cc5249ad830ec0f497446b4d" member_type: VOTER last_known_addr { host: "127.28.152.3" port: 37127 } }
I20260709 13:08:43.839027 29490 leader_election.cc:290] T 4cdae9576e3b4cf6978eb766eb8d1b04 P b9122ed3bd39401dbb86fc07556fc78c [CANDIDATE]: Term 2 election: Requested vote from peers 3644324927284bb3a0eb4c1c10f5e565 (127.28.152.1:35673), 90cf0f51cc5249ad830ec0f497446b4d (127.28.152.3:37127)
I20260709 13:08:43.840040 29415 tablet_service.cc:1917] Received RequestConsensusVote() RPC: tablet_id: "4cdae9576e3b4cf6978eb766eb8d1b04" candidate_uuid: "b9122ed3bd39401dbb86fc07556fc78c" candidate_term: 2 candidate_status { last_received { term: 1 index: 1 } } ignore_live_leader: true dest_uuid: "3644324927284bb3a0eb4c1c10f5e565"
I20260709 13:08:43.840188 29564 tablet_service.cc:1917] Received RequestConsensusVote() RPC: tablet_id: "4cdae9576e3b4cf6978eb766eb8d1b04" candidate_uuid: "b9122ed3bd39401dbb86fc07556fc78c" candidate_term: 2 candidate_status { last_received { term: 1 index: 1 } } ignore_live_leader: true dest_uuid: "90cf0f51cc5249ad830ec0f497446b4d"
I20260709 13:08:43.840503 29415 raft_consensus.cc:3060] T 4cdae9576e3b4cf6978eb766eb8d1b04 P 3644324927284bb3a0eb4c1c10f5e565 [term 1 FOLLOWER]: Advancing to term 2
I20260709 13:08:43.840713 29564 raft_consensus.cc:3055] T 4cdae9576e3b4cf6978eb766eb8d1b04 P 90cf0f51cc5249ad830ec0f497446b4d [term 1 LEADER]: Stepping down as leader of term 1
I20260709 13:08:43.841063 29564 raft_consensus.cc:740] T 4cdae9576e3b4cf6978eb766eb8d1b04 P 90cf0f51cc5249ad830ec0f497446b4d [term 1 LEADER]: Becoming Follower/Learner. State: Replica: 90cf0f51cc5249ad830ec0f497446b4d, State: Running, Role: LEADER
I20260709 13:08:43.841684 29564 consensus_queue.cc:260] T 4cdae9576e3b4cf6978eb766eb8d1b04 P 90cf0f51cc5249ad830ec0f497446b4d [NON_LEADER]: Queue going to NON_LEADER mode. State: All replicated index: 0, Majority replicated index: 1, Committed index: 1, Last appended: 1.1, Last appended by leader: 1, Current term: 1, Majority size: -1, State: 0, Mode: NON_LEADER, active raft config: opid_index: -1 OBSOLETE_local: false peers { permanent_uuid: "3644324927284bb3a0eb4c1c10f5e565" member_type: VOTER last_known_addr { host: "127.28.152.1" port: 35673 } } peers { permanent_uuid: "b9122ed3bd39401dbb86fc07556fc78c" member_type: VOTER last_known_addr { host: "127.28.152.2" port: 43605 } } peers { permanent_uuid: "90cf0f51cc5249ad830ec0f497446b4d" member_type: VOTER last_known_addr { host: "127.28.152.3" port: 37127 } }
I20260709 13:08:43.842540 29564 raft_consensus.cc:3060] T 4cdae9576e3b4cf6978eb766eb8d1b04 P 90cf0f51cc5249ad830ec0f497446b4d [term 1 FOLLOWER]: Advancing to term 2
I20260709 13:08:43.845347 29415 raft_consensus.cc:2468] T 4cdae9576e3b4cf6978eb766eb8d1b04 P 3644324927284bb3a0eb4c1c10f5e565 [term 2 FOLLOWER]: Leader election vote request: Granting yes vote for candidate b9122ed3bd39401dbb86fc07556fc78c in term 2.
I20260709 13:08:43.846475 29456 leader_election.cc:304] T 4cdae9576e3b4cf6978eb766eb8d1b04 P b9122ed3bd39401dbb86fc07556fc78c [CANDIDATE]: Term 2 election: Election decided. Result: candidate won. Election summary: received 2 responses out of 3 voters: 2 yes votes; 0 no votes. yes voters: 3644324927284bb3a0eb4c1c10f5e565, b9122ed3bd39401dbb86fc07556fc78c; no voters: 
I20260709 13:08:43.847309 29684 raft_consensus.cc:2804] T 4cdae9576e3b4cf6978eb766eb8d1b04 P b9122ed3bd39401dbb86fc07556fc78c [term 2 FOLLOWER]: Leader election won for term 2
I20260709 13:08:43.847690 29684 raft_consensus.cc:697] T 4cdae9576e3b4cf6978eb766eb8d1b04 P b9122ed3bd39401dbb86fc07556fc78c [term 2 LEADER]: Becoming Leader. State: Replica: b9122ed3bd39401dbb86fc07556fc78c, State: Running, Role: LEADER
I20260709 13:08:43.848623 29564 raft_consensus.cc:2468] T 4cdae9576e3b4cf6978eb766eb8d1b04 P 90cf0f51cc5249ad830ec0f497446b4d [term 2 FOLLOWER]: Leader election vote request: Granting yes vote for candidate b9122ed3bd39401dbb86fc07556fc78c in term 2.
I20260709 13:08:43.848469 29684 consensus_queue.cc:237] T 4cdae9576e3b4cf6978eb766eb8d1b04 P b9122ed3bd39401dbb86fc07556fc78c [LEADER]: Queue going to LEADER mode. State: All replicated index: 0, Majority replicated index: 1, Committed index: 1, Last appended: 1.1, Last appended by leader: 1, Current term: 2, Majority size: 2, State: 0, Mode: LEADER, active raft config: opid_index: -1 OBSOLETE_local: false peers { permanent_uuid: "3644324927284bb3a0eb4c1c10f5e565" member_type: VOTER last_known_addr { host: "127.28.152.1" port: 35673 } } peers { permanent_uuid: "b9122ed3bd39401dbb86fc07556fc78c" member_type: VOTER last_known_addr { host: "127.28.152.2" port: 43605 } } peers { permanent_uuid: "90cf0f51cc5249ad830ec0f497446b4d" member_type: VOTER last_known_addr { host: "127.28.152.3" port: 37127 } }
I20260709 13:08:43.854424 29312 catalog_manager.cc:5697] T 4cdae9576e3b4cf6978eb766eb8d1b04 P b9122ed3bd39401dbb86fc07556fc78c reported cstate change: term changed from 1 to 2, leader changed from 90cf0f51cc5249ad830ec0f497446b4d (127.28.152.3) to b9122ed3bd39401dbb86fc07556fc78c (127.28.152.2). New cstate: current_term: 2 leader_uuid: "b9122ed3bd39401dbb86fc07556fc78c" committed_config { opid_index: -1 OBSOLETE_local: false peers { permanent_uuid: "3644324927284bb3a0eb4c1c10f5e565" member_type: VOTER last_known_addr { host: "127.28.152.1" port: 35673 } health_report { overall_health: UNKNOWN } } peers { permanent_uuid: "b9122ed3bd39401dbb86fc07556fc78c" member_type: VOTER last_known_addr { host: "127.28.152.2" port: 43605 } health_report { overall_health: HEALTHY } } peers { permanent_uuid: "90cf0f51cc5249ad830ec0f497446b4d" member_type: VOTER last_known_addr { host: "127.28.152.3" port: 37127 } health_report { overall_health: UNKNOWN } } }
I20260709 13:08:43.856755 29617 raft_consensus.cc:993] T e24e3637d70b4632878a145dd0fc92f9 P b9122ed3bd39401dbb86fc07556fc78c: : Instructing follower 3644324927284bb3a0eb4c1c10f5e565 to start an election
I20260709 13:08:43.857175 29684 raft_consensus.cc:1081] T e24e3637d70b4632878a145dd0fc92f9 P b9122ed3bd39401dbb86fc07556fc78c [term 1 LEADER]: Signalling peer 3644324927284bb3a0eb4c1c10f5e565 to start an election
I20260709 13:08:43.858778 29415 tablet_service.cc:2044] Received Run Leader Election RPC: tablet_id: "e24e3637d70b4632878a145dd0fc92f9"
dest_uuid: "3644324927284bb3a0eb4c1c10f5e565"
 from {username='slave'} at 127.0.0.1:55102
I20260709 13:08:43.859334 29415 raft_consensus.cc:493] T e24e3637d70b4632878a145dd0fc92f9 P 3644324927284bb3a0eb4c1c10f5e565 [term 1 FOLLOWER]: Starting forced leader election (received explicit request)
I20260709 13:08:43.859692 29415 raft_consensus.cc:3060] T e24e3637d70b4632878a145dd0fc92f9 P 3644324927284bb3a0eb4c1c10f5e565 [term 1 FOLLOWER]: Advancing to term 2
I20260709 13:08:43.861773 29643 raft_consensus.cc:993] T cb49d868fd4742eabaaf062f2291a437 P b9122ed3bd39401dbb86fc07556fc78c: : Instructing follower 90cf0f51cc5249ad830ec0f497446b4d to start an election
I20260709 13:08:43.862260 29643 raft_consensus.cc:1081] T cb49d868fd4742eabaaf062f2291a437 P b9122ed3bd39401dbb86fc07556fc78c [term 1 LEADER]: Signalling peer 90cf0f51cc5249ad830ec0f497446b4d to start an election
I20260709 13:08:43.864068 29564 tablet_service.cc:2044] Received Run Leader Election RPC: tablet_id: "cb49d868fd4742eabaaf062f2291a437"
dest_uuid: "90cf0f51cc5249ad830ec0f497446b4d"
 from {username='slave'} at 127.0.0.1:58366
I20260709 13:08:43.864537 29564 raft_consensus.cc:493] T cb49d868fd4742eabaaf062f2291a437 P 90cf0f51cc5249ad830ec0f497446b4d [term 1 FOLLOWER]: Starting forced leader election (received explicit request)
I20260709 13:08:43.864848 29564 raft_consensus.cc:3060] T cb49d868fd4742eabaaf062f2291a437 P 90cf0f51cc5249ad830ec0f497446b4d [term 1 FOLLOWER]: Advancing to term 2
I20260709 13:08:43.865818 29415 raft_consensus.cc:515] T e24e3637d70b4632878a145dd0fc92f9 P 3644324927284bb3a0eb4c1c10f5e565 [term 2 FOLLOWER]: Starting forced leader election with config: opid_index: -1 OBSOLETE_local: false peers { permanent_uuid: "90cf0f51cc5249ad830ec0f497446b4d" member_type: VOTER last_known_addr { host: "127.28.152.3" port: 37127 } } peers { permanent_uuid: "b9122ed3bd39401dbb86fc07556fc78c" member_type: VOTER last_known_addr { host: "127.28.152.2" port: 43605 } } peers { permanent_uuid: "3644324927284bb3a0eb4c1c10f5e565" member_type: VOTER last_known_addr { host: "127.28.152.1" port: 35673 } }
I20260709 13:08:43.867916 29415 leader_election.cc:290] T e24e3637d70b4632878a145dd0fc92f9 P 3644324927284bb3a0eb4c1c10f5e565 [CANDIDATE]: Term 2 election: Requested vote from peers 90cf0f51cc5249ad830ec0f497446b4d (127.28.152.3:37127), b9122ed3bd39401dbb86fc07556fc78c (127.28.152.2:43605)
I20260709 13:08:43.868548 29563 tablet_service.cc:1917] Received RequestConsensusVote() RPC: tablet_id: "e24e3637d70b4632878a145dd0fc92f9" candidate_uuid: "3644324927284bb3a0eb4c1c10f5e565" candidate_term: 2 candidate_status { last_received { term: 1 index: 1 } } ignore_live_leader: true dest_uuid: "90cf0f51cc5249ad830ec0f497446b4d"
I20260709 13:08:43.868954 29563 raft_consensus.cc:3060] T e24e3637d70b4632878a145dd0fc92f9 P 90cf0f51cc5249ad830ec0f497446b4d [term 1 FOLLOWER]: Advancing to term 2
I20260709 13:08:43.870676 29564 raft_consensus.cc:515] T cb49d868fd4742eabaaf062f2291a437 P 90cf0f51cc5249ad830ec0f497446b4d [term 2 FOLLOWER]: Starting forced leader election with config: opid_index: -1 OBSOLETE_local: false peers { permanent_uuid: "3644324927284bb3a0eb4c1c10f5e565" member_type: VOTER last_known_addr { host: "127.28.152.1" port: 35673 } } peers { permanent_uuid: "b9122ed3bd39401dbb86fc07556fc78c" member_type: VOTER last_known_addr { host: "127.28.152.2" port: 43605 } } peers { permanent_uuid: "90cf0f51cc5249ad830ec0f497446b4d" member_type: VOTER last_known_addr { host: "127.28.152.3" port: 37127 } }
I20260709 13:08:43.871824 29490 tablet_service.cc:1917] Received RequestConsensusVote() RPC: tablet_id: "e24e3637d70b4632878a145dd0fc92f9" candidate_uuid: "3644324927284bb3a0eb4c1c10f5e565" candidate_term: 2 candidate_status { last_received { term: 1 index: 1 } } ignore_live_leader: true dest_uuid: "b9122ed3bd39401dbb86fc07556fc78c"
I20260709 13:08:43.872388 29490 raft_consensus.cc:3055] T e24e3637d70b4632878a145dd0fc92f9 P b9122ed3bd39401dbb86fc07556fc78c [term 1 LEADER]: Stepping down as leader of term 1
I20260709 13:08:43.873503 29490 raft_consensus.cc:740] T e24e3637d70b4632878a145dd0fc92f9 P b9122ed3bd39401dbb86fc07556fc78c [term 1 LEADER]: Becoming Follower/Learner. State: Replica: b9122ed3bd39401dbb86fc07556fc78c, State: Running, Role: LEADER
I20260709 13:08:43.873595 29415 tablet_service.cc:1917] Received RequestConsensusVote() RPC: tablet_id: "cb49d868fd4742eabaaf062f2291a437" candidate_uuid: "90cf0f51cc5249ad830ec0f497446b4d" candidate_term: 2 candidate_status { last_received { term: 1 index: 1 } } ignore_live_leader: true dest_uuid: "3644324927284bb3a0eb4c1c10f5e565"
I20260709 13:08:43.873840 29488 tablet_service.cc:1917] Received RequestConsensusVote() RPC: tablet_id: "cb49d868fd4742eabaaf062f2291a437" candidate_uuid: "90cf0f51cc5249ad830ec0f497446b4d" candidate_term: 2 candidate_status { last_received { term: 1 index: 1 } } ignore_live_leader: true dest_uuid: "b9122ed3bd39401dbb86fc07556fc78c"
I20260709 13:08:43.874142 29415 raft_consensus.cc:3060] T cb49d868fd4742eabaaf062f2291a437 P 3644324927284bb3a0eb4c1c10f5e565 [term 1 FOLLOWER]: Advancing to term 2
I20260709 13:08:43.874420 29488 raft_consensus.cc:3055] T cb49d868fd4742eabaaf062f2291a437 P b9122ed3bd39401dbb86fc07556fc78c [term 1 LEADER]: Stepping down as leader of term 1
I20260709 13:08:43.874593 29563 raft_consensus.cc:2468] T e24e3637d70b4632878a145dd0fc92f9 P 90cf0f51cc5249ad830ec0f497446b4d [term 2 FOLLOWER]: Leader election vote request: Granting yes vote for candidate 3644324927284bb3a0eb4c1c10f5e565 in term 2.
I20260709 13:08:43.872862 29564 leader_election.cc:290] T cb49d868fd4742eabaaf062f2291a437 P 90cf0f51cc5249ad830ec0f497446b4d [CANDIDATE]: Term 2 election: Requested vote from peers 3644324927284bb3a0eb4c1c10f5e565 (127.28.152.1:35673), b9122ed3bd39401dbb86fc07556fc78c (127.28.152.2:43605)
I20260709 13:08:43.874889 29488 raft_consensus.cc:740] T cb49d868fd4742eabaaf062f2291a437 P b9122ed3bd39401dbb86fc07556fc78c [term 1 LEADER]: Becoming Follower/Learner. State: Replica: b9122ed3bd39401dbb86fc07556fc78c, State: Running, Role: LEADER
I20260709 13:08:43.874334 29490 consensus_queue.cc:260] T e24e3637d70b4632878a145dd0fc92f9 P b9122ed3bd39401dbb86fc07556fc78c [NON_LEADER]: Queue going to NON_LEADER mode. State: All replicated index: 0, Majority replicated index: 1, Committed index: 1, Last appended: 1.1, Last appended by leader: 1, Current term: 1, Majority size: -1, State: 0, Mode: NON_LEADER, active raft config: opid_index: -1 OBSOLETE_local: false peers { permanent_uuid: "90cf0f51cc5249ad830ec0f497446b4d" member_type: VOTER last_known_addr { host: "127.28.152.3" port: 37127 } } peers { permanent_uuid: "b9122ed3bd39401dbb86fc07556fc78c" member_type: VOTER last_known_addr { host: "127.28.152.2" port: 43605 } } peers { permanent_uuid: "3644324927284bb3a0eb4c1c10f5e565" member_type: VOTER last_known_addr { host: "127.28.152.1" port: 35673 } }
I20260709 13:08:43.875783 29379 leader_election.cc:304] T e24e3637d70b4632878a145dd0fc92f9 P 3644324927284bb3a0eb4c1c10f5e565 [CANDIDATE]: Term 2 election: Election decided. Result: candidate won. Election summary: received 2 responses out of 3 voters: 2 yes votes; 0 no votes. yes voters: 3644324927284bb3a0eb4c1c10f5e565, 90cf0f51cc5249ad830ec0f497446b4d; no voters: 
I20260709 13:08:43.875761 29488 consensus_queue.cc:260] T cb49d868fd4742eabaaf062f2291a437 P b9122ed3bd39401dbb86fc07556fc78c [NON_LEADER]: Queue going to NON_LEADER mode. State: All replicated index: 0, Majority replicated index: 1, Committed index: 1, Last appended: 1.1, Last appended by leader: 1, Current term: 1, Majority size: -1, State: 0, Mode: NON_LEADER, active raft config: opid_index: -1 OBSOLETE_local: false peers { permanent_uuid: "3644324927284bb3a0eb4c1c10f5e565" member_type: VOTER last_known_addr { host: "127.28.152.1" port: 35673 } } peers { permanent_uuid: "b9122ed3bd39401dbb86fc07556fc78c" member_type: VOTER last_known_addr { host: "127.28.152.2" port: 43605 } } peers { permanent_uuid: "90cf0f51cc5249ad830ec0f497446b4d" member_type: VOTER last_known_addr { host: "127.28.152.3" port: 37127 } }
I20260709 13:08:43.876446 29490 raft_consensus.cc:3060] T e24e3637d70b4632878a145dd0fc92f9 P b9122ed3bd39401dbb86fc07556fc78c [term 1 FOLLOWER]: Advancing to term 2
I20260709 13:08:43.876869 29488 raft_consensus.cc:3060] T cb49d868fd4742eabaaf062f2291a437 P b9122ed3bd39401dbb86fc07556fc78c [term 1 FOLLOWER]: Advancing to term 2
I20260709 13:08:43.878880 29641 raft_consensus.cc:2804] T e24e3637d70b4632878a145dd0fc92f9 P 3644324927284bb3a0eb4c1c10f5e565 [term 2 FOLLOWER]: Leader election won for term 2
I20260709 13:08:43.879252 29641 raft_consensus.cc:697] T e24e3637d70b4632878a145dd0fc92f9 P 3644324927284bb3a0eb4c1c10f5e565 [term 2 LEADER]: Becoming Leader. State: Replica: 3644324927284bb3a0eb4c1c10f5e565, State: Running, Role: LEADER
I20260709 13:08:43.879855 29641 consensus_queue.cc:237] T e24e3637d70b4632878a145dd0fc92f9 P 3644324927284bb3a0eb4c1c10f5e565 [LEADER]: Queue going to LEADER mode. State: All replicated index: 0, Majority replicated index: 1, Committed index: 1, Last appended: 1.1, Last appended by leader: 1, Current term: 2, Majority size: 2, State: 0, Mode: LEADER, active raft config: opid_index: -1 OBSOLETE_local: false peers { permanent_uuid: "90cf0f51cc5249ad830ec0f497446b4d" member_type: VOTER last_known_addr { host: "127.28.152.3" port: 37127 } } peers { permanent_uuid: "b9122ed3bd39401dbb86fc07556fc78c" member_type: VOTER last_known_addr { host: "127.28.152.2" port: 43605 } } peers { permanent_uuid: "3644324927284bb3a0eb4c1c10f5e565" member_type: VOTER last_known_addr { host: "127.28.152.1" port: 35673 } }
I20260709 13:08:43.880622 29415 raft_consensus.cc:2468] T cb49d868fd4742eabaaf062f2291a437 P 3644324927284bb3a0eb4c1c10f5e565 [term 2 FOLLOWER]: Leader election vote request: Granting yes vote for candidate 90cf0f51cc5249ad830ec0f497446b4d in term 2.
I20260709 13:08:43.881917 29530 leader_election.cc:304] T cb49d868fd4742eabaaf062f2291a437 P 90cf0f51cc5249ad830ec0f497446b4d [CANDIDATE]: Term 2 election: Election decided. Result: candidate won. Election summary: received 2 responses out of 3 voters: 2 yes votes; 0 no votes. yes voters: 3644324927284bb3a0eb4c1c10f5e565, 90cf0f51cc5249ad830ec0f497446b4d; no voters: 
I20260709 13:08:43.882746 29636 raft_consensus.cc:2804] T cb49d868fd4742eabaaf062f2291a437 P 90cf0f51cc5249ad830ec0f497446b4d [term 2 FOLLOWER]: Leader election won for term 2
I20260709 13:08:43.883198 29636 raft_consensus.cc:697] T cb49d868fd4742eabaaf062f2291a437 P 90cf0f51cc5249ad830ec0f497446b4d [term 2 LEADER]: Becoming Leader. State: Replica: 90cf0f51cc5249ad830ec0f497446b4d, State: Running, Role: LEADER
I20260709 13:08:43.883463 29490 raft_consensus.cc:2468] T e24e3637d70b4632878a145dd0fc92f9 P b9122ed3bd39401dbb86fc07556fc78c [term 2 FOLLOWER]: Leader election vote request: Granting yes vote for candidate 3644324927284bb3a0eb4c1c10f5e565 in term 2.
I20260709 13:08:43.883865 29636 consensus_queue.cc:237] T cb49d868fd4742eabaaf062f2291a437 P 90cf0f51cc5249ad830ec0f497446b4d [LEADER]: Queue going to LEADER mode. State: All replicated index: 0, Majority replicated index: 1, Committed index: 1, Last appended: 1.1, Last appended by leader: 1, Current term: 2, Majority size: 2, State: 0, Mode: LEADER, active raft config: opid_index: -1 OBSOLETE_local: false peers { permanent_uuid: "3644324927284bb3a0eb4c1c10f5e565" member_type: VOTER last_known_addr { host: "127.28.152.1" port: 35673 } } peers { permanent_uuid: "b9122ed3bd39401dbb86fc07556fc78c" member_type: VOTER last_known_addr { host: "127.28.152.2" port: 43605 } } peers { permanent_uuid: "90cf0f51cc5249ad830ec0f497446b4d" member_type: VOTER last_known_addr { host: "127.28.152.3" port: 37127 } }
I20260709 13:08:43.889428 29488 raft_consensus.cc:2468] T cb49d868fd4742eabaaf062f2291a437 P b9122ed3bd39401dbb86fc07556fc78c [term 2 FOLLOWER]: Leader election vote request: Granting yes vote for candidate 90cf0f51cc5249ad830ec0f497446b4d in term 2.
I20260709 13:08:43.889042 29312 catalog_manager.cc:5697] T e24e3637d70b4632878a145dd0fc92f9 P 3644324927284bb3a0eb4c1c10f5e565 reported cstate change: term changed from 1 to 2, leader changed from b9122ed3bd39401dbb86fc07556fc78c (127.28.152.2) to 3644324927284bb3a0eb4c1c10f5e565 (127.28.152.1). New cstate: current_term: 2 leader_uuid: "3644324927284bb3a0eb4c1c10f5e565" committed_config { opid_index: -1 OBSOLETE_local: false peers { permanent_uuid: "90cf0f51cc5249ad830ec0f497446b4d" member_type: VOTER last_known_addr { host: "127.28.152.3" port: 37127 } health_report { overall_health: UNKNOWN } } peers { permanent_uuid: "b9122ed3bd39401dbb86fc07556fc78c" member_type: VOTER last_known_addr { host: "127.28.152.2" port: 43605 } health_report { overall_health: UNKNOWN } } peers { permanent_uuid: "3644324927284bb3a0eb4c1c10f5e565" member_type: VOTER last_known_addr { host: "127.28.152.1" port: 35673 } health_report { overall_health: HEALTHY } } }
I20260709 13:08:43.891583 29309 catalog_manager.cc:5697] T cb49d868fd4742eabaaf062f2291a437 P 90cf0f51cc5249ad830ec0f497446b4d reported cstate change: term changed from 1 to 2, leader changed from b9122ed3bd39401dbb86fc07556fc78c (127.28.152.2) to 90cf0f51cc5249ad830ec0f497446b4d (127.28.152.3). New cstate: current_term: 2 leader_uuid: "90cf0f51cc5249ad830ec0f497446b4d" committed_config { opid_index: -1 OBSOLETE_local: false peers { permanent_uuid: "3644324927284bb3a0eb4c1c10f5e565" member_type: VOTER last_known_addr { host: "127.28.152.1" port: 35673 } health_report { overall_health: UNKNOWN } } peers { permanent_uuid: "b9122ed3bd39401dbb86fc07556fc78c" member_type: VOTER last_known_addr { host: "127.28.152.2" port: 43605 } health_report { overall_health: UNKNOWN } } peers { permanent_uuid: "90cf0f51cc5249ad830ec0f497446b4d" member_type: VOTER last_known_addr { host: "127.28.152.3" port: 37127 } health_report { overall_health: HEALTHY } } }
I20260709 13:08:44.065908 29563 raft_consensus.cc:1275] T 030a9864f0dd497586523806864a7dbb P 90cf0f51cc5249ad830ec0f497446b4d [term 2 FOLLOWER]: Refusing update from remote peer b9122ed3bd39401dbb86fc07556fc78c: Log matching property violated. Preceding OpId in replica: term: 1 index: 1. Preceding OpId from leader: term: 2 index: 2. (index mismatch)
I20260709 13:08:44.067361 29643 consensus_queue.cc:1048] T 030a9864f0dd497586523806864a7dbb P b9122ed3bd39401dbb86fc07556fc78c [LEADER]: Connected to new peer: Peer: permanent_uuid: "90cf0f51cc5249ad830ec0f497446b4d" member_type: VOTER last_known_addr { host: "127.28.152.3" port: 37127 }, Status: LMP_MISMATCH, Last received: 0.0, Next index: 2, Last known committed idx: 1, Time since last communication: 0.000s
I20260709 13:08:44.076443 29415 raft_consensus.cc:1275] T 030a9864f0dd497586523806864a7dbb P 3644324927284bb3a0eb4c1c10f5e565 [term 2 FOLLOWER]: Refusing update from remote peer b9122ed3bd39401dbb86fc07556fc78c: Log matching property violated. Preceding OpId in replica: term: 1 index: 1. Preceding OpId from leader: term: 2 index: 2. (index mismatch)
I20260709 13:08:44.078135 29643 consensus_queue.cc:1048] T 030a9864f0dd497586523806864a7dbb P b9122ed3bd39401dbb86fc07556fc78c [LEADER]: Connected to new peer: Peer: permanent_uuid: "3644324927284bb3a0eb4c1c10f5e565" member_type: VOTER last_known_addr { host: "127.28.152.1" port: 35673 }, Status: LMP_MISMATCH, Last received: 0.0, Next index: 2, Last known committed idx: 1, Time since last communication: 0.000s
I20260709 13:08:44.190043 29563 raft_consensus.cc:1275] T 2c9b1fa464614b3c86e5f7a01f9cd5ba P 90cf0f51cc5249ad830ec0f497446b4d [term 2 FOLLOWER]: Refusing update from remote peer 3644324927284bb3a0eb4c1c10f5e565: Log matching property violated. Preceding OpId in replica: term: 1 index: 1. Preceding OpId from leader: term: 2 index: 2. (index mismatch)
I20260709 13:08:44.191339 29641 consensus_queue.cc:1048] T 2c9b1fa464614b3c86e5f7a01f9cd5ba P 3644324927284bb3a0eb4c1c10f5e565 [LEADER]: Connected to new peer: Peer: permanent_uuid: "90cf0f51cc5249ad830ec0f497446b4d" member_type: VOTER last_known_addr { host: "127.28.152.3" port: 37127 }, Status: LMP_MISMATCH, Last received: 0.0, Next index: 2, Last known committed idx: 1, Time since last communication: 0.000s
I20260709 13:08:44.200359 29488 raft_consensus.cc:1275] T 2c9b1fa464614b3c86e5f7a01f9cd5ba P b9122ed3bd39401dbb86fc07556fc78c [term 2 FOLLOWER]: Refusing update from remote peer 3644324927284bb3a0eb4c1c10f5e565: Log matching property violated. Preceding OpId in replica: term: 1 index: 1. Preceding OpId from leader: term: 2 index: 2. (index mismatch)
I20260709 13:08:44.202410 29702 consensus_queue.cc:1048] T 2c9b1fa464614b3c86e5f7a01f9cd5ba P 3644324927284bb3a0eb4c1c10f5e565 [LEADER]: Connected to new peer: Peer: permanent_uuid: "b9122ed3bd39401dbb86fc07556fc78c" member_type: VOTER last_known_addr { host: "127.28.152.2" port: 43605 }, Status: LMP_MISMATCH, Last received: 0.0, Next index: 2, Last known committed idx: 1, Time since last communication: 0.000s
I20260709 13:08:44.275041 29563 raft_consensus.cc:1275] T 4cdae9576e3b4cf6978eb766eb8d1b04 P 90cf0f51cc5249ad830ec0f497446b4d [term 2 FOLLOWER]: Refusing update from remote peer b9122ed3bd39401dbb86fc07556fc78c: Log matching property violated. Preceding OpId in replica: term: 1 index: 1. Preceding OpId from leader: term: 2 index: 2. (index mismatch)
I20260709 13:08:44.276269 29643 consensus_queue.cc:1048] T 4cdae9576e3b4cf6978eb766eb8d1b04 P b9122ed3bd39401dbb86fc07556fc78c [LEADER]: Connected to new peer: Peer: permanent_uuid: "90cf0f51cc5249ad830ec0f497446b4d" member_type: VOTER last_known_addr { host: "127.28.152.3" port: 37127 }, Status: LMP_MISMATCH, Last received: 0.0, Next index: 2, Last known committed idx: 1, Time since last communication: 0.000s
I20260709 13:08:44.284756 29415 raft_consensus.cc:1275] T 4cdae9576e3b4cf6978eb766eb8d1b04 P 3644324927284bb3a0eb4c1c10f5e565 [term 2 FOLLOWER]: Refusing update from remote peer b9122ed3bd39401dbb86fc07556fc78c: Log matching property violated. Preceding OpId in replica: term: 1 index: 1. Preceding OpId from leader: term: 2 index: 2. (index mismatch)
I20260709 13:08:44.286959 29617 consensus_queue.cc:1048] T 4cdae9576e3b4cf6978eb766eb8d1b04 P b9122ed3bd39401dbb86fc07556fc78c [LEADER]: Connected to new peer: Peer: permanent_uuid: "3644324927284bb3a0eb4c1c10f5e565" member_type: VOTER last_known_addr { host: "127.28.152.1" port: 35673 }, Status: LMP_MISMATCH, Last received: 0.0, Next index: 2, Last known committed idx: 1, Time since last communication: 0.000s
I20260709 13:08:44.312774 29488 raft_consensus.cc:1275] T cb49d868fd4742eabaaf062f2291a437 P b9122ed3bd39401dbb86fc07556fc78c [term 2 FOLLOWER]: Refusing update from remote peer 90cf0f51cc5249ad830ec0f497446b4d: Log matching property violated. Preceding OpId in replica: term: 1 index: 1. Preceding OpId from leader: term: 2 index: 2. (index mismatch)
I20260709 13:08:44.314077 29647 consensus_queue.cc:1048] T cb49d868fd4742eabaaf062f2291a437 P 90cf0f51cc5249ad830ec0f497446b4d [LEADER]: Connected to new peer: Peer: permanent_uuid: "b9122ed3bd39401dbb86fc07556fc78c" member_type: VOTER last_known_addr { host: "127.28.152.2" port: 43605 }, Status: LMP_MISMATCH, Last received: 0.0, Next index: 2, Last known committed idx: 1, Time since last communication: 0.000s
I20260709 13:08:44.322525 29415 raft_consensus.cc:1275] T cb49d868fd4742eabaaf062f2291a437 P 3644324927284bb3a0eb4c1c10f5e565 [term 2 FOLLOWER]: Refusing update from remote peer 90cf0f51cc5249ad830ec0f497446b4d: Log matching property violated. Preceding OpId in replica: term: 1 index: 1. Preceding OpId from leader: term: 2 index: 2. (index mismatch)
I20260709 13:08:44.324087 29636 consensus_queue.cc:1048] T cb49d868fd4742eabaaf062f2291a437 P 90cf0f51cc5249ad830ec0f497446b4d [LEADER]: Connected to new peer: Peer: permanent_uuid: "3644324927284bb3a0eb4c1c10f5e565" member_type: VOTER last_known_addr { host: "127.28.152.1" port: 35673 }, Status: LMP_MISMATCH, Last received: 0.0, Next index: 2, Last known committed idx: 1, Time since last communication: 0.000s
I20260709 13:08:44.391098 29488 raft_consensus.cc:1275] T e24e3637d70b4632878a145dd0fc92f9 P b9122ed3bd39401dbb86fc07556fc78c [term 2 FOLLOWER]: Refusing update from remote peer 3644324927284bb3a0eb4c1c10f5e565: Log matching property violated. Preceding OpId in replica: term: 1 index: 1. Preceding OpId from leader: term: 2 index: 2. (index mismatch)
I20260709 13:08:44.391280 29563 raft_consensus.cc:1275] T e24e3637d70b4632878a145dd0fc92f9 P 90cf0f51cc5249ad830ec0f497446b4d [term 2 FOLLOWER]: Refusing update from remote peer 3644324927284bb3a0eb4c1c10f5e565: Log matching property violated. Preceding OpId in replica: term: 1 index: 1. Preceding OpId from leader: term: 2 index: 2. (index mismatch)
I20260709 13:08:44.392585 29614 consensus_queue.cc:1048] T e24e3637d70b4632878a145dd0fc92f9 P 3644324927284bb3a0eb4c1c10f5e565 [LEADER]: Connected to new peer: Peer: permanent_uuid: "b9122ed3bd39401dbb86fc07556fc78c" member_type: VOTER last_known_addr { host: "127.28.152.2" port: 43605 }, Status: LMP_MISMATCH, Last received: 0.0, Next index: 2, Last known committed idx: 1, Time since last communication: 0.001s
I20260709 13:08:44.393381 29702 consensus_queue.cc:1048] T e24e3637d70b4632878a145dd0fc92f9 P 3644324927284bb3a0eb4c1c10f5e565 [LEADER]: Connected to new peer: Peer: permanent_uuid: "90cf0f51cc5249ad830ec0f497446b4d" member_type: VOTER last_known_addr { host: "127.28.152.3" port: 37127 }, Status: LMP_MISMATCH, Last received: 0.0, Next index: 2, Last known committed idx: 1, Time since last communication: 0.000s
I20260709 13:08:46.451092 29280 auto_leader_rebalancer-test.cc:316] The leader distribution is 
I20260709 13:08:46.451956 29280 auto_leader_rebalancer.cc:141] leader rebalance for table test-workload
I20260709 13:08:46.473414 29415 tablet_service.cc:2072] Received LeaderStepDown RPC: tablet_id: "2c9b1fa464614b3c86e5f7a01f9cd5ba"
dest_uuid: "3644324927284bb3a0eb4c1c10f5e565"
mode: GRACEFUL
new_leader_uuid: "90cf0f51cc5249ad830ec0f497446b4d"
 from {username='slave'} at 127.0.0.1:55110
I20260709 13:08:46.474009 29415 raft_consensus.cc:606] T 2c9b1fa464614b3c86e5f7a01f9cd5ba P 3644324927284bb3a0eb4c1c10f5e565 [term 2 LEADER]: Received request to transfer leadership to TS 90cf0f51cc5249ad830ec0f497446b4d
I20260709 13:08:46.484555 29488 tablet_service.cc:2072] Received LeaderStepDown RPC: tablet_id: "4cdae9576e3b4cf6978eb766eb8d1b04"
dest_uuid: "b9122ed3bd39401dbb86fc07556fc78c"
mode: GRACEFUL
new_leader_uuid: "90cf0f51cc5249ad830ec0f497446b4d"
 from {username='slave'} at 127.0.0.1:55038
I20260709 13:08:46.485128 29488 raft_consensus.cc:606] T 4cdae9576e3b4cf6978eb766eb8d1b04 P b9122ed3bd39401dbb86fc07556fc78c [term 2 LEADER]: Received request to transfer leadership to TS 90cf0f51cc5249ad830ec0f497446b4d
I20260709 13:08:46.486338 29280 auto_leader_rebalancer.cc:452] table: test-workload, leader rebalance finish, leader transfer count: 2
I20260709 13:08:46.486866 29280 auto_leader_rebalancer.cc:527] All tables' leader rebalancing finished this round
I20260709 13:08:46.715746 29713 raft_consensus.cc:993] T 2c9b1fa464614b3c86e5f7a01f9cd5ba P 3644324927284bb3a0eb4c1c10f5e565: : Instructing follower 90cf0f51cc5249ad830ec0f497446b4d to start an election
I20260709 13:08:46.716316 29614 raft_consensus.cc:1081] T 2c9b1fa464614b3c86e5f7a01f9cd5ba P 3644324927284bb3a0eb4c1c10f5e565 [term 2 LEADER]: Signalling peer 90cf0f51cc5249ad830ec0f497446b4d to start an election
I20260709 13:08:46.717936 29564 tablet_service.cc:2044] Received Run Leader Election RPC: tablet_id: "2c9b1fa464614b3c86e5f7a01f9cd5ba"
dest_uuid: "90cf0f51cc5249ad830ec0f497446b4d"
 from {username='slave'} at 127.0.0.1:58362
I20260709 13:08:46.718502 29564 raft_consensus.cc:493] T 2c9b1fa464614b3c86e5f7a01f9cd5ba P 90cf0f51cc5249ad830ec0f497446b4d [term 2 FOLLOWER]: Starting forced leader election (received explicit request)
I20260709 13:08:46.718904 29564 raft_consensus.cc:3060] T 2c9b1fa464614b3c86e5f7a01f9cd5ba P 90cf0f51cc5249ad830ec0f497446b4d [term 2 FOLLOWER]: Advancing to term 3
I20260709 13:08:46.725195 29564 raft_consensus.cc:515] T 2c9b1fa464614b3c86e5f7a01f9cd5ba P 90cf0f51cc5249ad830ec0f497446b4d [term 3 FOLLOWER]: Starting forced leader election with config: opid_index: -1 OBSOLETE_local: false peers { permanent_uuid: "3644324927284bb3a0eb4c1c10f5e565" member_type: VOTER last_known_addr { host: "127.28.152.1" port: 35673 } } peers { permanent_uuid: "b9122ed3bd39401dbb86fc07556fc78c" member_type: VOTER last_known_addr { host: "127.28.152.2" port: 43605 } } peers { permanent_uuid: "90cf0f51cc5249ad830ec0f497446b4d" member_type: VOTER last_known_addr { host: "127.28.152.3" port: 37127 } }
I20260709 13:08:46.727330 29564 leader_election.cc:290] T 2c9b1fa464614b3c86e5f7a01f9cd5ba P 90cf0f51cc5249ad830ec0f497446b4d [CANDIDATE]: Term 3 election: Requested vote from peers 3644324927284bb3a0eb4c1c10f5e565 (127.28.152.1:35673), b9122ed3bd39401dbb86fc07556fc78c (127.28.152.2:43605)
I20260709 13:08:46.727866 29415 tablet_service.cc:1917] Received RequestConsensusVote() RPC: tablet_id: "2c9b1fa464614b3c86e5f7a01f9cd5ba" candidate_uuid: "90cf0f51cc5249ad830ec0f497446b4d" candidate_term: 3 candidate_status { last_received { term: 2 index: 2 } } ignore_live_leader: true dest_uuid: "3644324927284bb3a0eb4c1c10f5e565"
I20260709 13:08:46.728580 29488 tablet_service.cc:1917] Received RequestConsensusVote() RPC: tablet_id: "2c9b1fa464614b3c86e5f7a01f9cd5ba" candidate_uuid: "90cf0f51cc5249ad830ec0f497446b4d" candidate_term: 3 candidate_status { last_received { term: 2 index: 2 } } ignore_live_leader: true dest_uuid: "b9122ed3bd39401dbb86fc07556fc78c"
I20260709 13:08:46.728766 29415 raft_consensus.cc:3055] T 2c9b1fa464614b3c86e5f7a01f9cd5ba P 3644324927284bb3a0eb4c1c10f5e565 [term 2 LEADER]: Stepping down as leader of term 2
I20260709 13:08:46.729116 29488 raft_consensus.cc:3060] T 2c9b1fa464614b3c86e5f7a01f9cd5ba P b9122ed3bd39401dbb86fc07556fc78c [term 2 FOLLOWER]: Advancing to term 3
I20260709 13:08:46.729110 29415 raft_consensus.cc:740] T 2c9b1fa464614b3c86e5f7a01f9cd5ba P 3644324927284bb3a0eb4c1c10f5e565 [term 2 LEADER]: Becoming Follower/Learner. State: Replica: 3644324927284bb3a0eb4c1c10f5e565, State: Running, Role: LEADER
I20260709 13:08:46.730082 29415 consensus_queue.cc:260] T 2c9b1fa464614b3c86e5f7a01f9cd5ba P 3644324927284bb3a0eb4c1c10f5e565 [NON_LEADER]: Queue going to NON_LEADER mode. State: All replicated index: 0, Majority replicated index: 2, Committed index: 2, Last appended: 2.2, Last appended by leader: 2, Current term: 2, Majority size: -1, State: 0, Mode: NON_LEADER, active raft config: opid_index: -1 OBSOLETE_local: false peers { permanent_uuid: "3644324927284bb3a0eb4c1c10f5e565" member_type: VOTER last_known_addr { host: "127.28.152.1" port: 35673 } } peers { permanent_uuid: "b9122ed3bd39401dbb86fc07556fc78c" member_type: VOTER last_known_addr { host: "127.28.152.2" port: 43605 } } peers { permanent_uuid: "90cf0f51cc5249ad830ec0f497446b4d" member_type: VOTER last_known_addr { host: "127.28.152.3" port: 37127 } }
I20260709 13:08:46.731304 29415 raft_consensus.cc:3060] T 2c9b1fa464614b3c86e5f7a01f9cd5ba P 3644324927284bb3a0eb4c1c10f5e565 [term 2 FOLLOWER]: Advancing to term 3
I20260709 13:08:46.736161 29488 raft_consensus.cc:2468] T 2c9b1fa464614b3c86e5f7a01f9cd5ba P b9122ed3bd39401dbb86fc07556fc78c [term 3 FOLLOWER]: Leader election vote request: Granting yes vote for candidate 90cf0f51cc5249ad830ec0f497446b4d in term 3.
I20260709 13:08:46.737449 29530 leader_election.cc:304] T 2c9b1fa464614b3c86e5f7a01f9cd5ba P 90cf0f51cc5249ad830ec0f497446b4d [CANDIDATE]: Term 3 election: Election decided. Result: candidate won. Election summary: received 2 responses out of 3 voters: 2 yes votes; 0 no votes. yes voters: 90cf0f51cc5249ad830ec0f497446b4d, b9122ed3bd39401dbb86fc07556fc78c; no voters: 
I20260709 13:08:46.737668 29415 raft_consensus.cc:2468] T 2c9b1fa464614b3c86e5f7a01f9cd5ba P 3644324927284bb3a0eb4c1c10f5e565 [term 3 FOLLOWER]: Leader election vote request: Granting yes vote for candidate 90cf0f51cc5249ad830ec0f497446b4d in term 3.
I20260709 13:08:46.738161 29712 raft_consensus.cc:2804] T 2c9b1fa464614b3c86e5f7a01f9cd5ba P 90cf0f51cc5249ad830ec0f497446b4d [term 3 FOLLOWER]: Leader election won for term 3
I20260709 13:08:46.739362 29712 raft_consensus.cc:697] T 2c9b1fa464614b3c86e5f7a01f9cd5ba P 90cf0f51cc5249ad830ec0f497446b4d [term 3 LEADER]: Becoming Leader. State: Replica: 90cf0f51cc5249ad830ec0f497446b4d, State: Running, Role: LEADER
I20260709 13:08:46.740038 29712 consensus_queue.cc:237] T 2c9b1fa464614b3c86e5f7a01f9cd5ba P 90cf0f51cc5249ad830ec0f497446b4d [LEADER]: Queue going to LEADER mode. State: All replicated index: 0, Majority replicated index: 2, Committed index: 2, Last appended: 2.2, Last appended by leader: 2, Current term: 3, Majority size: 2, State: 0, Mode: LEADER, active raft config: opid_index: -1 OBSOLETE_local: false peers { permanent_uuid: "3644324927284bb3a0eb4c1c10f5e565" member_type: VOTER last_known_addr { host: "127.28.152.1" port: 35673 } } peers { permanent_uuid: "b9122ed3bd39401dbb86fc07556fc78c" member_type: VOTER last_known_addr { host: "127.28.152.2" port: 43605 } } peers { permanent_uuid: "90cf0f51cc5249ad830ec0f497446b4d" member_type: VOTER last_known_addr { host: "127.28.152.3" port: 37127 } }
I20260709 13:08:46.748337 29309 catalog_manager.cc:5697] T 2c9b1fa464614b3c86e5f7a01f9cd5ba P 90cf0f51cc5249ad830ec0f497446b4d reported cstate change: term changed from 2 to 3, leader changed from 3644324927284bb3a0eb4c1c10f5e565 (127.28.152.1) to 90cf0f51cc5249ad830ec0f497446b4d (127.28.152.3). New cstate: current_term: 3 leader_uuid: "90cf0f51cc5249ad830ec0f497446b4d" committed_config { opid_index: -1 OBSOLETE_local: false peers { permanent_uuid: "3644324927284bb3a0eb4c1c10f5e565" member_type: VOTER last_known_addr { host: "127.28.152.1" port: 35673 } health_report { overall_health: UNKNOWN } } peers { permanent_uuid: "b9122ed3bd39401dbb86fc07556fc78c" member_type: VOTER last_known_addr { host: "127.28.152.2" port: 43605 } health_report { overall_health: UNKNOWN } } peers { permanent_uuid: "90cf0f51cc5249ad830ec0f497446b4d" member_type: VOTER last_known_addr { host: "127.28.152.3" port: 37127 } health_report { overall_health: HEALTHY } } }
I20260709 13:08:46.806258 29617 raft_consensus.cc:993] T 4cdae9576e3b4cf6978eb766eb8d1b04 P b9122ed3bd39401dbb86fc07556fc78c: : Instructing follower 90cf0f51cc5249ad830ec0f497446b4d to start an election
I20260709 13:08:46.806666 29723 raft_consensus.cc:1081] T 4cdae9576e3b4cf6978eb766eb8d1b04 P b9122ed3bd39401dbb86fc07556fc78c [term 2 LEADER]: Signalling peer 90cf0f51cc5249ad830ec0f497446b4d to start an election
I20260709 13:08:46.808019 29563 tablet_service.cc:2044] Received Run Leader Election RPC: tablet_id: "4cdae9576e3b4cf6978eb766eb8d1b04"
dest_uuid: "90cf0f51cc5249ad830ec0f497446b4d"
 from {username='slave'} at 127.0.0.1:58366
I20260709 13:08:46.808549 29563 raft_consensus.cc:493] T 4cdae9576e3b4cf6978eb766eb8d1b04 P 90cf0f51cc5249ad830ec0f497446b4d [term 2 FOLLOWER]: Starting forced leader election (received explicit request)
I20260709 13:08:46.808871 29563 raft_consensus.cc:3060] T 4cdae9576e3b4cf6978eb766eb8d1b04 P 90cf0f51cc5249ad830ec0f497446b4d [term 2 FOLLOWER]: Advancing to term 3
I20260709 13:08:46.813319 29563 raft_consensus.cc:515] T 4cdae9576e3b4cf6978eb766eb8d1b04 P 90cf0f51cc5249ad830ec0f497446b4d [term 3 FOLLOWER]: Starting forced leader election with config: opid_index: -1 OBSOLETE_local: false peers { permanent_uuid: "3644324927284bb3a0eb4c1c10f5e565" member_type: VOTER last_known_addr { host: "127.28.152.1" port: 35673 } } peers { permanent_uuid: "b9122ed3bd39401dbb86fc07556fc78c" member_type: VOTER last_known_addr { host: "127.28.152.2" port: 43605 } } peers { permanent_uuid: "90cf0f51cc5249ad830ec0f497446b4d" member_type: VOTER last_known_addr { host: "127.28.152.3" port: 37127 } }
I20260709 13:08:46.814939 29563 leader_election.cc:290] T 4cdae9576e3b4cf6978eb766eb8d1b04 P 90cf0f51cc5249ad830ec0f497446b4d [CANDIDATE]: Term 3 election: Requested vote from peers 3644324927284bb3a0eb4c1c10f5e565 (127.28.152.1:35673), b9122ed3bd39401dbb86fc07556fc78c (127.28.152.2:43605)
I20260709 13:08:46.815757 29415 tablet_service.cc:1917] Received RequestConsensusVote() RPC: tablet_id: "4cdae9576e3b4cf6978eb766eb8d1b04" candidate_uuid: "90cf0f51cc5249ad830ec0f497446b4d" candidate_term: 3 candidate_status { last_received { term: 2 index: 2 } } ignore_live_leader: true dest_uuid: "3644324927284bb3a0eb4c1c10f5e565"
I20260709 13:08:46.815997 29488 tablet_service.cc:1917] Received RequestConsensusVote() RPC: tablet_id: "4cdae9576e3b4cf6978eb766eb8d1b04" candidate_uuid: "90cf0f51cc5249ad830ec0f497446b4d" candidate_term: 3 candidate_status { last_received { term: 2 index: 2 } } ignore_live_leader: true dest_uuid: "b9122ed3bd39401dbb86fc07556fc78c"
I20260709 13:08:46.816354 29415 raft_consensus.cc:3060] T 4cdae9576e3b4cf6978eb766eb8d1b04 P 3644324927284bb3a0eb4c1c10f5e565 [term 2 FOLLOWER]: Advancing to term 3
I20260709 13:08:46.816502 29488 raft_consensus.cc:3055] T 4cdae9576e3b4cf6978eb766eb8d1b04 P b9122ed3bd39401dbb86fc07556fc78c [term 2 LEADER]: Stepping down as leader of term 2
I20260709 13:08:46.816833 29488 raft_consensus.cc:740] T 4cdae9576e3b4cf6978eb766eb8d1b04 P b9122ed3bd39401dbb86fc07556fc78c [term 2 LEADER]: Becoming Follower/Learner. State: Replica: b9122ed3bd39401dbb86fc07556fc78c, State: Running, Role: LEADER
I20260709 13:08:46.817502 29488 consensus_queue.cc:260] T 4cdae9576e3b4cf6978eb766eb8d1b04 P b9122ed3bd39401dbb86fc07556fc78c [NON_LEADER]: Queue going to NON_LEADER mode. State: All replicated index: 0, Majority replicated index: 2, Committed index: 2, Last appended: 2.2, Last appended by leader: 2, Current term: 2, Majority size: -1, State: 0, Mode: NON_LEADER, active raft config: opid_index: -1 OBSOLETE_local: false peers { permanent_uuid: "3644324927284bb3a0eb4c1c10f5e565" member_type: VOTER last_known_addr { host: "127.28.152.1" port: 35673 } } peers { permanent_uuid: "b9122ed3bd39401dbb86fc07556fc78c" member_type: VOTER last_known_addr { host: "127.28.152.2" port: 43605 } } peers { permanent_uuid: "90cf0f51cc5249ad830ec0f497446b4d" member_type: VOTER last_known_addr { host: "127.28.152.3" port: 37127 } }
I20260709 13:08:46.818365 29488 raft_consensus.cc:3060] T 4cdae9576e3b4cf6978eb766eb8d1b04 P b9122ed3bd39401dbb86fc07556fc78c [term 2 FOLLOWER]: Advancing to term 3
I20260709 13:08:46.820969 29415 raft_consensus.cc:2468] T 4cdae9576e3b4cf6978eb766eb8d1b04 P 3644324927284bb3a0eb4c1c10f5e565 [term 3 FOLLOWER]: Leader election vote request: Granting yes vote for candidate 90cf0f51cc5249ad830ec0f497446b4d in term 3.
I20260709 13:08:46.821949 29530 leader_election.cc:304] T 4cdae9576e3b4cf6978eb766eb8d1b04 P 90cf0f51cc5249ad830ec0f497446b4d [CANDIDATE]: Term 3 election: Election decided. Result: candidate won. Election summary: received 2 responses out of 3 voters: 2 yes votes; 0 no votes. yes voters: 3644324927284bb3a0eb4c1c10f5e565, 90cf0f51cc5249ad830ec0f497446b4d; no voters: 
I20260709 13:08:46.822633 29712 raft_consensus.cc:2804] T 4cdae9576e3b4cf6978eb766eb8d1b04 P 90cf0f51cc5249ad830ec0f497446b4d [term 3 FOLLOWER]: Leader election won for term 3
I20260709 13:08:46.823012 29488 raft_consensus.cc:2468] T 4cdae9576e3b4cf6978eb766eb8d1b04 P b9122ed3bd39401dbb86fc07556fc78c [term 3 FOLLOWER]: Leader election vote request: Granting yes vote for candidate 90cf0f51cc5249ad830ec0f497446b4d in term 3.
I20260709 13:08:46.823117 29712 raft_consensus.cc:697] T 4cdae9576e3b4cf6978eb766eb8d1b04 P 90cf0f51cc5249ad830ec0f497446b4d [term 3 LEADER]: Becoming Leader. State: Replica: 90cf0f51cc5249ad830ec0f497446b4d, State: Running, Role: LEADER
I20260709 13:08:46.824018 29712 consensus_queue.cc:237] T 4cdae9576e3b4cf6978eb766eb8d1b04 P 90cf0f51cc5249ad830ec0f497446b4d [LEADER]: Queue going to LEADER mode. State: All replicated index: 0, Majority replicated index: 2, Committed index: 2, Last appended: 2.2, Last appended by leader: 2, Current term: 3, Majority size: 2, State: 0, Mode: LEADER, active raft config: opid_index: -1 OBSOLETE_local: false peers { permanent_uuid: "3644324927284bb3a0eb4c1c10f5e565" member_type: VOTER last_known_addr { host: "127.28.152.1" port: 35673 } } peers { permanent_uuid: "b9122ed3bd39401dbb86fc07556fc78c" member_type: VOTER last_known_addr { host: "127.28.152.2" port: 43605 } } peers { permanent_uuid: "90cf0f51cc5249ad830ec0f497446b4d" member_type: VOTER last_known_addr { host: "127.28.152.3" port: 37127 } }
I20260709 13:08:46.830369 29309 catalog_manager.cc:5697] T 4cdae9576e3b4cf6978eb766eb8d1b04 P 90cf0f51cc5249ad830ec0f497446b4d reported cstate change: term changed from 2 to 3, leader changed from b9122ed3bd39401dbb86fc07556fc78c (127.28.152.2) to 90cf0f51cc5249ad830ec0f497446b4d (127.28.152.3). New cstate: current_term: 3 leader_uuid: "90cf0f51cc5249ad830ec0f497446b4d" committed_config { opid_index: -1 OBSOLETE_local: false peers { permanent_uuid: "3644324927284bb3a0eb4c1c10f5e565" member_type: VOTER last_known_addr { host: "127.28.152.1" port: 35673 } health_report { overall_health: UNKNOWN } } peers { permanent_uuid: "b9122ed3bd39401dbb86fc07556fc78c" member_type: VOTER last_known_addr { host: "127.28.152.2" port: 43605 } health_report { overall_health: UNKNOWN } } peers { permanent_uuid: "90cf0f51cc5249ad830ec0f497446b4d" member_type: VOTER last_known_addr { host: "127.28.152.3" port: 37127 } health_report { overall_health: HEALTHY } } }
I20260709 13:08:47.234871 29488 raft_consensus.cc:1275] T 4cdae9576e3b4cf6978eb766eb8d1b04 P b9122ed3bd39401dbb86fc07556fc78c [term 3 FOLLOWER]: Refusing update from remote peer 90cf0f51cc5249ad830ec0f497446b4d: Log matching property violated. Preceding OpId in replica: term: 2 index: 2. Preceding OpId from leader: term: 3 index: 3. (index mismatch)
I20260709 13:08:47.235013 29415 raft_consensus.cc:1275] T 2c9b1fa464614b3c86e5f7a01f9cd5ba P 3644324927284bb3a0eb4c1c10f5e565 [term 3 FOLLOWER]: Refusing update from remote peer 90cf0f51cc5249ad830ec0f497446b4d: Log matching property violated. Preceding OpId in replica: term: 2 index: 2. Preceding OpId from leader: term: 3 index: 3. (index mismatch)
I20260709 13:08:47.236256 29712 consensus_queue.cc:1048] T 4cdae9576e3b4cf6978eb766eb8d1b04 P 90cf0f51cc5249ad830ec0f497446b4d [LEADER]: Connected to new peer: Peer: permanent_uuid: "b9122ed3bd39401dbb86fc07556fc78c" member_type: VOTER last_known_addr { host: "127.28.152.2" port: 43605 }, Status: LMP_MISMATCH, Last received: 0.0, Next index: 3, Last known committed idx: 2, Time since last communication: 0.000s
I20260709 13:08:47.236501 29717 consensus_queue.cc:1048] T 2c9b1fa464614b3c86e5f7a01f9cd5ba P 90cf0f51cc5249ad830ec0f497446b4d [LEADER]: Connected to new peer: Peer: permanent_uuid: "3644324927284bb3a0eb4c1c10f5e565" member_type: VOTER last_known_addr { host: "127.28.152.1" port: 35673 }, Status: LMP_MISMATCH, Last received: 0.0, Next index: 3, Last known committed idx: 2, Time since last communication: 0.000s
I20260709 13:08:47.257715 29414 raft_consensus.cc:1275] T 4cdae9576e3b4cf6978eb766eb8d1b04 P 3644324927284bb3a0eb4c1c10f5e565 [term 3 FOLLOWER]: Refusing update from remote peer 90cf0f51cc5249ad830ec0f497446b4d: Log matching property violated. Preceding OpId in replica: term: 2 index: 2. Preceding OpId from leader: term: 3 index: 3. (index mismatch)
I20260709 13:08:47.261557 29490 raft_consensus.cc:1275] T 2c9b1fa464614b3c86e5f7a01f9cd5ba P b9122ed3bd39401dbb86fc07556fc78c [term 3 FOLLOWER]: Refusing update from remote peer 90cf0f51cc5249ad830ec0f497446b4d: Log matching property violated. Preceding OpId in replica: term: 2 index: 2. Preceding OpId from leader: term: 3 index: 3. (index mismatch)
I20260709 13:08:47.264535 29727 consensus_queue.cc:1048] T 2c9b1fa464614b3c86e5f7a01f9cd5ba P 90cf0f51cc5249ad830ec0f497446b4d [LEADER]: Connected to new peer: Peer: permanent_uuid: "b9122ed3bd39401dbb86fc07556fc78c" member_type: VOTER last_known_addr { host: "127.28.152.2" port: 43605 }, Status: LMP_MISMATCH, Last received: 0.0, Next index: 3, Last known committed idx: 2, Time since last communication: 0.001s
