 from {username='slave'} at 127.0.0.1:43322
I20260709 13:08:59.959616 30816 raft_consensus.cc:606] T 513621a7bdf44b288db871d00c1b03c5 P fc7a2df38d174f94a8cb0e745fbbba62 [term 2 LEADER]: Received request to transfer leadership to TS c2554923728e44279d89028273f60036
I20260709 13:08:59.963387 30816 tablet_service.cc:2072] Received LeaderStepDown RPC: tablet_id: "867143fe13b44ce19d8c16e41bb07ca1"
dest_uuid: "fc7a2df38d174f94a8cb0e745fbbba62"
mode: GRACEFUL
new_leader_uuid: "c2554923728e44279d89028273f60036"
 from {username='slave'} at 127.0.0.1:43322
I20260709 13:08:59.963711 30816 raft_consensus.cc:606] T 867143fe13b44ce19d8c16e41bb07ca1 P fc7a2df38d174f94a8cb0e745fbbba62 [term 1 LEADER]: Received request to transfer leadership to TS c2554923728e44279d89028273f60036
I20260709 13:08:59.998042 30936 raft_consensus.cc:993] T d99c28b6f1f94f2d87374e245bf37a94 P fc7a2df38d174f94a8cb0e745fbbba62: : Instructing follower c2554923728e44279d89028273f60036 to start an election
I20260709 13:08:59.998543 31037 raft_consensus.cc:1081] T d99c28b6f1f94f2d87374e245bf37a94 P fc7a2df38d174f94a8cb0e745fbbba62 [term 1 LEADER]: Signalling peer c2554923728e44279d89028273f60036 to start an election
I20260709 13:08:59.999802 30741 tablet_service.cc:2044] Received Run Leader Election RPC: tablet_id: "d99c28b6f1f94f2d87374e245bf37a94"
dest_uuid: "c2554923728e44279d89028273f60036"
 from {username='slave'} at 127.0.0.1:45666
I20260709 13:09:00.000227 30741 raft_consensus.cc:493] T d99c28b6f1f94f2d87374e245bf37a94 P c2554923728e44279d89028273f60036 [term 1 FOLLOWER]: Starting forced leader election (received explicit request)
I20260709 13:09:00.000492 30741 raft_consensus.cc:3060] T d99c28b6f1f94f2d87374e245bf37a94 P c2554923728e44279d89028273f60036 [term 1 FOLLOWER]: Advancing to term 2
I20260709 13:09:00.004878 30741 raft_consensus.cc:515] T d99c28b6f1f94f2d87374e245bf37a94 P c2554923728e44279d89028273f60036 [term 2 FOLLOWER]: Starting forced leader election with config: opid_index: -1 OBSOLETE_local: false peers { permanent_uuid: "c2554923728e44279d89028273f60036" member_type: VOTER last_known_addr { host: "127.29.97.1" port: 45979 } } peers { permanent_uuid: "fc7a2df38d174f94a8cb0e745fbbba62" member_type: VOTER last_known_addr { host: "127.29.97.2" port: 43901 } } peers { permanent_uuid: "665ef00aee454111b3b471f8e6111e57" member_type: VOTER last_known_addr { host: "127.29.97.3" port: 37317 } }
I20260709 13:09:00.006495 30741 leader_election.cc:290] T d99c28b6f1f94f2d87374e245bf37a94 P c2554923728e44279d89028273f60036 [CANDIDATE]: Term 2 election: Requested vote from peers fc7a2df38d174f94a8cb0e745fbbba62 (127.29.97.2:43901), 665ef00aee454111b3b471f8e6111e57 (127.29.97.3:37317)
I20260709 13:09:00.007084 30816 tablet_service.cc:1917] Received RequestConsensusVote() RPC: tablet_id: "d99c28b6f1f94f2d87374e245bf37a94" candidate_uuid: "c2554923728e44279d89028273f60036" candidate_term: 2 candidate_status { last_received { term: 1 index: 1 } } ignore_live_leader: true dest_uuid: "fc7a2df38d174f94a8cb0e745fbbba62"
I20260709 13:09:00.007602 30816 raft_consensus.cc:3055] T d99c28b6f1f94f2d87374e245bf37a94 P fc7a2df38d174f94a8cb0e745fbbba62 [term 1 LEADER]: Stepping down as leader of term 1
I20260709 13:09:00.007519 30890 tablet_service.cc:1917] Received RequestConsensusVote() RPC: tablet_id: "d99c28b6f1f94f2d87374e245bf37a94" candidate_uuid: "c2554923728e44279d89028273f60036" candidate_term: 2 candidate_status { last_received { term: 1 index: 1 } } ignore_live_leader: true dest_uuid: "665ef00aee454111b3b471f8e6111e57"
I20260709 13:09:00.007889 30816 raft_consensus.cc:740] T d99c28b6f1f94f2d87374e245bf37a94 P fc7a2df38d174f94a8cb0e745fbbba62 [term 1 LEADER]: Becoming Follower/Learner. State: Replica: fc7a2df38d174f94a8cb0e745fbbba62, State: Running, Role: LEADER
I20260709 13:09:00.008066 30890 raft_consensus.cc:3060] T d99c28b6f1f94f2d87374e245bf37a94 P 665ef00aee454111b3b471f8e6111e57 [term 1 FOLLOWER]: Advancing to term 2
I20260709 13:09:00.008481 30816 consensus_queue.cc:260] T d99c28b6f1f94f2d87374e245bf37a94 P fc7a2df38d174f94a8cb0e745fbbba62 [NON_LEADER]: Queue going to NON_LEADER mode. State: All replicated index: 0, Majority replicated index: 1, Committed index: 1, Last appended: 1.1, Last appended by leader: 1, Current term: 1, Majority size: -1, State: 0, Mode: NON_LEADER, active raft config: opid_index: -1 OBSOLETE_local: false peers { permanent_uuid: "c2554923728e44279d89028273f60036" member_type: VOTER last_known_addr { host: "127.29.97.1" port: 45979 } } peers { permanent_uuid: "fc7a2df38d174f94a8cb0e745fbbba62" member_type: VOTER last_known_addr { host: "127.29.97.2" port: 43901 } } peers { permanent_uuid: "665ef00aee454111b3b471f8e6111e57" member_type: VOTER last_known_addr { host: "127.29.97.3" port: 37317 } }
I20260709 13:09:00.009270 30816 raft_consensus.cc:3060] T d99c28b6f1f94f2d87374e245bf37a94 P fc7a2df38d174f94a8cb0e745fbbba62 [term 1 FOLLOWER]: Advancing to term 2
I20260709 13:09:00.012445 30890 raft_consensus.cc:2468] T d99c28b6f1f94f2d87374e245bf37a94 P 665ef00aee454111b3b471f8e6111e57 [term 2 FOLLOWER]: Leader election vote request: Granting yes vote for candidate c2554923728e44279d89028273f60036 in term 2.
I20260709 13:09:00.013063 30816 raft_consensus.cc:2468] T d99c28b6f1f94f2d87374e245bf37a94 P fc7a2df38d174f94a8cb0e745fbbba62 [term 2 FOLLOWER]: Leader election vote request: Granting yes vote for candidate c2554923728e44279d89028273f60036 in term 2.
I20260709 13:09:00.013567 30707 leader_election.cc:304] T d99c28b6f1f94f2d87374e245bf37a94 P c2554923728e44279d89028273f60036 [CANDIDATE]: Term 2 election: Election decided. Result: candidate won. Election summary: received 2 responses out of 3 voters: 2 yes votes; 0 no votes. yes voters: 665ef00aee454111b3b471f8e6111e57, c2554923728e44279d89028273f60036; no voters: 
I20260709 13:09:00.014331 31021 raft_consensus.cc:2804] T d99c28b6f1f94f2d87374e245bf37a94 P c2554923728e44279d89028273f60036 [term 2 FOLLOWER]: Leader election won for term 2
I20260709 13:09:00.014690 31021 raft_consensus.cc:697] T d99c28b6f1f94f2d87374e245bf37a94 P c2554923728e44279d89028273f60036 [term 2 LEADER]: Becoming Leader. State: Replica: c2554923728e44279d89028273f60036, State: Running, Role: LEADER
I20260709 13:09:00.015434 31021 consensus_queue.cc:237] T d99c28b6f1f94f2d87374e245bf37a94 P c2554923728e44279d89028273f60036 [LEADER]: Queue going to LEADER mode. State: All replicated index: 0, Majority replicated index: 1, Committed index: 1, Last appended: 1.1, Last appended by leader: 1, Current term: 2, Majority size: 2, State: 0, Mode: LEADER, active raft config: opid_index: -1 OBSOLETE_local: false peers { permanent_uuid: "c2554923728e44279d89028273f60036" member_type: VOTER last_known_addr { host: "127.29.97.1" port: 45979 } } peers { permanent_uuid: "fc7a2df38d174f94a8cb0e745fbbba62" member_type: VOTER last_known_addr { host: "127.29.97.2" port: 43901 } } peers { permanent_uuid: "665ef00aee454111b3b471f8e6111e57" member_type: VOTER last_known_addr { host: "127.29.97.3" port: 37317 } }
I20260709 13:09:00.021951 30638 catalog_manager.cc:5697] T d99c28b6f1f94f2d87374e245bf37a94 P c2554923728e44279d89028273f60036 reported cstate change: term changed from 1 to 2, leader changed from fc7a2df38d174f94a8cb0e745fbbba62 (127.29.97.2) to c2554923728e44279d89028273f60036 (127.29.97.1). New cstate: current_term: 2 leader_uuid: "c2554923728e44279d89028273f60036" committed_config { opid_index: -1 OBSOLETE_local: false peers { permanent_uuid: "c2554923728e44279d89028273f60036" member_type: VOTER last_known_addr { host: "127.29.97.1" port: 45979 } health_report { overall_health: HEALTHY } } peers { permanent_uuid: "fc7a2df38d174f94a8cb0e745fbbba62" member_type: VOTER last_known_addr { host: "127.29.97.2" port: 43901 } health_report { overall_health: UNKNOWN } } peers { permanent_uuid: "665ef00aee454111b3b471f8e6111e57" member_type: VOTER last_known_addr { host: "127.29.97.3" port: 37317 } health_report { overall_health: UNKNOWN } } }
I20260709 13:09:00.024722 31037 raft_consensus.cc:993] T 513621a7bdf44b288db871d00c1b03c5 P fc7a2df38d174f94a8cb0e745fbbba62: : Instructing follower c2554923728e44279d89028273f60036 to start an election
I20260709 13:09:00.025200 31037 raft_consensus.cc:1081] T 513621a7bdf44b288db871d00c1b03c5 P fc7a2df38d174f94a8cb0e745fbbba62 [term 2 LEADER]: Signalling peer c2554923728e44279d89028273f60036 to start an election
I20260709 13:09:00.026748 30741 tablet_service.cc:2044] Received Run Leader Election RPC: tablet_id: "513621a7bdf44b288db871d00c1b03c5"
dest_uuid: "c2554923728e44279d89028273f60036"
 from {username='slave'} at 127.0.0.1:45666
I20260709 13:09:00.027256 30741 raft_consensus.cc:493] T 513621a7bdf44b288db871d00c1b03c5 P c2554923728e44279d89028273f60036 [term 2 FOLLOWER]: Starting forced leader election (received explicit request)
I20260709 13:09:00.027621 30741 raft_consensus.cc:3060] T 513621a7bdf44b288db871d00c1b03c5 P c2554923728e44279d89028273f60036 [term 2 FOLLOWER]: Advancing to term 3
I20260709 13:09:00.033047 30741 raft_consensus.cc:515] T 513621a7bdf44b288db871d00c1b03c5 P c2554923728e44279d89028273f60036 [term 3 FOLLOWER]: Starting forced leader election with config: opid_index: -1 OBSOLETE_local: false peers { permanent_uuid: "c2554923728e44279d89028273f60036" member_type: VOTER last_known_addr { host: "127.29.97.1" port: 45979 } } peers { permanent_uuid: "fc7a2df38d174f94a8cb0e745fbbba62" member_type: VOTER last_known_addr { host: "127.29.97.2" port: 43901 } } peers { permanent_uuid: "665ef00aee454111b3b471f8e6111e57" member_type: VOTER last_known_addr { host: "127.29.97.3" port: 37317 } }
I20260709 13:09:00.034448 30741 leader_election.cc:290] T 513621a7bdf44b288db871d00c1b03c5 P c2554923728e44279d89028273f60036 [CANDIDATE]: Term 3 election: Requested vote from peers fc7a2df38d174f94a8cb0e745fbbba62 (127.29.97.2:43901), 665ef00aee454111b3b471f8e6111e57 (127.29.97.3:37317)
I20260709 13:09:00.035094 30816 tablet_service.cc:1917] Received RequestConsensusVote() RPC: tablet_id: "513621a7bdf44b288db871d00c1b03c5" candidate_uuid: "c2554923728e44279d89028273f60036" candidate_term: 3 candidate_status { last_received { term: 2 index: 2 } } ignore_live_leader: true dest_uuid: "fc7a2df38d174f94a8cb0e745fbbba62"
I20260709 13:09:00.035322 30890 tablet_service.cc:1917] Received RequestConsensusVote() RPC: tablet_id: "513621a7bdf44b288db871d00c1b03c5" candidate_uuid: "c2554923728e44279d89028273f60036" candidate_term: 3 candidate_status { last_received { term: 2 index: 2 } } ignore_live_leader: true dest_uuid: "665ef00aee454111b3b471f8e6111e57"
I20260709 13:09:00.035599 30816 raft_consensus.cc:3055] T 513621a7bdf44b288db871d00c1b03c5 P fc7a2df38d174f94a8cb0e745fbbba62 [term 2 LEADER]: Stepping down as leader of term 2
I20260709 13:09:00.035795 30890 raft_consensus.cc:3060] T 513621a7bdf44b288db871d00c1b03c5 P 665ef00aee454111b3b471f8e6111e57 [term 2 FOLLOWER]: Advancing to term 3
I20260709 13:09:00.035907 30816 raft_consensus.cc:740] T 513621a7bdf44b288db871d00c1b03c5 P fc7a2df38d174f94a8cb0e745fbbba62 [term 2 LEADER]: Becoming Follower/Learner. State: Replica: fc7a2df38d174f94a8cb0e745fbbba62, State: Running, Role: LEADER
I20260709 13:09:00.036648 30816 consensus_queue.cc:260] T 513621a7bdf44b288db871d00c1b03c5 P fc7a2df38d174f94a8cb0e745fbbba62 [NON_LEADER]: Queue going to NON_LEADER mode. State: All replicated index: 0, Majority replicated index: 2, Committed index: 2, Last appended: 2.2, Last appended by leader: 2, Current term: 2, Majority size: -1, State: 0, Mode: NON_LEADER, active raft config: opid_index: -1 OBSOLETE_local: false peers { permanent_uuid: "c2554923728e44279d89028273f60036" member_type: VOTER last_known_addr { host: "127.29.97.1" port: 45979 } } peers { permanent_uuid: "fc7a2df38d174f94a8cb0e745fbbba62" member_type: VOTER last_known_addr { host: "127.29.97.2" port: 43901 } } peers { permanent_uuid: "665ef00aee454111b3b471f8e6111e57" member_type: VOTER last_known_addr { host: "127.29.97.3" port: 37317 } }
I20260709 13:09:00.037706 30816 raft_consensus.cc:3060] T 513621a7bdf44b288db871d00c1b03c5 P fc7a2df38d174f94a8cb0e745fbbba62 [term 2 FOLLOWER]: Advancing to term 3
I20260709 13:09:00.041940 30890 raft_consensus.cc:2468] T 513621a7bdf44b288db871d00c1b03c5 P 665ef00aee454111b3b471f8e6111e57 [term 3 FOLLOWER]: Leader election vote request: Granting yes vote for candidate c2554923728e44279d89028273f60036 in term 3.
I20260709 13:09:00.042989 30707 leader_election.cc:304] T 513621a7bdf44b288db871d00c1b03c5 P c2554923728e44279d89028273f60036 [CANDIDATE]: Term 3 election: Election decided. Result: candidate won. Election summary: received 2 responses out of 3 voters: 2 yes votes; 0 no votes. yes voters: 665ef00aee454111b3b471f8e6111e57, c2554923728e44279d89028273f60036; no voters: 
I20260709 13:09:00.043440 30816 raft_consensus.cc:2468] T 513621a7bdf44b288db871d00c1b03c5 P fc7a2df38d174f94a8cb0e745fbbba62 [term 3 FOLLOWER]: Leader election vote request: Granting yes vote for candidate c2554923728e44279d89028273f60036 in term 3.
I20260709 13:09:00.043720 31021 raft_consensus.cc:2804] T 513621a7bdf44b288db871d00c1b03c5 P c2554923728e44279d89028273f60036 [term 3 FOLLOWER]: Leader election won for term 3
I20260709 13:09:00.044142 31021 raft_consensus.cc:697] T 513621a7bdf44b288db871d00c1b03c5 P c2554923728e44279d89028273f60036 [term 3 LEADER]: Becoming Leader. State: Replica: c2554923728e44279d89028273f60036, State: Running, Role: LEADER
I20260709 13:09:00.044893 31021 consensus_queue.cc:237] T 513621a7bdf44b288db871d00c1b03c5 P c2554923728e44279d89028273f60036 [LEADER]: Queue going to LEADER mode. State: All replicated index: 0, Majority replicated index: 2, Committed index: 2, Last appended: 2.2, Last appended by leader: 2, Current term: 3, Majority size: 2, State: 0, Mode: LEADER, active raft config: opid_index: -1 OBSOLETE_local: false peers { permanent_uuid: "c2554923728e44279d89028273f60036" member_type: VOTER last_known_addr { host: "127.29.97.1" port: 45979 } } peers { permanent_uuid: "fc7a2df38d174f94a8cb0e745fbbba62" member_type: VOTER last_known_addr { host: "127.29.97.2" port: 43901 } } peers { permanent_uuid: "665ef00aee454111b3b471f8e6111e57" member_type: VOTER last_known_addr { host: "127.29.97.3" port: 37317 } }
I20260709 13:09:00.050717 30638 catalog_manager.cc:5697] T 513621a7bdf44b288db871d00c1b03c5 P c2554923728e44279d89028273f60036 reported cstate change: term changed from 2 to 3, leader changed from fc7a2df38d174f94a8cb0e745fbbba62 (127.29.97.2) to c2554923728e44279d89028273f60036 (127.29.97.1). New cstate: current_term: 3 leader_uuid: "c2554923728e44279d89028273f60036" committed_config { opid_index: -1 OBSOLETE_local: false peers { permanent_uuid: "c2554923728e44279d89028273f60036" member_type: VOTER last_known_addr { host: "127.29.97.1" port: 45979 } health_report { overall_health: HEALTHY } } peers { permanent_uuid: "fc7a2df38d174f94a8cb0e745fbbba62" member_type: VOTER last_known_addr { host: "127.29.97.2" port: 43901 } health_report { overall_health: UNKNOWN } } peers { permanent_uuid: "665ef00aee454111b3b471f8e6111e57" member_type: VOTER last_known_addr { host: "127.29.97.3" port: 37317 } health_report { overall_health: UNKNOWN } } }
I20260709 13:09:00.250730 31018 raft_consensus.cc:993] T 24e36c4e1f424fc9bcefede349858e7c P 665ef00aee454111b3b471f8e6111e57: : Instructing follower c2554923728e44279d89028273f60036 to start an election
I20260709 13:09:00.251225 31031 raft_consensus.cc:1081] T 24e36c4e1f424fc9bcefede349858e7c P 665ef00aee454111b3b471f8e6111e57 [term 3 LEADER]: Signalling peer c2554923728e44279d89028273f60036 to start an election
I20260709 13:09:00.252792 30741 tablet_service.cc:2044] Received Run Leader Election RPC: tablet_id: "24e36c4e1f424fc9bcefede349858e7c"
dest_uuid: "c2554923728e44279d89028273f60036"
 from {username='slave'} at 127.0.0.1:45660
I20260709 13:09:00.253328 30741 raft_consensus.cc:493] T 24e36c4e1f424fc9bcefede349858e7c P c2554923728e44279d89028273f60036 [term 3 FOLLOWER]: Starting forced leader election (received explicit request)
I20260709 13:09:00.253629 30741 raft_consensus.cc:3060] T 24e36c4e1f424fc9bcefede349858e7c P c2554923728e44279d89028273f60036 [term 3 FOLLOWER]: Advancing to term 4
I20260709 13:09:00.258364 30741 raft_consensus.cc:515] T 24e36c4e1f424fc9bcefede349858e7c P c2554923728e44279d89028273f60036 [term 4 FOLLOWER]: Starting forced leader election with config: opid_index: -1 OBSOLETE_local: false peers { permanent_uuid: "fc7a2df38d174f94a8cb0e745fbbba62" member_type: VOTER last_known_addr { host: "127.29.97.2" port: 43901 } } peers { permanent_uuid: "c2554923728e44279d89028273f60036" member_type: VOTER last_known_addr { host: "127.29.97.1" port: 45979 } } peers { permanent_uuid: "665ef00aee454111b3b471f8e6111e57" member_type: VOTER last_known_addr { host: "127.29.97.3" port: 37317 } }
I20260709 13:09:00.259931 30741 leader_election.cc:290] T 24e36c4e1f424fc9bcefede349858e7c P c2554923728e44279d89028273f60036 [CANDIDATE]: Term 4 election: Requested vote from peers fc7a2df38d174f94a8cb0e745fbbba62 (127.29.97.2:43901), 665ef00aee454111b3b471f8e6111e57 (127.29.97.3:37317)
I20260709 13:09:00.260447 30816 tablet_service.cc:1917] Received RequestConsensusVote() RPC: tablet_id: "24e36c4e1f424fc9bcefede349858e7c" candidate_uuid: "c2554923728e44279d89028273f60036" candidate_term: 4 candidate_status { last_received { term: 3 index: 3 } } ignore_live_leader: true dest_uuid: "fc7a2df38d174f94a8cb0e745fbbba62"
I20260709 13:09:00.260763 30890 tablet_service.cc:1917] Received RequestConsensusVote() RPC: tablet_id: "24e36c4e1f424fc9bcefede349858e7c" candidate_uuid: "c2554923728e44279d89028273f60036" candidate_term: 4 candidate_status { last_received { term: 3 index: 3 } } ignore_live_leader: true dest_uuid: "665ef00aee454111b3b471f8e6111e57"
I20260709 13:09:00.261016 30816 raft_consensus.cc:3060] T 24e36c4e1f424fc9bcefede349858e7c P fc7a2df38d174f94a8cb0e745fbbba62 [term 3 FOLLOWER]: Advancing to term 4
I20260709 13:09:00.261299 30890 raft_consensus.cc:3055] T 24e36c4e1f424fc9bcefede349858e7c P 665ef00aee454111b3b471f8e6111e57 [term 3 LEADER]: Stepping down as leader of term 3
I20260709 13:09:00.261545 30890 raft_consensus.cc:740] T 24e36c4e1f424fc9bcefede349858e7c P 665ef00aee454111b3b471f8e6111e57 [term 3 LEADER]: Becoming Follower/Learner. State: Replica: 665ef00aee454111b3b471f8e6111e57, State: Running, Role: LEADER
I20260709 13:09:00.262135 30890 consensus_queue.cc:260] T 24e36c4e1f424fc9bcefede349858e7c P 665ef00aee454111b3b471f8e6111e57 [NON_LEADER]: Queue going to NON_LEADER mode. State: All replicated index: 0, Majority replicated index: 3, Committed index: 3, Last appended: 3.3, Last appended by leader: 3, Current term: 3, Majority size: -1, State: 0, Mode: NON_LEADER, active raft config: opid_index: -1 OBSOLETE_local: false peers { permanent_uuid: "fc7a2df38d174f94a8cb0e745fbbba62" member_type: VOTER last_known_addr { host: "127.29.97.2" port: 43901 } } peers { permanent_uuid: "c2554923728e44279d89028273f60036" member_type: VOTER last_known_addr { host: "127.29.97.1" port: 45979 } } peers { permanent_uuid: "665ef00aee454111b3b471f8e6111e57" member_type: VOTER last_known_addr { host: "127.29.97.3" port: 37317 } }
I20260709 13:09:00.263057 30890 raft_consensus.cc:3060] T 24e36c4e1f424fc9bcefede349858e7c P 665ef00aee454111b3b471f8e6111e57 [term 3 FOLLOWER]: Advancing to term 4
I20260709 13:09:00.265064 30816 raft_consensus.cc:2468] T 24e36c4e1f424fc9bcefede349858e7c P fc7a2df38d174f94a8cb0e745fbbba62 [term 4 FOLLOWER]: Leader election vote request: Granting yes vote for candidate c2554923728e44279d89028273f60036 in term 4.
I20260709 13:09:00.265971 30708 leader_election.cc:304] T 24e36c4e1f424fc9bcefede349858e7c P c2554923728e44279d89028273f60036 [CANDIDATE]: Term 4 election: Election decided. Result: candidate won. Election summary: received 2 responses out of 3 voters: 2 yes votes; 0 no votes. yes voters: c2554923728e44279d89028273f60036, fc7a2df38d174f94a8cb0e745fbbba62; no voters: 
I20260709 13:09:00.266592 31021 raft_consensus.cc:2804] T 24e36c4e1f424fc9bcefede349858e7c P c2554923728e44279d89028273f60036 [term 4 FOLLOWER]: Leader election won for term 4
I20260709 13:09:00.266949 31021 raft_consensus.cc:697] T 24e36c4e1f424fc9bcefede349858e7c P c2554923728e44279d89028273f60036 [term 4 LEADER]: Becoming Leader. State: Replica: c2554923728e44279d89028273f60036, State: Running, Role: LEADER
I20260709 13:09:00.267485 30890 raft_consensus.cc:2468] T 24e36c4e1f424fc9bcefede349858e7c P 665ef00aee454111b3b471f8e6111e57 [term 4 FOLLOWER]: Leader election vote request: Granting yes vote for candidate c2554923728e44279d89028273f60036 in term 4.
I20260709 13:09:00.267576 31021 consensus_queue.cc:237] T 24e36c4e1f424fc9bcefede349858e7c P c2554923728e44279d89028273f60036 [LEADER]: Queue going to LEADER mode. State: All replicated index: 0, Majority replicated index: 3, Committed index: 3, Last appended: 3.3, Last appended by leader: 3, Current term: 4, Majority size: 2, State: 0, Mode: LEADER, active raft config: opid_index: -1 OBSOLETE_local: false peers { permanent_uuid: "fc7a2df38d174f94a8cb0e745fbbba62" member_type: VOTER last_known_addr { host: "127.29.97.2" port: 43901 } } peers { permanent_uuid: "c2554923728e44279d89028273f60036" member_type: VOTER last_known_addr { host: "127.29.97.1" port: 45979 } } peers { permanent_uuid: "665ef00aee454111b3b471f8e6111e57" member_type: VOTER last_known_addr { host: "127.29.97.3" port: 37317 } }
I20260709 13:09:00.273064 30638 catalog_manager.cc:5697] T 24e36c4e1f424fc9bcefede349858e7c P c2554923728e44279d89028273f60036 reported cstate change: term changed from 3 to 4, leader changed from 665ef00aee454111b3b471f8e6111e57 (127.29.97.3) to c2554923728e44279d89028273f60036 (127.29.97.1). New cstate: current_term: 4 leader_uuid: "c2554923728e44279d89028273f60036" committed_config { opid_index: -1 OBSOLETE_local: false peers { permanent_uuid: "fc7a2df38d174f94a8cb0e745fbbba62" member_type: VOTER last_known_addr { host: "127.29.97.2" port: 43901 } health_report { overall_health: UNKNOWN } } peers { permanent_uuid: "c2554923728e44279d89028273f60036" member_type: VOTER last_known_addr { host: "127.29.97.1" port: 45979 } health_report { overall_health: HEALTHY } } peers { permanent_uuid: "665ef00aee454111b3b471f8e6111e57" member_type: VOTER last_known_addr { host: "127.29.97.3" port: 37317 } health_report { overall_health: UNKNOWN } } }
I20260709 13:09:00.340355 30936 raft_consensus.cc:993] T 867143fe13b44ce19d8c16e41bb07ca1 P fc7a2df38d174f94a8cb0e745fbbba62: : Instructing follower c2554923728e44279d89028273f60036 to start an election
I20260709 13:09:00.340744 31037 raft_consensus.cc:1081] T 867143fe13b44ce19d8c16e41bb07ca1 P fc7a2df38d174f94a8cb0e745fbbba62 [term 1 LEADER]: Signalling peer c2554923728e44279d89028273f60036 to start an election
I20260709 13:09:00.341997 30741 tablet_service.cc:2044] Received Run Leader Election RPC: tablet_id: "867143fe13b44ce19d8c16e41bb07ca1"
dest_uuid: "c2554923728e44279d89028273f60036"
 from {username='slave'} at 127.0.0.1:45666
I20260709 13:09:00.342448 30741 raft_consensus.cc:493] T 867143fe13b44ce19d8c16e41bb07ca1 P c2554923728e44279d89028273f60036 [term 1 FOLLOWER]: Starting forced leader election (received explicit request)
I20260709 13:09:00.342715 30741 raft_consensus.cc:3060] T 867143fe13b44ce19d8c16e41bb07ca1 P c2554923728e44279d89028273f60036 [term 1 FOLLOWER]: Advancing to term 2
I20260709 13:09:00.346988 30741 raft_consensus.cc:515] T 867143fe13b44ce19d8c16e41bb07ca1 P c2554923728e44279d89028273f60036 [term 2 FOLLOWER]: Starting forced leader election with config: opid_index: -1 OBSOLETE_local: false peers { permanent_uuid: "c2554923728e44279d89028273f60036" member_type: VOTER last_known_addr { host: "127.29.97.1" port: 45979 } } peers { permanent_uuid: "fc7a2df38d174f94a8cb0e745fbbba62" member_type: VOTER last_known_addr { host: "127.29.97.2" port: 43901 } } peers { permanent_uuid: "665ef00aee454111b3b471f8e6111e57" member_type: VOTER last_known_addr { host: "127.29.97.3" port: 37317 } }
I20260709 13:09:00.348292 30741 leader_election.cc:290] T 867143fe13b44ce19d8c16e41bb07ca1 P c2554923728e44279d89028273f60036 [CANDIDATE]: Term 2 election: Requested vote from peers fc7a2df38d174f94a8cb0e745fbbba62 (127.29.97.2:43901), 665ef00aee454111b3b471f8e6111e57 (127.29.97.3:37317)
I20260709 13:09:00.349045 30816 tablet_service.cc:1917] Received RequestConsensusVote() RPC: tablet_id: "867143fe13b44ce19d8c16e41bb07ca1" candidate_uuid: "c2554923728e44279d89028273f60036" candidate_term: 2 candidate_status { last_received { term: 1 index: 1 } } ignore_live_leader: true dest_uuid: "fc7a2df38d174f94a8cb0e745fbbba62"
I20260709 13:09:00.349236 30890 tablet_service.cc:1917] Received RequestConsensusVote() RPC: tablet_id: "867143fe13b44ce19d8c16e41bb07ca1" candidate_uuid: "c2554923728e44279d89028273f60036" candidate_term: 2 candidate_status { last_received { term: 1 index: 1 } } ignore_live_leader: true dest_uuid: "665ef00aee454111b3b471f8e6111e57"
I20260709 13:09:00.349501 30816 raft_consensus.cc:3055] T 867143fe13b44ce19d8c16e41bb07ca1 P fc7a2df38d174f94a8cb0e745fbbba62 [term 1 LEADER]: Stepping down as leader of term 1
I20260709 13:09:00.349711 30890 raft_consensus.cc:3060] T 867143fe13b44ce19d8c16e41bb07ca1 P 665ef00aee454111b3b471f8e6111e57 [term 1 FOLLOWER]: Advancing to term 2
I20260709 13:09:00.349768 30816 raft_consensus.cc:740] T 867143fe13b44ce19d8c16e41bb07ca1 P fc7a2df38d174f94a8cb0e745fbbba62 [term 1 LEADER]: Becoming Follower/Learner. State: Replica: fc7a2df38d174f94a8cb0e745fbbba62, State: Running, Role: LEADER
I20260709 13:09:00.350459 30816 consensus_queue.cc:260] T 867143fe13b44ce19d8c16e41bb07ca1 P fc7a2df38d174f94a8cb0e745fbbba62 [NON_LEADER]: Queue going to NON_LEADER mode. State: All replicated index: 0, Majority replicated index: 1, Committed index: 1, Last appended: 1.1, Last appended by leader: 1, Current term: 1, Majority size: -1, State: 0, Mode: NON_LEADER, active raft config: opid_index: -1 OBSOLETE_local: false peers { permanent_uuid: "c2554923728e44279d89028273f60036" member_type: VOTER last_known_addr { host: "127.29.97.1" port: 45979 } } peers { permanent_uuid: "fc7a2df38d174f94a8cb0e745fbbba62" member_type: VOTER last_known_addr { host: "127.29.97.2" port: 43901 } } peers { permanent_uuid: "665ef00aee454111b3b471f8e6111e57" member_type: VOTER last_known_addr { host: "127.29.97.3" port: 37317 } }
I20260709 13:09:00.351322 30816 raft_consensus.cc:3060] T 867143fe13b44ce19d8c16e41bb07ca1 P fc7a2df38d174f94a8cb0e745fbbba62 [term 1 FOLLOWER]: Advancing to term 2
I20260709 13:09:00.354060 30890 raft_consensus.cc:2468] T 867143fe13b44ce19d8c16e41bb07ca1 P 665ef00aee454111b3b471f8e6111e57 [term 2 FOLLOWER]: Leader election vote request: Granting yes vote for candidate c2554923728e44279d89028273f60036 in term 2.
I20260709 13:09:00.354892 30707 leader_election.cc:304] T 867143fe13b44ce19d8c16e41bb07ca1 P c2554923728e44279d89028273f60036 [CANDIDATE]: Term 2 election: Election decided. Result: candidate won. Election summary: received 2 responses out of 3 voters: 2 yes votes; 0 no votes. yes voters: 665ef00aee454111b3b471f8e6111e57, c2554923728e44279d89028273f60036; no voters: 
I20260709 13:09:00.355130 30816 raft_consensus.cc:2468] T 867143fe13b44ce19d8c16e41bb07ca1 P fc7a2df38d174f94a8cb0e745fbbba62 [term 2 FOLLOWER]: Leader election vote request: Granting yes vote for candidate c2554923728e44279d89028273f60036 in term 2.
I20260709 13:09:00.355481 31021 raft_consensus.cc:2804] T 867143fe13b44ce19d8c16e41bb07ca1 P c2554923728e44279d89028273f60036 [term 2 FOLLOWER]: Leader election won for term 2
I20260709 13:09:00.355856 31021 raft_consensus.cc:697] T 867143fe13b44ce19d8c16e41bb07ca1 P c2554923728e44279d89028273f60036 [term 2 LEADER]: Becoming Leader. State: Replica: c2554923728e44279d89028273f60036, State: Running, Role: LEADER
I20260709 13:09:00.356549 31021 consensus_queue.cc:237] T 867143fe13b44ce19d8c16e41bb07ca1 P c2554923728e44279d89028273f60036 [LEADER]: Queue going to LEADER mode. State: All replicated index: 0, Majority replicated index: 1, Committed index: 1, Last appended: 1.1, Last appended by leader: 1, Current term: 2, Majority size: 2, State: 0, Mode: LEADER, active raft config: opid_index: -1 OBSOLETE_local: false peers { permanent_uuid: "c2554923728e44279d89028273f60036" member_type: VOTER last_known_addr { host: "127.29.97.1" port: 45979 } } peers { permanent_uuid: "fc7a2df38d174f94a8cb0e745fbbba62" member_type: VOTER last_known_addr { host: "127.29.97.2" port: 43901 } } peers { permanent_uuid: "665ef00aee454111b3b471f8e6111e57" member_type: VOTER last_known_addr { host: "127.29.97.3" port: 37317 } }
I20260709 13:09:00.362489 30638 catalog_manager.cc:5697] T 867143fe13b44ce19d8c16e41bb07ca1 P c2554923728e44279d89028273f60036 reported cstate change: term changed from 1 to 2, leader changed from fc7a2df38d174f94a8cb0e745fbbba62 (127.29.97.2) to c2554923728e44279d89028273f60036 (127.29.97.1). New cstate: current_term: 2 leader_uuid: "c2554923728e44279d89028273f60036" committed_config { opid_index: -1 OBSOLETE_local: false peers { permanent_uuid: "c2554923728e44279d89028273f60036" member_type: VOTER last_known_addr { host: "127.29.97.1" port: 45979 } health_report { overall_health: HEALTHY } } peers { permanent_uuid: "fc7a2df38d174f94a8cb0e745fbbba62" member_type: VOTER last_known_addr { host: "127.29.97.2" port: 43901 } health_report { overall_health: UNKNOWN } } peers { permanent_uuid: "665ef00aee454111b3b471f8e6111e57" member_type: VOTER last_known_addr { host: "127.29.97.3" port: 37317 } health_report { overall_health: UNKNOWN } } }
I20260709 13:09:00.390683 31018 raft_consensus.cc:993] T 05e609ea34c04baea0447eb8c68bf611 P 665ef00aee454111b3b471f8e6111e57: : Instructing follower c2554923728e44279d89028273f60036 to start an election
I20260709 13:09:00.391072 31031 raft_consensus.cc:1081] T 05e609ea34c04baea0447eb8c68bf611 P 665ef00aee454111b3b471f8e6111e57 [term 2 LEADER]: Signalling peer c2554923728e44279d89028273f60036 to start an election
I20260709 13:09:00.392316 30741 tablet_service.cc:2044] Received Run Leader Election RPC: tablet_id: "05e609ea34c04baea0447eb8c68bf611"
dest_uuid: "c2554923728e44279d89028273f60036"
 from {username='slave'} at 127.0.0.1:45660
I20260709 13:09:00.392704 30741 raft_consensus.cc:493] T 05e609ea34c04baea0447eb8c68bf611 P c2554923728e44279d89028273f60036 [term 2 FOLLOWER]: Starting forced leader election (received explicit request)
I20260709 13:09:00.392961 30741 raft_consensus.cc:3060] T 05e609ea34c04baea0447eb8c68bf611 P c2554923728e44279d89028273f60036 [term 2 FOLLOWER]: Advancing to term 3
I20260709 13:09:00.396618 30741 raft_consensus.cc:515] T 05e609ea34c04baea0447eb8c68bf611 P c2554923728e44279d89028273f60036 [term 3 FOLLOWER]: Starting forced leader election with config: opid_index: -1 OBSOLETE_local: false peers { permanent_uuid: "c2554923728e44279d89028273f60036" member_type: VOTER last_known_addr { host: "127.29.97.1" port: 45979 } } peers { permanent_uuid: "fc7a2df38d174f94a8cb0e745fbbba62" member_type: VOTER last_known_addr { host: "127.29.97.2" port: 43901 } } peers { permanent_uuid: "665ef00aee454111b3b471f8e6111e57" member_type: VOTER last_known_addr { host: "127.29.97.3" port: 37317 } }
I20260709 13:09:00.397953 30741 leader_election.cc:290] T 05e609ea34c04baea0447eb8c68bf611 P c2554923728e44279d89028273f60036 [CANDIDATE]: Term 3 election: Requested vote from peers fc7a2df38d174f94a8cb0e745fbbba62 (127.29.97.2:43901), 665ef00aee454111b3b471f8e6111e57 (127.29.97.3:37317)
I20260709 13:09:00.398597 30816 tablet_service.cc:1917] Received RequestConsensusVote() RPC: tablet_id: "05e609ea34c04baea0447eb8c68bf611" candidate_uuid: "c2554923728e44279d89028273f60036" candidate_term: 3 candidate_status { last_received { term: 2 index: 2 } } ignore_live_leader: true dest_uuid: "fc7a2df38d174f94a8cb0e745fbbba62"
I20260709 13:09:00.398866 30890 tablet_service.cc:1917] Received RequestConsensusVote() RPC: tablet_id: "05e609ea34c04baea0447eb8c68bf611" candidate_uuid: "c2554923728e44279d89028273f60036" candidate_term: 3 candidate_status { last_received { term: 2 index: 2 } } ignore_live_leader: true dest_uuid: "665ef00aee454111b3b471f8e6111e57"
I20260709 13:09:00.399096 30816 raft_consensus.cc:3060] T 05e609ea34c04baea0447eb8c68bf611 P fc7a2df38d174f94a8cb0e745fbbba62 [term 2 FOLLOWER]: Advancing to term 3
I20260709 13:09:00.399324 30890 raft_consensus.cc:3055] T 05e609ea34c04baea0447eb8c68bf611 P 665ef00aee454111b3b471f8e6111e57 [term 2 LEADER]: Stepping down as leader of term 2
I20260709 13:09:00.399580 30890 raft_consensus.cc:740] T 05e609ea34c04baea0447eb8c68bf611 P 665ef00aee454111b3b471f8e6111e57 [term 2 LEADER]: Becoming Follower/Learner. State: Replica: 665ef00aee454111b3b471f8e6111e57, State: Running, Role: LEADER
I20260709 13:09:00.400183 30890 consensus_queue.cc:260] T 05e609ea34c04baea0447eb8c68bf611 P 665ef00aee454111b3b471f8e6111e57 [NON_LEADER]: Queue going to NON_LEADER mode. State: All replicated index: 0, Majority replicated index: 2, Committed index: 2, Last appended: 2.2, Last appended by leader: 2, Current term: 2, Majority size: -1, State: 0, Mode: NON_LEADER, active raft config: opid_index: -1 OBSOLETE_local: false peers { permanent_uuid: "c2554923728e44279d89028273f60036" member_type: VOTER last_known_addr { host: "127.29.97.1" port: 45979 } } peers { permanent_uuid: "fc7a2df38d174f94a8cb0e745fbbba62" member_type: VOTER last_known_addr { host: "127.29.97.2" port: 43901 } } peers { permanent_uuid: "665ef00aee454111b3b471f8e6111e57" member_type: VOTER last_known_addr { host: "127.29.97.3" port: 37317 } }
I20260709 13:09:00.400981 30890 raft_consensus.cc:3060] T 05e609ea34c04baea0447eb8c68bf611 P 665ef00aee454111b3b471f8e6111e57 [term 2 FOLLOWER]: Advancing to term 3
I20260709 13:09:00.402902 30816 raft_consensus.cc:2468] T 05e609ea34c04baea0447eb8c68bf611 P fc7a2df38d174f94a8cb0e745fbbba62 [term 3 FOLLOWER]: Leader election vote request: Granting yes vote for candidate c2554923728e44279d89028273f60036 in term 3.
I20260709 13:09:00.403709 30708 leader_election.cc:304] T 05e609ea34c04baea0447eb8c68bf611 P c2554923728e44279d89028273f60036 [CANDIDATE]: Term 3 election: Election decided. Result: candidate won. Election summary: received 2 responses out of 3 voters: 2 yes votes; 0 no votes. yes voters: c2554923728e44279d89028273f60036, fc7a2df38d174f94a8cb0e745fbbba62; no voters: 
I20260709 13:09:00.404294 31021 raft_consensus.cc:2804] T 05e609ea34c04baea0447eb8c68bf611 P c2554923728e44279d89028273f60036 [term 3 FOLLOWER]: Leader election won for term 3
I20260709 13:09:00.404639 31021 raft_consensus.cc:697] T 05e609ea34c04baea0447eb8c68bf611 P c2554923728e44279d89028273f60036 [term 3 LEADER]: Becoming Leader. State: Replica: c2554923728e44279d89028273f60036, State: Running, Role: LEADER
I20260709 13:09:00.405227 30890 raft_consensus.cc:2468] T 05e609ea34c04baea0447eb8c68bf611 P 665ef00aee454111b3b471f8e6111e57 [term 3 FOLLOWER]: Leader election vote request: Granting yes vote for candidate c2554923728e44279d89028273f60036 in term 3.
I20260709 13:09:00.405308 31021 consensus_queue.cc:237] T 05e609ea34c04baea0447eb8c68bf611 P c2554923728e44279d89028273f60036 [LEADER]: Queue going to LEADER mode. State: All replicated index: 0, Majority replicated index: 2, Committed index: 2, Last appended: 2.2, Last appended by leader: 2, Current term: 3, Majority size: 2, State: 0, Mode: LEADER, active raft config: opid_index: -1 OBSOLETE_local: false peers { permanent_uuid: "c2554923728e44279d89028273f60036" member_type: VOTER last_known_addr { host: "127.29.97.1" port: 45979 } } peers { permanent_uuid: "fc7a2df38d174f94a8cb0e745fbbba62" member_type: VOTER last_known_addr { host: "127.29.97.2" port: 43901 } } peers { permanent_uuid: "665ef00aee454111b3b471f8e6111e57" member_type: VOTER last_known_addr { host: "127.29.97.3" port: 37317 } }
I20260709 13:09:00.410627 30638 catalog_manager.cc:5697] T 05e609ea34c04baea0447eb8c68bf611 P c2554923728e44279d89028273f60036 reported cstate change: term changed from 2 to 3, leader changed from 665ef00aee454111b3b471f8e6111e57 (127.29.97.3) to c2554923728e44279d89028273f60036 (127.29.97.1). New cstate: current_term: 3 leader_uuid: "c2554923728e44279d89028273f60036" committed_config { opid_index: -1 OBSOLETE_local: false peers { permanent_uuid: "c2554923728e44279d89028273f60036" member_type: VOTER last_known_addr { host: "127.29.97.1" port: 45979 } health_report { overall_health: HEALTHY } } peers { permanent_uuid: "fc7a2df38d174f94a8cb0e745fbbba62" member_type: VOTER last_known_addr { host: "127.29.97.2" port: 43901 } health_report { overall_health: UNKNOWN } } peers { permanent_uuid: "665ef00aee454111b3b471f8e6111e57" member_type: VOTER last_known_addr { host: "127.29.97.3" port: 37317 } health_report { overall_health: UNKNOWN } } }
I20260709 13:09:00.508950 30890 raft_consensus.cc:1275] T 513621a7bdf44b288db871d00c1b03c5 P 665ef00aee454111b3b471f8e6111e57 [term 3 FOLLOWER]: Refusing update from remote peer c2554923728e44279d89028273f60036: Log matching property violated. Preceding OpId in replica: term: 2 index: 2. Preceding OpId from leader: term: 3 index: 3. (index mismatch)
I20260709 13:09:00.509976 31021 consensus_queue.cc:1048] T 513621a7bdf44b288db871d00c1b03c5 P c2554923728e44279d89028273f60036 [LEADER]: Connected to new peer: Peer: permanent_uuid: "665ef00aee454111b3b471f8e6111e57" member_type: VOTER last_known_addr { host: "127.29.97.3" port: 37317 }, Status: LMP_MISMATCH, Last received: 0.0, Next index: 3, Last known committed idx: 2, Time since last communication: 0.000s
I20260709 13:09:00.520035 30816 raft_consensus.cc:1275] T 513621a7bdf44b288db871d00c1b03c5 P fc7a2df38d174f94a8cb0e745fbbba62 [term 3 FOLLOWER]: Refusing update from remote peer c2554923728e44279d89028273f60036: Log matching property violated. Preceding OpId in replica: term: 2 index: 2. Preceding OpId from leader: term: 3 index: 3. (index mismatch)
I20260709 13:09:00.521464 31021 consensus_queue.cc:1048] T 513621a7bdf44b288db871d00c1b03c5 P c2554923728e44279d89028273f60036 [LEADER]: Connected to new peer: Peer: permanent_uuid: "fc7a2df38d174f94a8cb0e745fbbba62" member_type: VOTER last_known_addr { host: "127.29.97.2" port: 43901 }, Status: LMP_MISMATCH, Last received: 0.0, Next index: 3, Last known committed idx: 2, Time since last communication: 0.000s
I20260709 13:09:00.527983 30890 raft_consensus.cc:1275] T d99c28b6f1f94f2d87374e245bf37a94 P 665ef00aee454111b3b471f8e6111e57 [term 2 FOLLOWER]: Refusing update from remote peer c2554923728e44279d89028273f60036: Log matching property violated. Preceding OpId in replica: term: 1 index: 1. Preceding OpId from leader: term: 2 index: 2. (index mismatch)
I20260709 13:09:00.529201 31021 consensus_queue.cc:1048] T d99c28b6f1f94f2d87374e245bf37a94 P c2554923728e44279d89028273f60036 [LEADER]: Connected to new peer: Peer: permanent_uuid: "665ef00aee454111b3b471f8e6111e57" member_type: VOTER last_known_addr { host: "127.29.97.3" port: 37317 }, Status: LMP_MISMATCH, Last received: 0.0, Next index: 2, Last known committed idx: 1, Time since last communication: 0.000s
I20260709 13:09:00.538936 30816 raft_consensus.cc:1275] T d99c28b6f1f94f2d87374e245bf37a94 P fc7a2df38d174f94a8cb0e745fbbba62 [term 2 FOLLOWER]: Refusing update from remote peer c2554923728e44279d89028273f60036: Log matching property violated. Preceding OpId in replica: term: 1 index: 1. Preceding OpId from leader: term: 2 index: 2. (index mismatch)
I20260709 13:09:00.540187 31009 consensus_queue.cc:1048] T d99c28b6f1f94f2d87374e245bf37a94 P c2554923728e44279d89028273f60036 [LEADER]: Connected to new peer: Peer: permanent_uuid: "fc7a2df38d174f94a8cb0e745fbbba62" member_type: VOTER last_known_addr { host: "127.29.97.2" port: 43901 }, Status: LMP_MISMATCH, Last received: 0.0, Next index: 2, Last known committed idx: 1, Time since last communication: 0.000s
I20260709 13:09:00.717504 30816 raft_consensus.cc:1275] T 24e36c4e1f424fc9bcefede349858e7c P fc7a2df38d174f94a8cb0e745fbbba62 [term 4 FOLLOWER]: Refusing update from remote peer c2554923728e44279d89028273f60036: Log matching property violated. Preceding OpId in replica: term: 3 index: 3. Preceding OpId from leader: term: 4 index: 4. (index mismatch)
I20260709 13:09:00.718640 31046 consensus_queue.cc:1048] T 24e36c4e1f424fc9bcefede349858e7c P c2554923728e44279d89028273f60036 [LEADER]: Connected to new peer: Peer: permanent_uuid: "fc7a2df38d174f94a8cb0e745fbbba62" member_type: VOTER last_known_addr { host: "127.29.97.2" port: 43901 }, Status: LMP_MISMATCH, Last received: 0.0, Next index: 4, Last known committed idx: 3, Time since last communication: 0.000s
I20260709 13:09:00.726176 30890 raft_consensus.cc:1275] T 24e36c4e1f424fc9bcefede349858e7c P 665ef00aee454111b3b471f8e6111e57 [term 4 FOLLOWER]: Refusing update from remote peer c2554923728e44279d89028273f60036: Log matching property violated. Preceding OpId in replica: term: 3 index: 3. Preceding OpId from leader: term: 4 index: 4. (index mismatch)
I20260709 13:09:00.727332 31009 consensus_queue.cc:1048] T 24e36c4e1f424fc9bcefede349858e7c P c2554923728e44279d89028273f60036 [LEADER]: Connected to new peer: Peer: permanent_uuid: "665ef00aee454111b3b471f8e6111e57" member_type: VOTER last_known_addr { host: "127.29.97.3" port: 37317 }, Status: LMP_MISMATCH, Last received: 0.0, Next index: 4, Last known committed idx: 3, Time since last communication: 0.000s
I20260709 13:09:00.786691 30816 raft_consensus.cc:1275] T 867143fe13b44ce19d8c16e41bb07ca1 P fc7a2df38d174f94a8cb0e745fbbba62 [term 2 FOLLOWER]: Refusing update from remote peer c2554923728e44279d89028273f60036: Log matching property violated. Preceding OpId in replica: term: 1 index: 1. Preceding OpId from leader: term: 2 index: 2. (index mismatch)
I20260709 13:09:00.787716 31009 consensus_queue.cc:1048] T 867143fe13b44ce19d8c16e41bb07ca1 P c2554923728e44279d89028273f60036 [LEADER]: Connected to new peer: Peer: permanent_uuid: "fc7a2df38d174f94a8cb0e745fbbba62" member_type: VOTER last_known_addr { host: "127.29.97.2" port: 43901 }, Status: LMP_MISMATCH, Last received: 0.0, Next index: 2, Last known committed idx: 1, Time since last communication: 0.000s
I20260709 13:09:00.794377 30890 raft_consensus.cc:1275] T 867143fe13b44ce19d8c16e41bb07ca1 P 665ef00aee454111b3b471f8e6111e57 [term 2 FOLLOWER]: Refusing update from remote peer c2554923728e44279d89028273f60036: Log matching property violated. Preceding OpId in replica: term: 1 index: 1. Preceding OpId from leader: term: 2 index: 2. (index mismatch)
I20260709 13:09:00.796012 31009 consensus_queue.cc:1048] T 867143fe13b44ce19d8c16e41bb07ca1 P c2554923728e44279d89028273f60036 [LEADER]: Connected to new peer: Peer: permanent_uuid: "665ef00aee454111b3b471f8e6111e57" member_type: VOTER last_known_addr { host: "127.29.97.3" port: 37317 }, Status: LMP_MISMATCH, Last received: 0.0, Next index: 2, Last known committed idx: 1, Time since last communication: 0.001s
I20260709 13:09:00.859072 30890 raft_consensus.cc:1275] T 05e609ea34c04baea0447eb8c68bf611 P 665ef00aee454111b3b471f8e6111e57 [term 3 FOLLOWER]: Refusing update from remote peer c2554923728e44279d89028273f60036: Log matching property violated. Preceding OpId in replica: term: 2 index: 2. Preceding OpId from leader: term: 3 index: 3. (index mismatch)
I20260709 13:09:00.860114 31009 consensus_queue.cc:1048] T 05e609ea34c04baea0447eb8c68bf611 P c2554923728e44279d89028273f60036 [LEADER]: Connected to new peer: Peer: permanent_uuid: "665ef00aee454111b3b471f8e6111e57" member_type: VOTER last_known_addr { host: "127.29.97.3" port: 37317 }, Status: LMP_MISMATCH, Last received: 0.0, Next index: 3, Last known committed idx: 2, Time since last communication: 0.000s
I20260709 13:09:00.867488 30816 raft_consensus.cc:1275] T 05e609ea34c04baea0447eb8c68bf611 P fc7a2df38d174f94a8cb0e745fbbba62 [term 3 FOLLOWER]: Refusing update from remote peer c2554923728e44279d89028273f60036: Log matching property violated. Preceding OpId in replica: term: 2 index: 2. Preceding OpId from leader: term: 3 index: 3. (index mismatch)
I20260709 13:09:00.868877 31009 consensus_queue.cc:1048] T 05e609ea34c04baea0447eb8c68bf611 P c2554923728e44279d89028273f60036 [LEADER]: Connected to new peer: Peer: permanent_uuid: "fc7a2df38d174f94a8cb0e745fbbba62" member_type: VOTER last_known_addr { host: "127.29.97.2" port: 43901 }, Status: LMP_MISMATCH, Last received: 0.0, Next index: 3, Last known committed idx: 2, Time since last communication: 0.000s
I20260709 13:09:02.969440 30084 auto_leader_rebalancer.cc:141] leader rebalance for table test-workload
I20260709 13:09:02.976681 30741 tablet_service.cc:2072] Received LeaderStepDown RPC: tablet_id: "05e609ea34c04baea0447eb8c68bf611"
dest_uuid: "c2554923728e44279d89028273f60036"
mode: GRACEFUL
new_leader_uuid: "fc7a2df38d174f94a8cb0e745fbbba62"
 from {username='slave'} at 127.0.0.1:45670
I20260709 13:09:02.977144 30741 raft_consensus.cc:606] T 05e609ea34c04baea0447eb8c68bf611 P c2554923728e44279d89028273f60036 [term 3 LEADER]: Received request to transfer leadership to TS fc7a2df38d174f94a8cb0e745fbbba62
I20260709 13:09:02.979230 30741 tablet_service.cc:2072] Received LeaderStepDown RPC: tablet_id: "630a0a478740424e8955d0a99dbf1c20"
dest_uuid: "c2554923728e44279d89028273f60036"
mode: GRACEFUL
new_leader_uuid: "665ef00aee454111b3b471f8e6111e57"
 from {username='slave'} at 127.0.0.1:45670
I20260709 13:09:02.979624 30741 raft_consensus.cc:606] T 630a0a478740424e8955d0a99dbf1c20 P c2554923728e44279d89028273f60036 [term 2 LEADER]: Received request to transfer leadership to TS 665ef00aee454111b3b471f8e6111e57
I20260709 13:09:02.981495 30741 tablet_service.cc:2072] Received LeaderStepDown RPC: tablet_id: "6aea64cf333c47f5866c6e944e709f0f"
dest_uuid: "c2554923728e44279d89028273f60036"
mode: GRACEFUL
new_leader_uuid: "fc7a2df38d174f94a8cb0e745fbbba62"
 from {username='slave'} at 127.0.0.1:45670
I20260709 13:09:02.981861 30741 raft_consensus.cc:606] T 6aea64cf333c47f5866c6e944e709f0f P c2554923728e44279d89028273f60036 [term 2 LEADER]: Received request to transfer leadership to TS fc7a2df38d174f94a8cb0e745fbbba62
I20260709 13:09:02.983698 30741 tablet_service.cc:2072] Received LeaderStepDown RPC: tablet_id: "cda3f25b96c243ac8134d93dd4f8bcf9"
dest_uuid: "c2554923728e44279d89028273f60036"
mode: GRACEFUL
new_leader_uuid: "665ef00aee454111b3b471f8e6111e57"
 from {username='slave'} at 127.0.0.1:45670
I20260709 13:09:02.984109 30741 raft_consensus.cc:606] T cda3f25b96c243ac8134d93dd4f8bcf9 P c2554923728e44279d89028273f60036 [term 2 LEADER]: Received request to transfer leadership to TS 665ef00aee454111b3b471f8e6111e57
I20260709 13:09:02.984911 30084 auto_leader_rebalancer.cc:452] table: test-workload, leader rebalance finish, leader transfer count: 4
I20260709 13:09:02.985316 30084 auto_leader_rebalancer.cc:527] All tables' leader rebalancing finished this round
I20260709 13:09:02.996400 31057 raft_consensus.cc:993] T cda3f25b96c243ac8134d93dd4f8bcf9 P c2554923728e44279d89028273f60036: : Instructing follower 665ef00aee454111b3b471f8e6111e57 to start an election
I20260709 13:09:02.996780 31009 raft_consensus.cc:1081] T cda3f25b96c243ac8134d93dd4f8bcf9 P c2554923728e44279d89028273f60036 [term 2 LEADER]: Signalling peer 665ef00aee454111b3b471f8e6111e57 to start an election
I20260709 13:09:02.997920 30890 tablet_service.cc:2044] Received Run Leader Election RPC: tablet_id: "cda3f25b96c243ac8134d93dd4f8bcf9"
dest_uuid: "665ef00aee454111b3b471f8e6111e57"
 from {username='slave'} at 127.0.0.1:45180
I20260709 13:09:02.998301 30890 raft_consensus.cc:493] T cda3f25b96c243ac8134d93dd4f8bcf9 P 665ef00aee454111b3b471f8e6111e57 [term 2 FOLLOWER]: Starting forced leader election (received explicit request)
I20260709 13:09:02.998520 30890 raft_consensus.cc:3060] T cda3f25b96c243ac8134d93dd4f8bcf9 P 665ef00aee454111b3b471f8e6111e57 [term 2 FOLLOWER]: Advancing to term 3
I20260709 13:09:03.002310 30890 raft_consensus.cc:515] T cda3f25b96c243ac8134d93dd4f8bcf9 P 665ef00aee454111b3b471f8e6111e57 [term 3 FOLLOWER]: Starting forced leader election with config: opid_index: -1 OBSOLETE_local: false peers { permanent_uuid: "c2554923728e44279d89028273f60036" member_type: VOTER last_known_addr { host: "127.29.97.1" port: 45979 } } peers { permanent_uuid: "fc7a2df38d174f94a8cb0e745fbbba62" member_type: VOTER last_known_addr { host: "127.29.97.2" port: 43901 } } peers { permanent_uuid: "665ef00aee454111b3b471f8e6111e57" member_type: VOTER last_known_addr { host: "127.29.97.3" port: 37317 } }
I20260709 13:09:03.003743 30890 leader_election.cc:290] T cda3f25b96c243ac8134d93dd4f8bcf9 P 665ef00aee454111b3b471f8e6111e57 [CANDIDATE]: Term 3 election: Requested vote from peers c2554923728e44279d89028273f60036 (127.29.97.1:45979), fc7a2df38d174f94a8cb0e745fbbba62 (127.29.97.2:43901)
I20260709 13:09:03.004406 30741 tablet_service.cc:1917] Received RequestConsensusVote() RPC: tablet_id: "cda3f25b96c243ac8134d93dd4f8bcf9" candidate_uuid: "665ef00aee454111b3b471f8e6111e57" candidate_term: 3 candidate_status { last_received { term: 2 index: 2 } } ignore_live_leader: true dest_uuid: "c2554923728e44279d89028273f60036"
I20260709 13:09:03.004732 30816 tablet_service.cc:1917] Received RequestConsensusVote() RPC: tablet_id: "cda3f25b96c243ac8134d93dd4f8bcf9" candidate_uuid: "665ef00aee454111b3b471f8e6111e57" candidate_term: 3 candidate_status { last_received { term: 2 index: 2 } } ignore_live_leader: true dest_uuid: "fc7a2df38d174f94a8cb0e745fbbba62"
I20260709 13:09:03.004974 30741 raft_consensus.cc:3055] T cda3f25b96c243ac8134d93dd4f8bcf9 P c2554923728e44279d89028273f60036 [term 2 LEADER]: Stepping down as leader of term 2
I20260709 13:09:03.005287 30816 raft_consensus.cc:3060] T cda3f25b96c243ac8134d93dd4f8bcf9 P fc7a2df38d174f94a8cb0e745fbbba62 [term 2 FOLLOWER]: Advancing to term 3
