I20260709 13:09:00.074988 31982 consensus_queue.cc:260] T 616d38392fdb44a18e44699bf2a5c8b1 P 24b5bdd14bc84dc78215470929e13890 [NON_LEADER]: Queue going to NON_LEADER mode. State: All replicated index: 0, Majority replicated index: 0, Committed index: 0, Last appended: 0.0, Last appended by leader: 0, Current term: 0, Majority size: -1, State: 0, Mode: NON_LEADER, active raft config: opid_index: -1 OBSOLETE_local: false peers { permanent_uuid: "24b5bdd14bc84dc78215470929e13890" member_type: VOTER last_known_addr { host: "127.29.248.193" port: 35027 } } peers { permanent_uuid: "8f218924fe894bca99da393228e2319b" member_type: VOTER last_known_addr { host: "127.29.248.194" port: 40285 } } peers { permanent_uuid: "e8054db55b6a4bf5bccb3ee3a09a5e34" member_type: VOTER last_known_addr { host: "127.29.248.195" port: 45857 } }
I20260709 13:09:00.076376 31980 tablet_bootstrap.cc:492] T 973af9083fc04cec805f540a1285ebb0 P 8f218924fe894bca99da393228e2319b: No bootstrap required, opened a new log
I20260709 13:09:00.076828 31980 ts_tablet_manager.cc:1403] T 973af9083fc04cec805f540a1285ebb0 P 8f218924fe894bca99da393228e2319b: Time spent bootstrapping tablet: real 0.045s	user 0.011s	sys 0.001s
I20260709 13:09:00.089197 31980 raft_consensus.cc:359] T 973af9083fc04cec805f540a1285ebb0 P 8f218924fe894bca99da393228e2319b [term 0 FOLLOWER]: Replica starting. Triggering 0 pending ops. Active config: opid_index: -1 OBSOLETE_local: false peers { permanent_uuid: "24b5bdd14bc84dc78215470929e13890" member_type: VOTER last_known_addr { host: "127.29.248.193" port: 35027 } } peers { permanent_uuid: "8f218924fe894bca99da393228e2319b" member_type: VOTER last_known_addr { host: "127.29.248.194" port: 40285 } } peers { permanent_uuid: "e8054db55b6a4bf5bccb3ee3a09a5e34" member_type: VOTER last_known_addr { host: "127.29.248.195" port: 45857 } }
I20260709 13:09:00.089985 31980 raft_consensus.cc:385] T 973af9083fc04cec805f540a1285ebb0 P 8f218924fe894bca99da393228e2319b [term 0 FOLLOWER]: Consensus starting up: Expiring failure detector timer to make a prompt election more likely
I20260709 13:09:00.090250 31980 raft_consensus.cc:740] T 973af9083fc04cec805f540a1285ebb0 P 8f218924fe894bca99da393228e2319b [term 0 FOLLOWER]: Becoming Follower/Learner. State: Replica: 8f218924fe894bca99da393228e2319b, State: Initialized, Role: FOLLOWER
I20260709 13:09:00.090838 31980 consensus_queue.cc:260] T 973af9083fc04cec805f540a1285ebb0 P 8f218924fe894bca99da393228e2319b [NON_LEADER]: Queue going to NON_LEADER mode. State: All replicated index: 0, Majority replicated index: 0, Committed index: 0, Last appended: 0.0, Last appended by leader: 0, Current term: 0, Majority size: -1, State: 0, Mode: NON_LEADER, active raft config: opid_index: -1 OBSOLETE_local: false peers { permanent_uuid: "24b5bdd14bc84dc78215470929e13890" member_type: VOTER last_known_addr { host: "127.29.248.193" port: 35027 } } peers { permanent_uuid: "8f218924fe894bca99da393228e2319b" member_type: VOTER last_known_addr { host: "127.29.248.194" port: 40285 } } peers { permanent_uuid: "e8054db55b6a4bf5bccb3ee3a09a5e34" member_type: VOTER last_known_addr { host: "127.29.248.195" port: 45857 } }
I20260709 13:09:00.092938 31980 ts_tablet_manager.cc:1434] T 973af9083fc04cec805f540a1285ebb0 P 8f218924fe894bca99da393228e2319b: Time spent starting tablet: real 0.016s	user 0.006s	sys 0.000s
I20260709 13:09:00.082083 31982 ts_tablet_manager.cc:1434] T 616d38392fdb44a18e44699bf2a5c8b1 P 24b5bdd14bc84dc78215470929e13890: Time spent starting tablet: real 0.015s	user 0.005s	sys 0.002s
I20260709 13:09:00.094362 31980 tablet_bootstrap.cc:492] T e5b9d88d6d584cb5956f771d74cd47b8 P 8f218924fe894bca99da393228e2319b: Bootstrap starting.
I20260709 13:09:00.097256 31982 tablet_bootstrap.cc:492] T a13be84c51e44997a3b660cf23cb1fc2 P 24b5bdd14bc84dc78215470929e13890: Bootstrap starting.
I20260709 13:09:00.100921 31980 tablet_bootstrap.cc:654] T e5b9d88d6d584cb5956f771d74cd47b8 P 8f218924fe894bca99da393228e2319b: Neither blocks nor log segments found. Creating new log.
I20260709 13:09:00.103660 31981 tablet_bootstrap.cc:654] T d161926850de4a67a52f3e9bdf5cec92 P e8054db55b6a4bf5bccb3ee3a09a5e34: Neither blocks nor log segments found. Creating new log.
I20260709 13:09:00.104208 31687 catalog_manager.cc:5697] T 85b3fcacd28c4252859f63092b09944b P 8f218924fe894bca99da393228e2319b reported cstate change: term changed from 0 to 1, leader changed from <none> to 8f218924fe894bca99da393228e2319b (127.29.248.194). New cstate: current_term: 1 leader_uuid: "8f218924fe894bca99da393228e2319b" committed_config { opid_index: -1 OBSOLETE_local: false peers { permanent_uuid: "24b5bdd14bc84dc78215470929e13890" member_type: VOTER last_known_addr { host: "127.29.248.193" port: 35027 } health_report { overall_health: UNKNOWN } } peers { permanent_uuid: "8f218924fe894bca99da393228e2319b" member_type: VOTER last_known_addr { host: "127.29.248.194" port: 40285 } health_report { overall_health: HEALTHY } } peers { permanent_uuid: "e8054db55b6a4bf5bccb3ee3a09a5e34" member_type: VOTER last_known_addr { host: "127.29.248.195" port: 45857 } health_report { overall_health: UNKNOWN } } }
I20260709 13:09:00.106541 31687 catalog_manager.cc:5697] T bf17040bfab5407e84148ee122e83f7d P 8f218924fe894bca99da393228e2319b reported cstate change: term changed from 0 to 1, leader changed from <none> to 8f218924fe894bca99da393228e2319b (127.29.248.194). New cstate: current_term: 1 leader_uuid: "8f218924fe894bca99da393228e2319b" committed_config { opid_index: -1 OBSOLETE_local: false peers { permanent_uuid: "24b5bdd14bc84dc78215470929e13890" member_type: VOTER last_known_addr { host: "127.29.248.193" port: 35027 } health_report { overall_health: UNKNOWN } } peers { permanent_uuid: "8f218924fe894bca99da393228e2319b" member_type: VOTER last_known_addr { host: "127.29.248.194" port: 40285 } health_report { overall_health: HEALTHY } } peers { permanent_uuid: "e8054db55b6a4bf5bccb3ee3a09a5e34" member_type: VOTER last_known_addr { host: "127.29.248.195" port: 45857 } health_report { overall_health: UNKNOWN } } }
I20260709 13:09:00.113927 31982 tablet_bootstrap.cc:654] T a13be84c51e44997a3b660cf23cb1fc2 P 24b5bdd14bc84dc78215470929e13890: Neither blocks nor log segments found. Creating new log.
I20260709 13:09:00.114930 32106 consensus_queue.cc:1048] T fb7a39b8f0aa4b42ac83c6b0da6aae1c P 24b5bdd14bc84dc78215470929e13890 [LEADER]: Connected to new peer: Peer: permanent_uuid: "8f218924fe894bca99da393228e2319b" member_type: VOTER last_known_addr { host: "127.29.248.194" port: 40285 }, Status: LMP_MISMATCH, Last received: 0.0, Next index: 1, Last known committed idx: 0, Time since last communication: 0.000s
I20260709 13:09:00.127532 31982 tablet_bootstrap.cc:492] T a13be84c51e44997a3b660cf23cb1fc2 P 24b5bdd14bc84dc78215470929e13890: No bootstrap required, opened a new log
I20260709 13:09:00.128139 31982 ts_tablet_manager.cc:1403] T a13be84c51e44997a3b660cf23cb1fc2 P 24b5bdd14bc84dc78215470929e13890: Time spent bootstrapping tablet: real 0.031s	user 0.013s	sys 0.000s
I20260709 13:09:00.132133 31988 consensus_queue.cc:1048] T 843b40c526f641cf80358ce16f358967 P 24b5bdd14bc84dc78215470929e13890 [LEADER]: Connected to new peer: Peer: permanent_uuid: "8f218924fe894bca99da393228e2319b" member_type: VOTER last_known_addr { host: "127.29.248.194" port: 40285 }, Status: LMP_MISMATCH, Last received: 0.0, Next index: 1, Last known committed idx: 0, Time since last communication: 0.000s
W20260709 13:09:00.135449 31757 consensus_peers.cc:597] T fb7a39b8f0aa4b42ac83c6b0da6aae1c P 24b5bdd14bc84dc78215470929e13890 -> Peer e8054db55b6a4bf5bccb3ee3a09a5e34 (127.29.248.195:45857): Couldn't send request to peer e8054db55b6a4bf5bccb3ee3a09a5e34. Error code: TABLET_NOT_RUNNING (12). Status: Illegal state: Tablet not RUNNING: INITIALIZED. This is attempt 1: this message will repeat every 5th retry.
I20260709 13:09:00.135185 31982 raft_consensus.cc:359] T a13be84c51e44997a3b660cf23cb1fc2 P 24b5bdd14bc84dc78215470929e13890 [term 0 FOLLOWER]: Replica starting. Triggering 0 pending ops. Active config: opid_index: -1 OBSOLETE_local: false peers { permanent_uuid: "24b5bdd14bc84dc78215470929e13890" member_type: VOTER last_known_addr { host: "127.29.248.193" port: 35027 } } peers { permanent_uuid: "8f218924fe894bca99da393228e2319b" member_type: VOTER last_known_addr { host: "127.29.248.194" port: 40285 } } peers { permanent_uuid: "e8054db55b6a4bf5bccb3ee3a09a5e34" member_type: VOTER last_known_addr { host: "127.29.248.195" port: 45857 } }
I20260709 13:09:00.136181 31982 raft_consensus.cc:385] T a13be84c51e44997a3b660cf23cb1fc2 P 24b5bdd14bc84dc78215470929e13890 [term 0 FOLLOWER]: Consensus starting up: Expiring failure detector timer to make a prompt election more likely
I20260709 13:09:00.136574 31982 raft_consensus.cc:740] T a13be84c51e44997a3b660cf23cb1fc2 P 24b5bdd14bc84dc78215470929e13890 [term 0 FOLLOWER]: Becoming Follower/Learner. State: Replica: 24b5bdd14bc84dc78215470929e13890, State: Initialized, Role: FOLLOWER
I20260709 13:09:00.140002 31982 consensus_queue.cc:260] T a13be84c51e44997a3b660cf23cb1fc2 P 24b5bdd14bc84dc78215470929e13890 [NON_LEADER]: Queue going to NON_LEADER mode. State: All replicated index: 0, Majority replicated index: 0, Committed index: 0, Last appended: 0.0, Last appended by leader: 0, Current term: 0, Majority size: -1, State: 0, Mode: NON_LEADER, active raft config: opid_index: -1 OBSOLETE_local: false peers { permanent_uuid: "24b5bdd14bc84dc78215470929e13890" member_type: VOTER last_known_addr { host: "127.29.248.193" port: 35027 } } peers { permanent_uuid: "8f218924fe894bca99da393228e2319b" member_type: VOTER last_known_addr { host: "127.29.248.194" port: 40285 } } peers { permanent_uuid: "e8054db55b6a4bf5bccb3ee3a09a5e34" member_type: VOTER last_known_addr { host: "127.29.248.195" port: 45857 } }
I20260709 13:09:00.150671 32286 consensus_queue.cc:1048] T 843b40c526f641cf80358ce16f358967 P 24b5bdd14bc84dc78215470929e13890 [LEADER]: Connected to new peer: Peer: permanent_uuid: "e8054db55b6a4bf5bccb3ee3a09a5e34" member_type: VOTER last_known_addr { host: "127.29.248.195" port: 45857 }, Status: LMP_MISMATCH, Last received: 0.0, Next index: 1, Last known committed idx: 0, Time since last communication: 0.000s
I20260709 13:09:00.151862 31982 ts_tablet_manager.cc:1434] T a13be84c51e44997a3b660cf23cb1fc2 P 24b5bdd14bc84dc78215470929e13890: Time spent starting tablet: real 0.023s	user 0.008s	sys 0.000s
I20260709 13:09:00.153499 31982 tablet_bootstrap.cc:492] T 69338a633f184fad94286714e3aad8da P 24b5bdd14bc84dc78215470929e13890: Bootstrap starting.
I20260709 13:09:00.165270 31981 tablet_bootstrap.cc:492] T d161926850de4a67a52f3e9bdf5cec92 P e8054db55b6a4bf5bccb3ee3a09a5e34: No bootstrap required, opened a new log
I20260709 13:09:00.165769 31981 ts_tablet_manager.cc:1403] T d161926850de4a67a52f3e9bdf5cec92 P e8054db55b6a4bf5bccb3ee3a09a5e34: Time spent bootstrapping tablet: real 0.091s	user 0.016s	sys 0.009s
I20260709 13:09:00.168689 31981 raft_consensus.cc:359] T d161926850de4a67a52f3e9bdf5cec92 P e8054db55b6a4bf5bccb3ee3a09a5e34 [term 0 FOLLOWER]: Replica starting. Triggering 0 pending ops. Active config: opid_index: -1 OBSOLETE_local: false peers { permanent_uuid: "24b5bdd14bc84dc78215470929e13890" member_type: VOTER last_known_addr { host: "127.29.248.193" port: 35027 } } peers { permanent_uuid: "8f218924fe894bca99da393228e2319b" member_type: VOTER last_known_addr { host: "127.29.248.194" port: 40285 } } peers { permanent_uuid: "e8054db55b6a4bf5bccb3ee3a09a5e34" member_type: VOTER last_known_addr { host: "127.29.248.195" port: 45857 } }
I20260709 13:09:00.169409 31981 raft_consensus.cc:385] T d161926850de4a67a52f3e9bdf5cec92 P e8054db55b6a4bf5bccb3ee3a09a5e34 [term 0 FOLLOWER]: Consensus starting up: Expiring failure detector timer to make a prompt election more likely
I20260709 13:09:00.169660 31981 raft_consensus.cc:740] T d161926850de4a67a52f3e9bdf5cec92 P e8054db55b6a4bf5bccb3ee3a09a5e34 [term 0 FOLLOWER]: Becoming Follower/Learner. State: Replica: e8054db55b6a4bf5bccb3ee3a09a5e34, State: Initialized, Role: FOLLOWER
I20260709 13:09:00.170274 31981 consensus_queue.cc:260] T d161926850de4a67a52f3e9bdf5cec92 P e8054db55b6a4bf5bccb3ee3a09a5e34 [NON_LEADER]: Queue going to NON_LEADER mode. State: All replicated index: 0, Majority replicated index: 0, Committed index: 0, Last appended: 0.0, Last appended by leader: 0, Current term: 0, Majority size: -1, State: 0, Mode: NON_LEADER, active raft config: opid_index: -1 OBSOLETE_local: false peers { permanent_uuid: "24b5bdd14bc84dc78215470929e13890" member_type: VOTER last_known_addr { host: "127.29.248.193" port: 35027 } } peers { permanent_uuid: "8f218924fe894bca99da393228e2319b" member_type: VOTER last_known_addr { host: "127.29.248.194" port: 40285 } } peers { permanent_uuid: "e8054db55b6a4bf5bccb3ee3a09a5e34" member_type: VOTER last_known_addr { host: "127.29.248.195" port: 45857 } }
I20260709 13:09:00.172989 31981 ts_tablet_manager.cc:1434] T d161926850de4a67a52f3e9bdf5cec92 P e8054db55b6a4bf5bccb3ee3a09a5e34: Time spent starting tablet: real 0.007s	user 0.004s	sys 0.003s
I20260709 13:09:00.173873 31981 tablet_bootstrap.cc:492] T 616d38392fdb44a18e44699bf2a5c8b1 P e8054db55b6a4bf5bccb3ee3a09a5e34: Bootstrap starting.
I20260709 13:09:00.173149 31980 tablet_bootstrap.cc:492] T e5b9d88d6d584cb5956f771d74cd47b8 P 8f218924fe894bca99da393228e2319b: No bootstrap required, opened a new log
I20260709 13:09:00.174950 31980 ts_tablet_manager.cc:1403] T e5b9d88d6d584cb5956f771d74cd47b8 P 8f218924fe894bca99da393228e2319b: Time spent bootstrapping tablet: real 0.081s	user 0.040s	sys 0.013s
I20260709 13:09:00.177414 31982 tablet_bootstrap.cc:654] T 69338a633f184fad94286714e3aad8da P 24b5bdd14bc84dc78215470929e13890: Neither blocks nor log segments found. Creating new log.
I20260709 13:09:00.179214 31981 tablet_bootstrap.cc:654] T 616d38392fdb44a18e44699bf2a5c8b1 P e8054db55b6a4bf5bccb3ee3a09a5e34: Neither blocks nor log segments found. Creating new log.
I20260709 13:09:00.177428 31980 raft_consensus.cc:359] T e5b9d88d6d584cb5956f771d74cd47b8 P 8f218924fe894bca99da393228e2319b [term 0 FOLLOWER]: Replica starting. Triggering 0 pending ops. Active config: opid_index: -1 OBSOLETE_local: false peers { permanent_uuid: "24b5bdd14bc84dc78215470929e13890" member_type: VOTER last_known_addr { host: "127.29.248.193" port: 35027 } } peers { permanent_uuid: "8f218924fe894bca99da393228e2319b" member_type: VOTER last_known_addr { host: "127.29.248.194" port: 40285 } } peers { permanent_uuid: "e8054db55b6a4bf5bccb3ee3a09a5e34" member_type: VOTER last_known_addr { host: "127.29.248.195" port: 45857 } }
I20260709 13:09:00.180107 31980 raft_consensus.cc:385] T e5b9d88d6d584cb5956f771d74cd47b8 P 8f218924fe894bca99da393228e2319b [term 0 FOLLOWER]: Consensus starting up: Expiring failure detector timer to make a prompt election more likely
I20260709 13:09:00.180408 31980 raft_consensus.cc:740] T e5b9d88d6d584cb5956f771d74cd47b8 P 8f218924fe894bca99da393228e2319b [term 0 FOLLOWER]: Becoming Follower/Learner. State: Replica: 8f218924fe894bca99da393228e2319b, State: Initialized, Role: FOLLOWER
I20260709 13:09:00.181504 31980 consensus_queue.cc:260] T e5b9d88d6d584cb5956f771d74cd47b8 P 8f218924fe894bca99da393228e2319b [NON_LEADER]: Queue going to NON_LEADER mode. State: All replicated index: 0, Majority replicated index: 0, Committed index: 0, Last appended: 0.0, Last appended by leader: 0, Current term: 0, Majority size: -1, State: 0, Mode: NON_LEADER, active raft config: opid_index: -1 OBSOLETE_local: false peers { permanent_uuid: "24b5bdd14bc84dc78215470929e13890" member_type: VOTER last_known_addr { host: "127.29.248.193" port: 35027 } } peers { permanent_uuid: "8f218924fe894bca99da393228e2319b" member_type: VOTER last_known_addr { host: "127.29.248.194" port: 40285 } } peers { permanent_uuid: "e8054db55b6a4bf5bccb3ee3a09a5e34" member_type: VOTER last_known_addr { host: "127.29.248.195" port: 45857 } }
I20260709 13:09:00.187767 31980 ts_tablet_manager.cc:1434] T e5b9d88d6d584cb5956f771d74cd47b8 P 8f218924fe894bca99da393228e2319b: Time spent starting tablet: real 0.013s	user 0.006s	sys 0.000s
I20260709 13:09:00.188782 31980 tablet_bootstrap.cc:492] T 8866efc1fbc044a595c519a576d8b4b8 P 8f218924fe894bca99da393228e2319b: Bootstrap starting.
I20260709 13:09:00.199905 31980 tablet_bootstrap.cc:654] T 8866efc1fbc044a595c519a576d8b4b8 P 8f218924fe894bca99da393228e2319b: Neither blocks nor log segments found. Creating new log.
I20260709 13:09:00.206112 31988 raft_consensus.cc:493] T 616d38392fdb44a18e44699bf2a5c8b1 P 24b5bdd14bc84dc78215470929e13890 [term 0 FOLLOWER]: Starting pre-election (no leader contacted us within the election timeout)
I20260709 13:09:00.206629 31988 raft_consensus.cc:515] T 616d38392fdb44a18e44699bf2a5c8b1 P 24b5bdd14bc84dc78215470929e13890 [term 0 FOLLOWER]: Starting pre-election with config: opid_index: -1 OBSOLETE_local: false peers { permanent_uuid: "24b5bdd14bc84dc78215470929e13890" member_type: VOTER last_known_addr { host: "127.29.248.193" port: 35027 } } peers { permanent_uuid: "8f218924fe894bca99da393228e2319b" member_type: VOTER last_known_addr { host: "127.29.248.194" port: 40285 } } peers { permanent_uuid: "e8054db55b6a4bf5bccb3ee3a09a5e34" member_type: VOTER last_known_addr { host: "127.29.248.195" port: 45857 } }
I20260709 13:09:00.213601 31861 tablet_service.cc:1917] Received RequestConsensusVote() RPC: tablet_id: "616d38392fdb44a18e44699bf2a5c8b1" candidate_uuid: "24b5bdd14bc84dc78215470929e13890" candidate_term: 1 candidate_status { last_received { term: 0 index: 0 } } ignore_live_leader: false dest_uuid: "8f218924fe894bca99da393228e2319b" is_pre_election: true
I20260709 13:09:00.214226 31861 raft_consensus.cc:2468] T 616d38392fdb44a18e44699bf2a5c8b1 P 8f218924fe894bca99da393228e2319b [term 0 FOLLOWER]: Leader pre-election vote request: Granting yes vote for candidate 24b5bdd14bc84dc78215470929e13890 in term 0.
I20260709 13:09:00.215416 31755 leader_election.cc:304] T 616d38392fdb44a18e44699bf2a5c8b1 P 24b5bdd14bc84dc78215470929e13890 [CANDIDATE]: Term 1 pre-election: Election decided. Result: candidate won. Election summary: received 2 responses out of 3 voters: 2 yes votes; 0 no votes. yes voters: 24b5bdd14bc84dc78215470929e13890, 8f218924fe894bca99da393228e2319b; no voters: 
I20260709 13:09:00.216516 32106 raft_consensus.cc:2804] T 616d38392fdb44a18e44699bf2a5c8b1 P 24b5bdd14bc84dc78215470929e13890 [term 0 FOLLOWER]: Leader pre-election won for term 1
I20260709 13:09:00.217093 32106 raft_consensus.cc:493] T 616d38392fdb44a18e44699bf2a5c8b1 P 24b5bdd14bc84dc78215470929e13890 [term 0 FOLLOWER]: Starting leader election (no leader contacted us within the election timeout)
I20260709 13:09:00.217512 32106 raft_consensus.cc:3060] T 616d38392fdb44a18e44699bf2a5c8b1 P 24b5bdd14bc84dc78215470929e13890 [term 0 FOLLOWER]: Advancing to term 1
I20260709 13:09:00.225463 31988 leader_election.cc:290] T 616d38392fdb44a18e44699bf2a5c8b1 P 24b5bdd14bc84dc78215470929e13890 [CANDIDATE]: Term 1 pre-election: Requested pre-vote from peers 8f218924fe894bca99da393228e2319b (127.29.248.194:40285), e8054db55b6a4bf5bccb3ee3a09a5e34 (127.29.248.195:45857)
I20260709 13:09:00.230747 31939 raft_consensus.cc:3060] T d161926850de4a67a52f3e9bdf5cec92 P e8054db55b6a4bf5bccb3ee3a09a5e34 [term 0 FOLLOWER]: Advancing to term 1
I20260709 13:09:00.231413 31936 tablet_service.cc:1917] Received RequestConsensusVote() RPC: tablet_id: "616d38392fdb44a18e44699bf2a5c8b1" candidate_uuid: "24b5bdd14bc84dc78215470929e13890" candidate_term: 1 candidate_status { last_received { term: 0 index: 0 } } ignore_live_leader: false dest_uuid: "e8054db55b6a4bf5bccb3ee3a09a5e34" is_pre_election: true
W20260709 13:09:00.239507 31757 leader_election.cc:343] T 616d38392fdb44a18e44699bf2a5c8b1 P 24b5bdd14bc84dc78215470929e13890 [CANDIDATE]: Term 1 pre-election: Tablet error from VoteRequest() call to peer e8054db55b6a4bf5bccb3ee3a09a5e34 (127.29.248.195:45857): Illegal state: must be running to vote when last-logged opid is not known
I20260709 13:09:00.229734 32106 raft_consensus.cc:515] T 616d38392fdb44a18e44699bf2a5c8b1 P 24b5bdd14bc84dc78215470929e13890 [term 1 FOLLOWER]: Starting leader election with config: opid_index: -1 OBSOLETE_local: false peers { permanent_uuid: "24b5bdd14bc84dc78215470929e13890" member_type: VOTER last_known_addr { host: "127.29.248.193" port: 35027 } } peers { permanent_uuid: "8f218924fe894bca99da393228e2319b" member_type: VOTER last_known_addr { host: "127.29.248.194" port: 40285 } } peers { permanent_uuid: "e8054db55b6a4bf5bccb3ee3a09a5e34" member_type: VOTER last_known_addr { host: "127.29.248.195" port: 45857 } }
I20260709 13:09:00.250887 31866 tablet_service.cc:1917] Received RequestConsensusVote() RPC: tablet_id: "616d38392fdb44a18e44699bf2a5c8b1" candidate_uuid: "24b5bdd14bc84dc78215470929e13890" candidate_term: 1 candidate_status { last_received { term: 0 index: 0 } } ignore_live_leader: false dest_uuid: "8f218924fe894bca99da393228e2319b"
I20260709 13:09:00.251507 31866 raft_consensus.cc:3060] T 616d38392fdb44a18e44699bf2a5c8b1 P 8f218924fe894bca99da393228e2319b [term 0 FOLLOWER]: Advancing to term 1
I20260709 13:09:00.253717 31980 tablet_bootstrap.cc:492] T 8866efc1fbc044a595c519a576d8b4b8 P 8f218924fe894bca99da393228e2319b: No bootstrap required, opened a new log
I20260709 13:09:00.254148 31980 ts_tablet_manager.cc:1403] T 8866efc1fbc044a595c519a576d8b4b8 P 8f218924fe894bca99da393228e2319b: Time spent bootstrapping tablet: real 0.066s	user 0.015s	sys 0.000s
I20260709 13:09:00.256765 31980 raft_consensus.cc:359] T 8866efc1fbc044a595c519a576d8b4b8 P 8f218924fe894bca99da393228e2319b [term 0 FOLLOWER]: Replica starting. Triggering 0 pending ops. Active config: opid_index: -1 OBSOLETE_local: false peers { permanent_uuid: "24b5bdd14bc84dc78215470929e13890" member_type: VOTER last_known_addr { host: "127.29.248.193" port: 35027 } } peers { permanent_uuid: "8f218924fe894bca99da393228e2319b" member_type: VOTER last_known_addr { host: "127.29.248.194" port: 40285 } } peers { permanent_uuid: "e8054db55b6a4bf5bccb3ee3a09a5e34" member_type: VOTER last_known_addr { host: "127.29.248.195" port: 45857 } }
I20260709 13:09:00.258167 31866 raft_consensus.cc:2468] T 616d38392fdb44a18e44699bf2a5c8b1 P 8f218924fe894bca99da393228e2319b [term 1 FOLLOWER]: Leader election vote request: Granting yes vote for candidate 24b5bdd14bc84dc78215470929e13890 in term 1.
I20260709 13:09:00.257450 31980 raft_consensus.cc:385] T 8866efc1fbc044a595c519a576d8b4b8 P 8f218924fe894bca99da393228e2319b [term 0 FOLLOWER]: Consensus starting up: Expiring failure detector timer to make a prompt election more likely
I20260709 13:09:00.259475 31980 raft_consensus.cc:740] T 8866efc1fbc044a595c519a576d8b4b8 P 8f218924fe894bca99da393228e2319b [term 0 FOLLOWER]: Becoming Follower/Learner. State: Replica: 8f218924fe894bca99da393228e2319b, State: Initialized, Role: FOLLOWER
I20260709 13:09:00.260099 31755 leader_election.cc:304] T 616d38392fdb44a18e44699bf2a5c8b1 P 24b5bdd14bc84dc78215470929e13890 [CANDIDATE]: Term 1 election: Election decided. Result: candidate won. Election summary: received 2 responses out of 3 voters: 2 yes votes; 0 no votes. yes voters: 24b5bdd14bc84dc78215470929e13890, 8f218924fe894bca99da393228e2319b; no voters: 
I20260709 13:09:00.264328 31982 tablet_bootstrap.cc:492] T 69338a633f184fad94286714e3aad8da P 24b5bdd14bc84dc78215470929e13890: No bootstrap required, opened a new log
I20260709 13:09:00.264333 32286 raft_consensus.cc:2804] T 616d38392fdb44a18e44699bf2a5c8b1 P 24b5bdd14bc84dc78215470929e13890 [term 1 FOLLOWER]: Leader election won for term 1
I20260709 13:09:00.264977 32286 raft_consensus.cc:697] T 616d38392fdb44a18e44699bf2a5c8b1 P 24b5bdd14bc84dc78215470929e13890 [term 1 LEADER]: Becoming Leader. State: Replica: 24b5bdd14bc84dc78215470929e13890, State: Running, Role: LEADER
I20260709 13:09:00.265798 32286 consensus_queue.cc:237] T 616d38392fdb44a18e44699bf2a5c8b1 P 24b5bdd14bc84dc78215470929e13890 [LEADER]: Queue going to LEADER mode. State: All replicated index: 0, Majority replicated index: 0, Committed index: 0, Last appended: 0.0, Last appended by leader: 0, Current term: 1, Majority size: 2, State: 0, Mode: LEADER, active raft config: opid_index: -1 OBSOLETE_local: false peers { permanent_uuid: "24b5bdd14bc84dc78215470929e13890" member_type: VOTER last_known_addr { host: "127.29.248.193" port: 35027 } } peers { permanent_uuid: "8f218924fe894bca99da393228e2319b" member_type: VOTER last_known_addr { host: "127.29.248.194" port: 40285 } } peers { permanent_uuid: "e8054db55b6a4bf5bccb3ee3a09a5e34" member_type: VOTER last_known_addr { host: "127.29.248.195" port: 45857 } }
I20260709 13:09:00.248281 31981 tablet_bootstrap.cc:492] T 616d38392fdb44a18e44699bf2a5c8b1 P e8054db55b6a4bf5bccb3ee3a09a5e34: No bootstrap required, opened a new log
I20260709 13:09:00.267114 31981 ts_tablet_manager.cc:1403] T 616d38392fdb44a18e44699bf2a5c8b1 P e8054db55b6a4bf5bccb3ee3a09a5e34: Time spent bootstrapping tablet: real 0.093s	user 0.022s	sys 0.031s
I20260709 13:09:00.264988 31982 ts_tablet_manager.cc:1403] T 69338a633f184fad94286714e3aad8da P 24b5bdd14bc84dc78215470929e13890: Time spent bootstrapping tablet: real 0.112s	user 0.022s	sys 0.029s
I20260709 13:09:00.267930 31980 consensus_queue.cc:260] T 8866efc1fbc044a595c519a576d8b4b8 P 8f218924fe894bca99da393228e2319b [NON_LEADER]: Queue going to NON_LEADER mode. State: All replicated index: 0, Majority replicated index: 0, Committed index: 0, Last appended: 0.0, Last appended by leader: 0, Current term: 0, Majority size: -1, State: 0, Mode: NON_LEADER, active raft config: opid_index: -1 OBSOLETE_local: false peers { permanent_uuid: "24b5bdd14bc84dc78215470929e13890" member_type: VOTER last_known_addr { host: "127.29.248.193" port: 35027 } } peers { permanent_uuid: "8f218924fe894bca99da393228e2319b" member_type: VOTER last_known_addr { host: "127.29.248.194" port: 40285 } } peers { permanent_uuid: "e8054db55b6a4bf5bccb3ee3a09a5e34" member_type: VOTER last_known_addr { host: "127.29.248.195" port: 45857 } }
I20260709 13:09:00.270794 32106 leader_election.cc:290] T 616d38392fdb44a18e44699bf2a5c8b1 P 24b5bdd14bc84dc78215470929e13890 [CANDIDATE]: Term 1 election: Requested vote from peers 8f218924fe894bca99da393228e2319b (127.29.248.194:40285), e8054db55b6a4bf5bccb3ee3a09a5e34 (127.29.248.195:45857)
I20260709 13:09:00.271827 31981 raft_consensus.cc:359] T 616d38392fdb44a18e44699bf2a5c8b1 P e8054db55b6a4bf5bccb3ee3a09a5e34 [term 0 FOLLOWER]: Replica starting. Triggering 0 pending ops. Active config: opid_index: -1 OBSOLETE_local: false peers { permanent_uuid: "24b5bdd14bc84dc78215470929e13890" member_type: VOTER last_known_addr { host: "127.29.248.193" port: 35027 } } peers { permanent_uuid: "8f218924fe894bca99da393228e2319b" member_type: VOTER last_known_addr { host: "127.29.248.194" port: 40285 } } peers { permanent_uuid: "e8054db55b6a4bf5bccb3ee3a09a5e34" member_type: VOTER last_known_addr { host: "127.29.248.195" port: 45857 } }
I20260709 13:09:00.272589 31939 tablet_service.cc:1917] Received RequestConsensusVote() RPC: tablet_id: "616d38392fdb44a18e44699bf2a5c8b1" candidate_uuid: "24b5bdd14bc84dc78215470929e13890" candidate_term: 1 candidate_status { last_received { term: 0 index: 0 } } ignore_live_leader: false dest_uuid: "e8054db55b6a4bf5bccb3ee3a09a5e34"
I20260709 13:09:00.275647 31981 raft_consensus.cc:385] T 616d38392fdb44a18e44699bf2a5c8b1 P e8054db55b6a4bf5bccb3ee3a09a5e34 [term 0 FOLLOWER]: Consensus starting up: Expiring failure detector timer to make a prompt election more likely
I20260709 13:09:00.276050 31981 raft_consensus.cc:740] T 616d38392fdb44a18e44699bf2a5c8b1 P e8054db55b6a4bf5bccb3ee3a09a5e34 [term 0 FOLLOWER]: Becoming Follower/Learner. State: Replica: e8054db55b6a4bf5bccb3ee3a09a5e34, State: Initialized, Role: FOLLOWER
I20260709 13:09:00.290223 31980 ts_tablet_manager.cc:1434] T 8866efc1fbc044a595c519a576d8b4b8 P 8f218924fe894bca99da393228e2319b: Time spent starting tablet: real 0.036s	user 0.012s	sys 0.009s
I20260709 13:09:00.291363 31980 tablet_bootstrap.cc:492] T cc7ef92c658b421a92c15042b9bb5db7 P 8f218924fe894bca99da393228e2319b: Bootstrap starting.
I20260709 13:09:00.293514 32312 consensus_queue.cc:1048] T 85b3fcacd28c4252859f63092b09944b P 8f218924fe894bca99da393228e2319b [LEADER]: Connected to new peer: Peer: permanent_uuid: "24b5bdd14bc84dc78215470929e13890" member_type: VOTER last_known_addr { host: "127.29.248.193" port: 35027 }, Status: LMP_MISMATCH, Last received: 0.0, Next index: 1, Last known committed idx: 0, Time since last communication: 0.000s
I20260709 13:09:00.294318 31982 raft_consensus.cc:359] T 69338a633f184fad94286714e3aad8da P 24b5bdd14bc84dc78215470929e13890 [term 0 FOLLOWER]: Replica starting. Triggering 0 pending ops. Active config: opid_index: -1 OBSOLETE_local: false peers { permanent_uuid: "24b5bdd14bc84dc78215470929e13890" member_type: VOTER last_known_addr { host: "127.29.248.193" port: 35027 } } peers { permanent_uuid: "8f218924fe894bca99da393228e2319b" member_type: VOTER last_known_addr { host: "127.29.248.194" port: 40285 } } peers { permanent_uuid: "e8054db55b6a4bf5bccb3ee3a09a5e34" member_type: VOTER last_known_addr { host: "127.29.248.195" port: 45857 } }
I20260709 13:09:00.295054 31982 raft_consensus.cc:385] T 69338a633f184fad94286714e3aad8da P 24b5bdd14bc84dc78215470929e13890 [term 0 FOLLOWER]: Consensus starting up: Expiring failure detector timer to make a prompt election more likely
I20260709 13:09:00.295315 31982 raft_consensus.cc:740] T 69338a633f184fad94286714e3aad8da P 24b5bdd14bc84dc78215470929e13890 [term 0 FOLLOWER]: Becoming Follower/Learner. State: Replica: 24b5bdd14bc84dc78215470929e13890, State: Initialized, Role: FOLLOWER
I20260709 13:09:00.295914 31982 consensus_queue.cc:260] T 69338a633f184fad94286714e3aad8da P 24b5bdd14bc84dc78215470929e13890 [NON_LEADER]: Queue going to NON_LEADER mode. State: All replicated index: 0, Majority replicated index: 0, Committed index: 0, Last appended: 0.0, Last appended by leader: 0, Current term: 0, Majority size: -1, State: 0, Mode: NON_LEADER, active raft config: opid_index: -1 OBSOLETE_local: false peers { permanent_uuid: "24b5bdd14bc84dc78215470929e13890" member_type: VOTER last_known_addr { host: "127.29.248.193" port: 35027 } } peers { permanent_uuid: "8f218924fe894bca99da393228e2319b" member_type: VOTER last_known_addr { host: "127.29.248.194" port: 40285 } } peers { permanent_uuid: "e8054db55b6a4bf5bccb3ee3a09a5e34" member_type: VOTER last_known_addr { host: "127.29.248.195" port: 45857 } }
I20260709 13:09:00.297492 31980 tablet_bootstrap.cc:654] T cc7ef92c658b421a92c15042b9bb5db7 P 8f218924fe894bca99da393228e2319b: Neither blocks nor log segments found. Creating new log.
I20260709 13:09:00.297936 31982 ts_tablet_manager.cc:1434] T 69338a633f184fad94286714e3aad8da P 24b5bdd14bc84dc78215470929e13890: Time spent starting tablet: real 0.025s	user 0.005s	sys 0.000s
I20260709 13:09:00.298897 31982 tablet_bootstrap.cc:492] T b9011ec6d23a44da872813779af9f345 P 24b5bdd14bc84dc78215470929e13890: Bootstrap starting.
I20260709 13:09:00.304513 31982 tablet_bootstrap.cc:654] T b9011ec6d23a44da872813779af9f345 P 24b5bdd14bc84dc78215470929e13890: Neither blocks nor log segments found. Creating new log.
I20260709 13:09:00.304637 32034 raft_consensus.cc:493] T e5b9d88d6d584cb5956f771d74cd47b8 P 8f218924fe894bca99da393228e2319b [term 0 FOLLOWER]: Starting pre-election (no leader contacted us within the election timeout)
I20260709 13:09:00.305299 32034 raft_consensus.cc:515] T e5b9d88d6d584cb5956f771d74cd47b8 P 8f218924fe894bca99da393228e2319b [term 0 FOLLOWER]: Starting pre-election with config: opid_index: -1 OBSOLETE_local: false peers { permanent_uuid: "24b5bdd14bc84dc78215470929e13890" member_type: VOTER last_known_addr { host: "127.29.248.193" port: 35027 } } peers { permanent_uuid: "8f218924fe894bca99da393228e2319b" member_type: VOTER last_known_addr { host: "127.29.248.194" port: 40285 } } peers { permanent_uuid: "e8054db55b6a4bf5bccb3ee3a09a5e34" member_type: VOTER last_known_addr { host: "127.29.248.195" port: 45857 } }
I20260709 13:09:00.309875 31938 tablet_service.cc:1917] Received RequestConsensusVote() RPC: tablet_id: "e5b9d88d6d584cb5956f771d74cd47b8" candidate_uuid: "8f218924fe894bca99da393228e2319b" candidate_term: 1 candidate_status { last_received { term: 0 index: 0 } } ignore_live_leader: false dest_uuid: "e8054db55b6a4bf5bccb3ee3a09a5e34" is_pre_election: true
I20260709 13:09:00.310061 31789 tablet_service.cc:1917] Received RequestConsensusVote() RPC: tablet_id: "e5b9d88d6d584cb5956f771d74cd47b8" candidate_uuid: "8f218924fe894bca99da393228e2319b" candidate_term: 1 candidate_status { last_received { term: 0 index: 0 } } ignore_live_leader: false dest_uuid: "24b5bdd14bc84dc78215470929e13890" is_pre_election: true
I20260709 13:09:00.311415 32139 raft_consensus.cc:493] T 973af9083fc04cec805f540a1285ebb0 P 8f218924fe894bca99da393228e2319b [term 0 FOLLOWER]: Starting pre-election (no leader contacted us within the election timeout)
I20260709 13:09:00.308130 32034 leader_election.cc:290] T e5b9d88d6d584cb5956f771d74cd47b8 P 8f218924fe894bca99da393228e2319b [CANDIDATE]: Term 1 pre-election: Requested pre-vote from peers 24b5bdd14bc84dc78215470929e13890 (127.29.248.193:35027), e8054db55b6a4bf5bccb3ee3a09a5e34 (127.29.248.195:45857)
I20260709 13:09:00.312121 32139 raft_consensus.cc:515] T 973af9083fc04cec805f540a1285ebb0 P 8f218924fe894bca99da393228e2319b [term 0 FOLLOWER]: Starting pre-election with config: opid_index: -1 OBSOLETE_local: false peers { permanent_uuid: "24b5bdd14bc84dc78215470929e13890" member_type: VOTER last_known_addr { host: "127.29.248.193" port: 35027 } } peers { permanent_uuid: "8f218924fe894bca99da393228e2319b" member_type: VOTER last_known_addr { host: "127.29.248.194" port: 40285 } } peers { permanent_uuid: "e8054db55b6a4bf5bccb3ee3a09a5e34" member_type: VOTER last_known_addr { host: "127.29.248.195" port: 45857 } }
I20260709 13:09:00.316088 32139 leader_election.cc:290] T 973af9083fc04cec805f540a1285ebb0 P 8f218924fe894bca99da393228e2319b [CANDIDATE]: Term 1 pre-election: Requested pre-vote from peers 24b5bdd14bc84dc78215470929e13890 (127.29.248.193:35027), e8054db55b6a4bf5bccb3ee3a09a5e34 (127.29.248.195:45857)
W20260709 13:09:00.312134 31830 leader_election.cc:343] T e5b9d88d6d584cb5956f771d74cd47b8 P 8f218924fe894bca99da393228e2319b [CANDIDATE]: Term 1 pre-election: Tablet error from VoteRequest() call to peer 24b5bdd14bc84dc78215470929e13890 (127.29.248.193:35027): Illegal state: must be running to vote when last-logged opid is not known
I20260709 13:09:00.316473 31936 tablet_service.cc:1917] Received RequestConsensusVote() RPC: tablet_id: "973af9083fc04cec805f540a1285ebb0" candidate_uuid: "8f218924fe894bca99da393228e2319b" candidate_term: 1 candidate_status { last_received { term: 0 index: 0 } } ignore_live_leader: false dest_uuid: "e8054db55b6a4bf5bccb3ee3a09a5e34" is_pre_election: true
W20260709 13:09:00.318122 31832 leader_election.cc:343] T e5b9d88d6d584cb5956f771d74cd47b8 P 8f218924fe894bca99da393228e2319b [CANDIDATE]: Term 1 pre-election: Tablet error from VoteRequest() call to peer e8054db55b6a4bf5bccb3ee3a09a5e34 (127.29.248.195:45857): Illegal state: must be running to vote when last-logged opid is not known
I20260709 13:09:00.318545 31832 leader_election.cc:304] T e5b9d88d6d584cb5956f771d74cd47b8 P 8f218924fe894bca99da393228e2319b [CANDIDATE]: Term 1 pre-election: Election decided. Result: candidate lost. Election summary: received 3 responses out of 3 voters: 1 yes votes; 2 no votes. yes voters: 8f218924fe894bca99da393228e2319b; no voters: 24b5bdd14bc84dc78215470929e13890, e8054db55b6a4bf5bccb3ee3a09a5e34
I20260709 13:09:00.319227 32139 raft_consensus.cc:2749] T e5b9d88d6d584cb5956f771d74cd47b8 P 8f218924fe894bca99da393228e2319b [term 0 FOLLOWER]: Leader pre-election lost for term 1. Reason: could not achieve majority
I20260709 13:09:00.318969 31789 tablet_service.cc:1917] Received RequestConsensusVote() RPC: tablet_id: "973af9083fc04cec805f540a1285ebb0" candidate_uuid: "8f218924fe894bca99da393228e2319b" candidate_term: 1 candidate_status { last_received { term: 0 index: 0 } } ignore_live_leader: false dest_uuid: "24b5bdd14bc84dc78215470929e13890" is_pre_election: true
I20260709 13:09:00.318338 31687 catalog_manager.cc:5697] T 616d38392fdb44a18e44699bf2a5c8b1 P 24b5bdd14bc84dc78215470929e13890 reported cstate change: term changed from 0 to 1, leader changed from <none> to 24b5bdd14bc84dc78215470929e13890 (127.29.248.193). New cstate: current_term: 1 leader_uuid: "24b5bdd14bc84dc78215470929e13890" committed_config { opid_index: -1 OBSOLETE_local: false peers { permanent_uuid: "24b5bdd14bc84dc78215470929e13890" member_type: VOTER last_known_addr { host: "127.29.248.193" port: 35027 } health_report { overall_health: HEALTHY } } peers { permanent_uuid: "8f218924fe894bca99da393228e2319b" member_type: VOTER last_known_addr { host: "127.29.248.194" port: 40285 } health_report { overall_health: UNKNOWN } } peers { permanent_uuid: "e8054db55b6a4bf5bccb3ee3a09a5e34" member_type: VOTER last_known_addr { host: "127.29.248.195" port: 45857 } health_report { overall_health: UNKNOWN } } }
W20260709 13:09:00.319664 31832 leader_election.cc:343] T 973af9083fc04cec805f540a1285ebb0 P 8f218924fe894bca99da393228e2319b [CANDIDATE]: Term 1 pre-election: Tablet error from VoteRequest() call to peer e8054db55b6a4bf5bccb3ee3a09a5e34 (127.29.248.195:45857): Illegal state: must be running to vote when last-logged opid is not known
W20260709 13:09:00.321830 31830 leader_election.cc:343] T 973af9083fc04cec805f540a1285ebb0 P 8f218924fe894bca99da393228e2319b [CANDIDATE]: Term 1 pre-election: Tablet error from VoteRequest() call to peer 24b5bdd14bc84dc78215470929e13890 (127.29.248.193:35027): Illegal state: must be running to vote when last-logged opid is not known
I20260709 13:09:00.329839 31830 leader_election.cc:304] T 973af9083fc04cec805f540a1285ebb0 P 8f218924fe894bca99da393228e2319b [CANDIDATE]: Term 1 pre-election: Election decided. Result: candidate lost. Election summary: received 3 responses out of 3 voters: 1 yes votes; 2 no votes. yes voters: 8f218924fe894bca99da393228e2319b; no voters: 24b5bdd14bc84dc78215470929e13890, e8054db55b6a4bf5bccb3ee3a09a5e34
I20260709 13:09:00.333022 32034 raft_consensus.cc:2749] T 973af9083fc04cec805f540a1285ebb0 P 8f218924fe894bca99da393228e2319b [term 0 FOLLOWER]: Leader pre-election lost for term 1. Reason: could not achieve majority
I20260709 13:09:00.344071 31936 raft_consensus.cc:3060] T 85b3fcacd28c4252859f63092b09944b P e8054db55b6a4bf5bccb3ee3a09a5e34 [term 0 FOLLOWER]: Advancing to term 1
I20260709 13:09:00.371126 32034 consensus_queue.cc:1048] T 85b3fcacd28c4252859f63092b09944b P 8f218924fe894bca99da393228e2319b [LEADER]: Connected to new peer: Peer: permanent_uuid: "e8054db55b6a4bf5bccb3ee3a09a5e34" member_type: VOTER last_known_addr { host: "127.29.248.195" port: 45857 }, Status: LMP_MISMATCH, Last received: 0.0, Next index: 1, Last known committed idx: 0, Time since last communication: 0.000s
I20260709 13:09:00.392998 31981 consensus_queue.cc:260] T 616d38392fdb44a18e44699bf2a5c8b1 P e8054db55b6a4bf5bccb3ee3a09a5e34 [NON_LEADER]: Queue going to NON_LEADER mode. State: All replicated index: 0, Majority replicated index: 0, Committed index: 0, Last appended: 0.0, Last appended by leader: 0, Current term: 0, Majority size: -1, State: 0, Mode: NON_LEADER, active raft config: opid_index: -1 OBSOLETE_local: false peers { permanent_uuid: "24b5bdd14bc84dc78215470929e13890" member_type: VOTER last_known_addr { host: "127.29.248.193" port: 35027 } } peers { permanent_uuid: "8f218924fe894bca99da393228e2319b" member_type: VOTER last_known_addr { host: "127.29.248.194" port: 40285 } } peers { permanent_uuid: "e8054db55b6a4bf5bccb3ee3a09a5e34" member_type: VOTER last_known_addr { host: "127.29.248.195" port: 45857 } }
I20260709 13:09:00.393972 32324 raft_consensus.cc:493] T 616d38392fdb44a18e44699bf2a5c8b1 P e8054db55b6a4bf5bccb3ee3a09a5e34 [term 0 FOLLOWER]: Starting pre-election (no leader contacted us within the election timeout)
I20260709 13:09:00.394523 32324 raft_consensus.cc:515] T 616d38392fdb44a18e44699bf2a5c8b1 P e8054db55b6a4bf5bccb3ee3a09a5e34 [term 0 FOLLOWER]: Starting pre-election with config: opid_index: -1 OBSOLETE_local: false peers { permanent_uuid: "24b5bdd14bc84dc78215470929e13890" member_type: VOTER last_known_addr { host: "127.29.248.193" port: 35027 } } peers { permanent_uuid: "8f218924fe894bca99da393228e2319b" member_type: VOTER last_known_addr { host: "127.29.248.194" port: 40285 } } peers { permanent_uuid: "e8054db55b6a4bf5bccb3ee3a09a5e34" member_type: VOTER last_known_addr { host: "127.29.248.195" port: 45857 } }
I20260709 13:09:00.395412 31981 ts_tablet_manager.cc:1434] T 616d38392fdb44a18e44699bf2a5c8b1 P e8054db55b6a4bf5bccb3ee3a09a5e34: Time spent starting tablet: real 0.127s	user 0.007s	sys 0.001s
I20260709 13:09:00.396010 31980 tablet_bootstrap.cc:492] T cc7ef92c658b421a92c15042b9bb5db7 P 8f218924fe894bca99da393228e2319b: No bootstrap required, opened a new log
I20260709 13:09:00.396471 31981 tablet_bootstrap.cc:492] T fb7a39b8f0aa4b42ac83c6b0da6aae1c P e8054db55b6a4bf5bccb3ee3a09a5e34: Bootstrap starting.
I20260709 13:09:00.396528 31980 ts_tablet_manager.cc:1403] T cc7ef92c658b421a92c15042b9bb5db7 P 8f218924fe894bca99da393228e2319b: Time spent bootstrapping tablet: real 0.105s	user 0.042s	sys 0.060s
I20260709 13:09:00.399448 31980 raft_consensus.cc:359] T cc7ef92c658b421a92c15042b9bb5db7 P 8f218924fe894bca99da393228e2319b [term 0 FOLLOWER]: Replica starting. Triggering 0 pending ops. Active config: opid_index: -1 OBSOLETE_local: false peers { permanent_uuid: "24b5bdd14bc84dc78215470929e13890" member_type: VOTER last_known_addr { host: "127.29.248.193" port: 35027 } } peers { permanent_uuid: "8f218924fe894bca99da393228e2319b" member_type: VOTER last_known_addr { host: "127.29.248.194" port: 40285 } } peers { permanent_uuid: "e8054db55b6a4bf5bccb3ee3a09a5e34" member_type: VOTER last_known_addr { host: "127.29.248.195" port: 45857 } }
I20260709 13:09:00.400161 31980 raft_consensus.cc:385] T cc7ef92c658b421a92c15042b9bb5db7 P 8f218924fe894bca99da393228e2319b [term 0 FOLLOWER]: Consensus starting up: Expiring failure detector timer to make a prompt election more likely
I20260709 13:09:00.400254 32312 raft_consensus.cc:493] T a13be84c51e44997a3b660cf23cb1fc2 P 8f218924fe894bca99da393228e2319b [term 0 FOLLOWER]: Starting pre-election (no leader contacted us within the election timeout)
I20260709 13:09:00.400478 31980 raft_consensus.cc:740] T cc7ef92c658b421a92c15042b9bb5db7 P 8f218924fe894bca99da393228e2319b [term 0 FOLLOWER]: Becoming Follower/Learner. State: Replica: 8f218924fe894bca99da393228e2319b, State: Initialized, Role: FOLLOWER
I20260709 13:09:00.400888 32312 raft_consensus.cc:515] T a13be84c51e44997a3b660cf23cb1fc2 P 8f218924fe894bca99da393228e2319b [term 0 FOLLOWER]: Starting pre-election with config: opid_index: -1 OBSOLETE_local: false peers { permanent_uuid: "24b5bdd14bc84dc78215470929e13890" member_type: VOTER last_known_addr { host: "127.29.248.193" port: 35027 } } peers { permanent_uuid: "8f218924fe894bca99da393228e2319b" member_type: VOTER last_known_addr { host: "127.29.248.194" port: 40285 } } peers { permanent_uuid: "e8054db55b6a4bf5bccb3ee3a09a5e34" member_type: VOTER last_known_addr { host: "127.29.248.195" port: 45857 } }
I20260709 13:09:00.401192 31980 consensus_queue.cc:260] T cc7ef92c658b421a92c15042b9bb5db7 P 8f218924fe894bca99da393228e2319b [NON_LEADER]: Queue going to NON_LEADER mode. State: All replicated index: 0, Majority replicated index: 0, Committed index: 0, Last appended: 0.0, Last appended by leader: 0, Current term: 0, Majority size: -1, State: 0, Mode: NON_LEADER, active raft config: opid_index: -1 OBSOLETE_local: false peers { permanent_uuid: "24b5bdd14bc84dc78215470929e13890" member_type: VOTER last_known_addr { host: "127.29.248.193" port: 35027 } } peers { permanent_uuid: "8f218924fe894bca99da393228e2319b" member_type: VOTER last_known_addr { host: "127.29.248.194" port: 40285 } } peers { permanent_uuid: "e8054db55b6a4bf5bccb3ee3a09a5e34" member_type: VOTER last_known_addr { host: "127.29.248.195" port: 45857 } }
I20260709 13:09:00.401844 31787 tablet_service.cc:1917] Received RequestConsensusVote() RPC: tablet_id: "616d38392fdb44a18e44699bf2a5c8b1" candidate_uuid: "e8054db55b6a4bf5bccb3ee3a09a5e34" candidate_term: 1 candidate_status { last_received { term: 0 index: 0 } } ignore_live_leader: false dest_uuid: "24b5bdd14bc84dc78215470929e13890" is_pre_election: true
I20260709 13:09:00.403676 31787 tablet_service.cc:1917] Received RequestConsensusVote() RPC: tablet_id: "a13be84c51e44997a3b660cf23cb1fc2" candidate_uuid: "8f218924fe894bca99da393228e2319b" candidate_term: 1 candidate_status { last_received { term: 0 index: 0 } } ignore_live_leader: false dest_uuid: "24b5bdd14bc84dc78215470929e13890" is_pre_election: true
I20260709 13:09:00.403848 31980 ts_tablet_manager.cc:1434] T cc7ef92c658b421a92c15042b9bb5db7 P 8f218924fe894bca99da393228e2319b: Time spent starting tablet: real 0.007s	user 0.006s	sys 0.000s
I20260709 13:09:00.404276 31787 raft_consensus.cc:2468] T a13be84c51e44997a3b660cf23cb1fc2 P 24b5bdd14bc84dc78215470929e13890 [term 0 FOLLOWER]: Leader pre-election vote request: Granting yes vote for candidate 8f218924fe894bca99da393228e2319b in term 0.
I20260709 13:09:00.404861 31980 tablet_bootstrap.cc:492] T 3ac14c77697f4a2fa5f0d13cc6770937 P 8f218924fe894bca99da393228e2319b: Bootstrap starting.
I20260709 13:09:00.404518 32312 leader_election.cc:290] T a13be84c51e44997a3b660cf23cb1fc2 P 8f218924fe894bca99da393228e2319b [CANDIDATE]: Term 1 pre-election: Requested pre-vote from peers 24b5bdd14bc84dc78215470929e13890 (127.29.248.193:35027), e8054db55b6a4bf5bccb3ee3a09a5e34 (127.29.248.195:45857)
I20260709 13:09:00.405501 31830 leader_election.cc:304] T a13be84c51e44997a3b660cf23cb1fc2 P 8f218924fe894bca99da393228e2319b [CANDIDATE]: Term 1 pre-election: Election decided. Result: candidate won. Election summary: received 2 responses out of 3 voters: 2 yes votes; 0 no votes. yes voters: 24b5bdd14bc84dc78215470929e13890, 8f218924fe894bca99da393228e2319b; no voters: 
I20260709 13:09:00.408305 32309 raft_consensus.cc:2804] T a13be84c51e44997a3b660cf23cb1fc2 P 8f218924fe894bca99da393228e2319b [term 0 FOLLOWER]: Leader pre-election won for term 1
I20260709 13:09:00.408728 32309 raft_consensus.cc:493] T a13be84c51e44997a3b660cf23cb1fc2 P 8f218924fe894bca99da393228e2319b [term 0 FOLLOWER]: Starting leader election (no leader contacted us within the election timeout)
I20260709 13:09:00.409060 32309 raft_consensus.cc:3060] T a13be84c51e44997a3b660cf23cb1fc2 P 8f218924fe894bca99da393228e2319b [term 0 FOLLOWER]: Advancing to term 1
I20260709 13:09:00.409791 31981 tablet_bootstrap.cc:654] T fb7a39b8f0aa4b42ac83c6b0da6aae1c P e8054db55b6a4bf5bccb3ee3a09a5e34: Neither blocks nor log segments found. Creating new log.
I20260709 13:09:00.411496 31980 tablet_bootstrap.cc:654] T 3ac14c77697f4a2fa5f0d13cc6770937 P 8f218924fe894bca99da393228e2319b: Neither blocks nor log segments found. Creating new log.
I20260709 13:09:00.406672 31934 tablet_service.cc:1917] Received RequestConsensusVote() RPC: tablet_id: "a13be84c51e44997a3b660cf23cb1fc2" candidate_uuid: "8f218924fe894bca99da393228e2319b" candidate_term: 1 candidate_status { last_received { term: 0 index: 0 } } ignore_live_leader: false dest_uuid: "e8054db55b6a4bf5bccb3ee3a09a5e34" is_pre_election: true
I20260709 13:09:00.407027 32317 raft_consensus.cc:493] T 69338a633f184fad94286714e3aad8da P 24b5bdd14bc84dc78215470929e13890 [term 0 FOLLOWER]: Starting pre-election (no leader contacted us within the election timeout)
I20260709 13:09:00.413257 32317 raft_consensus.cc:515] T 69338a633f184fad94286714e3aad8da P 24b5bdd14bc84dc78215470929e13890 [term 0 FOLLOWER]: Starting pre-election with config: opid_index: -1 OBSOLETE_local: false peers { permanent_uuid: "24b5bdd14bc84dc78215470929e13890" member_type: VOTER last_known_addr { host: "127.29.248.193" port: 35027 } } peers { permanent_uuid: "8f218924fe894bca99da393228e2319b" member_type: VOTER last_known_addr { host: "127.29.248.194" port: 40285 } } peers { permanent_uuid: "e8054db55b6a4bf5bccb3ee3a09a5e34" member_type: VOTER last_known_addr { host: "127.29.248.195" port: 45857 } }
I20260709 13:09:00.415911 32317 leader_election.cc:290] T 69338a633f184fad94286714e3aad8da P 24b5bdd14bc84dc78215470929e13890 [CANDIDATE]: Term 1 pre-election: Requested pre-vote from peers 8f218924fe894bca99da393228e2319b (127.29.248.194:40285), e8054db55b6a4bf5bccb3ee3a09a5e34 (127.29.248.195:45857)
I20260709 13:09:00.418720 31866 tablet_service.cc:1917] Received RequestConsensusVote() RPC: tablet_id: "69338a633f184fad94286714e3aad8da" candidate_uuid: "24b5bdd14bc84dc78215470929e13890" candidate_term: 1 candidate_status { last_received { term: 0 index: 0 } } ignore_live_leader: false dest_uuid: "8f218924fe894bca99da393228e2319b" is_pre_election: true
I20260709 13:09:00.419417 31866 raft_consensus.cc:2468] T 69338a633f184fad94286714e3aad8da P 8f218924fe894bca99da393228e2319b [term 0 FOLLOWER]: Leader pre-election vote request: Granting yes vote for candidate 24b5bdd14bc84dc78215470929e13890 in term 0.
I20260709 13:09:00.420735 31981 tablet_bootstrap.cc:492] T fb7a39b8f0aa4b42ac83c6b0da6aae1c P e8054db55b6a4bf5bccb3ee3a09a5e34: No bootstrap required, opened a new log
I20260709 13:09:00.421180 31981 ts_tablet_manager.cc:1403] T fb7a39b8f0aa4b42ac83c6b0da6aae1c P e8054db55b6a4bf5bccb3ee3a09a5e34: Time spent bootstrapping tablet: real 0.025s	user 0.011s	sys 0.006s
