I20260709 13:08:55.186928 31982 consensus_queue.cc:260] T aba64d4616694c578e7d490830c6f6c4 P 24b5bdd14bc84dc78215470929e13890 [NON_LEADER]: Queue going to NON_LEADER mode. State: All replicated index: 0, Majority replicated index: 0, Committed index: 0, Last appended: 0.0, Last appended by leader: 0, Current term: 0, Majority size: -1, State: 0, Mode: NON_LEADER, active raft config: opid_index: -1 OBSOLETE_local: false peers { permanent_uuid: "24b5bdd14bc84dc78215470929e13890" member_type: VOTER last_known_addr { host: "127.29.248.193" port: 35027 } } peers { permanent_uuid: "8f218924fe894bca99da393228e2319b" member_type: VOTER last_known_addr { host: "127.29.248.194" port: 40285 } } peers { permanent_uuid: "e8054db55b6a4bf5bccb3ee3a09a5e34" member_type: VOTER last_known_addr { host: "127.29.248.195" port: 45857 } }
I20260709 13:08:55.188030 31980 tablet_bootstrap.cc:492] T 7477db72964e4486a1f491f01e71ac9e P 8f218924fe894bca99da393228e2319b: No bootstrap required, opened a new log
I20260709 13:08:55.188480 31980 ts_tablet_manager.cc:1403] T 7477db72964e4486a1f491f01e71ac9e P 8f218924fe894bca99da393228e2319b: Time spent bootstrapping tablet: real 0.108s	user 0.015s	sys 0.010s
W20260709 13:08:55.183349 31755 leader_election.cc:343] T 7477db72964e4486a1f491f01e71ac9e P 24b5bdd14bc84dc78215470929e13890 [CANDIDATE]: Term 1 pre-election: Tablet error from VoteRequest() call to peer 8f218924fe894bca99da393228e2319b (127.29.248.194:40285): Illegal state: must be running to vote when last-logged opid is not known
I20260709 13:08:55.183524 32074 raft_consensus.cc:2804] T 7477db72964e4486a1f491f01e71ac9e P 24b5bdd14bc84dc78215470929e13890 [term 0 FOLLOWER]: Leader pre-election won for term 1
I20260709 13:08:55.192595 31982 ts_tablet_manager.cc:1434] T aba64d4616694c578e7d490830c6f6c4 P 24b5bdd14bc84dc78215470929e13890: Time spent starting tablet: real 0.069s	user 0.016s	sys 0.031s
I20260709 13:08:55.193781 31980 raft_consensus.cc:359] T 7477db72964e4486a1f491f01e71ac9e P 8f218924fe894bca99da393228e2319b [term 0 FOLLOWER]: Replica starting. Triggering 0 pending ops. Active config: opid_index: -1 OBSOLETE_local: false peers { permanent_uuid: "24b5bdd14bc84dc78215470929e13890" member_type: VOTER last_known_addr { host: "127.29.248.193" port: 35027 } } peers { permanent_uuid: "8f218924fe894bca99da393228e2319b" member_type: VOTER last_known_addr { host: "127.29.248.194" port: 40285 } } peers { permanent_uuid: "e8054db55b6a4bf5bccb3ee3a09a5e34" member_type: VOTER last_known_addr { host: "127.29.248.195" port: 45857 } }
I20260709 13:08:55.194391 31980 raft_consensus.cc:385] T 7477db72964e4486a1f491f01e71ac9e P 8f218924fe894bca99da393228e2319b [term 0 FOLLOWER]: Consensus starting up: Expiring failure detector timer to make a prompt election more likely
I20260709 13:08:55.194648 31980 raft_consensus.cc:740] T 7477db72964e4486a1f491f01e71ac9e P 8f218924fe894bca99da393228e2319b [term 0 FOLLOWER]: Becoming Follower/Learner. State: Replica: 8f218924fe894bca99da393228e2319b, State: Initialized, Role: FOLLOWER
I20260709 13:08:55.195271 31980 consensus_queue.cc:260] T 7477db72964e4486a1f491f01e71ac9e P 8f218924fe894bca99da393228e2319b [NON_LEADER]: Queue going to NON_LEADER mode. State: All replicated index: 0, Majority replicated index: 0, Committed index: 0, Last appended: 0.0, Last appended by leader: 0, Current term: 0, Majority size: -1, State: 0, Mode: NON_LEADER, active raft config: opid_index: -1 OBSOLETE_local: false peers { permanent_uuid: "24b5bdd14bc84dc78215470929e13890" member_type: VOTER last_known_addr { host: "127.29.248.193" port: 35027 } } peers { permanent_uuid: "8f218924fe894bca99da393228e2319b" member_type: VOTER last_known_addr { host: "127.29.248.194" port: 40285 } } peers { permanent_uuid: "e8054db55b6a4bf5bccb3ee3a09a5e34" member_type: VOTER last_known_addr { host: "127.29.248.195" port: 45857 } }
I20260709 13:08:55.196448 32074 raft_consensus.cc:493] T 7477db72964e4486a1f491f01e71ac9e P 24b5bdd14bc84dc78215470929e13890 [term 0 FOLLOWER]: Starting leader election (no leader contacted us within the election timeout)
I20260709 13:08:55.196820 32074 raft_consensus.cc:3060] T 7477db72964e4486a1f491f01e71ac9e P 24b5bdd14bc84dc78215470929e13890 [term 0 FOLLOWER]: Advancing to term 1
I20260709 13:08:55.198460 31982 tablet_bootstrap.cc:492] T 04880acfbfbe482496daefb2f002359f P 24b5bdd14bc84dc78215470929e13890: Bootstrap starting.
I20260709 13:08:55.198768 31980 ts_tablet_manager.cc:1434] T 7477db72964e4486a1f491f01e71ac9e P 8f218924fe894bca99da393228e2319b: Time spent starting tablet: real 0.010s	user 0.005s	sys 0.000s
I20260709 13:08:55.199527 31980 tablet_bootstrap.cc:492] T aba64d4616694c578e7d490830c6f6c4 P 8f218924fe894bca99da393228e2319b: Bootstrap starting.
I20260709 13:08:55.200627 31981 ts_tablet_manager.cc:1434] T 47e2953337454936887970ebd8039ea4 P e8054db55b6a4bf5bccb3ee3a09a5e34: Time spent starting tablet: real 0.079s	user 0.008s	sys 0.000s
W20260709 13:08:55.205940 31755 leader_election.cc:343] T ab543023bdfd41f68c143d0a536e1802 P 24b5bdd14bc84dc78215470929e13890 [CANDIDATE]: Term 1 pre-election: Tablet error from VoteRequest() call to peer 8f218924fe894bca99da393228e2319b (127.29.248.194:40285): Illegal state: must be running to vote when last-logged opid is not known
I20260709 13:08:55.190279 31940 tablet_service.cc:1917] Received RequestConsensusVote() RPC: tablet_id: "ab543023bdfd41f68c143d0a536e1802" candidate_uuid: "24b5bdd14bc84dc78215470929e13890" candidate_term: 1 candidate_status { last_received { term: 0 index: 0 } } ignore_live_leader: false dest_uuid: "e8054db55b6a4bf5bccb3ee3a09a5e34" is_pre_election: true
I20260709 13:08:55.223146 31981 tablet_bootstrap.cc:492] T a402b65677174a97be1c83692b1e28f3 P e8054db55b6a4bf5bccb3ee3a09a5e34: Bootstrap starting.
I20260709 13:08:55.228266 31866 tablet_service.cc:1917] Received RequestConsensusVote() RPC: tablet_id: "36ab0b772bc346d59cd98309a42061ca" candidate_uuid: "24b5bdd14bc84dc78215470929e13890" candidate_term: 1 candidate_status { last_received { term: 0 index: 0 } } ignore_live_leader: false dest_uuid: "8f218924fe894bca99da393228e2319b"
I20260709 13:08:55.228931 31866 raft_consensus.cc:3060] T 36ab0b772bc346d59cd98309a42061ca P 8f218924fe894bca99da393228e2319b [term 0 FOLLOWER]: Advancing to term 1
I20260709 13:08:55.231617 31939 raft_consensus.cc:2468] T d70da4c26442437483b6b45d948480c8 P e8054db55b6a4bf5bccb3ee3a09a5e34 [term 1 FOLLOWER]: Leader election vote request: Granting yes vote for candidate 8f218924fe894bca99da393228e2319b in term 1.
I20260709 13:08:55.233069 31982 tablet_bootstrap.cc:654] T 04880acfbfbe482496daefb2f002359f P 24b5bdd14bc84dc78215470929e13890: Neither blocks nor log segments found. Creating new log.
I20260709 13:08:55.241544 32074 raft_consensus.cc:515] T 7477db72964e4486a1f491f01e71ac9e P 24b5bdd14bc84dc78215470929e13890 [term 1 FOLLOWER]: Starting leader election with config: opid_index: -1 OBSOLETE_local: false peers { permanent_uuid: "24b5bdd14bc84dc78215470929e13890" member_type: VOTER last_known_addr { host: "127.29.248.193" port: 35027 } } peers { permanent_uuid: "8f218924fe894bca99da393228e2319b" member_type: VOTER last_known_addr { host: "127.29.248.194" port: 40285 } } peers { permanent_uuid: "e8054db55b6a4bf5bccb3ee3a09a5e34" member_type: VOTER last_known_addr { host: "127.29.248.195" port: 45857 } }
I20260709 13:08:55.244362 31865 tablet_service.cc:1917] Received RequestConsensusVote() RPC: tablet_id: "7477db72964e4486a1f491f01e71ac9e" candidate_uuid: "24b5bdd14bc84dc78215470929e13890" candidate_term: 1 candidate_status { last_received { term: 0 index: 0 } } ignore_live_leader: false dest_uuid: "8f218924fe894bca99da393228e2319b"
I20260709 13:08:55.244982 31865 raft_consensus.cc:3060] T 7477db72964e4486a1f491f01e71ac9e P 8f218924fe894bca99da393228e2319b [term 0 FOLLOWER]: Advancing to term 1
W20260709 13:08:55.245654 31757 leader_election.cc:343] T ab543023bdfd41f68c143d0a536e1802 P 24b5bdd14bc84dc78215470929e13890 [CANDIDATE]: Term 1 pre-election: Tablet error from VoteRequest() call to peer e8054db55b6a4bf5bccb3ee3a09a5e34 (127.29.248.195:45857): Illegal state: must be running to vote when last-logged opid is not known
I20260709 13:08:55.246105 31757 leader_election.cc:304] T ab543023bdfd41f68c143d0a536e1802 P 24b5bdd14bc84dc78215470929e13890 [CANDIDATE]: Term 1 pre-election: Election decided. Result: candidate lost. Election summary: received 3 responses out of 3 voters: 1 yes votes; 2 no votes. yes voters: 24b5bdd14bc84dc78215470929e13890; no voters: 8f218924fe894bca99da393228e2319b, e8054db55b6a4bf5bccb3ee3a09a5e34
I20260709 13:08:55.247068 32040 raft_consensus.cc:2749] T ab543023bdfd41f68c143d0a536e1802 P 24b5bdd14bc84dc78215470929e13890 [term 0 FOLLOWER]: Leader pre-election lost for term 1. Reason: could not achieve majority
I20260709 13:08:55.247550 31988 consensus_queue.cc:1048] T cbc61380bf6c4853a169f3db45e4540b P 24b5bdd14bc84dc78215470929e13890 [LEADER]: Connected to new peer: Peer: permanent_uuid: "e8054db55b6a4bf5bccb3ee3a09a5e34" member_type: VOTER last_known_addr { host: "127.29.248.195" port: 45857 }, Status: LMP_MISMATCH, Last received: 0.0, Next index: 1, Last known committed idx: 0, Time since last communication: 0.000s
I20260709 13:08:55.253918 31865 raft_consensus.cc:2468] T 7477db72964e4486a1f491f01e71ac9e P 8f218924fe894bca99da393228e2319b [term 1 FOLLOWER]: Leader election vote request: Granting yes vote for candidate 24b5bdd14bc84dc78215470929e13890 in term 1.
I20260709 13:08:55.258404 31755 leader_election.cc:304] T 7477db72964e4486a1f491f01e71ac9e P 24b5bdd14bc84dc78215470929e13890 [CANDIDATE]: Term 1 election: Election decided. Result: candidate won. Election summary: received 2 responses out of 3 voters: 2 yes votes; 0 no votes. yes voters: 24b5bdd14bc84dc78215470929e13890, 8f218924fe894bca99da393228e2319b; no voters: 
I20260709 13:08:55.259300 31988 raft_consensus.cc:2804] T 7477db72964e4486a1f491f01e71ac9e P 24b5bdd14bc84dc78215470929e13890 [term 1 FOLLOWER]: Leader election won for term 1
I20260709 13:08:55.260496 31988 raft_consensus.cc:697] T 7477db72964e4486a1f491f01e71ac9e P 24b5bdd14bc84dc78215470929e13890 [term 1 LEADER]: Becoming Leader. State: Replica: 24b5bdd14bc84dc78215470929e13890, State: Running, Role: LEADER
I20260709 13:08:55.260926 31981 tablet_bootstrap.cc:654] T a402b65677174a97be1c83692b1e28f3 P e8054db55b6a4bf5bccb3ee3a09a5e34: Neither blocks nor log segments found. Creating new log.
I20260709 13:08:55.250625 32006 leader_election.cc:290] T cbc61380bf6c4853a169f3db45e4540b P 8f218924fe894bca99da393228e2319b [CANDIDATE]: Term 1 pre-election: Requested pre-vote from peers 24b5bdd14bc84dc78215470929e13890 (127.29.248.193:35027), e8054db55b6a4bf5bccb3ee3a09a5e34 (127.29.248.195:45857)
I20260709 13:08:55.261350 31988 consensus_queue.cc:237] T 7477db72964e4486a1f491f01e71ac9e P 24b5bdd14bc84dc78215470929e13890 [LEADER]: Queue going to LEADER mode. State: All replicated index: 0, Majority replicated index: 0, Committed index: 0, Last appended: 0.0, Last appended by leader: 0, Current term: 1, Majority size: 2, State: 0, Mode: LEADER, active raft config: opid_index: -1 OBSOLETE_local: false peers { permanent_uuid: "24b5bdd14bc84dc78215470929e13890" member_type: VOTER last_known_addr { host: "127.29.248.193" port: 35027 } } peers { permanent_uuid: "8f218924fe894bca99da393228e2319b" member_type: VOTER last_known_addr { host: "127.29.248.194" port: 40285 } } peers { permanent_uuid: "e8054db55b6a4bf5bccb3ee3a09a5e34" member_type: VOTER last_known_addr { host: "127.29.248.195" port: 45857 } }
I20260709 13:08:55.266402 32091 raft_consensus.cc:493] T 7477db72964e4486a1f491f01e71ac9e P e8054db55b6a4bf5bccb3ee3a09a5e34 [term 0 FOLLOWER]: Starting pre-election (no leader contacted us within the election timeout)
I20260709 13:08:55.271402 32074 leader_election.cc:290] T 7477db72964e4486a1f491f01e71ac9e P 24b5bdd14bc84dc78215470929e13890 [CANDIDATE]: Term 1 election: Requested vote from peers 8f218924fe894bca99da393228e2319b (127.29.248.194:40285), e8054db55b6a4bf5bccb3ee3a09a5e34 (127.29.248.195:45857)
I20260709 13:08:55.274443 31938 tablet_service.cc:1917] Received RequestConsensusVote() RPC: tablet_id: "7477db72964e4486a1f491f01e71ac9e" candidate_uuid: "24b5bdd14bc84dc78215470929e13890" candidate_term: 1 candidate_status { last_received { term: 0 index: 0 } } ignore_live_leader: false dest_uuid: "e8054db55b6a4bf5bccb3ee3a09a5e34"
I20260709 13:08:55.275797 31865 raft_consensus.cc:3060] T cbc61380bf6c4853a169f3db45e4540b P 8f218924fe894bca99da393228e2319b [term 0 FOLLOWER]: Advancing to term 1
I20260709 13:08:55.277735 31937 raft_consensus.cc:2468] T 36ab0b772bc346d59cd98309a42061ca P e8054db55b6a4bf5bccb3ee3a09a5e34 [term 1 FOLLOWER]: Leader election vote request: Granting yes vote for candidate 24b5bdd14bc84dc78215470929e13890 in term 1.
I20260709 13:08:55.262444 31866 raft_consensus.cc:2468] T 36ab0b772bc346d59cd98309a42061ca P 8f218924fe894bca99da393228e2319b [term 1 FOLLOWER]: Leader election vote request: Granting yes vote for candidate 24b5bdd14bc84dc78215470929e13890 in term 1.
I20260709 13:08:55.282641 31755 leader_election.cc:304] T 36ab0b772bc346d59cd98309a42061ca P 24b5bdd14bc84dc78215470929e13890 [CANDIDATE]: Term 1 election: Election decided. Result: candidate won. Election summary: received 2 responses out of 3 voters: 2 yes votes; 0 no votes. yes voters: 24b5bdd14bc84dc78215470929e13890, 8f218924fe894bca99da393228e2319b; no voters: 
I20260709 13:08:55.288085 31988 raft_consensus.cc:2804] T 36ab0b772bc346d59cd98309a42061ca P 24b5bdd14bc84dc78215470929e13890 [term 1 FOLLOWER]: Leader election won for term 1
I20260709 13:08:55.288956 31988 raft_consensus.cc:697] T 36ab0b772bc346d59cd98309a42061ca P 24b5bdd14bc84dc78215470929e13890 [term 1 LEADER]: Becoming Leader. State: Replica: 24b5bdd14bc84dc78215470929e13890, State: Running, Role: LEADER
I20260709 13:08:55.290046 31988 consensus_queue.cc:237] T 36ab0b772bc346d59cd98309a42061ca P 24b5bdd14bc84dc78215470929e13890 [LEADER]: Queue going to LEADER mode. State: All replicated index: 0, Majority replicated index: 0, Committed index: 0, Last appended: 0.0, Last appended by leader: 0, Current term: 1, Majority size: 2, State: 0, Mode: LEADER, active raft config: opid_index: -1 OBSOLETE_local: false peers { permanent_uuid: "24b5bdd14bc84dc78215470929e13890" member_type: VOTER last_known_addr { host: "127.29.248.193" port: 35027 } } peers { permanent_uuid: "8f218924fe894bca99da393228e2319b" member_type: VOTER last_known_addr { host: "127.29.248.194" port: 40285 } } peers { permanent_uuid: "e8054db55b6a4bf5bccb3ee3a09a5e34" member_type: VOTER last_known_addr { host: "127.29.248.195" port: 45857 } }
I20260709 13:08:55.300464 31688 catalog_manager.cc:5697] T 7477db72964e4486a1f491f01e71ac9e P 24b5bdd14bc84dc78215470929e13890 reported cstate change: term changed from 0 to 1, leader changed from <none> to 24b5bdd14bc84dc78215470929e13890 (127.29.248.193). New cstate: current_term: 1 leader_uuid: "24b5bdd14bc84dc78215470929e13890" committed_config { opid_index: -1 OBSOLETE_local: false peers { permanent_uuid: "24b5bdd14bc84dc78215470929e13890" member_type: VOTER last_known_addr { host: "127.29.248.193" port: 35027 } health_report { overall_health: HEALTHY } } peers { permanent_uuid: "8f218924fe894bca99da393228e2319b" member_type: VOTER last_known_addr { host: "127.29.248.194" port: 40285 } health_report { overall_health: UNKNOWN } } peers { permanent_uuid: "e8054db55b6a4bf5bccb3ee3a09a5e34" member_type: VOTER last_known_addr { host: "127.29.248.195" port: 45857 } health_report { overall_health: UNKNOWN } } }
W20260709 13:08:55.310635 31904 outbound_call.cc:321] RPC callback for RPC call kudu.consensus.ConsensusService.UpdateConsensus -> {remote=127.29.248.194:40285, user_credentials={real_user=slave}} blocked reactor thread for 194696us
I20260709 13:08:55.294945 32091 raft_consensus.cc:515] T 7477db72964e4486a1f491f01e71ac9e P e8054db55b6a4bf5bccb3ee3a09a5e34 [term 0 FOLLOWER]: Starting pre-election with config: opid_index: -1 OBSOLETE_local: false peers { permanent_uuid: "24b5bdd14bc84dc78215470929e13890" member_type: VOTER last_known_addr { host: "127.29.248.193" port: 35027 } } peers { permanent_uuid: "8f218924fe894bca99da393228e2319b" member_type: VOTER last_known_addr { host: "127.29.248.194" port: 40285 } } peers { permanent_uuid: "e8054db55b6a4bf5bccb3ee3a09a5e34" member_type: VOTER last_known_addr { host: "127.29.248.195" port: 45857 } }
I20260709 13:08:55.318280 31938 raft_consensus.cc:3060] T 7477db72964e4486a1f491f01e71ac9e P e8054db55b6a4bf5bccb3ee3a09a5e34 [term 0 FOLLOWER]: Advancing to term 1
I20260709 13:08:55.320573 31987 raft_consensus.cc:493] T 47e2953337454936887970ebd8039ea4 P e8054db55b6a4bf5bccb3ee3a09a5e34 [term 0 FOLLOWER]: Starting pre-election (no leader contacted us within the election timeout)
I20260709 13:08:55.321189 31987 raft_consensus.cc:515] T 47e2953337454936887970ebd8039ea4 P e8054db55b6a4bf5bccb3ee3a09a5e34 [term 0 FOLLOWER]: Starting pre-election with config: opid_index: -1 OBSOLETE_local: false peers { permanent_uuid: "24b5bdd14bc84dc78215470929e13890" member_type: VOTER last_known_addr { host: "127.29.248.193" port: 35027 } } peers { permanent_uuid: "8f218924fe894bca99da393228e2319b" member_type: VOTER last_known_addr { host: "127.29.248.194" port: 40285 } } peers { permanent_uuid: "e8054db55b6a4bf5bccb3ee3a09a5e34" member_type: VOTER last_known_addr { host: "127.29.248.195" port: 45857 } }
I20260709 13:08:55.294132 31939 tablet_service.cc:1917] Received RequestConsensusVote() RPC: tablet_id: "cbc61380bf6c4853a169f3db45e4540b" candidate_uuid: "8f218924fe894bca99da393228e2319b" candidate_term: 1 candidate_status { last_received { term: 0 index: 0 } } ignore_live_leader: false dest_uuid: "e8054db55b6a4bf5bccb3ee3a09a5e34" is_pre_election: true
I20260709 13:08:55.332006 31790 tablet_service.cc:1917] Received RequestConsensusVote() RPC: tablet_id: "47e2953337454936887970ebd8039ea4" candidate_uuid: "e8054db55b6a4bf5bccb3ee3a09a5e34" candidate_term: 1 candidate_status { last_received { term: 0 index: 0 } } ignore_live_leader: false dest_uuid: "24b5bdd14bc84dc78215470929e13890" is_pre_election: true
I20260709 13:08:55.333611 31987 leader_election.cc:290] T 47e2953337454936887970ebd8039ea4 P e8054db55b6a4bf5bccb3ee3a09a5e34 [CANDIDATE]: Term 1 pre-election: Requested pre-vote from peers 24b5bdd14bc84dc78215470929e13890 (127.29.248.193:35027), 8f218924fe894bca99da393228e2319b (127.29.248.194:40285)
W20260709 13:08:55.335325 31830 outbound_call.cc:321] RPC callback for RPC call kudu.consensus.ConsensusService.RequestConsensusVote -> {remote=127.29.248.193:35027, user_credentials={real_user=slave}} blocked reactor thread for 222520us
I20260709 13:08:55.335690 31866 tablet_service.cc:1917] Received RequestConsensusVote() RPC: tablet_id: "47e2953337454936887970ebd8039ea4" candidate_uuid: "e8054db55b6a4bf5bccb3ee3a09a5e34" candidate_term: 1 candidate_status { last_received { term: 0 index: 0 } } ignore_live_leader: false dest_uuid: "8f218924fe894bca99da393228e2319b" is_pre_election: true
I20260709 13:08:55.336685 31866 raft_consensus.cc:2393] T 47e2953337454936887970ebd8039ea4 P 8f218924fe894bca99da393228e2319b [term 1 FOLLOWER]: Leader pre-election vote request: Denying vote to candidate e8054db55b6a4bf5bccb3ee3a09a5e34 in current term 1: Already voted for candidate 24b5bdd14bc84dc78215470929e13890 in this term.
I20260709 13:08:55.336966 31790 tablet_service.cc:1917] Received RequestConsensusVote() RPC: tablet_id: "3ff32d8df82348a7aac3267dbce63159" candidate_uuid: "8f218924fe894bca99da393228e2319b" candidate_term: 1 candidate_status { last_received { term: 0 index: 0 } } ignore_live_leader: false dest_uuid: "24b5bdd14bc84dc78215470929e13890" is_pre_election: true
I20260709 13:08:55.337822 31790 raft_consensus.cc:2393] T 3ff32d8df82348a7aac3267dbce63159 P 24b5bdd14bc84dc78215470929e13890 [term 1 FOLLOWER]: Leader pre-election vote request: Denying vote to candidate 8f218924fe894bca99da393228e2319b in current term 1: Already voted for candidate e8054db55b6a4bf5bccb3ee3a09a5e34 in this term.
I20260709 13:08:55.340973 31790 tablet_service.cc:1917] Received RequestConsensusVote() RPC: tablet_id: "cbc61380bf6c4853a169f3db45e4540b" candidate_uuid: "8f218924fe894bca99da393228e2319b" candidate_term: 1 candidate_status { last_received { term: 0 index: 0 } } ignore_live_leader: false dest_uuid: "24b5bdd14bc84dc78215470929e13890" is_pre_election: true
I20260709 13:08:55.341300 31987 consensus_queue.cc:1048] T 72578dcc892b45298be51be12f33087e P e8054db55b6a4bf5bccb3ee3a09a5e34 [LEADER]: Connected to new peer: Peer: permanent_uuid: "8f218924fe894bca99da393228e2319b" member_type: VOTER last_known_addr { host: "127.29.248.194" port: 40285 }, Status: LMP_MISMATCH, Last received: 0.0, Next index: 1, Last known committed idx: 0, Time since last communication: 0.001s
I20260709 13:08:55.342710 31904 leader_election.cc:304] T 47e2953337454936887970ebd8039ea4 P e8054db55b6a4bf5bccb3ee3a09a5e34 [CANDIDATE]: Term 1 pre-election: Election decided. Result: candidate lost. Election summary: received 3 responses out of 3 voters: 1 yes votes; 2 no votes. yes voters: e8054db55b6a4bf5bccb3ee3a09a5e34; no voters: 24b5bdd14bc84dc78215470929e13890, 8f218924fe894bca99da393228e2319b
I20260709 13:08:55.345541 31987 raft_consensus.cc:3060] T 47e2953337454936887970ebd8039ea4 P e8054db55b6a4bf5bccb3ee3a09a5e34 [term 0 FOLLOWER]: Advancing to term 1
I20260709 13:08:55.347565 31830 leader_election.cc:304] T 3ff32d8df82348a7aac3267dbce63159 P 8f218924fe894bca99da393228e2319b [CANDIDATE]: Term 1 pre-election: Election decided. Result: candidate lost. Election summary: received 3 responses out of 3 voters: 1 yes votes; 2 no votes. yes voters: 8f218924fe894bca99da393228e2319b; no voters: 24b5bdd14bc84dc78215470929e13890, e8054db55b6a4bf5bccb3ee3a09a5e34
I20260709 13:08:55.349781 32093 raft_consensus.cc:3060] T 3ff32d8df82348a7aac3267dbce63159 P 8f218924fe894bca99da393228e2319b [term 0 FOLLOWER]: Advancing to term 1
I20260709 13:08:55.349920 31830 leader_election.cc:304] T cbc61380bf6c4853a169f3db45e4540b P 8f218924fe894bca99da393228e2319b [CANDIDATE]: Term 1 pre-election: Election decided. Result: candidate lost. Election summary: received 3 responses out of 3 voters: 1 yes votes; 2 no votes. yes voters: 8f218924fe894bca99da393228e2319b; no voters: 24b5bdd14bc84dc78215470929e13890, e8054db55b6a4bf5bccb3ee3a09a5e34
I20260709 13:08:55.352265 32094 consensus_queue.cc:1048] T be547fcf11784b03849b639def5ad36c P 8f218924fe894bca99da393228e2319b [LEADER]: Connected to new peer: Peer: permanent_uuid: "e8054db55b6a4bf5bccb3ee3a09a5e34" member_type: VOTER last_known_addr { host: "127.29.248.195" port: 45857 }, Status: LMP_MISMATCH, Last received: 0.0, Next index: 1, Last known committed idx: 0, Time since last communication: 0.001s
I20260709 13:08:55.353899 32094 raft_consensus.cc:2749] T cbc61380bf6c4853a169f3db45e4540b P 8f218924fe894bca99da393228e2319b [term 1 FOLLOWER]: Leader pre-election lost for term 1. Reason: could not achieve majority
I20260709 13:08:55.354169 32074 consensus_queue.cc:1048] T cbc61380bf6c4853a169f3db45e4540b P 24b5bdd14bc84dc78215470929e13890 [LEADER]: Connected to new peer: Peer: permanent_uuid: "8f218924fe894bca99da393228e2319b" member_type: VOTER last_known_addr { host: "127.29.248.194" port: 40285 }, Status: LMP_MISMATCH, Last received: 0.0, Next index: 1, Last known committed idx: 0, Time since last communication: 0.000s
I20260709 13:08:55.355732 32074 consensus_queue.cc:1048] T b4ab00816a3f445aa2ac399ea303aec4 P 24b5bdd14bc84dc78215470929e13890 [LEADER]: Connected to new peer: Peer: permanent_uuid: "8f218924fe894bca99da393228e2319b" member_type: VOTER last_known_addr { host: "127.29.248.194" port: 40285 }, Status: LMP_MISMATCH, Last received: 0.0, Next index: 1, Last known committed idx: 0, Time since last communication: 0.000s
I20260709 13:08:55.356091 32094 consensus_queue.cc:1048] T be547fcf11784b03849b639def5ad36c P 8f218924fe894bca99da393228e2319b [LEADER]: Connected to new peer: Peer: permanent_uuid: "24b5bdd14bc84dc78215470929e13890" member_type: VOTER last_known_addr { host: "127.29.248.193" port: 35027 }, Status: LMP_MISMATCH, Last received: 0.0, Next index: 1, Last known committed idx: 0, Time since last communication: 0.000s
I20260709 13:08:55.359839 31938 raft_consensus.cc:2468] T 7477db72964e4486a1f491f01e71ac9e P e8054db55b6a4bf5bccb3ee3a09a5e34 [term 1 FOLLOWER]: Leader election vote request: Granting yes vote for candidate 24b5bdd14bc84dc78215470929e13890 in term 1.
I20260709 13:08:55.366504 31980 tablet_bootstrap.cc:654] T aba64d4616694c578e7d490830c6f6c4 P 8f218924fe894bca99da393228e2319b: Neither blocks nor log segments found. Creating new log.
I20260709 13:08:55.368554 32091 leader_election.cc:290] T 7477db72964e4486a1f491f01e71ac9e P e8054db55b6a4bf5bccb3ee3a09a5e34 [CANDIDATE]: Term 1 pre-election: Requested pre-vote from peers 24b5bdd14bc84dc78215470929e13890 (127.29.248.193:35027), 8f218924fe894bca99da393228e2319b (127.29.248.194:40285)
I20260709 13:08:55.375237 32074 consensus_queue.cc:1048] T 47e2953337454936887970ebd8039ea4 P 24b5bdd14bc84dc78215470929e13890 [LEADER]: Connected to new peer: Peer: permanent_uuid: "8f218924fe894bca99da393228e2319b" member_type: VOTER last_known_addr { host: "127.29.248.194" port: 40285 }, Status: LMP_MISMATCH, Last received: 0.0, Next index: 1, Last known committed idx: 0, Time since last communication: 0.001s
I20260709 13:08:55.381469 31688 catalog_manager.cc:5697] T 36ab0b772bc346d59cd98309a42061ca P 24b5bdd14bc84dc78215470929e13890 reported cstate change: term changed from 0 to 1, leader changed from <none> to 24b5bdd14bc84dc78215470929e13890 (127.29.248.193). New cstate: current_term: 1 leader_uuid: "24b5bdd14bc84dc78215470929e13890" committed_config { opid_index: -1 OBSOLETE_local: false peers { permanent_uuid: "24b5bdd14bc84dc78215470929e13890" member_type: VOTER last_known_addr { host: "127.29.248.193" port: 35027 } health_report { overall_health: HEALTHY } } peers { permanent_uuid: "8f218924fe894bca99da393228e2319b" member_type: VOTER last_known_addr { host: "127.29.248.194" port: 40285 } health_report { overall_health: UNKNOWN } } peers { permanent_uuid: "e8054db55b6a4bf5bccb3ee3a09a5e34" member_type: VOTER last_known_addr { host: "127.29.248.195" port: 45857 } health_report { overall_health: UNKNOWN } } }
I20260709 13:08:55.384408 32074 raft_consensus.cc:493] T aba64d4616694c578e7d490830c6f6c4 P 24b5bdd14bc84dc78215470929e13890 [term 0 FOLLOWER]: Starting pre-election (no leader contacted us within the election timeout)
I20260709 13:08:55.385104 32074 raft_consensus.cc:515] T aba64d4616694c578e7d490830c6f6c4 P 24b5bdd14bc84dc78215470929e13890 [term 0 FOLLOWER]: Starting pre-election with config: opid_index: -1 OBSOLETE_local: false peers { permanent_uuid: "24b5bdd14bc84dc78215470929e13890" member_type: VOTER last_known_addr { host: "127.29.248.193" port: 35027 } } peers { permanent_uuid: "8f218924fe894bca99da393228e2319b" member_type: VOTER last_known_addr { host: "127.29.248.194" port: 40285 } } peers { permanent_uuid: "e8054db55b6a4bf5bccb3ee3a09a5e34" member_type: VOTER last_known_addr { host: "127.29.248.195" port: 45857 } }
I20260709 13:08:55.387959 32074 leader_election.cc:290] T aba64d4616694c578e7d490830c6f6c4 P 24b5bdd14bc84dc78215470929e13890 [CANDIDATE]: Term 1 pre-election: Requested pre-vote from peers 8f218924fe894bca99da393228e2319b (127.29.248.194:40285), e8054db55b6a4bf5bccb3ee3a09a5e34 (127.29.248.195:45857)
I20260709 13:08:55.398098 31982 tablet_bootstrap.cc:492] T 04880acfbfbe482496daefb2f002359f P 24b5bdd14bc84dc78215470929e13890: No bootstrap required, opened a new log
I20260709 13:08:55.398726 31982 ts_tablet_manager.cc:1403] T 04880acfbfbe482496daefb2f002359f P 24b5bdd14bc84dc78215470929e13890: Time spent bootstrapping tablet: real 0.200s	user 0.013s	sys 0.007s
I20260709 13:08:55.405753 31866 tablet_service.cc:1917] Received RequestConsensusVote() RPC: tablet_id: "aba64d4616694c578e7d490830c6f6c4" candidate_uuid: "24b5bdd14bc84dc78215470929e13890" candidate_term: 1 candidate_status { last_received { term: 0 index: 0 } } ignore_live_leader: false dest_uuid: "8f218924fe894bca99da393228e2319b" is_pre_election: true
W20260709 13:08:55.407581 31755 leader_election.cc:343] T aba64d4616694c578e7d490830c6f6c4 P 24b5bdd14bc84dc78215470929e13890 [CANDIDATE]: Term 1 pre-election: Tablet error from VoteRequest() call to peer 8f218924fe894bca99da393228e2319b (127.29.248.194:40285): Illegal state: must be running to vote when last-logged opid is not known
I20260709 13:08:55.409180 31988 consensus_queue.cc:1048] T b4ab00816a3f445aa2ac399ea303aec4 P 24b5bdd14bc84dc78215470929e13890 [LEADER]: Connected to new peer: Peer: permanent_uuid: "e8054db55b6a4bf5bccb3ee3a09a5e34" member_type: VOTER last_known_addr { host: "127.29.248.195" port: 45857 }, Status: LMP_MISMATCH, Last received: 0.0, Next index: 1, Last known committed idx: 0, Time since last communication: 0.001s
I20260709 13:08:55.411818 31982 raft_consensus.cc:359] T 04880acfbfbe482496daefb2f002359f P 24b5bdd14bc84dc78215470929e13890 [term 0 FOLLOWER]: Replica starting. Triggering 0 pending ops. Active config: opid_index: -1 OBSOLETE_local: false peers { permanent_uuid: "24b5bdd14bc84dc78215470929e13890" member_type: VOTER last_known_addr { host: "127.29.248.193" port: 35027 } } peers { permanent_uuid: "8f218924fe894bca99da393228e2319b" member_type: VOTER last_known_addr { host: "127.29.248.194" port: 40285 } } peers { permanent_uuid: "e8054db55b6a4bf5bccb3ee3a09a5e34" member_type: VOTER last_known_addr { host: "127.29.248.195" port: 45857 } }
I20260709 13:08:55.412551 31982 raft_consensus.cc:385] T 04880acfbfbe482496daefb2f002359f P 24b5bdd14bc84dc78215470929e13890 [term 0 FOLLOWER]: Consensus starting up: Expiring failure detector timer to make a prompt election more likely
I20260709 13:08:55.412799 31982 raft_consensus.cc:740] T 04880acfbfbe482496daefb2f002359f P 24b5bdd14bc84dc78215470929e13890 [term 0 FOLLOWER]: Becoming Follower/Learner. State: Replica: 24b5bdd14bc84dc78215470929e13890, State: Initialized, Role: FOLLOWER
I20260709 13:08:55.413446 31982 consensus_queue.cc:260] T 04880acfbfbe482496daefb2f002359f P 24b5bdd14bc84dc78215470929e13890 [NON_LEADER]: Queue going to NON_LEADER mode. State: All replicated index: 0, Majority replicated index: 0, Committed index: 0, Last appended: 0.0, Last appended by leader: 0, Current term: 0, Majority size: -1, State: 0, Mode: NON_LEADER, active raft config: opid_index: -1 OBSOLETE_local: false peers { permanent_uuid: "24b5bdd14bc84dc78215470929e13890" member_type: VOTER last_known_addr { host: "127.29.248.193" port: 35027 } } peers { permanent_uuid: "8f218924fe894bca99da393228e2319b" member_type: VOTER last_known_addr { host: "127.29.248.194" port: 40285 } } peers { permanent_uuid: "e8054db55b6a4bf5bccb3ee3a09a5e34" member_type: VOTER last_known_addr { host: "127.29.248.195" port: 45857 } }
I20260709 13:08:55.420032 31980 tablet_bootstrap.cc:492] T aba64d4616694c578e7d490830c6f6c4 P 8f218924fe894bca99da393228e2319b: No bootstrap required, opened a new log
I20260709 13:08:55.420542 31980 ts_tablet_manager.cc:1403] T aba64d4616694c578e7d490830c6f6c4 P 8f218924fe894bca99da393228e2319b: Time spent bootstrapping tablet: real 0.221s	user 0.012s	sys 0.001s
I20260709 13:08:55.423277 31686 catalog_manager.cc:5697] T d70da4c26442437483b6b45d948480c8 P 8f218924fe894bca99da393228e2319b reported cstate change: term changed from 0 to 1, leader changed from <none> to 8f218924fe894bca99da393228e2319b (127.29.248.194). New cstate: current_term: 1 leader_uuid: "8f218924fe894bca99da393228e2319b" committed_config { opid_index: -1 OBSOLETE_local: false peers { permanent_uuid: "24b5bdd14bc84dc78215470929e13890" member_type: VOTER last_known_addr { host: "127.29.248.193" port: 35027 } health_report { overall_health: UNKNOWN } } peers { permanent_uuid: "8f218924fe894bca99da393228e2319b" member_type: VOTER last_known_addr { host: "127.29.248.194" port: 40285 } health_report { overall_health: HEALTHY } } peers { permanent_uuid: "e8054db55b6a4bf5bccb3ee3a09a5e34" member_type: VOTER last_known_addr { host: "127.29.248.195" port: 45857 } health_report { overall_health: UNKNOWN } } }
I20260709 13:08:55.426954 31980 raft_consensus.cc:359] T aba64d4616694c578e7d490830c6f6c4 P 8f218924fe894bca99da393228e2319b [term 0 FOLLOWER]: Replica starting. Triggering 0 pending ops. Active config: opid_index: -1 OBSOLETE_local: false peers { permanent_uuid: "24b5bdd14bc84dc78215470929e13890" member_type: VOTER last_known_addr { host: "127.29.248.193" port: 35027 } } peers { permanent_uuid: "8f218924fe894bca99da393228e2319b" member_type: VOTER last_known_addr { host: "127.29.248.194" port: 40285 } } peers { permanent_uuid: "e8054db55b6a4bf5bccb3ee3a09a5e34" member_type: VOTER last_known_addr { host: "127.29.248.195" port: 45857 } }
I20260709 13:08:55.427631 31980 raft_consensus.cc:385] T aba64d4616694c578e7d490830c6f6c4 P 8f218924fe894bca99da393228e2319b [term 0 FOLLOWER]: Consensus starting up: Expiring failure detector timer to make a prompt election more likely
I20260709 13:08:55.427917 31980 raft_consensus.cc:740] T aba64d4616694c578e7d490830c6f6c4 P 8f218924fe894bca99da393228e2319b [term 0 FOLLOWER]: Becoming Follower/Learner. State: Replica: 8f218924fe894bca99da393228e2319b, State: Initialized, Role: FOLLOWER
I20260709 13:08:55.433900 31980 consensus_queue.cc:260] T aba64d4616694c578e7d490830c6f6c4 P 8f218924fe894bca99da393228e2319b [NON_LEADER]: Queue going to NON_LEADER mode. State: All replicated index: 0, Majority replicated index: 0, Committed index: 0, Last appended: 0.0, Last appended by leader: 0, Current term: 0, Majority size: -1, State: 0, Mode: NON_LEADER, active raft config: opid_index: -1 OBSOLETE_local: false peers { permanent_uuid: "24b5bdd14bc84dc78215470929e13890" member_type: VOTER last_known_addr { host: "127.29.248.193" port: 35027 } } peers { permanent_uuid: "8f218924fe894bca99da393228e2319b" member_type: VOTER last_known_addr { host: "127.29.248.194" port: 40285 } } peers { permanent_uuid: "e8054db55b6a4bf5bccb3ee3a09a5e34" member_type: VOTER last_known_addr { host: "127.29.248.195" port: 45857 } }
W20260709 13:08:55.429479 31904 outbound_call.cc:321] RPC callback for RPC call kudu.consensus.ConsensusService.RequestConsensusVote -> {remote=127.29.248.194:40285, user_credentials={real_user=slave}} blocked reactor thread for 86878.9us
I20260709 13:08:55.438942 31982 ts_tablet_manager.cc:1434] T 04880acfbfbe482496daefb2f002359f P 24b5bdd14bc84dc78215470929e13890: Time spent starting tablet: real 0.040s	user 0.007s	sys 0.000s
I20260709 13:08:55.443127 31982 tablet_bootstrap.cc:492] T 4085e19804714167b73b3075c75c7a78 P 24b5bdd14bc84dc78215470929e13890: Bootstrap starting.
I20260709 13:08:55.430147 32093 raft_consensus.cc:2749] T 3ff32d8df82348a7aac3267dbce63159 P 8f218924fe894bca99da393228e2319b [term 1 FOLLOWER]: Leader pre-election lost for term 1. Reason: could not achieve majority
I20260709 13:08:55.445557 31980 ts_tablet_manager.cc:1434] T aba64d4616694c578e7d490830c6f6c4 P 8f218924fe894bca99da393228e2319b: Time spent starting tablet: real 0.023s	user 0.005s	sys 0.002s
I20260709 13:08:55.443531 31988 raft_consensus.cc:493] T 04880acfbfbe482496daefb2f002359f P 24b5bdd14bc84dc78215470929e13890 [term 0 FOLLOWER]: Starting pre-election (no leader contacted us within the election timeout)
I20260709 13:08:55.448453 31980 tablet_bootstrap.cc:492] T e97ea07ea2e84fed8eafe3391acda429 P 8f218924fe894bca99da393228e2319b: Bootstrap starting.
I20260709 13:08:55.450991 31981 tablet_bootstrap.cc:492] T a402b65677174a97be1c83692b1e28f3 P e8054db55b6a4bf5bccb3ee3a09a5e34: No bootstrap required, opened a new log
I20260709 13:08:55.453537 31981 ts_tablet_manager.cc:1403] T a402b65677174a97be1c83692b1e28f3 P e8054db55b6a4bf5bccb3ee3a09a5e34: Time spent bootstrapping tablet: real 0.231s	user 0.021s	sys 0.012s
I20260709 13:08:55.444811 31938 tablet_service.cc:1917] Received RequestConsensusVote() RPC: tablet_id: "aba64d4616694c578e7d490830c6f6c4" candidate_uuid: "24b5bdd14bc84dc78215470929e13890" candidate_term: 1 candidate_status { last_received { term: 0 index: 0 } } ignore_live_leader: false dest_uuid: "e8054db55b6a4bf5bccb3ee3a09a5e34" is_pre_election: true
I20260709 13:08:55.456916 31981 raft_consensus.cc:359] T a402b65677174a97be1c83692b1e28f3 P e8054db55b6a4bf5bccb3ee3a09a5e34 [term 0 FOLLOWER]: Replica starting. Triggering 0 pending ops. Active config: opid_index: -1 OBSOLETE_local: false peers { permanent_uuid: "24b5bdd14bc84dc78215470929e13890" member_type: VOTER last_known_addr { host: "127.29.248.193" port: 35027 } } peers { permanent_uuid: "8f218924fe894bca99da393228e2319b" member_type: VOTER last_known_addr { host: "127.29.248.194" port: 40285 } } peers { permanent_uuid: "e8054db55b6a4bf5bccb3ee3a09a5e34" member_type: VOTER last_known_addr { host: "127.29.248.195" port: 45857 } }
I20260709 13:08:55.462157 31981 raft_consensus.cc:385] T a402b65677174a97be1c83692b1e28f3 P e8054db55b6a4bf5bccb3ee3a09a5e34 [term 0 FOLLOWER]: Consensus starting up: Expiring failure detector timer to make a prompt election more likely
I20260709 13:08:55.462553 31981 raft_consensus.cc:740] T a402b65677174a97be1c83692b1e28f3 P e8054db55b6a4bf5bccb3ee3a09a5e34 [term 0 FOLLOWER]: Becoming Follower/Learner. State: Replica: e8054db55b6a4bf5bccb3ee3a09a5e34, State: Initialized, Role: FOLLOWER
I20260709 13:08:55.468724 31981 consensus_queue.cc:260] T a402b65677174a97be1c83692b1e28f3 P e8054db55b6a4bf5bccb3ee3a09a5e34 [NON_LEADER]: Queue going to NON_LEADER mode. State: All replicated index: 0, Majority replicated index: 0, Committed index: 0, Last appended: 0.0, Last appended by leader: 0, Current term: 0, Majority size: -1, State: 0, Mode: NON_LEADER, active raft config: opid_index: -1 OBSOLETE_local: false peers { permanent_uuid: "24b5bdd14bc84dc78215470929e13890" member_type: VOTER last_known_addr { host: "127.29.248.193" port: 35027 } } peers { permanent_uuid: "8f218924fe894bca99da393228e2319b" member_type: VOTER last_known_addr { host: "127.29.248.194" port: 40285 } } peers { permanent_uuid: "e8054db55b6a4bf5bccb3ee3a09a5e34" member_type: VOTER last_known_addr { host: "127.29.248.195" port: 45857 } }
I20260709 13:08:55.479496 31938 raft_consensus.cc:2468] T aba64d4616694c578e7d490830c6f6c4 P e8054db55b6a4bf5bccb3ee3a09a5e34 [term 0 FOLLOWER]: Leader pre-election vote request: Granting yes vote for candidate 24b5bdd14bc84dc78215470929e13890 in term 0.
I20260709 13:08:55.458431 31988 raft_consensus.cc:515] T 04880acfbfbe482496daefb2f002359f P 24b5bdd14bc84dc78215470929e13890 [term 0 FOLLOWER]: Starting pre-election with config: opid_index: -1 OBSOLETE_local: false peers { permanent_uuid: "24b5bdd14bc84dc78215470929e13890" member_type: VOTER last_known_addr { host: "127.29.248.193" port: 35027 } } peers { permanent_uuid: "8f218924fe894bca99da393228e2319b" member_type: VOTER last_known_addr { host: "127.29.248.194" port: 40285 } } peers { permanent_uuid: "e8054db55b6a4bf5bccb3ee3a09a5e34" member_type: VOTER last_known_addr { host: "127.29.248.195" port: 45857 } }
I20260709 13:08:55.519445 32006 raft_consensus.cc:493] T e8f5c86c9e8d4461a2829868c54628aa P 8f218924fe894bca99da393228e2319b [term 1 FOLLOWER]: Starting pre-election (no leader contacted us within the election timeout)
I20260709 13:08:55.546083 32006 raft_consensus.cc:515] T e8f5c86c9e8d4461a2829868c54628aa P 8f218924fe894bca99da393228e2319b [term 1 FOLLOWER]: Starting pre-election with config: opid_index: -1 OBSOLETE_local: false peers { permanent_uuid: "24b5bdd14bc84dc78215470929e13890" member_type: VOTER last_known_addr { host: "127.29.248.193" port: 35027 } } peers { permanent_uuid: "8f218924fe894bca99da393228e2319b" member_type: VOTER last_known_addr { host: "127.29.248.194" port: 40285 } } peers { permanent_uuid: "e8054db55b6a4bf5bccb3ee3a09a5e34" member_type: VOTER last_known_addr { host: "127.29.248.195" port: 45857 } }
I20260709 13:08:55.565770 31789 tablet_service.cc:1917] Received RequestConsensusVote() RPC: tablet_id: "e8f5c86c9e8d4461a2829868c54628aa" candidate_uuid: "8f218924fe894bca99da393228e2319b" candidate_term: 2 candidate_status { last_received { term: 0 index: 0 } } ignore_live_leader: false dest_uuid: "24b5bdd14bc84dc78215470929e13890" is_pre_election: true
I20260709 13:08:55.566807 31789 raft_consensus.cc:2468] T e8f5c86c9e8d4461a2829868c54628aa P 24b5bdd14bc84dc78215470929e13890 [term 1 FOLLOWER]: Leader pre-election vote request: Granting yes vote for candidate 8f218924fe894bca99da393228e2319b in term 1.
I20260709 13:08:55.568991 31830 leader_election.cc:304] T e8f5c86c9e8d4461a2829868c54628aa P 8f218924fe894bca99da393228e2319b [CANDIDATE]: Term 2 pre-election: Election decided. Result: candidate won. Election summary: received 2 responses out of 3 voters: 2 yes votes; 0 no votes. yes voters: 24b5bdd14bc84dc78215470929e13890, 8f218924fe894bca99da393228e2319b; no voters: 
I20260709 13:08:55.570116 32094 raft_consensus.cc:2804] T e8f5c86c9e8d4461a2829868c54628aa P 8f218924fe894bca99da393228e2319b [term 1 FOLLOWER]: Leader pre-election won for term 2
I20260709 13:08:55.570535 32094 raft_consensus.cc:493] T e8f5c86c9e8d4461a2829868c54628aa P 8f218924fe894bca99da393228e2319b [term 1 FOLLOWER]: Starting leader election (no leader contacted us within the election timeout)
I20260709 13:08:55.570880 32094 raft_consensus.cc:3060] T e8f5c86c9e8d4461a2829868c54628aa P 8f218924fe894bca99da393228e2319b [term 1 FOLLOWER]: Advancing to term 2
I20260709 13:08:55.608018 31863 tablet_service.cc:1917] Received RequestConsensusVote() RPC: tablet_id: "7477db72964e4486a1f491f01e71ac9e" candidate_uuid: "e8054db55b6a4bf5bccb3ee3a09a5e34" candidate_term: 1 candidate_status { last_received { term: 0 index: 0 } } ignore_live_leader: false dest_uuid: "8f218924fe894bca99da393228e2319b" is_pre_election: true
I20260709 13:08:55.609308 31863 raft_consensus.cc:2393] T 7477db72964e4486a1f491f01e71ac9e P 8f218924fe894bca99da393228e2319b [term 1 FOLLOWER]: Leader pre-election vote request: Denying vote to candidate e8054db55b6a4bf5bccb3ee3a09a5e34 in current term 1: Already voted for candidate 24b5bdd14bc84dc78215470929e13890 in this term.
I20260709 13:08:55.619094 31981 ts_tablet_manager.cc:1434] T a402b65677174a97be1c83692b1e28f3 P e8054db55b6a4bf5bccb3ee3a09a5e34: Time spent starting tablet: real 0.165s	user 0.008s	sys 0.004s
I20260709 13:08:55.620018 31981 tablet_bootstrap.cc:492] T 5bfc02ed3adf4677976d5eb5df972b83 P e8054db55b6a4bf5bccb3ee3a09a5e34: Bootstrap starting.
I20260709 13:08:55.630815 31791 raft_consensus.cc:3060] T 04880acfbfbe482496daefb2f002359f P 24b5bdd14bc84dc78215470929e13890 [term 0 FOLLOWER]: Advancing to term 1
I20260709 13:08:55.631366 31987 raft_consensus.cc:2749] T 47e2953337454936887970ebd8039ea4 P e8054db55b6a4bf5bccb3ee3a09a5e34 [term 1 FOLLOWER]: Leader pre-election lost for term 1. Reason: could not achieve majority
I20260709 13:08:55.631248 31789 tablet_service.cc:1917] Received RequestConsensusVote() RPC: tablet_id: "7477db72964e4486a1f491f01e71ac9e" candidate_uuid: "e8054db55b6a4bf5bccb3ee3a09a5e34" candidate_term: 1 candidate_status { last_received { term: 0 index: 0 } } ignore_live_leader: false dest_uuid: "24b5bdd14bc84dc78215470929e13890" is_pre_election: true
I20260709 13:08:55.660817 31988 leader_election.cc:290] T 04880acfbfbe482496daefb2f002359f P 24b5bdd14bc84dc78215470929e13890 [CANDIDATE]: Term 1 pre-election: Requested pre-vote from peers 8f218924fe894bca99da393228e2319b (127.29.248.194:40285), e8054db55b6a4bf5bccb3ee3a09a5e34 (127.29.248.195:45857)
I20260709 13:08:55.665356 32093 raft_consensus.cc:493] T aba64d4616694c578e7d490830c6f6c4 P 8f218924fe894bca99da393228e2319b [term 0 FOLLOWER]: Starting pre-election (no leader contacted us within the election timeout)
I20260709 13:08:55.666709 32093 raft_consensus.cc:515] T aba64d4616694c578e7d490830c6f6c4 P 8f218924fe894bca99da393228e2319b [term 0 FOLLOWER]: Starting pre-election with config: opid_index: -1 OBSOLETE_local: false peers { permanent_uuid: "24b5bdd14bc84dc78215470929e13890" member_type: VOTER last_known_addr { host: "127.29.248.193" port: 35027 } } peers { permanent_uuid: "8f218924fe894bca99da393228e2319b" member_type: VOTER last_known_addr { host: "127.29.248.194" port: 40285 } } peers { permanent_uuid: "e8054db55b6a4bf5bccb3ee3a09a5e34" member_type: VOTER last_known_addr { host: "127.29.248.195" port: 45857 } }
W20260709 13:08:55.659698 32061 log.cc:927] Time spent T be547fcf11784b03849b639def5ad36c P 8f218924fe894bca99da393228e2319b: Append to log took a long time: real 0.137s	user 0.000s	sys 0.014s
I20260709 13:08:55.673607 31866 tablet_service.cc:1917] Received RequestConsensusVote() RPC: tablet_id: "04880acfbfbe482496daefb2f002359f" candidate_uuid: "24b5bdd14bc84dc78215470929e13890" candidate_term: 1 candidate_status { last_received { term: 0 index: 0 } } ignore_live_leader: false dest_uuid: "8f218924fe894bca99da393228e2319b" is_pre_election: true
I20260709 13:08:55.674418 31866 raft_consensus.cc:2393] T 04880acfbfbe482496daefb2f002359f P 8f218924fe894bca99da393228e2319b [term 1 FOLLOWER]: Leader pre-election vote request: Denying vote to candidate 24b5bdd14bc84dc78215470929e13890 in current term 1: Already voted for candidate e8054db55b6a4bf5bccb3ee3a09a5e34 in this term.
I20260709 13:08:55.674937 31980 tablet_bootstrap.cc:654] T e97ea07ea2e84fed8eafe3391acda429 P 8f218924fe894bca99da393228e2319b: Neither blocks nor log segments found. Creating new log.
I20260709 13:08:55.678656 32093 leader_election.cc:290] T aba64d4616694c578e7d490830c6f6c4 P 8f218924fe894bca99da393228e2319b [CANDIDATE]: Term 1 pre-election: Requested pre-vote from peers 24b5bdd14bc84dc78215470929e13890 (127.29.248.193:35027), e8054db55b6a4bf5bccb3ee3a09a5e34 (127.29.248.195:45857)
I20260709 13:08:55.680315 31789 tablet_service.cc:1917] Received RequestConsensusVote() RPC: tablet_id: "aba64d4616694c578e7d490830c6f6c4" candidate_uuid: "8f218924fe894bca99da393228e2319b" candidate_term: 1 candidate_status { last_received { term: 0 index: 0 } } ignore_live_leader: false dest_uuid: "24b5bdd14bc84dc78215470929e13890" is_pre_election: true
I20260709 13:08:55.682379 31789 raft_consensus.cc:2468] T aba64d4616694c578e7d490830c6f6c4 P 24b5bdd14bc84dc78215470929e13890 [term 0 FOLLOWER]: Leader pre-election vote request: Granting yes vote for candidate 8f218924fe894bca99da393228e2319b in term 0.
I20260709 13:08:55.683761 31830 leader_election.cc:304] T aba64d4616694c578e7d490830c6f6c4 P 8f218924fe894bca99da393228e2319b [CANDIDATE]: Term 1 pre-election: Election decided. Result: candidate won. Election summary: received 2 responses out of 3 voters: 2 yes votes; 0 no votes. yes voters: 24b5bdd14bc84dc78215470929e13890, 8f218924fe894bca99da393228e2319b; no voters: 
I20260709 13:08:55.684036 31904 leader_election.cc:304] T 7477db72964e4486a1f491f01e71ac9e P e8054db55b6a4bf5bccb3ee3a09a5e34 [CANDIDATE]: Term 1 pre-election: Election decided. Result: candidate lost. Election summary: received 3 responses out of 3 voters: 1 yes votes; 2 no votes. yes voters: e8054db55b6a4bf5bccb3ee3a09a5e34; no voters: 24b5bdd14bc84dc78215470929e13890, 8f218924fe894bca99da393228e2319b
I20260709 13:08:55.685055 32015 raft_consensus.cc:2749] T 7477db72964e4486a1f491f01e71ac9e P e8054db55b6a4bf5bccb3ee3a09a5e34 [term 1 FOLLOWER]: Leader pre-election lost for term 1. Reason: could not achieve majority
I20260709 13:08:55.685312 32093 raft_consensus.cc:2804] T aba64d4616694c578e7d490830c6f6c4 P 8f218924fe894bca99da393228e2319b [term 0 FOLLOWER]: Leader pre-election won for term 1
I20260709 13:08:55.685794 32093 raft_consensus.cc:493] T aba64d4616694c578e7d490830c6f6c4 P 8f218924fe894bca99da393228e2319b [term 0 FOLLOWER]: Starting leader election (no leader contacted us within the election timeout)
I20260709 13:08:55.686276 32093 raft_consensus.cc:3060] T aba64d4616694c578e7d490830c6f6c4 P 8f218924fe894bca99da393228e2319b [term 0 FOLLOWER]: Advancing to term 1
I20260709 13:08:55.686421 31937 tablet_service.cc:1917] Received RequestConsensusVote() RPC: tablet_id: "e8f5c86c9e8d4461a2829868c54628aa" candidate_uuid: "8f218924fe894bca99da393228e2319b" candidate_term: 2 candidate_status { last_received { term: 0 index: 0 } } ignore_live_leader: false dest_uuid: "e8054db55b6a4bf5bccb3ee3a09a5e34" is_pre_election: true
I20260709 13:08:55.688195 31757 leader_election.cc:304] T aba64d4616694c578e7d490830c6f6c4 P 24b5bdd14bc84dc78215470929e13890 [CANDIDATE]: Term 1 pre-election: Election decided. Result: candidate won. Election summary: received 3 responses out of 3 voters: 2 yes votes; 1 no votes. yes voters: 24b5bdd14bc84dc78215470929e13890, e8054db55b6a4bf5bccb3ee3a09a5e34; no voters: 8f218924fe894bca99da393228e2319b
I20260709 13:08:55.689173 32092 consensus_queue.cc:1048] T 04880acfbfbe482496daefb2f002359f P e8054db55b6a4bf5bccb3ee3a09a5e34 [LEADER]: Connected to new peer: Peer: permanent_uuid: "8f218924fe894bca99da393228e2319b" member_type: VOTER last_known_addr { host: "127.29.248.194" port: 40285 }, Status: LMP_MISMATCH, Last received: 0.0, Next index: 1, Last known committed idx: 0, Time since last communication: 0.010s
I20260709 13:08:55.697177 32108 raft_consensus.cc:2804] T aba64d4616694c578e7d490830c6f6c4 P 24b5bdd14bc84dc78215470929e13890 [term 0 FOLLOWER]: Leader pre-election won for term 1
I20260709 13:08:55.697638 32108 raft_consensus.cc:493] T aba64d4616694c578e7d490830c6f6c4 P 24b5bdd14bc84dc78215470929e13890 [term 0 FOLLOWER]: Starting leader election (no leader contacted us within the election timeout)
I20260709 13:08:55.697976 32108 raft_consensus.cc:3060] T aba64d4616694c578e7d490830c6f6c4 P 24b5bdd14bc84dc78215470929e13890 [term 0 FOLLOWER]: Advancing to term 1
